-- https://www.phpmyadmin.net/
--

START TRANSACTION;



--
-- Database: `getfastd_mg1`
--

-- --------------------------------------------------------

--
-- Table structure for table `mg_adminnotification_inbox`
--

CREATE TABLE `mg_adminnotification_inbox` (
  `notification_id` int(10) UNSIGNED NOT NULL COMMENT 'Notification id',
  `severity` smallint(5) UNSIGNED NOT NULL DEFAULT '0' COMMENT 'Problem type',
  `date_added` timestamp NOT NULL DEFAULT CURRENT_TIMESTAMP COMMENT 'Create date',
  `title` varchar(255) NOT NULL COMMENT 'Title',
  `description` text COMMENT 'Description',
  `url` varchar(255) DEFAULT NULL COMMENT 'Url',
  `is_read` smallint(5) UNSIGNED NOT NULL DEFAULT '0' COMMENT 'Flag if notification read',
  `is_remove` smallint(5) UNSIGNED NOT NULL DEFAULT '0' COMMENT 'Flag if notification might be removed'
) ENGINE=InnoDB DEFAULT CHARSET=utf8 COMMENT='Adminnotification Inbox';

--
-- Dumping data for table `mg_adminnotification_inbox`
--

INSERT INTO `mg_adminnotification_inbox` (`notification_id`, `severity`, `date_added`, `title`, `description`, `url`, `is_read`, `is_remove`) VALUES
(1, 4, '2019-09-05 10:33:52', 'Deprecation Notice', 'Catalog Search is currently configured to use the MySQL engine, which has been deprecated. Consider migrating to one of\nthe Elasticsearch engines now to ensure there are no service interruptions during your next upgrade.', '', 0, 0),
(2, 3, '2019-09-05 11:06:20', 'New version 2.9.0 of Magefan Magento 2 Blog Extension is now available.', ' You can download the new version from Magefan Store or update it via composer. Get us in touch if you need our help with an update or you have any questions.\n                                https://magefan.com/magento2-blog-extension?version=2.9.0\n                             ', 'https://magefan.com/magento2-blog-extension?version=2.9.0', 0, 0),
(3, 4, '2019-09-05 11:06:20', 'FAQ: How to configure &quot;read more&quot; in your Magento 2 blog post', ' If you still don\'t know how to configure read more functionality in your magento 2 blog post, please read this article.\n                Online documentation for Magento 2 blog extension is also available on our website. http://goo.gl/XOEdpy ', 'http://magefan.com/blog/add-read-more-tag-to-blog-post-content/?from=notification1', 0, 0),
(4, 4, '2019-09-23 04:48:11', 'Magento 2 Zero Downtime Deployment Script', ' Do you hate to see when your store is broken while running Magento 2 deployment commands? In the next 5 minutes, we\'ll help you with this issue. ', 'https://magefan.com/blog/magento-2-zero-downtime-deployment', 0, 0),
(5, 4, '2019-10-01 16:15:34', 'It’s time to take your operations in a new direction by diversifying your revenue streams. ', 'We’ve got five ways you can effortlessly boost sales while reaching a wider audience. Download this informative guide and start fast-tracking your revenue growth today. Link: http://bit.ly/2m6svAN', 'http://bit.ly/2m6svAN', 0, 0),
(6, 4, '2019-10-08 18:50:49', 'It’s time to get your digital business out of the slow lane. ', 'Accelerate your revenue growth and drive customer satisfaction with these 5 must-have eCommerce features. Download this informative guide: http://bit.ly/2lLFOX6', 'http://bit.ly/2lLFOX6', 0, 0),
(7, 1, '2019-10-09 19:59:13', 'Magento Open Source 2.3.3 delivers important security updates along with performance and functionality enhancements – 10/9/2019 ', 'The latest release of Magento Open Source 2.3.3, Magento Open Source 2.2.10 and our new security-only patch 2.3.2-p2 are now available. Magento Open Source 2.3.3 includes important security enhancements along with new features, improved performance, and quality. With these important updates we strongly recommend that you upgrade to ensure your sites maintain the highest level of security. You can review the release notes for more information about all of the enhancements. For more information about security updates included in these versions of Magento please see our Security Center: https://magento.com/security/', 'https://devdocs.magento.com/guides/v2.3/release-notes/bk-release-notes.html', 0, 0),
(8, 4, '2019-10-10 10:40:57', 'NEW Magento 2 Alternate Hreflang Tags Extension with Better Store Switcher\n', ' Do you manage Magento multi-language store without using Hreflang tags? You should definitely enable them. ', 'https://magefan.com/magento2-alternate-hreflang-extension', 0, 0),
(9, 1, '2019-10-14 15:58:01', 'Important hotfix for Magento Open Source 2.3.3', 'A hotfix for Magento Open Source 2.3.3 has been published to address an issue related to Elasticsearch that may present itself during or after upgrading to our latest 2.3.3 release. We strongly recommend that everyone upgrading to 2.3.3, download and apply this hotfix prior to deployment. For more information please visit our release notes. https://devdocs.magento.com/guides/v2.3/release-notes/bk-release-notes.html ', 'https://devdocs.magento.com/guides/v2.3/release-notes/bk-release-notes.html', 0, 0),
(10, 4, '2019-10-16 13:53:12', 'You are invited: The True Cost Savings of Magento Commerce Webinar', 'Join other Magento Open Source customers for a live webinar on October 30th with commerce experts Matthew Boland and John Glasgow from Adobe to learn how upgrading from Open Source to Magento Commerce can trim your costs and deliver major ROI. Register today: http://bit.ly/2BcYK5A', 'http://bit.ly/2BcYK5A', 0, 0),
(11, 4, '2019-10-23 12:49:48', 'eBook: Advanced Strategies for Fast-Tracking Revenue Growth', 'Take your business in a new direction by selling more to a larger audience. Our guide explains 5 ways you can quickly add new revenue streams to your business. Link here: http://bit.ly/2m6svAN', 'http://bit.ly/2m6svAN', 0, 0),
(12, 3, '2019-10-30 11:09:51', 'New version 2.9.1 of Magefan Magento 2 Blog Extension is now available.', ' You can download the new version from Magefan Store or update it via composer. Get us in touch if you need our help with an update or you have any questions.\n                                https://magefan.com/magento2-blog-extension?version=2.9.1\n                             ', 'https://magefan.com/magento2-blog-extension?version=2.9.1', 0, 0);

-- --------------------------------------------------------

--
-- Table structure for table `mg_admin_analytics_usage_version_log`
--

CREATE TABLE `mg_admin_analytics_usage_version_log` (
  `id` int(10) UNSIGNED NOT NULL COMMENT 'Log ID',
  `last_viewed_in_version` varchar(50) NOT NULL COMMENT 'Viewer last viewed on product version'
) ENGINE=InnoDB DEFAULT CHARSET=utf8 COMMENT='Admin Notification Viewer Log Table';

--
-- Dumping data for table `mg_admin_analytics_usage_version_log`
--

INSERT INTO `mg_admin_analytics_usage_version_log` (`id`, `last_viewed_in_version`) VALUES
(1, '2.3.3');

-- --------------------------------------------------------

--
-- Table structure for table `mg_admin_passwords`
--

CREATE TABLE `mg_admin_passwords` (
  `password_id` int(10) UNSIGNED NOT NULL COMMENT 'Password Id',
  `user_id` int(10) UNSIGNED NOT NULL DEFAULT '0' COMMENT 'User Id',
  `password_hash` varchar(100) DEFAULT NULL COMMENT 'Password Hash',
  `expires` int(10) UNSIGNED NOT NULL DEFAULT '0' COMMENT 'Deprecated',
  `last_updated` int(10) UNSIGNED NOT NULL DEFAULT '0' COMMENT 'Last Updated'
) ENGINE=InnoDB DEFAULT CHARSET=utf8 COMMENT='Admin Passwords';

--
-- Dumping data for table `mg_admin_passwords`
--

INSERT INTO `mg_admin_passwords` (`password_id`, `user_id`, `password_hash`, `expires`, `last_updated`) VALUES
(1, 1, '2e3758715670a280fa78ced957396b45e019ede25804ce1b3108d0e34611aab9:9f4L2YhvI8h2pjkA2QxFu3X0KyBPZs7E:1', 0, 1567679633);

-- --------------------------------------------------------

--
-- Table structure for table `mg_admin_system_messages`
--

CREATE TABLE `mg_admin_system_messages` (
  `identity` varchar(100) NOT NULL COMMENT 'Message id',
  `severity` smallint(5) UNSIGNED NOT NULL DEFAULT '0' COMMENT 'Problem type',
  `created_at` timestamp NOT NULL DEFAULT CURRENT_TIMESTAMP COMMENT 'Create date'
) ENGINE=InnoDB DEFAULT CHARSET=utf8 COMMENT='Admin System Messages';

-- --------------------------------------------------------

--
-- Table structure for table `mg_admin_user`
--

CREATE TABLE `mg_admin_user` (
  `user_id` int(10) UNSIGNED NOT NULL COMMENT 'User ID',
  `firstname` varchar(32) DEFAULT NULL COMMENT 'User First Name',
  `lastname` varchar(32) DEFAULT NULL COMMENT 'User Last Name',
  `email` varchar(128) DEFAULT NULL COMMENT 'User Email',
  `username` varchar(40) DEFAULT NULL COMMENT 'User Login',
  `password` varchar(255) NOT NULL COMMENT 'User Password',
  `created` timestamp NOT NULL DEFAULT CURRENT_TIMESTAMP COMMENT 'User Created Time',
  `modified` timestamp NOT NULL DEFAULT CURRENT_TIMESTAMP ON UPDATE CURRENT_TIMESTAMP COMMENT 'User Modified Time',
  `logdate` timestamp NULL DEFAULT NULL COMMENT 'User Last Login Time',
  `lognum` smallint(5) UNSIGNED NOT NULL DEFAULT '0' COMMENT 'User Login Number',
  `reload_acl_flag` smallint(6) NOT NULL DEFAULT '0' COMMENT 'Reload ACL',
  `is_active` smallint(6) NOT NULL DEFAULT '1' COMMENT 'User Is Active',
  `extra` text COMMENT 'User Extra Data',
  `rp_token` text COMMENT 'Reset Password Link Token',
  `rp_token_created_at` timestamp NULL DEFAULT NULL COMMENT 'Reset Password Link Token Creation Date',
  `interface_locale` varchar(16) NOT NULL DEFAULT 'en_US' COMMENT 'Backend interface locale',
  `failures_num` smallint(6) DEFAULT '0' COMMENT 'Failure Number',
  `first_failure` timestamp NULL DEFAULT NULL COMMENT 'First Failure',
  `lock_expires` timestamp NULL DEFAULT NULL COMMENT 'Expiration Lock Dates',
  `refresh_token` text COMMENT 'Email connector refresh token'
) ENGINE=InnoDB DEFAULT CHARSET=utf8 COMMENT='Admin User Table';

--
-- Dumping data for table `mg_admin_user`
--

INSERT INTO `mg_admin_user` (`user_id`, `firstname`, `lastname`, `email`, `username`, `password`, `created`, `modified`, `logdate`, `lognum`, `reload_acl_flag`, `is_active`, `extra`, `rp_token`, `rp_token_created_at`, `interface_locale`, `failures_num`, `first_failure`, `lock_expires`, `refresh_token`) VALUES
(1, 'admin', 'admin', 'vicky@ewebtonic.in', 'admin', '914653f8573a1c7d0843689d58f238e219be115931c687552e21c072e02c3050:cL2iJscPfllEnSJXZNdYCCryZ9hqmUMq:1', '2019-09-05 10:33:53', '2019-11-07 11:13:06', '2019-11-07 11:13:06', 187, 0, 1, '{\"configState\":{\"market_theme_install\":\"1\",\"market_theme_layout\":\"0\",\"market_general\":\"1\",\"market_product_listing\":\"0\",\"market_product_detail\":\"0\",\"market_socials\":\"0\",\"market_advanced\":\"1\",\"market_product_information\":\"0\",\"currency_options\":\"1\",\"currency_fixerio\":\"0\",\"currency_currencyconverterapi\":\"0\",\"currency_import\":\"0\",\"admin_url\":\"1\",\"admin_emails\":\"0\",\"admin_startup\":\"0\",\"admin_security\":\"1\",\"admin_dashboard\":\"1\",\"admin_captcha\":\"1\",\"cedcore_installed_extensions\":\"1\",\"ced_csmarketplace_general\":\"1\",\"ced_csmarketplace_vendor\":\"1\",\"ced_csmarketplace_vproducts\":\"0\",\"ced_csmarketplace_vorders\":\"0\",\"ced_csmarketplace_vproducts_downloadable_config\":\"0\",\"ced_csmarketplace_vpayments\":\"0\",\"ced_csmarketplace_vshops\":\"1\",\"ced_csmarketplace_vseo\":\"0\",\"ced_csmarketplace_vlogs\":\"0\",\"ced_csmarketplace_csimportexport\":\"0\",\"ced_csmarketplace_csreport\":\"0\",\"ced_csmarketplace_csmultishipping\":\"1\",\"ced_csmarketplace_rma_general_group\":\"1\",\"cedcore_extensions_groups\":\"1\",\"cedcore_feeds_group\":\"0\",\"carriers_fedex\":\"1\",\"carriers_temando\":\"0\",\"ven_social_ced_sociallogin_google\":\"0\",\"ven_social_ced_sociallogin_facebook\":\"0\",\"ven_social_ced_sociallogin_twitter\":\"0\",\"ven_social_ced_sociallogin_linkedin\":\"0\",\"cedgst_general\":\"1\",\"categoriesmenu_general\":\"1\",\"categoriesmenu_source\":\"1\",\"categories_general\":\"1\",\"categories_source\":\"1\",\"categoriesmenu_product_information\":\"1\",\"filterproducts_general\":\"1\",\"filterproducts_source\":\"1\",\"megamenu_general\":\"1\",\"megamenu_advanced\":\"1\",\"megamenu_product_information\":\"1\",\"general_single_store_mode\":\"1\",\"general_country\":\"1\",\"general_region\":\"1\",\"general_locale\":\"1\",\"general_store_information\":\"1\",\"catalog_frontend\":\"1\",\"catalog_search\":\"1\",\"catalog_seo\":\"1\",\"catalog_navigation\":\"1\",\"catalog_downloadable\":\"1\",\"catalog_custom_options\":\"1\",\"catalog_layered_navigation\":\"1\",\"catalog_price\":\"1\",\"catalog_fields_masks\":\"1\",\"listingtabs_general\":\"1\",\"listingtabs_source_options\":\"1\",\"listingtabs_product_information\":\"1\",\"system_backup\":\"0\",\"system_upload_configuration\":\"1\",\"system_media_storage_configuration\":\"1\",\"system_full_page_cache\":\"1\",\"web_unsecure\":\"0\",\"web_seo\":\"0\",\"web_session\":\"0\",\"web_url\":\"0\",\"web_secure\":\"0\",\"web_default\":\"0\",\"web_default_layouts\":\"0\",\"web_cookie\":\"0\",\"web_browser_capabilities\":\"0\",\"catalog_review\":\"0\",\"catalog_productalert\":\"0\",\"catalog_productalert_cron\":\"0\",\"catalog_recently_products\":\"1\",\"catalog_product_video\":\"0\",\"catalog_aune_productgridcategoryfilter\":\"1\",\"catalog_placeholder\":\"0\",\"shipping_origin\":\"1\",\"payment_us_banktransfer\":\"0\",\"payment_us_cashondelivery\":\"1\",\"payment_us_account\":\"1\",\"payment_us_recommended_solutions\":\"1\",\"payment_us_other_paypal_payment_solutions\":\"0\",\"payment_us_paypal_group_all_in_one\":\"1\",\"payment_us_paypal_payment_gateways\":\"1\",\"payment_us_other_payment_methods\":\"1\",\"payment_us_klarna_section\":\"0\",\"payment_us_amazon_payment\":\"0\",\"payment_us_free\":\"0\",\"payment_us_checkmo\":\"0\",\"payment_us_purchaseorder\":\"0\",\"payment_us_authorizenet_acceptjs\":\"0\",\"payment_us_authorizenet_directpost\":\"0\",\"payment_other_cashondelivery\":\"1\",\"payment_other_account\":\"1\",\"payment_other_recommended_solutions\":\"1\",\"payment_other_express_checkout_other\":\"0\",\"payment_other_other_paypal_payment_solutions\":\"0\",\"payment_other_paypal_group_all_in_one\":\"1\",\"payment_other_other_payment_methods\":\"1\",\"payment_other_klarna_section\":\"0\",\"payment_other_amazon_payment\":\"0\",\"payment_other_free\":\"0\",\"payment_other_banktransfer\":\"0\",\"payment_other_checkmo\":\"1\",\"payment_other_purchaseorder\":\"0\",\"payment_other_authorizenet_acceptjs\":\"0\",\"payment_other_authorizenet_directpost\":\"0\",\"payment_other_ccavenuepay\":\"1\",\"searchbox_general\":\"1\",\"searchbox_product_information\":\"1\",\"carriers_flatrate\":\"1\",\"carriers_freeshipping\":\"0\",\"carriers_tablerate\":\"0\",\"carriers_ups\":\"0\",\"carriers_usps\":\"0\",\"carriers_dhl\":\"1\",\"shipping_shipping_policy\":\"1\",\"contact_contact\":\"0\",\"contact_email\":\"0\",\"dev_template\":\"1\",\"dev_front_end_development_workflow\":\"1\",\"dev_restrict\":\"1\",\"dev_debug\":\"1\",\"dev_translate_inline\":\"1\",\"dev_css\":\"1\",\"dev_image\":\"1\",\"dev_static\":\"1\",\"dev_grid\":\"1\",\"system_cron\":\"0\",\"admin_usage\":\"1\",\"dev_js\":\"1\",\"mfblog_top_menu\":\"0\",\"multishipping_options\":\"1\"}}', NULL, NULL, 'en_US', 0, NULL, NULL, NULL);

-- --------------------------------------------------------

--
-- Table structure for table `mg_admin_user_session`
--

CREATE TABLE `mg_admin_user_session` (
  `id` int(10) UNSIGNED NOT NULL COMMENT 'Entity ID',
  `session_id` varchar(128) NOT NULL COMMENT 'Session id value',
  `user_id` int(10) UNSIGNED DEFAULT NULL COMMENT 'Admin User ID',
  `status` smallint(5) UNSIGNED NOT NULL DEFAULT '1' COMMENT 'Current Session status',
  `created_at` timestamp NOT NULL DEFAULT CURRENT_TIMESTAMP COMMENT 'Created Time',
  `updated_at` timestamp NOT NULL DEFAULT CURRENT_TIMESTAMP ON UPDATE CURRENT_TIMESTAMP COMMENT 'Update Time',
  `ip` varchar(15) NOT NULL COMMENT 'Remote user IP'
) ENGINE=InnoDB DEFAULT CHARSET=utf8 COMMENT='Admin User sessions table';

--
-- Dumping data for table `mg_admin_user_session`
--

INSERT INTO `mg_admin_user_session` (`id`, `session_id`, `user_id`, `status`, `created_at`, `updated_at`, `ip`) VALUES
(1, '083c7ee779a6ff19d8c0a9c395150775', 1, 1, '2019-09-05 10:37:44', '2019-09-05 10:41:59', '202.142.86.248'),
(2, '47195fac3fc4ec4afd2e0a3058dbebee', 1, 1, '2019-09-05 11:06:19', '2019-09-05 13:09:26', '202.142.86.248'),
(3, 'b15b6419577c26e2f2ef0642f15cf0d4', 1, 2, '2019-09-06 05:14:36', '2019-09-06 06:39:12', '150.107.10.155'),
(4, '1d44eee19d8a57a00733296c1801aaae', 1, 2, '2019-09-06 06:39:12', '2019-09-06 06:42:42', '150.107.10.155'),
(5, '3015417750c6d0e7d929615d0abda698', 1, 1, '2019-09-06 06:42:42', '2019-09-06 06:42:42', '150.107.10.155'),
(6, 'e4bd4f31ebd90b988202fc35b4fcd232', 1, 2, '2019-09-06 07:36:07', '2019-09-06 07:43:19', '150.107.10.155'),
(7, '13a6b91283ba0399b6ad6f6c7e56241e', 1, 1, '2019-09-06 07:43:19', '2019-09-06 07:44:24', '150.107.10.155'),
(8, 'd48538c3f80b21990378b9d2fedcba4c', 1, 2, '2019-09-06 10:55:02', '2019-09-06 10:59:49', '103.97.184.106'),
(9, '32e90d93d6c6ee6d04ea26d618a119f4', 1, 2, '2019-09-06 10:59:49', '2019-09-06 11:07:49', '103.97.184.106'),
(10, 'a77a10be31587923529db6365c567caa', 1, 1, '2019-09-06 11:07:49', '2019-09-06 11:10:22', '103.97.184.106'),
(11, '5a9b96259b9e79ecfedecb79b6ceda05', 1, 1, '2019-09-06 11:26:44', '2019-09-06 11:26:44', '103.97.184.106'),
(12, '2ee6b4608612112640e9abfddba531f6', 1, 1, '2019-09-06 11:52:40', '2019-09-06 11:55:50', '103.97.184.106'),
(13, '8746c6b220818ef52c97d96c6395bb87', 1, 1, '2019-09-07 04:47:39', '2019-09-07 04:54:06', '202.142.86.158'),
(14, 'a1532bdfa154d8447edfa16e1d6045ea', 1, 1, '2019-09-09 11:46:54', '2019-09-09 11:53:42', '103.97.184.106'),
(15, 'c186bd5c7fd2526df111da55006f9d25', 1, 1, '2019-09-10 06:31:29', '2019-09-10 06:33:33', '103.195.201.164'),
(16, 'fd38d234b49a44514837921ecfc0ea0e', 1, 1, '2019-09-10 07:53:59', '2019-09-10 08:04:53', '103.195.201.164'),
(17, 'd654daacb19a52491b32cd0c7ee0414a', 1, 1, '2019-09-10 11:41:51', '2019-09-10 11:55:25', '202.142.86.194'),
(18, 'ed23123fbd04e61b44d76903b1df7e53', 1, 1, '2019-09-11 06:42:07', '2019-09-11 06:44:34', '202.142.86.246'),
(19, '8e1f4e2bcdcb2e326e1c185127788f54', 1, 1, '2019-09-13 06:09:57', '2019-09-13 06:32:36', '150.107.10.151'),
(20, '7ae387d211630f3f9a084ba4fa94ff6e', 1, 1, '2019-09-13 06:52:29', '2019-09-13 06:53:29', '150.107.10.151'),
(21, 'e0f8bf8d81aec2bcf220eba9fa7fa682', 1, 2, '2019-09-13 07:13:26', '2019-09-13 07:59:28', '150.107.10.86'),
(22, '14dd4fc5945dc8c5f0d2d9f9bae5ec6d', 1, 1, '2019-09-13 07:59:28', '2019-09-13 08:00:02', '103.97.184.106'),
(23, '6d8e29e65a0df591fde9d8e42c64ad09', 1, 1, '2019-09-13 08:41:10', '2019-09-13 08:49:03', '150.107.10.86'),
(24, '7f1a2c216a92faaf9faba708f38ddcf1', 1, 1, '2019-09-13 09:35:51', '2019-09-13 10:03:00', '150.107.10.86'),
(25, 'e85b92eec023c8927e30cbf5a9e90ec3', 1, 1, '2019-09-13 10:45:44', '2019-09-13 10:50:30', '150.107.10.86'),
(26, '8184a08d3827e8dd271afbd51026e0df', 1, 1, '2019-09-13 11:08:14', '2019-09-13 12:10:35', '150.107.10.86'),
(27, '74783e9d74dfe87d9064e30197af3136', 1, 1, '2019-09-13 12:28:49', '2019-09-13 13:10:22', '150.107.10.150'),
(28, '90ae7346688f1bb3b48cb7523ac1fc41', 1, 1, '2019-09-14 06:32:42', '2019-09-14 07:09:47', '202.142.86.179'),
(29, '53a71a091e553e38d7cfca12d75a55c9', 1, 1, '2019-09-14 07:31:52', '2019-09-14 08:42:57', '202.142.86.179'),
(30, '15eb9b0ced7edbc596a71874d5117438', 1, 1, '2019-09-14 08:58:50', '2019-09-14 09:15:16', '202.142.86.179'),
(31, '7d660735a025d42fcafddf5c7cee47d0', 1, 1, '2019-09-14 10:27:22', '2019-09-14 11:25:25', '150.107.10.141'),
(32, '8ebab07334bc86b70c822024d06630b0', 1, 1, '2019-09-14 11:45:18', '2019-09-14 11:57:37', '150.107.10.141'),
(33, 'bf5520e8d3b57d1f182137b434b7b256', 1, 1, '2019-09-15 06:57:42', '2019-09-15 07:41:59', '117.197.75.28'),
(34, '483b9bdc8db455106b0fcb6bab8edbbd', 1, 1, '2019-09-15 08:51:07', '2019-09-15 09:02:28', '117.197.75.28'),
(35, '9915971ae09bda5e09f6771b9b07c823', 1, 1, '2019-09-15 09:30:37', '2019-09-15 09:33:57', '117.197.75.28'),
(36, '498d2db2a7f9b56eb0170fbac29c3c99', 1, 1, '2019-09-16 06:25:57', '2019-09-16 06:39:22', '150.107.10.18'),
(37, '11a8a018d9f5f67d979c8499e9f5d1ec', 1, 1, '2019-09-16 07:08:12', '2019-09-16 07:28:36', '150.107.10.18'),
(38, '6c400e2d64e8e1a90e0f050ea0aaf536', 1, 1, '2019-09-16 07:58:12', '2019-09-16 08:50:18', '150.107.10.146'),
(39, 'a4ae2e759a496f67c2abdabf62832cf5', 1, 1, '2019-09-16 09:46:11', '2019-09-16 09:59:11', '150.107.10.146'),
(40, '7a560250d622870301ba834eb6291a62', 1, 1, '2019-09-16 10:14:51', '2019-09-16 10:36:13', '150.107.10.146'),
(41, 'cc2cee418fa49c4daf96bb6498054a7c', 1, 1, '2019-09-16 10:51:35', '2019-09-16 10:57:02', '150.107.10.146'),
(42, '63ded902a3f6e4c9f7290bb707afa3d4', 1, 1, '2019-09-16 11:41:00', '2019-09-16 11:43:47', '150.107.10.146'),
(43, '5425b63ab1614dad5464be0dcadefaf8', 1, 2, '2019-09-16 12:01:45', '2019-09-16 12:52:31', '150.107.10.146'),
(44, '6f02bc2350b2929477fe65b0885da99b', 1, 2, '2019-09-16 12:52:31', '2019-09-16 12:52:57', '117.197.64.96'),
(45, 'd0d7788e71624a57e1749436fe6a0009', 1, 2, '2019-09-16 12:52:57', '2019-09-16 12:53:29', '150.107.10.146'),
(46, '2296c6c9127b0c1ca7094975d26cb41a', 1, 2, '2019-09-16 12:53:29', '2019-09-16 12:54:02', '117.197.64.96'),
(47, '8627640d17cabbd0aca5cc88702ed13b', 1, 1, '2019-09-16 12:54:02', '2019-09-16 12:57:33', '150.107.10.146'),
(48, '0e6850d95d1a73926f31d206e840d0cd', 1, 1, '2019-09-17 05:29:34', '2019-09-17 06:25:28', '202.142.86.192'),
(49, 'c070e12ec9db763c77d7d8d3b46f612a', 1, 1, '2019-09-17 07:14:40', '2019-09-17 08:04:58', '202.142.86.192'),
(50, 'd38c9cbe73f048caf4b46763890ddb64', 1, 1, '2019-09-17 08:40:54', '2019-09-17 08:40:54', '202.142.86.192'),
(51, '14fd6080a727d54b332ed1ec58132018', 1, 1, '2019-09-17 09:28:24', '2019-09-17 09:52:05', '202.142.86.192'),
(52, '733b010284d9c4fcb47b127b8f01f2bf', 1, 1, '2019-09-17 10:37:40', '2019-09-17 10:44:23', '202.142.86.192'),
(53, '6cb908993d36b1a8561aa338e663eedc', 1, 2, '2019-09-17 11:09:11', '2019-09-17 11:09:14', '202.142.86.192'),
(54, '3e52f079e0940b92608bc78d5cecbecd', 1, 2, '2019-09-17 11:09:14', '2019-09-17 11:09:29', '103.97.184.106'),
(55, '63921851105778a7efa160e8da293d52', 1, 1, '2019-09-17 11:09:29', '2019-09-17 11:16:43', '202.142.86.192'),
(56, '29b8eae32d8d8a70f3225dfad3183bfb', 1, 1, '2019-09-17 11:36:26', '2019-09-17 12:20:50', '202.142.86.192'),
(57, '54d05a5d0fd4c4acda5793e78b31bc18', 1, 1, '2019-09-18 07:02:48', '2019-09-18 07:03:20', '150.107.10.56'),
(58, '3dbf7eb579ad430fd88c93cd3e236913', 1, 1, '2019-09-18 07:50:11', '2019-09-18 08:17:06', '150.107.10.56'),
(59, '0dfdf938f6b410910e40486f02ae2422', 1, 1, '2019-09-18 10:38:52', '2019-09-18 10:42:52', '150.107.10.56'),
(60, '474966a720faf55eba1f49013df5cb4e', 1, 1, '2019-09-18 12:17:49', '2019-09-18 12:21:33', '150.107.10.56'),
(61, '7220bf7693b78bbd9f9fc0a3b12241b3', 1, 1, '2019-09-18 12:46:35', '2019-09-18 12:47:05', '150.107.10.56'),
(62, '8a3c99eb86def877f385f96085d4b912', 1, 0, '2019-09-18 17:23:19', '2019-09-18 17:40:59', '117.197.65.72'),
(63, 'fefab7216f64062defd5d7144191428a', 1, 2, '2019-09-19 05:30:20', '2019-09-19 05:31:12', '103.97.184.106'),
(64, 'cd7331741603fae90b5e1176bf42bc71', 1, 2, '2019-09-19 05:31:12', '2019-09-19 05:34:59', '103.97.184.106'),
(65, '1bf90b442841ba2a229d0aeb6c066324', 1, 1, '2019-09-19 05:34:59', '2019-09-19 05:42:17', '150.107.10.26'),
(66, 'dd47eb339d9a1cc6159fddd8b795705c', 1, 1, '2019-09-19 06:38:26', '2019-09-19 06:39:26', '117.197.65.72'),
(67, 'b8d41eadc75b95968af9c5889e9b67c0', 1, 2, '2019-09-19 09:57:09', '2019-09-19 09:57:45', '150.107.10.194'),
(68, '72cd49f142d8b890696e80c7a59793be', 1, 1, '2019-09-19 09:57:45', '2019-09-19 10:05:22', '117.197.65.72'),
(69, 'e12e2ed2e37f3617f2d9cab62c139ca1', 1, 1, '2019-09-19 10:41:59', '2019-09-19 11:51:27', '117.197.65.72'),
(70, '1241bc8cd76caae0d52cc10dd92d6fc1', 1, 1, '2019-09-20 07:34:27', '2019-09-20 07:47:38', '150.107.10.7'),
(71, 'dc291d459068baeb47a5c11f8cad27b0', 1, 1, '2019-09-20 08:45:35', '2019-09-20 08:46:57', '150.107.10.7'),
(72, '9a99e84c7988e6142d11e23674d3dbd1', 1, 2, '2019-09-20 09:24:57', '2019-09-20 09:30:52', '150.107.10.7'),
(73, 'c0d81c10ae00d68bc827787b0d089ef1', 1, 2, '2019-09-20 09:30:52', '2019-09-20 09:49:42', '117.197.65.124'),
(74, 'f6fd6d545073094aa7d56dd9af1248aa', 1, 2, '2019-09-20 09:49:42', '2019-09-20 09:58:54', '150.107.10.7'),
(75, 'f1b882baf4998320c82b03aef2c3fb1b', 1, 2, '2019-09-20 09:58:54', '2019-09-20 10:15:05', '117.197.65.124'),
(76, '763607f22d6a16789f6094bdc96ac109', 1, 2, '2019-09-20 10:15:05', '2019-09-20 10:22:50', '150.107.10.7'),
(77, '9dd1bb5e57b7b5d91aace35f3132b19b', 1, 2, '2019-09-20 10:22:50', '2019-09-20 10:40:49', '117.197.65.124'),
(78, 'a2c390b278f2bd0fa962708e4b282d43', 1, 1, '2019-09-20 10:40:49', '2019-09-20 11:02:40', '150.107.10.7'),
(79, 'afb2b944f342f3b77b7f7e224e851a5f', 1, 1, '2019-09-20 11:55:46', '2019-09-20 12:44:24', '150.107.10.7'),
(80, '5d8ee8dd30d9dacebbdba0088fe0c36f', 1, 1, '2019-09-23 04:48:08', '2019-09-23 04:48:46', '150.107.10.90'),
(81, 'ca7de7b0b02546b18c90a6b70d9389a1', 1, 1, '2019-09-23 05:35:34', '2019-09-23 05:50:56', '150.107.10.90'),
(82, '542c12960ea39807fc69a7db920f2c08', 1, 1, '2019-09-23 06:15:26', '2019-09-23 06:16:44', '150.107.10.90'),
(83, '87ea4f1f1df3f8375b2f58cba4f73ad3', 1, 1, '2019-09-23 06:55:40', '2019-09-23 07:30:40', '150.107.10.90'),
(84, 'a2dcab32c9e8ad5862f681a1228e224f', 1, 1, '2019-09-23 11:48:33', '2019-09-23 11:48:33', '150.107.10.90'),
(85, 'd167a973e40e38f7ee154a66b2e47b72', 1, 1, '2019-09-23 12:14:38', '2019-09-23 12:30:21', '150.107.10.90'),
(86, '421bfdd9b2005a48ec22f23e99d2b97c', 1, 1, '2019-09-23 13:23:46', '2019-09-23 13:38:36', '117.197.71.84'),
(87, '221796ec2355b467cc58509826090743', 1, 1, '2019-09-24 05:32:19', '2019-09-24 05:34:20', '202.142.86.249'),
(88, '38b3bc58b0278727449cde5433603e7d', 1, 1, '2019-09-24 07:41:34', '2019-09-24 07:55:07', '202.142.86.249'),
(89, '93cd8b266a4122d8213316d808912256', 1, 1, '2019-09-24 08:42:35', '2019-09-24 08:50:38', '202.142.86.249'),
(90, '080453338bec811adf814f02f0be7dd3', 1, 1, '2019-09-24 09:07:21', '2019-09-24 09:07:21', '202.142.86.249'),
(91, 'b6d2de7b10ec507ac84e723fc4ca5582', 1, 1, '2019-09-24 10:10:41', '2019-09-24 10:32:09', '202.142.86.249'),
(92, '9e1b765062678b9909d837c5031ae5c5', 1, 1, '2019-09-25 06:53:10', '2019-09-25 08:11:00', '202.142.86.230'),
(93, 'fd73559b680db80a2689d46739e1c92c', 1, 1, '2019-09-25 09:50:54', '2019-09-25 10:18:25', '103.97.184.106'),
(94, '420438733c3be5fae549f82586767987', 1, 1, '2019-09-25 10:34:17', '2019-09-25 10:47:07', '103.97.184.106'),
(95, 'ef4f44b4b754a58dc8061de42056558a', 1, 1, '2019-09-25 11:46:57', '2019-09-25 11:48:02', '202.142.86.230'),
(96, '352d861e247fc368a636737706a8e882', 1, 2, '2019-09-25 13:07:17', '2019-09-25 13:13:09', '202.142.86.230'),
(97, '5c60ef7a99af082fb74395d80cdbc5f0', 1, 1, '2019-09-25 13:13:09', '2019-09-25 13:13:09', '103.97.184.106'),
(98, '29543e96d6f6e725a8301ab9a58c0265', 1, 1, '2019-09-25 15:28:34', '2019-09-25 15:34:38', '103.97.184.106'),
(99, '55994643d2f4bc3bba22ccd884f91748', 1, 1, '2019-09-26 06:57:47', '2019-09-26 06:58:57', '150.107.10.118'),
(100, 'e1f6f9f1431e8b038999fe535c981675', 1, 1, '2019-09-26 12:29:59', '2019-09-26 12:30:37', '103.97.184.106'),
(101, 'a3bb6e84d7f43fe4768c423028c75428', 1, 1, '2019-09-26 13:36:14', '2019-09-26 13:47:37', '103.97.184.106'),
(102, '055188b3aa21828ebf746fa3ca98d8ab', 1, 1, '2019-09-26 14:09:59', '2019-09-26 14:13:18', '103.97.184.106'),
(103, 'afc848061baf65efad1625f4dd0bef08', 1, 1, '2019-09-27 08:34:25', '2019-09-27 08:37:44', '150.107.10.80'),
(104, '4009ea77733733deee79c923879fbc0f', 1, 2, '2019-09-30 12:45:57', '2019-09-30 12:46:51', '103.97.184.106'),
(105, '660abda47f6fcabbeb30d7f37a9fdfd6', 1, 2, '2019-09-30 12:46:51', '2019-09-30 12:48:40', '103.97.184.106'),
(106, '5d663f1372bfa0f52bac9f125b2ea724', 1, 1, '2019-09-30 12:48:40', '2019-09-30 13:25:54', '103.97.184.106'),
(107, 'ea73339fb6d855289610814ddaca9b77', 1, 1, '2019-10-01 06:01:13', '2019-10-01 06:24:57', '150.107.10.74'),
(108, 'e49f932c5b6ae51e6c72d05e8813b86f', 1, 1, '2019-10-01 06:58:03', '2019-10-01 07:16:34', '150.107.10.74'),
(109, '3ba3220e72296516934b6954788e25c9', 1, 1, '2019-10-01 07:47:02', '2019-10-01 07:49:58', '150.107.10.74'),
(110, 'a039d3ce80f019b11209012f36cf7559', 1, 1, '2019-10-01 08:16:50', '2019-10-01 08:50:00', '150.107.10.74'),
(111, '3fe03ca42763da39a9aaba6fc6b6d378', 1, 2, '2019-10-01 10:29:02', '2019-10-01 10:35:30', '150.107.10.74'),
(112, '593585f881bd1813c7c4df723c138305', 1, 2, '2019-10-01 10:35:30', '2019-10-01 10:39:07', '103.97.184.106'),
(113, '0100f21ebc54d217af2e63ac1ef1c362', 1, 2, '2019-10-01 10:39:07', '2019-10-01 10:39:28', '150.107.10.74'),
(114, 'a3e48c1e03c97ee1ea0d0ad4bf7d5867', 1, 2, '2019-10-01 10:39:28', '2019-10-01 10:39:49', '103.97.184.106'),
(115, 'c4be1f2ef3b7c6849a89e6e22bed21c2', 1, 2, '2019-10-01 10:39:49', '2019-10-01 10:40:20', '150.107.10.74'),
(116, 'e5029d3a78526169c0d05ab2c652c01a', 1, 2, '2019-10-01 10:40:20', '2019-10-01 10:40:29', '103.97.184.106'),
(117, '4df58f0bb8ad446142737d165abf97b2', 1, 2, '2019-10-01 10:40:29', '2019-10-01 10:41:02', '150.107.10.74'),
(118, '85b45ccb40bfed39a81da6f3bdb2086e', 1, 1, '2019-10-01 10:41:02', '2019-10-01 10:56:56', '103.97.184.106'),
(119, '54a23db39038058ae8d8a3f7e4e736d7', 1, 0, '2019-10-01 11:11:32', '2019-10-01 11:27:51', '150.107.10.74'),
(120, '9ca14b22444c66fcdcb3a65144479656', 1, 1, '2019-10-01 11:21:56', '2019-10-01 11:21:56', '103.97.184.106'),
(121, 'f582490e34bcfd16516a92a619dbd4c2', 1, 1, '2019-10-01 11:27:57', '2019-10-01 11:29:13', '150.107.10.74'),
(122, '3664643b07c4cfe651b691bd95a38d33', 1, 1, '2019-10-01 12:04:53', '2019-10-01 12:06:51', '103.97.184.106'),
(123, 'c54cf5ce2b9d0266515c76a6074d8859', 1, 1, '2019-10-01 12:11:18', '2019-10-01 12:42:06', '150.107.10.74'),
(124, 'd7979b1a8b7fd977959e6f86c8b41418', 1, 1, '2019-10-01 13:00:03', '2019-10-01 13:03:46', '150.107.10.74'),
(125, 'b49c8a6e72b90505215e07ff12cf6887', 1, 1, '2019-10-02 05:28:05', '2019-10-02 05:31:41', '150.107.10.20'),
(126, '7b5766530551ac9be062bbea12a7eb1c', 1, 1, '2019-10-02 05:53:37', '2019-10-02 05:56:52', '150.107.10.20'),
(127, '02454222823e50454a8286a9119c8ef0', 1, 1, '2019-10-02 06:51:34', '2019-10-02 06:52:06', '150.107.10.20'),
(128, 'd3e8ac5a8801a4253b3b330305c2ef90', 1, 1, '2019-10-02 09:20:24', '2019-10-02 09:23:34', '150.107.10.20'),
(129, '64a3be8a7978a46c1ea6c1eb5b0421e0', 1, 1, '2019-10-03 17:36:34', '2019-10-03 17:39:02', '117.197.70.127'),
(130, '534abea27ed68e1ef79f5b70533dd877', 1, 0, '2019-10-03 18:00:57', '2019-10-03 18:36:11', '117.197.70.127'),
(131, 'ada7fde4f59499737db2c2e1bd80aab9', 1, 1, '2019-10-04 05:16:05', '2019-10-04 05:16:36', '103.97.184.106'),
(132, 'a5da27baa51bb99f5664e769cfb7314d', 1, 1, '2019-10-04 06:59:34', '2019-10-04 07:01:02', '103.97.184.106'),
(133, '9681564508c0da8a1c71c28e16fedb8c', 1, 1, '2019-10-04 07:20:32', '2019-10-04 07:26:46', '103.97.184.106'),
(134, 'a51f7f7537499ace2c2ffc1940450fc6', 1, 1, '2019-10-04 07:50:38', '2019-10-04 08:04:53', '103.97.184.106'),
(135, '1246bdd837a251a966a04c4700f93c48', 1, 1, '2019-10-04 09:23:57', '2019-10-04 10:02:51', '103.97.184.106'),
(136, '32b3c58873a1d03dcba1b50882e5a92a', 1, 0, '2019-10-04 10:49:01', '2019-10-04 11:25:47', '117.197.69.230'),
(137, 'd25af1eb4cd55855079231c9357e531c', 1, 0, '2019-10-04 11:26:14', '2019-10-04 11:30:55', '117.197.69.230'),
(138, 'cc0b0611455a4dd735c530b8a2fb721b', 1, 0, '2019-10-04 11:41:06', '2019-10-04 11:50:07', '117.197.69.230'),
(139, '131195178f2c9029bbd1c6aad913f1e9', 1, 1, '2019-10-04 12:46:50', '2019-10-04 12:50:53', '150.107.10.124'),
(140, '29263f78a7870a6c14dfaba3353a30d5', 1, 1, '2019-10-04 13:37:24', '2019-10-04 13:39:20', '103.97.184.106'),
(141, 'a672277225599b4f9756c209345fa7c3', 1, 1, '2019-10-05 07:04:15', '2019-10-05 07:09:42', '150.107.10.156'),
(142, '0d9a2f1967e5a7dae7e99644152370ea', 1, 1, '2019-10-09 13:19:14', '2019-10-09 13:31:46', '103.97.184.106'),
(143, '69cd99b4455e54ad31eb6efeeb959640', 1, 1, '2019-10-10 07:13:56', '2019-10-10 07:44:08', '103.97.184.106'),
(144, '9c12e7092068ff41f5271b4c930b75cd', 1, 0, '2019-10-10 10:40:56', '2019-10-10 10:45:50', '117.197.64.25'),
(145, '3e23f313f3a55bc13fbc4d17d7bdf58a', 1, 1, '2019-10-10 10:50:38', '2019-10-10 10:58:23', '103.97.184.106'),
(146, '3dd59409db159e7f4a157f7b2e5c7c9b', 1, 1, '2019-10-11 07:43:41', '2019-10-11 07:43:41', '103.97.184.106'),
(147, 'd1e3de107bd23b791ef36d60d06df025', 1, 1, '2019-10-11 08:04:55', '2019-10-11 08:04:55', '103.97.184.106'),
(148, 'c2d827df6221b90795b7a26c8d51e971', 1, 1, '2019-10-11 08:05:04', '2019-10-11 08:05:04', '103.97.184.106'),
(149, '39880c5be1357a2d666e046f03e9a9c3', 1, 1, '2019-10-11 08:05:30', '2019-10-11 08:05:30', '103.97.184.106'),
(150, 'b1ef3c0d595f97c9e65aa802b8be04c7', 1, 1, '2019-10-11 08:16:15', '2019-10-11 08:17:11', '150.107.10.94'),
(151, '628f3310508a2324b4d96e7bbe9a565b', 1, 1, '2019-10-11 14:01:13', '2019-10-11 14:01:13', '117.197.67.248'),
(152, 'a210c3c4ef3c017001e11ea4bfb76bdf', 1, 1, '2019-10-11 14:03:49', '2019-10-11 14:03:49', '117.197.67.248'),
(153, 'e75273ad184b3f7c37d26f7ab8afeca3', 1, 1, '2019-10-11 14:04:53', '2019-10-11 14:04:53', '117.197.67.248'),
(154, '665105eaeede0ce95d5958adb7b0f6db', 1, 1, '2019-10-11 14:20:16', '2019-10-11 14:20:16', '117.197.67.248'),
(155, '4472bcd615fcb261c5ee44052e112c33', 1, 1, '2019-10-11 14:27:24', '2019-10-11 14:27:24', '103.97.184.106'),
(156, 'c433fbff6812b3abbcd7998d439e2da8', 1, 1, '2019-10-11 14:28:57', '2019-10-11 14:28:57', '117.197.67.248'),
(157, '3e8958d3650816150674e781f9257904', 1, 1, '2019-10-11 14:32:50', '2019-10-11 14:32:50', '103.97.184.106'),
(158, '6c1bfb6734f9e1ac74cbeba6d2639faa', 1, 1, '2019-10-11 14:36:09', '2019-10-11 14:36:09', '117.197.67.248'),
(159, 'ebf563bb4b958532e5bef3a580ed4301', 1, 1, '2019-10-11 14:38:48', '2019-10-11 14:38:48', '117.197.67.248'),
(160, '1897708e6cb02cc730d5ab66b12e2e25', 1, 1, '2019-10-11 15:06:13', '2019-10-11 15:06:13', '47.9.221.121'),
(161, '46ba90011ea2618d17660f8cc554ced3', 1, 1, '2019-10-11 15:07:42', '2019-10-11 15:07:42', '47.9.221.121'),
(162, 'acbdc951d1bdfe2c1a456b098eeddc71', 1, 1, '2019-10-11 15:24:11', '2019-10-11 15:24:11', '117.197.67.248'),
(163, 'cf171efbb1b8218109a4da1ce882142e', 1, 0, '2019-10-11 15:28:43', '2019-10-11 16:07:53', '117.197.67.248'),
(164, '02148cd43ffc80a5ac37dc64947ecb57', 1, 1, '2019-10-11 16:26:25', '2019-10-11 16:26:25', '117.197.67.248'),
(165, '52de8cfb9df250469bf1eecf983b80d3', 1, 0, '2019-10-11 16:29:37', '2019-10-11 17:03:45', '117.197.67.248'),
(166, '', NULL, 0, '2019-10-11 17:03:49', '2019-10-11 17:03:49', ''),
(167, '', NULL, 0, '2019-10-11 17:04:03', '2019-10-11 17:04:03', ''),
(168, 'fe20eb2b81c4ab1e01daa98355867ef6', 1, 1, '2019-10-11 17:47:45', '2019-10-11 17:47:45', '117.197.67.248'),
(169, '426c6ad1adf801cc7f93960e60614de8', 1, 1, '2019-10-11 17:50:24', '2019-10-15 14:19:10', '117.197.67.248'),
(170, '57afce02131e1437500a964a7bb2b94f', 1, 1, '2019-10-14 11:42:56', '2019-10-14 11:44:48', '103.97.184.106'),
(171, '21372d9e32e65f34f7dfbeeb35cd678f', 1, 1, '2019-10-15 12:53:09', '2019-10-15 12:53:09', '117.197.71.29'),
(172, '211ddbbc5f928f7c5401b3ad950cdd5f', 1, 1, '2019-10-16 06:43:49', '2019-10-16 06:43:49', '117.197.71.29'),
(173, '131324646be210a1c3c47cceceae2f13', 1, 0, '2019-10-16 06:45:06', '2019-10-16 07:06:05', '117.197.71.29'),
(174, 'fcaadaa2a4772b1efa6750cf4f5c751d', 1, 1, '2019-10-16 07:00:41', '2019-10-16 07:18:31', '150.107.10.171'),
(175, '3c87c0e1d4a0d87521b63595b8abe2f2', 1, 1, '2019-10-16 07:00:59', '2019-10-16 09:24:46', '150.107.10.171'),
(176, '4df657650f83c0a88e9042a8420e1d08', 1, 1, '2019-10-16 07:17:53', '2019-10-16 08:11:33', '150.107.10.171'),
(177, '7532db0c58dd51f45a0b0cd089f2fd00', 1, 1, '2019-10-16 07:51:18', '2019-10-16 07:55:15', '150.107.10.171'),
(178, 'cf58b2673f1d65c08807544511942afe', 1, 1, '2019-10-16 08:11:49', '2019-10-16 09:38:17', '150.107.10.171'),
(179, '854483002713708d4a28d565d2e59171', 1, 1, '2019-10-17 06:36:01', '2019-10-17 12:45:44', '150.107.10.123'),
(180, 'd80933189c97585f45c8639320739194', 1, 1, '2019-10-17 06:51:53', '2019-10-17 06:51:53', '117.197.67.211'),
(181, '44f6f544c96432eddf00ec4868eff8aa', 1, 0, '2019-10-17 06:52:58', '2019-10-17 07:11:16', '117.197.67.211'),
(182, '85cd11505898baad162b92f168ac8359', 1, 0, '2019-10-17 07:13:53', '2019-10-17 07:47:30', '117.197.67.211'),
(183, '6dd2d4a7fed4fcca49c5d2a3d81ba208', 1, 0, '2019-10-17 08:59:52', '2019-10-17 09:11:04', '117.197.67.211'),
(184, '', NULL, 0, '2019-10-17 09:12:45', '2019-10-17 09:12:45', ''),
(185, '1cc4af39ad264e9581f51a50d8ec0183', 1, 1, '2019-10-17 16:12:56', '2019-10-17 16:12:56', '117.197.67.105'),
(186, '75bc70e301137f3a8cc1b0b6dc5aa82a', 1, 1, '2019-10-17 16:13:47', '2019-10-17 16:14:42', '117.197.67.105'),
(187, '5aa8fe822988a111ca1ab822dec9f380', 1, 1, '2019-10-30 11:09:50', '2019-10-30 11:20:52', '150.107.10.29'),
(188, '6c45fdf67496ef6f9366a3deb1d336cb', 1, 1, '2019-11-07 07:50:23', '2019-11-07 07:58:05', '202.142.86.166'),
(189, '6d9a7ae683ce4ec07c9167deffe1cab7', 1, 1, '2019-11-07 09:36:21', '2019-11-07 09:40:32', '202.142.86.166'),
(190, '936871464e66b64d3201bbcbbcf8940b', 1, 1, '2019-11-07 11:13:06', '2019-11-07 11:15:20', '202.142.86.166');

-- --------------------------------------------------------

--
-- Table structure for table `mg_amazon_customer`
--

CREATE TABLE `mg_amazon_customer` (
  `entity_id` int(10) UNSIGNED NOT NULL COMMENT 'Entity_id',
  `customer_id` int(10) UNSIGNED NOT NULL COMMENT 'Customer_id',
  `amazon_id` varchar(255) NOT NULL COMMENT 'Amazon_id'
) ENGINE=InnoDB DEFAULT CHARSET=utf8 COMMENT='mg_amazon_customer';

-- --------------------------------------------------------

--
-- Table structure for table `mg_amazon_pending_authorization`
--

CREATE TABLE `mg_amazon_pending_authorization` (
  `entity_id` int(10) UNSIGNED NOT NULL COMMENT 'Entity_id',
  `order_id` int(10) UNSIGNED NOT NULL COMMENT 'Order_id',
  `payment_id` int(10) UNSIGNED NOT NULL COMMENT 'Payment_id',
  `authorization_id` varchar(255) DEFAULT NULL COMMENT 'Authorization_id',
  `created_at` datetime NOT NULL COMMENT 'Created_at',
  `updated_at` datetime DEFAULT NULL COMMENT 'Updated_at',
  `processed` smallint(5) UNSIGNED DEFAULT '0' COMMENT 'Initial authorization processed',
  `capture` smallint(5) UNSIGNED DEFAULT '0' COMMENT 'Initial authorization has capture',
  `capture_id` varchar(255) DEFAULT NULL COMMENT 'Initial authorization capture id'
) ENGINE=InnoDB DEFAULT CHARSET=utf8 COMMENT='mg_amazon_pending_authorization';

-- --------------------------------------------------------

--
-- Table structure for table `mg_amazon_pending_capture`
--

CREATE TABLE `mg_amazon_pending_capture` (
  `entity_id` int(10) UNSIGNED NOT NULL COMMENT 'Entity_id',
  `capture_id` varchar(255) NOT NULL COMMENT 'Capture_id',
  `created_at` datetime NOT NULL COMMENT 'Created_at',
  `order_id` int(10) UNSIGNED NOT NULL COMMENT 'order id',
  `payment_id` int(10) UNSIGNED NOT NULL COMMENT 'payment id'
) ENGINE=InnoDB DEFAULT CHARSET=utf8 COMMENT='mg_amazon_pending_capture';

-- --------------------------------------------------------

--
-- Table structure for table `mg_amazon_pending_refund`
--

CREATE TABLE `mg_amazon_pending_refund` (
  `entity_id` int(10) UNSIGNED NOT NULL COMMENT 'Entity_id',
  `refund_id` varchar(255) NOT NULL COMMENT 'Refund_id',
  `created_at` datetime NOT NULL COMMENT 'Created_at',
  `order_id` int(10) UNSIGNED NOT NULL COMMENT 'Order_id',
  `payment_id` int(10) UNSIGNED NOT NULL COMMENT 'Payment_id'
) ENGINE=InnoDB DEFAULT CHARSET=utf8 COMMENT='mg_amazon_pending_refund';

-- --------------------------------------------------------

--
-- Table structure for table `mg_amazon_quote`
--

CREATE TABLE `mg_amazon_quote` (
  `entity_id` int(10) UNSIGNED NOT NULL COMMENT 'Entity ID',
  `quote_id` int(10) UNSIGNED NOT NULL COMMENT 'Quote ID',
  `amazon_order_reference_id` varchar(255) NOT NULL COMMENT 'Amazon Order Reference ID',
  `sandbox_simulation_reference` varchar(255) DEFAULT NULL COMMENT 'Sandbox simulation reference',
  `confirmed` smallint(5) UNSIGNED NOT NULL DEFAULT '0' COMMENT 'Quote confirmed with Amazon'
) ENGINE=InnoDB DEFAULT CHARSET=utf8 COMMENT='amazon_quote';

-- --------------------------------------------------------

--
-- Table structure for table `mg_amazon_sales_order`
--

CREATE TABLE `mg_amazon_sales_order` (
  `entity_id` int(10) UNSIGNED NOT NULL COMMENT 'Entity ID',
  `order_id` int(10) UNSIGNED NOT NULL COMMENT 'Order ID',
  `amazon_order_reference_id` varchar(255) NOT NULL COMMENT 'Amazon Order Reference ID'
) ENGINE=InnoDB DEFAULT CHARSET=utf8 COMMENT='amazon_sales_order';

-- --------------------------------------------------------

--
-- Table structure for table `mg_authorization_role`
--

CREATE TABLE `mg_authorization_role` (
  `role_id` int(10) UNSIGNED NOT NULL COMMENT 'Role ID',
  `parent_id` int(10) UNSIGNED NOT NULL DEFAULT '0' COMMENT 'Parent Role ID',
  `tree_level` smallint(5) UNSIGNED NOT NULL DEFAULT '0' COMMENT 'Role Tree Level',
  `sort_order` smallint(5) UNSIGNED NOT NULL DEFAULT '0' COMMENT 'Role Sort Order',
  `role_type` varchar(1) NOT NULL DEFAULT '0' COMMENT 'Role Type',
  `user_id` int(10) UNSIGNED NOT NULL DEFAULT '0' COMMENT 'User ID',
  `user_type` varchar(16) DEFAULT NULL COMMENT 'User Type',
  `role_name` varchar(50) DEFAULT NULL COMMENT 'Role Name'
) ENGINE=InnoDB DEFAULT CHARSET=utf8 COMMENT='Admin Role Table';

--
-- Dumping data for table `mg_authorization_role`
--

INSERT INTO `mg_authorization_role` (`role_id`, `parent_id`, `tree_level`, `sort_order`, `role_type`, `user_id`, `user_type`, `role_name`) VALUES
(1, 0, 1, 1, 'G', 0, '2', 'Administrators'),
(2, 1, 2, 0, 'U', 1, '2', 'admin');

-- --------------------------------------------------------

--
-- Table structure for table `mg_authorization_rule`
--

CREATE TABLE `mg_authorization_rule` (
  `rule_id` int(10) UNSIGNED NOT NULL COMMENT 'Rule ID',
  `role_id` int(10) UNSIGNED NOT NULL DEFAULT '0' COMMENT 'Role ID',
  `resource_id` varchar(255) DEFAULT NULL COMMENT 'Resource ID',
  `privileges` varchar(20) DEFAULT NULL COMMENT 'Privileges',
  `permission` varchar(10) DEFAULT NULL COMMENT 'Permission'
) ENGINE=InnoDB DEFAULT CHARSET=utf8 COMMENT='Admin Rule Table';

--
-- Dumping data for table `mg_authorization_rule`
--

INSERT INTO `mg_authorization_rule` (`rule_id`, `role_id`, `resource_id`, `privileges`, `permission`) VALUES
(1, 1, 'Magento_Backend::all', NULL, 'allow');

-- --------------------------------------------------------

--
-- Table structure for table `mg_cache`
--

CREATE TABLE `mg_cache` (
  `id` varchar(200) NOT NULL COMMENT 'Cache Id',
  `data` mediumblob COMMENT 'Cache Data',
  `create_time` int(11) DEFAULT NULL COMMENT 'Cache Creation Time',
  `update_time` int(11) DEFAULT NULL COMMENT 'Time of Cache Updating',
  `expire_time` int(11) DEFAULT NULL COMMENT 'Cache Expiration Time'
) ENGINE=InnoDB DEFAULT CHARSET=utf8 COMMENT='Caches';

-- --------------------------------------------------------

--
-- Table structure for table `mg_cache_tag`
--

CREATE TABLE `mg_cache_tag` (
  `tag` varchar(100) NOT NULL COMMENT 'Tag',
  `cache_id` varchar(200) NOT NULL COMMENT 'Cache Id'
) ENGINE=InnoDB DEFAULT CHARSET=utf8 COMMENT='Tag Caches';

-- --------------------------------------------------------

--
-- Table structure for table `mg_captcha_log`
--

CREATE TABLE `mg_captcha_log` (
  `type` varchar(32) NOT NULL COMMENT 'Type',
  `value` varchar(255) NOT NULL COMMENT 'Value',
  `count` int(10) UNSIGNED NOT NULL DEFAULT '0' COMMENT 'Count',
  `updated_at` timestamp NULL DEFAULT NULL COMMENT 'Update Time'
) ENGINE=InnoDB DEFAULT CHARSET=utf8 COMMENT='Count Login Attempts';

--
-- Dumping data for table `mg_captcha_log`
--

INSERT INTO `mg_captcha_log` (`type`, `value`, `count`, `updated_at`) VALUES
('2', 'getfastdeal', 6, '2019-10-09 13:18:41'),
('2', 'mrsinha240860@gmail.com', 1, '2019-10-11 08:21:31');

-- --------------------------------------------------------

--
-- Table structure for table `mg_cataloginventory_stock`
--

CREATE TABLE `mg_cataloginventory_stock` (
  `stock_id` smallint(5) UNSIGNED NOT NULL COMMENT 'Stock Id',
  `website_id` smallint(5) UNSIGNED NOT NULL COMMENT 'Website Id',
  `stock_name` varchar(255) DEFAULT NULL COMMENT 'Stock Name'
) ENGINE=InnoDB DEFAULT CHARSET=utf8 COMMENT='Cataloginventory Stock';

--
-- Dumping data for table `mg_cataloginventory_stock`
--

INSERT INTO `mg_cataloginventory_stock` (`stock_id`, `website_id`, `stock_name`) VALUES
(1, 0, 'Default');

-- --------------------------------------------------------

--
-- Table structure for table `mg_cataloginventory_stock_item`
--

CREATE TABLE `mg_cataloginventory_stock_item` (
  `item_id` int(10) UNSIGNED NOT NULL COMMENT 'Item Id',
  `product_id` int(10) UNSIGNED NOT NULL DEFAULT '0' COMMENT 'Product Id',
  `stock_id` smallint(5) UNSIGNED NOT NULL DEFAULT '0' COMMENT 'Stock Id',
  `qty` decimal(12,4) DEFAULT NULL COMMENT 'Qty',
  `min_qty` decimal(12,4) NOT NULL DEFAULT '0.0000' COMMENT 'Min Qty',
  `use_config_min_qty` smallint(5) UNSIGNED NOT NULL DEFAULT '1' COMMENT 'Use Config Min Qty',
  `is_qty_decimal` smallint(5) UNSIGNED NOT NULL DEFAULT '0' COMMENT 'Is Qty Decimal',
  `backorders` smallint(5) UNSIGNED NOT NULL DEFAULT '0' COMMENT 'Backorders',
  `use_config_backorders` smallint(5) UNSIGNED NOT NULL DEFAULT '1' COMMENT 'Use Config Backorders',
  `min_sale_qty` decimal(12,4) NOT NULL DEFAULT '1.0000' COMMENT 'Min Sale Qty',
  `use_config_min_sale_qty` smallint(5) UNSIGNED NOT NULL DEFAULT '1' COMMENT 'Use Config Min Sale Qty',
  `max_sale_qty` decimal(12,4) NOT NULL DEFAULT '0.0000' COMMENT 'Max Sale Qty',
  `use_config_max_sale_qty` smallint(5) UNSIGNED NOT NULL DEFAULT '1' COMMENT 'Use Config Max Sale Qty',
  `is_in_stock` smallint(5) UNSIGNED NOT NULL DEFAULT '0' COMMENT 'Is In Stock',
  `low_stock_date` timestamp NULL DEFAULT NULL COMMENT 'Low Stock Date',
  `notify_stock_qty` decimal(12,4) DEFAULT NULL COMMENT 'Notify Stock Qty',
  `use_config_notify_stock_qty` smallint(5) UNSIGNED NOT NULL DEFAULT '1' COMMENT 'Use Config Notify Stock Qty',
  `manage_stock` smallint(5) UNSIGNED NOT NULL DEFAULT '0' COMMENT 'Manage Stock',
  `use_config_manage_stock` smallint(5) UNSIGNED NOT NULL DEFAULT '1' COMMENT 'Use Config Manage Stock',
  `stock_status_changed_auto` smallint(5) UNSIGNED NOT NULL DEFAULT '0' COMMENT 'Stock Status Changed Automatically',
  `use_config_qty_increments` smallint(5) UNSIGNED NOT NULL DEFAULT '1' COMMENT 'Use Config Qty Increments',
  `qty_increments` decimal(12,4) NOT NULL DEFAULT '0.0000' COMMENT 'Qty Increments',
  `use_config_enable_qty_inc` smallint(5) UNSIGNED NOT NULL DEFAULT '1' COMMENT 'Use Config Enable Qty Increments',
  `enable_qty_increments` smallint(5) UNSIGNED NOT NULL DEFAULT '0' COMMENT 'Enable Qty Increments',
  `is_decimal_divided` smallint(5) UNSIGNED NOT NULL DEFAULT '0' COMMENT 'Is Divided into Multiple Boxes for Shipping',
  `website_id` smallint(5) UNSIGNED NOT NULL DEFAULT '0' COMMENT 'Website ID'
) ENGINE=InnoDB DEFAULT CHARSET=utf8 COMMENT='Cataloginventory Stock Item';

--
-- Dumping data for table `mg_cataloginventory_stock_item`
--

INSERT INTO `mg_cataloginventory_stock_item` (`item_id`, `product_id`, `stock_id`, `qty`, `min_qty`, `use_config_min_qty`, `is_qty_decimal`, `backorders`, `use_config_backorders`, `min_sale_qty`, `use_config_min_sale_qty`, `max_sale_qty`, `use_config_max_sale_qty`, `is_in_stock`, `low_stock_date`, `notify_stock_qty`, `use_config_notify_stock_qty`, `manage_stock`, `use_config_manage_stock`, `stock_status_changed_auto`, `use_config_qty_increments`, `qty_increments`, `use_config_enable_qty_inc`, `enable_qty_increments`, `is_decimal_divided`, `website_id`) VALUES
(1, 1, 1, 25.0000, 0.0000, 1, 0, 0, 1, 1.0000, 1, 10000.0000, 1, 1, NULL, 1.0000, 1, 1, 1, 0, 1, 1.0000, 1, 0, 0, 0),
(2, 2, 1, 25.0000, 0.0000, 1, 0, 0, 1, 1.0000, 1, 10000.0000, 1, 1, NULL, 1.0000, 1, 1, 1, 0, 1, 1.0000, 1, 0, 0, 0),
(3, 3, 1, 25.0000, 0.0000, 1, 0, 0, 1, 1.0000, 1, 10000.0000, 1, 1, NULL, 1.0000, 1, 1, 1, 0, 1, 1.0000, 1, 0, 0, 0),
(4, 4, 1, 25.0000, 0.0000, 1, 0, 0, 1, 1.0000, 1, 10000.0000, 1, 1, NULL, 1.0000, 1, 1, 1, 0, 1, 1.0000, 1, 0, 0, 0),
(5, 5, 1, 25.0000, 0.0000, 1, 0, 0, 1, 1.0000, 1, 10000.0000, 1, 1, NULL, 1.0000, 1, 1, 1, 0, 1, 1.0000, 1, 0, 0, 0),
(6, 6, 1, 25.0000, 0.0000, 1, 0, 0, 1, 1.0000, 1, 10000.0000, 1, 1, NULL, 1.0000, 1, 1, 1, 0, 1, 1.0000, 1, 0, 0, 0),
(7, 7, 1, 25.0000, 0.0000, 1, 0, 0, 1, 1.0000, 1, 10000.0000, 1, 1, NULL, 1.0000, 1, 1, 1, 0, 1, 1.0000, 1, 0, 0, 0),
(8, 8, 1, 25.0000, 0.0000, 1, 0, 0, 1, 1.0000, 1, 10000.0000, 1, 1, NULL, 1.0000, 1, 1, 1, 0, 1, 1.0000, 1, 0, 0, 0),
(9, 9, 1, 25.0000, 0.0000, 1, 0, 0, 1, 1.0000, 1, 10000.0000, 1, 1, NULL, 1.0000, 1, 1, 1, 0, 1, 1.0000, 1, 0, 0, 0),
(10, 10, 1, 0.0000, 0.0000, 1, 0, 0, 1, 1.0000, 1, 10000.0000, 1, 0, '2019-09-06 06:01:49', 1.0000, 1, 1, 1, 1, 1, 1.0000, 1, 0, 0, 0),
(11, 11, 1, 25.0000, 0.0000, 1, 0, 0, 1, 1.0000, 1, 10000.0000, 1, 1, NULL, 1.0000, 1, 1, 1, 0, 1, 1.0000, 1, 0, 0, 0),
(12, 12, 1, 10.0000, 0.0000, 1, 0, 0, 1, 1.0000, 1, 10000.0000, 1, 1, NULL, 1.0000, 1, 1, 1, 0, 1, 1.0000, 1, 0, 0, 0),
(13, 13, 1, 111.0000, 0.0000, 1, 0, 0, 1, 1.0000, 1, 10000.0000, 1, 1, NULL, 1.0000, 1, 1, 1, 0, 1, 1.0000, 1, 0, 0, 0),
(14, 14, 1, 111.0000, 0.0000, 1, 0, 0, 1, 1.0000, 1, 10000.0000, 1, 1, NULL, 1.0000, 1, 1, 1, 0, 1, 1.0000, 1, 0, 0, 0),
(22, 17, 1, 100.0000, 0.0000, 1, 0, 0, 1, 1.0000, 0, 0.0000, 1, 1, NULL, NULL, 1, 0, 1, 0, 1, 0.0000, 1, 0, 0, 0),
(32, 24, 1, 100.0000, 0.0000, 1, 0, 0, 1, 1.0000, 0, 0.0000, 1, 1, NULL, NULL, 1, 0, 1, 0, 1, 0.0000, 1, 0, 0, 0),
(33, 25, 1, 100.0000, 0.0000, 1, 0, 0, 1, 1.0000, 0, 0.0000, 1, 1, NULL, NULL, 1, 0, 1, 0, 1, 0.0000, 1, 0, 0, 0),
(34, 26, 1, 0.0000, 0.0000, 1, 0, 0, 1, 1.0000, 0, 0.0000, 1, 1, NULL, NULL, 1, 1, 1, 0, 1, 0.0000, 1, 0, 0, 0),
(35, 27, 1, 111.0000, 0.0000, 1, 0, 0, 1, 1.0000, 1, 10000.0000, 1, 1, NULL, 1.0000, 1, 1, 1, 0, 1, 1.0000, 1, 0, 0, 0),
(36, 28, 1, 100.0000, 0.0000, 1, 0, 0, 1, 1.0000, 1, 10000.0000, 1, 1, NULL, 1.0000, 1, 1, 1, 0, 1, 1.0000, 1, 0, 0, 0);

--
-- Triggers `mg_cataloginventory_stock_item`
--
DELIMITER $$
CREATE TRIGGER `trg_mg_cataloginventory_stock_item_after_delete` AFTER DELETE ON `mg_cataloginventory_stock_item` FOR EACH ROW BEGIN
INSERT IGNORE INTO `mg_scconnector_google_feed_cl` (`entity_id`) VALUES (OLD.`product_id`);
END
$$
DELIMITER ;
DELIMITER $$
CREATE TRIGGER `trg_mg_cataloginventory_stock_item_after_insert` AFTER INSERT ON `mg_cataloginventory_stock_item` FOR EACH ROW BEGIN
INSERT IGNORE INTO `mg_scconnector_google_feed_cl` (`entity_id`) VALUES (NEW.`product_id`);
END
$$
DELIMITER ;
DELIMITER $$
CREATE TRIGGER `trg_mg_cataloginventory_stock_item_after_update` AFTER UPDATE ON `mg_cataloginventory_stock_item` FOR EACH ROW BEGIN
IF (NEW.`item_id` <=> OLD.`item_id` OR NEW.`product_id` <=> OLD.`product_id` OR NEW.`stock_id` <=> OLD.`stock_id` OR NEW.`qty` <=> OLD.`qty` OR NEW.`min_qty` <=> OLD.`min_qty` OR NEW.`use_config_min_qty` <=> OLD.`use_config_min_qty` OR NEW.`is_qty_decimal` <=> OLD.`is_qty_decimal` OR NEW.`backorders` <=> OLD.`backorders` OR NEW.`use_config_backorders` <=> OLD.`use_config_backorders` OR NEW.`min_sale_qty` <=> OLD.`min_sale_qty` OR NEW.`use_config_min_sale_qty` <=> OLD.`use_config_min_sale_qty` OR NEW.`max_sale_qty` <=> OLD.`max_sale_qty` OR NEW.`use_config_max_sale_qty` <=> OLD.`use_config_max_sale_qty` OR NEW.`is_in_stock` <=> OLD.`is_in_stock` OR NEW.`low_stock_date` <=> OLD.`low_stock_date` OR NEW.`notify_stock_qty` <=> OLD.`notify_stock_qty` OR NEW.`use_config_notify_stock_qty` <=> OLD.`use_config_notify_stock_qty` OR NEW.`manage_stock` <=> OLD.`manage_stock` OR NEW.`use_config_manage_stock` <=> OLD.`use_config_manage_stock` OR NEW.`stock_status_changed_auto` <=> OLD.`stock_status_changed_auto` OR NEW.`use_config_qty_increments` <=> OLD.`use_config_qty_increments` OR NEW.`qty_increments` <=> OLD.`qty_increments` OR NEW.`use_config_enable_qty_inc` <=> OLD.`use_config_enable_qty_inc` OR NEW.`enable_qty_increments` <=> OLD.`enable_qty_increments` OR NEW.`is_decimal_divided` <=> OLD.`is_decimal_divided` OR NEW.`website_id` <=> OLD.`website_id`) THEN INSERT IGNORE INTO `mg_scconnector_google_feed_cl` (`entity_id`) VALUES (NEW.`product_id`); END IF;
END
$$
DELIMITER ;

-- --------------------------------------------------------

--
-- Table structure for table `mg_cataloginventory_stock_status`
--

CREATE TABLE `mg_cataloginventory_stock_status` (
  `product_id` int(10) UNSIGNED NOT NULL COMMENT 'Product Id',
  `website_id` smallint(5) UNSIGNED NOT NULL COMMENT 'Website Id',
  `stock_id` smallint(5) UNSIGNED NOT NULL COMMENT 'Stock Id',
  `qty` decimal(12,4) NOT NULL DEFAULT '0.0000' COMMENT 'Qty',
  `stock_status` smallint(5) UNSIGNED NOT NULL COMMENT 'Stock Status'
) ENGINE=InnoDB DEFAULT CHARSET=utf8 COMMENT='Cataloginventory Stock Status';

--
-- Dumping data for table `mg_cataloginventory_stock_status`
--

INSERT INTO `mg_cataloginventory_stock_status` (`product_id`, `website_id`, `stock_id`, `qty`, `stock_status`) VALUES
(1, 0, 1, 25.0000, 1),
(2, 0, 1, 25.0000, 1),
(3, 0, 1, 25.0000, 1),
(4, 0, 1, 25.0000, 1),
(5, 0, 1, 25.0000, 1),
(6, 0, 1, 25.0000, 1),
(7, 0, 1, 25.0000, 1),
(8, 0, 1, 25.0000, 1),
(9, 0, 1, 25.0000, 1),
(10, 0, 1, 0.0000, 0),
(11, 0, 1, 25.0000, 1),
(24, 0, 1, 100.0000, 1),
(25, 0, 1, 100.0000, 1),
(26, 0, 1, 0.0000, 1),
(27, 0, 1, 111.0000, 1),
(28, 0, 1, 100.0000, 1);

-- --------------------------------------------------------

--
-- Table structure for table `mg_cataloginventory_stock_status_idx`
--

CREATE TABLE `mg_cataloginventory_stock_status_idx` (
  `product_id` int(10) UNSIGNED NOT NULL COMMENT 'Product Id',
  `website_id` smallint(5) UNSIGNED NOT NULL COMMENT 'Website Id',
  `stock_id` smallint(5) UNSIGNED NOT NULL COMMENT 'Stock Id',
  `qty` decimal(12,4) NOT NULL DEFAULT '0.0000' COMMENT 'Qty',
  `stock_status` smallint(5) UNSIGNED NOT NULL COMMENT 'Stock Status'
) ENGINE=InnoDB DEFAULT CHARSET=utf8 COMMENT='Cataloginventory Stock Status Indexer Idx';

-- --------------------------------------------------------

--
-- Table structure for table `mg_cataloginventory_stock_status_replica`
--

CREATE TABLE `mg_cataloginventory_stock_status_replica` (
  `product_id` int(10) UNSIGNED NOT NULL COMMENT 'Product Id',
  `website_id` smallint(5) UNSIGNED NOT NULL COMMENT 'Website Id',
  `stock_id` smallint(5) UNSIGNED NOT NULL COMMENT 'Stock Id',
  `qty` decimal(12,4) NOT NULL DEFAULT '0.0000' COMMENT 'Qty',
  `stock_status` smallint(5) UNSIGNED NOT NULL COMMENT 'Stock Status'
) ENGINE=InnoDB DEFAULT CHARSET=utf8 COMMENT='Cataloginventory Stock Status';

--
-- Dumping data for table `mg_cataloginventory_stock_status_replica`
--

INSERT INTO `mg_cataloginventory_stock_status_replica` (`product_id`, `website_id`, `stock_id`, `qty`, `stock_status`) VALUES
(1, 0, 1, 25.0000, 1),
(2, 0, 1, 25.0000, 1),
(3, 0, 1, 25.0000, 1),
(4, 0, 1, 25.0000, 1),
(5, 0, 1, 25.0000, 1),
(6, 0, 1, 25.0000, 1),
(7, 0, 1, 25.0000, 1),
(8, 0, 1, 25.0000, 1),
(9, 0, 1, 25.0000, 1),
(10, 0, 1, 0.0000, 0),
(11, 0, 1, 25.0000, 1),
(24, 0, 1, 100.0000, 1),
(25, 0, 1, 100.0000, 1),
(26, 0, 1, 0.0000, 1),
(27, 0, 1, 111.0000, 1),
(28, 0, 1, 100.0000, 1);

-- --------------------------------------------------------

--
-- Table structure for table `mg_cataloginventory_stock_status_tmp`
--

CREATE TABLE `mg_cataloginventory_stock_status_tmp` (
  `product_id` int(10) UNSIGNED NOT NULL COMMENT 'Product Id',
  `website_id` smallint(5) UNSIGNED NOT NULL COMMENT 'Website Id',
  `stock_id` smallint(5) UNSIGNED NOT NULL COMMENT 'Stock Id',
  `qty` decimal(12,4) NOT NULL DEFAULT '0.0000' COMMENT 'Qty',
  `stock_status` smallint(5) UNSIGNED NOT NULL COMMENT 'Stock Status'
) ENGINE=InnoDB DEFAULT CHARSET=utf8 COMMENT='Cataloginventory Stock Status Indexer Tmp';

--
-- Dumping data for table `mg_cataloginventory_stock_status_tmp`
--

INSERT INTO `mg_cataloginventory_stock_status_tmp` (`product_id`, `website_id`, `stock_id`, `qty`, `stock_status`) VALUES
(26, 0, 1, 0.0000, 1);

-- --------------------------------------------------------

--
-- Table structure for table `mg_catalogrule`
--

CREATE TABLE `mg_catalogrule` (
  `rule_id` int(10) UNSIGNED NOT NULL COMMENT 'Entity ID',
  `name` varchar(255) DEFAULT NULL COMMENT 'Name',
  `description` text COMMENT 'Description',
  `from_date` date DEFAULT NULL COMMENT 'From',
  `to_date` date DEFAULT NULL COMMENT 'To',
  `is_active` smallint(6) NOT NULL DEFAULT '0' COMMENT 'Is Active',
  `conditions_serialized` mediumtext COMMENT 'Conditions Serialized',
  `actions_serialized` mediumtext COMMENT 'Actions Serialized',
  `stop_rules_processing` smallint(6) NOT NULL DEFAULT '1' COMMENT 'Stop Rules Processing',
  `sort_order` int(10) UNSIGNED NOT NULL DEFAULT '0' COMMENT 'Sort Order',
  `simple_action` varchar(32) DEFAULT NULL COMMENT 'Simple Action',
  `discount_amount` decimal(20,6) NOT NULL DEFAULT '0.000000' COMMENT 'Discount Amount'
) ENGINE=InnoDB DEFAULT CHARSET=utf8 COMMENT='CatalogRule';

-- --------------------------------------------------------

--
-- Table structure for table `mg_catalogrule_customer_group`
--

CREATE TABLE `mg_catalogrule_customer_group` (
  `rule_id` int(10) UNSIGNED NOT NULL COMMENT 'Rule ID',
  `customer_group_id` int(10) UNSIGNED NOT NULL COMMENT 'Customer Group Id'
) ENGINE=InnoDB DEFAULT CHARSET=utf8 COMMENT='Catalog Rules To Customer Groups Relations';

-- --------------------------------------------------------

--
-- Table structure for table `mg_catalogrule_group_website`
--

CREATE TABLE `mg_catalogrule_group_website` (
  `rule_id` int(10) UNSIGNED NOT NULL DEFAULT '0' COMMENT 'Rule ID',
  `customer_group_id` int(10) UNSIGNED NOT NULL DEFAULT '0' COMMENT 'Customer Group Id',
  `website_id` smallint(5) UNSIGNED NOT NULL DEFAULT '0' COMMENT 'Website Id'
) ENGINE=InnoDB DEFAULT CHARSET=utf8 COMMENT='CatalogRule Group Website';

-- --------------------------------------------------------

--
-- Table structure for table `mg_catalogrule_group_website_replica`
--

CREATE TABLE `mg_catalogrule_group_website_replica` (
  `rule_id` int(10) UNSIGNED NOT NULL DEFAULT '0' COMMENT 'Rule ID',
  `customer_group_id` int(10) UNSIGNED NOT NULL DEFAULT '0' COMMENT 'Customer Group Id',
  `website_id` smallint(5) UNSIGNED NOT NULL DEFAULT '0' COMMENT 'Website Id'
) ENGINE=InnoDB DEFAULT CHARSET=utf8 COMMENT='CatalogRule Group Website';

-- --------------------------------------------------------

--
-- Table structure for table `mg_catalogrule_product`
--

CREATE TABLE `mg_catalogrule_product` (
  `rule_product_id` int(10) UNSIGNED NOT NULL COMMENT 'Rule Product Id',
  `rule_id` int(10) UNSIGNED NOT NULL DEFAULT '0' COMMENT 'Rule ID',
  `from_time` int(10) UNSIGNED NOT NULL DEFAULT '0' COMMENT 'From Time',
  `to_time` int(10) UNSIGNED NOT NULL DEFAULT '0' COMMENT 'To time',
  `customer_group_id` int(11) DEFAULT NULL,
  `product_id` int(10) UNSIGNED NOT NULL DEFAULT '0' COMMENT 'Product Id',
  `action_operator` varchar(10) DEFAULT 'to_fixed' COMMENT 'Action Operator',
  `action_amount` decimal(20,6) NOT NULL DEFAULT '0.000000' COMMENT 'Action Amount',
  `action_stop` smallint(6) NOT NULL DEFAULT '0' COMMENT 'Action Stop',
  `sort_order` int(10) UNSIGNED NOT NULL DEFAULT '0' COMMENT 'Sort Order',
  `website_id` smallint(5) UNSIGNED NOT NULL COMMENT 'Website Id'
) ENGINE=InnoDB DEFAULT CHARSET=utf8 COMMENT='CatalogRule Product';

-- --------------------------------------------------------

--
-- Table structure for table `mg_catalogrule_product_price`
--

CREATE TABLE `mg_catalogrule_product_price` (
  `rule_product_price_id` int(10) UNSIGNED NOT NULL COMMENT 'Rule Product PriceId',
  `rule_date` date NOT NULL COMMENT 'Rule Date',
  `customer_group_id` int(11) DEFAULT NULL,
  `product_id` int(10) UNSIGNED NOT NULL DEFAULT '0' COMMENT 'Product Id',
  `rule_price` decimal(20,6) NOT NULL DEFAULT '0.000000' COMMENT 'Rule Price',
  `website_id` smallint(5) UNSIGNED NOT NULL COMMENT 'Website Id',
  `latest_start_date` date DEFAULT NULL COMMENT 'Latest StartDate',
  `earliest_end_date` date DEFAULT NULL COMMENT 'Earliest EndDate'
) ENGINE=InnoDB DEFAULT CHARSET=utf8 COMMENT='CatalogRule Product Price';

-- --------------------------------------------------------

--
-- Table structure for table `mg_catalogrule_product_price_replica`
--

CREATE TABLE `mg_catalogrule_product_price_replica` (
  `rule_product_price_id` int(10) UNSIGNED NOT NULL COMMENT 'Rule Product PriceId',
  `rule_date` date NOT NULL COMMENT 'Rule Date',
  `customer_group_id` int(11) DEFAULT NULL,
  `product_id` int(10) UNSIGNED NOT NULL DEFAULT '0' COMMENT 'Product Id',
  `rule_price` decimal(20,6) NOT NULL DEFAULT '0.000000' COMMENT 'Rule Price',
  `website_id` smallint(5) UNSIGNED NOT NULL COMMENT 'Website Id',
  `latest_start_date` date DEFAULT NULL COMMENT 'Latest StartDate',
  `earliest_end_date` date DEFAULT NULL COMMENT 'Earliest EndDate'
) ENGINE=InnoDB DEFAULT CHARSET=utf8 COMMENT='CatalogRule Product Price';

-- --------------------------------------------------------

--
-- Table structure for table `mg_catalogrule_product_replica`
--

CREATE TABLE `mg_catalogrule_product_replica` (
  `rule_product_id` int(10) UNSIGNED NOT NULL COMMENT 'Rule Product Id',
  `rule_id` int(10) UNSIGNED NOT NULL DEFAULT '0' COMMENT 'Rule ID',
  `from_time` int(10) UNSIGNED NOT NULL DEFAULT '0' COMMENT 'From Time',
  `to_time` int(10) UNSIGNED NOT NULL DEFAULT '0' COMMENT 'To time',
  `customer_group_id` int(11) DEFAULT NULL,
  `product_id` int(10) UNSIGNED NOT NULL DEFAULT '0' COMMENT 'Product Id',
  `action_operator` varchar(10) DEFAULT 'to_fixed' COMMENT 'Action Operator',
  `action_amount` decimal(20,6) NOT NULL DEFAULT '0.000000' COMMENT 'Action Amount',
  `action_stop` smallint(6) NOT NULL DEFAULT '0' COMMENT 'Action Stop',
  `sort_order` int(10) UNSIGNED NOT NULL DEFAULT '0' COMMENT 'Sort Order',
  `website_id` smallint(5) UNSIGNED NOT NULL COMMENT 'Website Id'
) ENGINE=InnoDB DEFAULT CHARSET=utf8 COMMENT='CatalogRule Product';

-- --------------------------------------------------------

--
-- Table structure for table `mg_catalogrule_website`
--

CREATE TABLE `mg_catalogrule_website` (
  `rule_id` int(10) UNSIGNED NOT NULL COMMENT 'Rule ID',
  `website_id` smallint(5) UNSIGNED NOT NULL COMMENT 'Website Id'
) ENGINE=InnoDB DEFAULT CHARSET=utf8 COMMENT='Catalog Rules To Websites Relations';

-- --------------------------------------------------------

--
-- Table structure for table `mg_catalogsearch_fulltext_scope1`
--

CREATE TABLE `mg_catalogsearch_fulltext_scope1` (
  `entity_id` int(10) UNSIGNED NOT NULL COMMENT 'Entity ID',
  `attribute_id` int(10) UNSIGNED NOT NULL COMMENT 'Attribute_id',
  `data_index` longtext COMMENT 'Data index'
) ENGINE=InnoDB DEFAULT CHARSET=utf8 COMMENT='mg_catalogsearch_fulltext_scope1';

--
-- Dumping data for table `mg_catalogsearch_fulltext_scope1`
--

INSERT INTO `mg_catalogsearch_fulltext_scope1` (`entity_id`, `attribute_id`, `data_index`) VALUES
(1, 73, 'Philips HR1861 Whole Fruit Juicer'),
(1, 74, 'Philips HR1861 Whole Fruit Juicer'),
(1, 75, 'Lorem ipsum dolor sit amet, an munere tibique consequat mel, congue albucius no qui, at everti meliore erroribus sea. Vero graeco cotidieque ea duo, in eirmod insolens interpretaris nam. Pro at nostrud percipit definitiones, eu tale porro cum. Sea ne accusata voluptatibus. Ne cum falli dolor voluptua, duo ei sonet choro facilisis, labores officiis torquatos cum ei. Cum altera mandamus in, mea verear disputationi et. Vel regione discere ut, legere expetenda ut eos. In nam nibh invenire similique. Atqui mollis ea his, ius graecis accommodare te. No eam tota nostrum cotidieque. Est cu nibh clita. Sed an nominavi maiestatis, et duo corrumpit constituto, duo id rebum lucilius. Te eam iisque deseruisse, ipsum euismod his at. Eu putent habemus voluptua sit, sit cu rationibus scripserit, modus voluptaria ex per. Aeque dicam consulatu eu his, probatus neglegentur disputationi sit et. Ei nec ludus epicuri petentium, vis appetere maluisset ad. Et hinc exerci utinam cum. Sonet saperet nominavi est at, vel eu sumo tritani. Cum ex minim legere. Eos cu utroque inermis invenire, eu pri alterum antiopam. Nisl erroribus definitiones nec an, ne mutat scripserit est. Eros veri ad pri. An soleat maluisset per. Has eu idque similique, et blandit scriptorem necessitatibus mea. Vis quaeque ocurreret ea.'),
(1, 76, 'Dolore eu feugiat nulla facilisis at vero eros et accumsan et iusto odio dignissim qui blandit praesent luptatum zzril delenit augue duis dolore te feugait nulla facilisi. Nam liber tempor cum soluta nobis eleifend option into nihil imperdiet doming id quod mazim placerat facer possim assum est notare.'),
(1, 97, 'Enabled'),
(1, 134, 'None'),
(2, 73, 'Samsung Vacuum Cleaner Power'),
(2, 74, 'Samsung Vacuum Cleaner Power'),
(2, 75, 'Lorem ipsum dolor sit amet, an munere tibique consequat mel, congue albucius no qui, at everti meliore erroribus sea. Vero graeco cotidieque ea duo, in eirmod insolens interpretaris nam. Pro at nostrud percipit definitiones, eu tale porro cum. Sea ne accusata voluptatibus. Ne cum falli dolor voluptua, duo ei sonet choro facilisis, labores officiis torquatos cum ei. Cum altera mandamus in, mea verear disputationi et. Vel regione discere ut, legere expetenda ut eos. In nam nibh invenire similique. Atqui mollis ea his, ius graecis accommodare te. No eam tota nostrum cotidieque. Est cu nibh clita. Sed an nominavi maiestatis, et duo corrumpit constituto, duo id rebum lucilius. Te eam iisque deseruisse, ipsum euismod his at. Eu putent habemus voluptua sit, sit cu rationibus scripserit, modus voluptaria ex per. Aeque dicam consulatu eu his, probatus neglegentur disputationi sit et. Ei nec ludus epicuri petentium, vis appetere maluisset ad. Et hinc exerci utinam cum. Sonet saperet nominavi est at, vel eu sumo tritani. Cum ex minim legere. Eos cu utroque inermis invenire, eu pri alterum antiopam. Nisl erroribus definitiones nec an, ne mutat scripserit est. Eros veri ad pri. An soleat maluisset per. Has eu idque similique, et blandit scriptorem necessitatibus mea. Vis quaeque ocurreret ea.'),
(2, 76, 'Dolore eu feugiat nulla facilisis at vero eros et accumsan et iusto odio dignissim qui blandit praesent luptatum zzril delenit augue duis dolore te feugait nulla facilisi. Nam liber tempor cum soluta nobis eleifend option into nihil imperdiet doming id quod mazim placerat facer possim assum est notare.'),
(2, 97, 'Enabled'),
(2, 134, 'None'),
(3, 73, 'Fuhlen Mouse for Gamer'),
(3, 74, 'Fuhlen Mouse for Gamer'),
(3, 75, 'Lorem ipsum dolor sit amet, an munere tibique consequat mel, congue albucius no qui, at everti meliore erroribus sea. Vero graeco cotidieque ea duo, in eirmod insolens interpretaris nam. Pro at nostrud percipit definitiones, eu tale porro cum. Sea ne accusata voluptatibus. Ne cum falli dolor voluptua, duo ei sonet choro facilisis, labores officiis torquatos cum ei. Cum altera mandamus in, mea verear disputationi et. Vel regione discere ut, legere expetenda ut eos. In nam nibh invenire similique. Atqui mollis ea his, ius graecis accommodare te. No eam tota nostrum cotidieque. Est cu nibh clita. Sed an nominavi maiestatis, et duo corrumpit constituto, duo id rebum lucilius. Te eam iisque deseruisse, ipsum euismod his at. Eu putent habemus voluptua sit, sit cu rationibus scripserit, modus voluptaria ex per. Aeque dicam consulatu eu his, probatus neglegentur disputationi sit et. Ei nec ludus epicuri petentium, vis appetere maluisset ad. Et hinc exerci utinam cum. Sonet saperet nominavi est at, vel eu sumo tritani. Cum ex minim legere. Eos cu utroque inermis invenire, eu pri alterum antiopam. Nisl erroribus definitiones nec an, ne mutat scripserit est. Eros veri ad pri. An soleat maluisset per. Has eu idque similique, et blandit scriptorem necessitatibus mea. Vis quaeque ocurreret ea.'),
(3, 76, 'Dolore eu feugiat nulla facilisis at vero eros et accumsan et iusto odio dignissim qui blandit praesent luptatum zzril delenit augue duis dolore te feugait nulla facilisi. Nam liber tempor cum soluta nobis eleifend option into nihil imperdiet doming id quod mazim placerat facer possim assum est notare.'),
(3, 97, 'Enabled'),
(3, 134, 'None'),
(4, 73, 'Acer Aspire S24 All In One PC'),
(4, 74, 'Acer Aspire S24 All In One PC'),
(4, 75, 'Lorem ipsum dolor sit amet, an munere tibique consequat mel, congue albucius no qui, at everti meliore erroribus sea. Vero graeco cotidieque ea duo, in eirmod insolens interpretaris nam. Pro at nostrud percipit definitiones, eu tale porro cum. Sea ne accusata voluptatibus. Ne cum falli dolor voluptua, duo ei sonet choro facilisis, labores officiis torquatos cum ei. Cum altera mandamus in, mea verear disputationi et. Vel regione discere ut, legere expetenda ut eos. In nam nibh invenire similique. Atqui mollis ea his, ius graecis accommodare te. No eam tota nostrum cotidieque. Est cu nibh clita. Sed an nominavi maiestatis, et duo corrumpit constituto, duo id rebum lucilius. Te eam iisque deseruisse, ipsum euismod his at. Eu putent habemus voluptua sit, sit cu rationibus scripserit, modus voluptaria ex per. Aeque dicam consulatu eu his, probatus neglegentur disputationi sit et. Ei nec ludus epicuri petentium, vis appetere maluisset ad. Et hinc exerci utinam cum. Sonet saperet nominavi est at, vel eu sumo tritani. Cum ex minim legere. Eos cu utroque inermis invenire, eu pri alterum antiopam. Nisl erroribus definitiones nec an, ne mutat scripserit est. Eros veri ad pri. An soleat maluisset per. Has eu idque similique, et blandit scriptorem necessitatibus mea. Vis quaeque ocurreret ea.'),
(4, 76, 'Dolore eu feugiat nulla facilisis at vero eros et accumsan et iusto odio dignissim qui blandit praesent luptatum zzril delenit augue duis dolore te feugait nulla facilisi. Nam liber tempor cum soluta nobis eleifend option into nihil imperdiet doming id quod mazim placerat facer possim assum est notare.'),
(4, 97, 'Enabled'),
(4, 134, 'None'),
(5, 73, 'Washing Machines Elextrolux'),
(5, 74, 'Washing Machines Elextrolux'),
(5, 75, 'Lorem ipsum dolor sit amet, an munere tibique consequat mel, congue albucius no qui, at everti meliore erroribus sea. Vero graeco cotidieque ea duo, in eirmod insolens interpretaris nam. Pro at nostrud percipit definitiones, eu tale porro cum. Sea ne accusata voluptatibus. Ne cum falli dolor voluptua, duo ei sonet choro facilisis, labores officiis torquatos cum ei. Cum altera mandamus in, mea verear disputationi et. Vel regione discere ut, legere expetenda ut eos. In nam nibh invenire similique. Atqui mollis ea his, ius graecis accommodare te. No eam tota nostrum cotidieque. Est cu nibh clita. Sed an nominavi maiestatis, et duo corrumpit constituto, duo id rebum lucilius. Te eam iisque deseruisse, ipsum euismod his at. Eu putent habemus voluptua sit, sit cu rationibus scripserit, modus voluptaria ex per. Aeque dicam consulatu eu his, probatus neglegentur disputationi sit et. Ei nec ludus epicuri petentium, vis appetere maluisset ad. Et hinc exerci utinam cum. Sonet saperet nominavi est at, vel eu sumo tritani. Cum ex minim legere. Eos cu utroque inermis invenire, eu pri alterum antiopam. Nisl erroribus definitiones nec an, ne mutat scripserit est. Eros veri ad pri. An soleat maluisset per. Has eu idque similique, et blandit scriptorem necessitatibus mea. Vis quaeque ocurreret ea.'),
(5, 76, 'Dolore eu feugiat nulla facilisis at vero eros et accumsan et iusto odio dignissim qui blandit praesent luptatum zzril delenit augue duis dolore te feugait nulla facilisi. Nam liber tempor cum soluta nobis eleifend option into nihil imperdiet doming id quod mazim placerat facer possim assum est notare.'),
(5, 97, 'Enabled'),
(5, 134, 'None'),
(6, 73, 'Apple iMac 2017 21.5-inch Retina 4K'),
(6, 74, 'Apple iMac 2017 21.5-inch Retina 4K'),
(6, 75, 'Lorem ipsum dolor sit amet, an munere tibique consequat mel, congue albucius no qui, at everti meliore erroribus sea. Vero graeco cotidieque ea duo, in eirmod insolens interpretaris nam. Pro at nostrud percipit definitiones, eu tale porro cum. Sea ne accusata voluptatibus. Ne cum falli dolor voluptua, duo ei sonet choro facilisis, labores officiis torquatos cum ei. Cum altera mandamus in, mea verear disputationi et. Vel regione discere ut, legere expetenda ut eos. In nam nibh invenire similique. Atqui mollis ea his, ius graecis accommodare te. No eam tota nostrum cotidieque. Est cu nibh clita. Sed an nominavi maiestatis, et duo corrumpit constituto, duo id rebum lucilius. Te eam iisque deseruisse, ipsum euismod his at. Eu putent habemus voluptua sit, sit cu rationibus scripserit, modus voluptaria ex per. Aeque dicam consulatu eu his, probatus neglegentur disputationi sit et. Ei nec ludus epicuri petentium, vis appetere maluisset ad. Et hinc exerci utinam cum. Sonet saperet nominavi est at, vel eu sumo tritani. Cum ex minim legere. Eos cu utroque inermis invenire, eu pri alterum antiopam. Nisl erroribus definitiones nec an, ne mutat scripserit est. Eros veri ad pri. An soleat maluisset per. Has eu idque similique, et blandit scriptorem necessitatibus mea. Vis quaeque ocurreret ea.'),
(6, 76, 'Dolore eu feugiat nulla facilisis at vero eros et accumsan et iusto odio dignissim qui blandit praesent luptatum zzril delenit augue duis dolore te feugait nulla facilisi. Nam liber tempor cum soluta nobis eleifend option into nihil imperdiet doming id quod mazim placerat facer possim assum est notare.'),
(6, 97, 'Enabled'),
(6, 134, 'None'),
(7, 73, 'Beat Crossfade 2 Wireless Headphone'),
(7, 74, 'Beat Crossfade 2 Wireless Headphone'),
(7, 75, 'Lorem ipsum dolor sit amet, an munere tibique consequat mel, congue albucius no qui, at everti meliore erroribus sea. Vero graeco cotidieque ea duo, in eirmod insolens interpretaris nam. Pro at nostrud percipit definitiones, eu tale porro cum. Sea ne accusata voluptatibus. Ne cum falli dolor voluptua, duo ei sonet choro facilisis, labores officiis torquatos cum ei. Cum altera mandamus in, mea verear disputationi et. Vel regione discere ut, legere expetenda ut eos. In nam nibh invenire similique. Atqui mollis ea his, ius graecis accommodare te. No eam tota nostrum cotidieque. Est cu nibh clita. Sed an nominavi maiestatis, et duo corrumpit constituto, duo id rebum lucilius. Te eam iisque deseruisse, ipsum euismod his at. Eu putent habemus voluptua sit, sit cu rationibus scripserit, modus voluptaria ex per. Aeque dicam consulatu eu his, probatus neglegentur disputationi sit et. Ei nec ludus epicuri petentium, vis appetere maluisset ad. Et hinc exerci utinam cum. Sonet saperet nominavi est at, vel eu sumo tritani. Cum ex minim legere. Eos cu utroque inermis invenire, eu pri alterum antiopam. Nisl erroribus definitiones nec an, ne mutat scripserit est. Eros veri ad pri. An soleat maluisset per. Has eu idque similique, et blandit scriptorem necessitatibus mea. Vis quaeque ocurreret ea.'),
(7, 76, 'Dolore eu feugiat nulla facilisis at vero eros et accumsan et iusto odio dignissim qui blandit praesent luptatum zzril delenit augue duis dolore te feugait nulla facilisi. Nam liber tempor cum soluta nobis eleifend option into nihil imperdiet doming id quod mazim placerat facer possim assum est notare.'),
(7, 97, 'Enabled'),
(7, 134, 'None'),
(8, 73, 'Navy Skinny Fit Suit With Wool'),
(8, 74, 'Navy Skinny Fit Suit With Wool'),
(8, 75, 'Lorem ipsum dolor sit amet, an munere tibique consequat mel, congue albucius no qui, at everti meliore erroribus sea. Vero graeco cotidieque ea duo, in eirmod insolens interpretaris nam. Pro at nostrud percipit definitiones, eu tale porro cum. Sea ne accusata voluptatibus. Ne cum falli dolor voluptua, duo ei sonet choro facilisis, labores officiis torquatos cum ei. Cum altera mandamus in, mea verear disputationi et. Vel regione discere ut, legere expetenda ut eos. In nam nibh invenire similique. Atqui mollis ea his, ius graecis accommodare te. No eam tota nostrum cotidieque. Est cu nibh clita. Sed an nominavi maiestatis, et duo corrumpit constituto, duo id rebum lucilius. Te eam iisque deseruisse, ipsum euismod his at. Eu putent habemus voluptua sit, sit cu rationibus scripserit, modus voluptaria ex per. Aeque dicam consulatu eu his, probatus neglegentur disputationi sit et. Ei nec ludus epicuri petentium, vis appetere maluisset ad. Et hinc exerci utinam cum. Sonet saperet nominavi est at, vel eu sumo tritani. Cum ex minim legere. Eos cu utroque inermis invenire, eu pri alterum antiopam. Nisl erroribus definitiones nec an, ne mutat scripserit est. Eros veri ad pri. An soleat maluisset per. Has eu idque similique, et blandit scriptorem necessitatibus mea. Vis quaeque ocurreret ea.'),
(8, 76, 'Dolore eu feugiat nulla facilisis at vero eros et accumsan et iusto odio dignissim qui blandit praesent luptatum zzril delenit augue duis dolore te feugait nulla facilisi. Nam liber tempor cum soluta nobis eleifend option into nihil imperdiet doming id quod mazim placerat facer possim assum est notare.'),
(8, 97, 'Enabled'),
(8, 134, 'None'),
(9, 73, 'Outdoor Crossbody Bag'),
(9, 74, 'Outdoor Crossbody Bag'),
(9, 75, 'Lorem ipsum dolor sit amet, an munere tibique consequat mel, congue albucius no qui, at everti meliore erroribus sea. Vero graeco cotidieque ea duo, in eirmod insolens interpretaris nam. Pro at nostrud percipit definitiones, eu tale porro cum. Sea ne accusata voluptatibus. Ne cum falli dolor voluptua, duo ei sonet choro facilisis, labores officiis torquatos cum ei. Cum altera mandamus in, mea verear disputationi et. Vel regione discere ut, legere expetenda ut eos. In nam nibh invenire similique. Atqui mollis ea his, ius graecis accommodare te. No eam tota nostrum cotidieque. Est cu nibh clita. Sed an nominavi maiestatis, et duo corrumpit constituto, duo id rebum lucilius. Te eam iisque deseruisse, ipsum euismod his at. Eu putent habemus voluptua sit, sit cu rationibus scripserit, modus voluptaria ex per. Aeque dicam consulatu eu his, probatus neglegentur disputationi sit et. Ei nec ludus epicuri petentium, vis appetere maluisset ad. Et hinc exerci utinam cum. Sonet saperet nominavi est at, vel eu sumo tritani. Cum ex minim legere. Eos cu utroque inermis invenire, eu pri alterum antiopam. Nisl erroribus definitiones nec an, ne mutat scripserit est. Eros veri ad pri. An soleat maluisset per. Has eu idque similique, et blandit scriptorem necessitatibus mea. Vis quaeque ocurreret ea.'),
(9, 76, 'Dolore eu feugiat nulla facilisis at vero eros et accumsan et iusto odio dignissim qui blandit praesent luptatum zzril delenit augue duis dolore te feugait nulla facilisi. Nam liber tempor cum soluta nobis eleifend option into nihil imperdiet doming id quod mazim placerat facer possim assum est notare.'),
(9, 97, 'Enabled'),
(9, 134, 'None'),
(10, 73, 'Zara Women Leather Bag'),
(10, 74, 'Zara Women Leather Bag'),
(10, 75, 'Lorem ipsum dolor sit amet, an munere tibique consequat mel, congue albucius no qui, at everti meliore erroribus sea. Vero graeco cotidieque ea duo, in eirmod insolens interpretaris nam. Pro at nostrud percipit definitiones, eu tale porro cum. Sea ne accusata voluptatibus. Ne cum falli dolor voluptua, duo ei sonet choro facilisis, labores officiis torquatos cum ei. Cum altera mandamus in, mea verear disputationi et. Vel regione discere ut, legere expetenda ut eos. In nam nibh invenire similique. Atqui mollis ea his, ius graecis accommodare te. No eam tota nostrum cotidieque. Est cu nibh clita. Sed an nominavi maiestatis, et duo corrumpit constituto, duo id rebum lucilius. Te eam iisque deseruisse, ipsum euismod his at. Eu putent habemus voluptua sit, sit cu rationibus scripserit, modus voluptaria ex per. Aeque dicam consulatu eu his, probatus neglegentur disputationi sit et. Ei nec ludus epicuri petentium, vis appetere maluisset ad. Et hinc exerci utinam cum. Sonet saperet nominavi est at, vel eu sumo tritani. Cum ex minim legere. Eos cu utroque inermis invenire, eu pri alterum antiopam. Nisl erroribus definitiones nec an, ne mutat scripserit est. Eros veri ad pri. An soleat maluisset per. Has eu idque similique, et blandit scriptorem necessitatibus mea. Vis quaeque ocurreret ea.'),
(10, 76, 'Dolore eu feugiat nulla facilisis at vero eros et accumsan et iusto odio dignissim qui blandit praesent luptatum zzril delenit augue duis dolore te feugait nulla facilisi. Nam liber tempor cum soluta nobis eleifend option into nihil imperdiet doming id quod mazim placerat facer possim assum est notare.'),
(10, 97, 'Enabled'),
(10, 134, 'None'),
(11, 73, 'Printed & Cold Shoulder T Shirts'),
(11, 74, 'Printed & Cold Shoulder T Shirts'),
(11, 75, 'Lorem ipsum dolor sit amet, an munere tibique consequat mel, congue albucius no qui, at everti meliore erroribus sea. Vero graeco cotidieque ea duo, in eirmod insolens interpretaris nam. Pro at nostrud percipit definitiones, eu tale porro cum. Sea ne accusata voluptatibus. Ne cum falli dolor voluptua, duo ei sonet choro facilisis, labores officiis torquatos cum ei. Cum altera mandamus in, mea verear disputationi et. Vel regione discere ut, legere expetenda ut eos. In nam nibh invenire similique. Atqui mollis ea his, ius graecis accommodare te. No eam tota nostrum cotidieque. Est cu nibh clita. Sed an nominavi maiestatis, et duo corrumpit constituto, duo id rebum lucilius. Te eam iisque deseruisse, ipsum euismod his at. Eu putent habemus voluptua sit, sit cu rationibus scripserit, modus voluptaria ex per. Aeque dicam consulatu eu his, probatus neglegentur disputationi sit et. Ei nec ludus epicuri petentium, vis appetere maluisset ad. Et hinc exerci utinam cum. Sonet saperet nominavi est at, vel eu sumo tritani. Cum ex minim legere. Eos cu utroque inermis invenire, eu pri alterum antiopam. Nisl erroribus definitiones nec an, ne mutat scripserit est. Eros veri ad pri. An soleat maluisset per. Has eu idque similique, et blandit scriptorem necessitatibus mea. Vis quaeque ocurreret ea.'),
(11, 76, 'Dolore eu feugiat nulla facilisis at vero eros et accumsan et iusto odio dignissim qui blandit praesent luptatum zzril delenit augue duis dolore te feugait nulla facilisi. Nam liber tempor cum soluta nobis eleifend option into nihil imperdiet doming id quod mazim placerat facer possim assum est notare.'),
(11, 97, 'Enabled'),
(11, 134, 'None'),
(24, 73, 'Sprite Yoga Strap 6 foot'),
(24, 74, '24-WG085'),
(24, 75, 'The Sprite Yoga Strap is your untiring partner in demanding stretches, holds and alignment routines. The strap\'s 100% organic cotton fabric is woven tightly to form a soft, textured yet non-slip surface. The plastic clasp buckle is easily adjustable, lightweight and urable under strain.100% soft and durable cotton.Plastic cinch buckle is easy to use.Three natural colors made from phthalate and heavy metal free dyes.'),
(24, 97, 'Enabled'),
(24, 134, 'Taxable Goods'),
(25, 73, 'Sprite Yoga Strap 10 foot'),
(25, 74, '24-WG087'),
(25, 75, 'The Sprite Yoga Strap is your untiring partner in demanding stretches, holds and alignment routines. The strap\'s 100% organic cotton fabric is woven tightly to form a soft, textured yet non-slip surface. The plastic clasp buckle is easily adjustable, lightweight and durable under strain.10\' long x 1.0\" wide.100% soft and durable cotton.Plastic cinch buckle is easy to use.Three natural colors made from phthalate and heavy metal free dyes.'),
(25, 97, 'Enabled'),
(25, 134, 'Taxable Goods'),
(26, 73, 'Set of Sprite Yoga Straps | Sprite Yoga Strap 6 foot'),
(26, 74, '24-WG085_Group'),
(26, 75, 'Great set of Sprite Yoga Straps for every stretch and hold you need. There are three straps in this set: 6\', 8\' and 10\'.100% soft and durable cotton.Plastic cinch buckle is easy to use.Choice of three natural colors made from phthalate and heavy metal free dyes. | The Sprite Yoga Strap is your untiring partner in demanding stretches, holds and alignment routines. The strap\'s 100% organic cotton fabric is woven tightly to form a soft, textured yet non-slip surface. The plastic clasp buckle is easily adjustable, lightweight and urable under strain.100% soft and durable cotton.Plastic cinch buckle is easy to use.Three natural colors made from phthalate and heavy metal free dyes.'),
(26, 97, 'Enabled | Enabled'),
(26, 134, 'Taxable Goods'),
(27, 73, 'qqq'),
(27, 74, 'qqq'),
(27, 97, 'Enabled'),
(27, 134, 'Taxable Goods'),
(28, 73, 'admin'),
(28, 74, 'admin'),
(28, 97, 'Enabled'),
(28, 134, 'Taxable Goods');

-- --------------------------------------------------------

--
-- Table structure for table `mg_catalogsearch_recommendations`
--

CREATE TABLE `mg_catalogsearch_recommendations` (
  `id` int(10) UNSIGNED NOT NULL COMMENT 'Id',
  `query_id` int(10) UNSIGNED NOT NULL DEFAULT '0' COMMENT 'Query Id',
  `relation_id` int(10) UNSIGNED NOT NULL DEFAULT '0' COMMENT 'Relation Id'
) ENGINE=InnoDB DEFAULT CHARSET=utf8 COMMENT='Advanced Search Recommendations';

-- --------------------------------------------------------

--
-- Table structure for table `mg_catalog_category_entity`
--

CREATE TABLE `mg_catalog_category_entity` (
  `entity_id` int(10) UNSIGNED NOT NULL COMMENT 'Entity ID',
  `attribute_set_id` smallint(5) UNSIGNED NOT NULL DEFAULT '0' COMMENT 'Attribute Set ID',
  `parent_id` int(10) UNSIGNED NOT NULL DEFAULT '0' COMMENT 'Parent Category ID',
  `created_at` timestamp NOT NULL DEFAULT CURRENT_TIMESTAMP COMMENT 'Creation Time',
  `updated_at` timestamp NOT NULL DEFAULT CURRENT_TIMESTAMP ON UPDATE CURRENT_TIMESTAMP COMMENT 'Update Time',
  `path` varchar(255) NOT NULL COMMENT 'Tree Path',
  `position` int(11) NOT NULL COMMENT 'Position',
  `level` int(11) NOT NULL DEFAULT '0' COMMENT 'Tree Level',
  `children_count` int(11) NOT NULL COMMENT 'Child Count'
) ENGINE=InnoDB DEFAULT CHARSET=utf8 COMMENT='Catalog Category Table';

--
-- Dumping data for table `mg_catalog_category_entity`
--

INSERT INTO `mg_catalog_category_entity` (`entity_id`, `attribute_set_id`, `parent_id`, `created_at`, `updated_at`, `path`, `position`, `level`, `children_count`) VALUES
(1, 3, 0, '2019-09-05 10:33:52', '2019-09-17 11:06:56', '1', 0, 0, 41),
(2, 3, 1, '2019-09-05 10:33:52', '2019-09-17 11:06:56', '1/2', 1, 1, 40),
(3, 3, 2, '2019-09-05 11:58:17', '2019-09-05 11:58:17', '1/2/3', 1, 2, 0),
(4, 3, 2, '2019-09-05 11:59:05', '2019-09-17 09:36:58', '1/2/4', 2, 2, 25),
(5, 3, 4, '2019-09-05 11:59:42', '2019-09-17 09:37:27', '1/2/4/5', 1, 3, 9),
(6, 3, 5, '2019-09-05 12:00:15', '2019-09-17 09:37:56', '1/2/4/5/6', 1, 4, 2),
(7, 3, 5, '2019-09-05 12:00:54', '2019-09-17 05:52:34', '1/2/4/5/7', 2, 4, 0),
(8, 3, 5, '2019-09-05 12:01:21', '2019-09-17 05:52:59', '1/2/4/5/8', 3, 4, 0),
(9, 3, 5, '2019-09-05 12:01:43', '2019-09-17 05:53:15', '1/2/4/5/9', 4, 4, 0),
(10, 3, 5, '2019-09-05 12:02:16', '2019-09-17 05:53:36', '1/2/4/5/10', 5, 4, 0),
(11, 3, 4, '2019-09-05 12:02:51', '2019-09-05 12:06:49', '1/2/4/11', 2, 3, 8),
(12, 3, 11, '2019-09-05 12:03:14', '2019-09-05 12:03:14', '1/2/4/11/12', 1, 4, 0),
(13, 3, 11, '2019-09-05 12:03:37', '2019-09-05 12:03:37', '1/2/4/11/13', 2, 4, 0),
(14, 3, 11, '2019-09-05 12:04:18', '2019-09-05 12:04:18', '1/2/4/11/14', 3, 4, 0),
(15, 3, 11, '2019-09-05 12:04:45', '2019-09-05 12:04:45', '1/2/4/11/15', 4, 4, 0),
(16, 3, 11, '2019-09-05 12:05:09', '2019-09-05 12:05:09', '1/2/4/11/16', 5, 4, 0),
(17, 3, 11, '2019-09-05 12:06:00', '2019-09-05 12:06:00', '1/2/4/11/17', 6, 4, 0),
(18, 3, 11, '2019-09-05 12:06:25', '2019-09-05 12:06:25', '1/2/4/11/18', 7, 4, 0),
(19, 3, 11, '2019-09-05 12:06:49', '2019-09-05 12:06:49', '1/2/4/11/19', 8, 4, 0),
(20, 3, 4, '2019-09-05 12:07:47', '2019-09-05 12:10:57', '1/2/4/20', 3, 3, 5),
(21, 3, 20, '2019-09-05 12:08:11', '2019-09-05 12:08:11', '1/2/4/20/21', 1, 4, 0),
(22, 3, 20, '2019-09-05 12:08:39', '2019-09-05 12:08:39', '1/2/4/20/22', 2, 4, 0),
(23, 3, 20, '2019-09-05 12:09:04', '2019-09-05 12:09:04', '1/2/4/20/23', 3, 4, 0),
(24, 3, 20, '2019-09-05 12:10:36', '2019-09-05 12:10:36', '1/2/4/20/24', 4, 4, 0),
(25, 3, 20, '2019-09-05 12:10:57', '2019-09-05 12:10:57', '1/2/4/20/25', 5, 4, 0),
(26, 3, 2, '2019-09-05 12:11:30', '2019-09-05 12:11:30', '1/2/26', 3, 2, 0),
(27, 3, 2, '2019-09-05 12:12:14', '2019-09-05 12:12:48', '1/2/27', 4, 2, 0),
(29, 3, 2, '2019-09-05 12:13:11', '2019-09-05 12:13:11', '1/2/29', 5, 2, 0),
(30, 3, 2, '2019-09-05 12:13:44', '2019-09-05 12:13:44', '1/2/30', 6, 2, 0),
(31, 3, 2, '2019-09-05 12:14:13', '2019-09-05 12:14:13', '1/2/31', 7, 2, 0),
(32, 3, 2, '2019-09-05 12:14:38', '2019-09-05 12:14:38', '1/2/32', 8, 2, 0),
(33, 3, 2, '2019-09-05 12:15:07', '2019-09-05 12:15:07', '1/2/33', 9, 2, 0),
(34, 3, 2, '2019-09-05 12:15:39', '2019-09-05 12:15:39', '1/2/34', 10, 2, 0),
(35, 3, 2, '2019-09-05 12:16:08', '2019-09-05 12:16:08', '1/2/35', 11, 2, 0),
(36, 3, 2, '2019-09-05 12:16:37', '2019-09-05 12:16:37', '1/2/36', 12, 2, 0),
(37, 3, 2, '2019-09-05 12:17:03', '2019-09-05 12:17:03', '1/2/37', 13, 2, 0),
(38, 3, 5, '2019-09-17 05:54:17', '2019-09-17 05:54:17', '1/2/4/5/38', 6, 4, 0),
(39, 3, 5, '2019-09-17 05:54:45', '2019-09-17 05:54:45', '1/2/4/5/39', 7, 4, 0),
(40, 3, 6, '2019-09-17 07:30:40', '2019-09-17 09:38:27', '1/2/4/5/6/40', 1, 5, 1),
(41, 3, 40, '2019-09-17 07:47:46', '2019-09-17 09:51:59', '1/2/4/5/6/40/41', 1, 6, 0),
(44, 3, 2, '2019-09-17 11:06:56', '2019-09-17 11:06:56', '1/2/44', 14, 2, 1),
(45, 3, 44, '2019-09-17 11:06:56', '2019-09-17 11:06:56', '1/2/44/45', 1, 3, 0);

-- --------------------------------------------------------

--
-- Table structure for table `mg_catalog_category_entity_datetime`
--

CREATE TABLE `mg_catalog_category_entity_datetime` (
  `value_id` int(11) NOT NULL COMMENT 'Value ID',
  `attribute_id` smallint(5) UNSIGNED NOT NULL DEFAULT '0' COMMENT 'Attribute ID',
  `store_id` smallint(5) UNSIGNED NOT NULL DEFAULT '0' COMMENT 'Store ID',
  `entity_id` int(10) UNSIGNED NOT NULL DEFAULT '0' COMMENT 'Entity ID',
  `value` datetime DEFAULT NULL COMMENT 'Value'
) ENGINE=InnoDB DEFAULT CHARSET=utf8 COMMENT='Catalog Category Datetime Attribute Backend Table';

--
-- Dumping data for table `mg_catalog_category_entity_datetime`
--

INSERT INTO `mg_catalog_category_entity_datetime` (`value_id`, `attribute_id`, `store_id`, `entity_id`, `value`) VALUES
(1, 61, 0, 4, NULL),
(2, 62, 0, 4, NULL),
(3, 61, 0, 5, NULL),
(4, 62, 0, 5, NULL),
(5, 61, 0, 6, NULL),
(6, 62, 0, 6, NULL),
(7, 61, 0, 7, NULL),
(8, 62, 0, 7, NULL),
(9, 61, 0, 8, NULL),
(10, 62, 0, 8, NULL),
(11, 61, 0, 9, NULL),
(12, 62, 0, 9, NULL),
(13, 61, 0, 10, NULL),
(14, 62, 0, 10, NULL),
(15, 61, 0, 40, NULL),
(16, 62, 0, 40, NULL),
(17, 61, 0, 41, NULL),
(18, 62, 0, 41, NULL);

-- --------------------------------------------------------

--
-- Table structure for table `mg_catalog_category_entity_decimal`
--

CREATE TABLE `mg_catalog_category_entity_decimal` (
  `value_id` int(11) NOT NULL COMMENT 'Value ID',
  `attribute_id` smallint(5) UNSIGNED NOT NULL DEFAULT '0' COMMENT 'Attribute ID',
  `store_id` smallint(5) UNSIGNED NOT NULL DEFAULT '0' COMMENT 'Store ID',
  `entity_id` int(10) UNSIGNED NOT NULL DEFAULT '0' COMMENT 'Entity ID',
  `value` decimal(20,6) DEFAULT NULL COMMENT 'Value'
) ENGINE=InnoDB DEFAULT CHARSET=utf8 COMMENT='Catalog Category Decimal Attribute Backend Table';

-- --------------------------------------------------------

--
-- Table structure for table `mg_catalog_category_entity_int`
--

CREATE TABLE `mg_catalog_category_entity_int` (
  `value_id` int(11) NOT NULL COMMENT 'Value ID',
  `attribute_id` smallint(5) UNSIGNED NOT NULL DEFAULT '0' COMMENT 'Attribute ID',
  `store_id` smallint(5) UNSIGNED NOT NULL DEFAULT '0' COMMENT 'Store ID',
  `entity_id` int(10) UNSIGNED NOT NULL DEFAULT '0' COMMENT 'Entity ID',
  `value` int(11) DEFAULT NULL COMMENT 'Value'
) ENGINE=InnoDB DEFAULT CHARSET=utf8 COMMENT='Catalog Category Integer Attribute Backend Table';

--
-- Dumping data for table `mg_catalog_category_entity_int`
--

INSERT INTO `mg_catalog_category_entity_int` (`value_id`, `attribute_id`, `store_id`, `entity_id`, `value`) VALUES
(1, 69, 0, 1, 1),
(2, 46, 0, 2, 1),
(3, 69, 0, 2, 1),
(4, 46, 0, 3, 1),
(5, 54, 0, 3, 1),
(6, 69, 0, 3, 1),
(7, 70, 0, 3, 0),
(8, 71, 0, 3, 0),
(9, 46, 0, 4, 1),
(10, 54, 0, 4, 1),
(11, 69, 0, 4, 1),
(12, 70, 0, 4, 0),
(13, 71, 0, 4, 0),
(14, 46, 0, 5, 1),
(15, 54, 0, 5, 1),
(16, 69, 0, 5, 1),
(17, 70, 0, 5, 0),
(18, 71, 0, 5, 0),
(19, 46, 0, 6, 1),
(20, 54, 0, 6, 1),
(21, 69, 0, 6, 1),
(22, 70, 0, 6, 0),
(23, 71, 0, 6, 0),
(24, 46, 0, 7, 1),
(25, 54, 0, 7, 1),
(26, 69, 0, 7, 1),
(27, 70, 0, 7, 0),
(28, 71, 0, 7, 0),
(29, 46, 0, 8, 1),
(30, 54, 0, 8, 1),
(31, 69, 0, 8, 1),
(32, 70, 0, 8, 0),
(33, 71, 0, 8, 0),
(34, 46, 0, 9, 1),
(35, 54, 0, 9, 1),
(36, 69, 0, 9, 1),
(37, 70, 0, 9, 0),
(38, 71, 0, 9, 0),
(39, 46, 0, 10, 1),
(40, 54, 0, 10, 1),
(41, 69, 0, 10, 1),
(42, 70, 0, 10, 0),
(43, 71, 0, 10, 0),
(44, 46, 0, 11, 1),
(45, 54, 0, 11, 1),
(46, 69, 0, 11, 1),
(47, 70, 0, 11, 0),
(48, 71, 0, 11, 0),
(49, 46, 0, 12, 1),
(50, 54, 0, 12, 1),
(51, 69, 0, 12, 1),
(52, 70, 0, 12, 0),
(53, 71, 0, 12, 0),
(54, 46, 0, 13, 1),
(55, 54, 0, 13, 1),
(56, 69, 0, 13, 1),
(57, 70, 0, 13, 0),
(58, 71, 0, 13, 0),
(59, 46, 0, 14, 1),
(60, 54, 0, 14, 1),
(61, 69, 0, 14, 1),
(62, 70, 0, 14, 0),
(63, 71, 0, 14, 0),
(64, 46, 0, 15, 1),
(65, 54, 0, 15, 1),
(66, 69, 0, 15, 1),
(67, 70, 0, 15, 0),
(68, 71, 0, 15, 0),
(69, 46, 0, 16, 1),
(70, 54, 0, 16, 1),
(71, 69, 0, 16, 1),
(72, 70, 0, 16, 0),
(73, 71, 0, 16, 0),
(74, 46, 0, 17, 1),
(75, 54, 0, 17, 1),
(76, 69, 0, 17, 1),
(77, 70, 0, 17, 0),
(78, 71, 0, 17, 0),
(79, 46, 0, 18, 1),
(80, 54, 0, 18, 1),
(81, 69, 0, 18, 1),
(82, 70, 0, 18, 0),
(83, 71, 0, 18, 0),
(84, 46, 0, 19, 1),
(85, 54, 0, 19, 1),
(86, 69, 0, 19, 1),
(87, 70, 0, 19, 0),
(88, 71, 0, 19, 0),
(89, 46, 0, 20, 1),
(90, 54, 0, 20, 1),
(91, 69, 0, 20, 1),
(92, 70, 0, 20, 0),
(93, 71, 0, 20, 0),
(94, 46, 0, 21, 1),
(95, 54, 0, 21, 1),
(96, 69, 0, 21, 1),
(97, 70, 0, 21, 0),
(98, 71, 0, 21, 0),
(99, 46, 0, 22, 1),
(100, 54, 0, 22, 1),
(101, 69, 0, 22, 1),
(102, 70, 0, 22, 0),
(103, 71, 0, 22, 0),
(104, 46, 0, 23, 1),
(105, 54, 0, 23, 1),
(106, 69, 0, 23, 1),
(107, 70, 0, 23, 0),
(108, 71, 0, 23, 0),
(109, 46, 0, 24, 1),
(110, 54, 0, 24, 1),
(111, 69, 0, 24, 1),
(112, 70, 0, 24, 0),
(113, 71, 0, 24, 0),
(114, 46, 0, 25, 1),
(115, 54, 0, 25, 1),
(116, 69, 0, 25, 1),
(117, 70, 0, 25, 0),
(118, 71, 0, 25, 0),
(119, 46, 0, 26, 1),
(120, 54, 0, 26, 1),
(121, 69, 0, 26, 1),
(122, 70, 0, 26, 0),
(123, 71, 0, 26, 0),
(124, 46, 0, 27, 1),
(125, 54, 0, 27, 1),
(126, 69, 0, 27, 1),
(127, 70, 0, 27, 0),
(128, 71, 0, 27, 0),
(134, 46, 0, 29, 1),
(135, 54, 0, 29, 1),
(136, 69, 0, 29, 1),
(137, 70, 0, 29, 0),
(138, 71, 0, 29, 0),
(139, 46, 0, 30, 1),
(140, 54, 0, 30, 1),
(141, 69, 0, 30, 1),
(142, 70, 0, 30, 0),
(143, 71, 0, 30, 0),
(144, 46, 0, 31, 1),
(145, 54, 0, 31, 1),
(146, 69, 0, 31, 1),
(147, 70, 0, 31, 0),
(148, 71, 0, 31, 0),
(149, 46, 0, 32, 1),
(150, 54, 0, 32, 1),
(151, 69, 0, 32, 1),
(152, 70, 0, 32, 0),
(153, 71, 0, 32, 0),
(154, 46, 0, 33, 1),
(155, 54, 0, 33, 1),
(156, 69, 0, 33, 1),
(157, 70, 0, 33, 0),
(158, 71, 0, 33, 0),
(159, 46, 0, 34, 1),
(160, 54, 0, 34, 1),
(161, 69, 0, 34, 1),
(162, 70, 0, 34, 0),
(163, 71, 0, 34, 0),
(164, 46, 0, 35, 1),
(165, 54, 0, 35, 1),
(166, 69, 0, 35, 1),
(167, 70, 0, 35, 0),
(168, 71, 0, 35, 0),
(169, 46, 0, 36, 1),
(170, 54, 0, 36, 1),
(171, 69, 0, 36, 1),
(172, 70, 0, 36, 0),
(173, 71, 0, 36, 0),
(174, 46, 0, 37, 1),
(175, 54, 0, 37, 1),
(176, 69, 0, 37, 1),
(177, 70, 0, 37, 0),
(178, 71, 0, 37, 0),
(179, 53, 0, 4, NULL),
(180, 53, 0, 5, NULL),
(181, 53, 0, 6, NULL),
(182, 53, 0, 7, NULL),
(183, 53, 0, 8, NULL),
(184, 53, 0, 9, NULL),
(185, 53, 0, 10, NULL),
(186, 46, 0, 38, 1),
(187, 54, 0, 38, 1),
(188, 69, 0, 38, 1),
(189, 70, 0, 38, 0),
(190, 71, 0, 38, 0),
(191, 46, 0, 39, 1),
(192, 54, 0, 39, 1),
(193, 69, 0, 39, 1),
(194, 70, 0, 39, 0),
(195, 71, 0, 39, 0),
(196, 46, 0, 40, 1),
(197, 54, 0, 40, 1),
(198, 69, 0, 40, 1),
(199, 70, 0, 40, 0),
(200, 71, 0, 40, 0),
(201, 53, 0, 40, NULL),
(202, 46, 0, 41, 1),
(203, 54, 0, 41, 1),
(204, 69, 0, 41, 1),
(205, 70, 0, 41, 0),
(206, 71, 0, 41, 0),
(207, 53, 0, 41, NULL),
(214, 46, 0, 44, 1),
(215, 54, 0, 44, 1),
(216, 69, 0, 44, 1),
(217, 46, 0, 45, 1),
(218, 54, 0, 45, 1),
(219, 69, 0, 45, 1);

-- --------------------------------------------------------

--
-- Table structure for table `mg_catalog_category_entity_text`
--

CREATE TABLE `mg_catalog_category_entity_text` (
  `value_id` int(11) NOT NULL COMMENT 'Value ID',
  `attribute_id` smallint(5) UNSIGNED NOT NULL DEFAULT '0' COMMENT 'Attribute ID',
  `store_id` smallint(5) UNSIGNED NOT NULL DEFAULT '0' COMMENT 'Store ID',
  `entity_id` int(10) UNSIGNED NOT NULL DEFAULT '0' COMMENT 'Entity ID',
  `value` text COMMENT 'Value'
) ENGINE=InnoDB DEFAULT CHARSET=utf8 COMMENT='Catalog Category Text Attribute Backend Table';

--
-- Dumping data for table `mg_catalog_category_entity_text`
--

INSERT INTO `mg_catalog_category_entity_text` (`value_id`, `attribute_id`, `store_id`, `entity_id`, `value`) VALUES
(1, 47, 0, 4, NULL),
(2, 50, 0, 4, NULL),
(3, 51, 0, 4, NULL),
(4, 64, 0, 4, NULL),
(5, 47, 0, 5, NULL),
(6, 50, 0, 5, NULL),
(7, 51, 0, 5, NULL),
(8, 64, 0, 5, NULL),
(9, 47, 0, 6, NULL),
(10, 50, 0, 6, NULL),
(11, 51, 0, 6, NULL),
(12, 64, 0, 6, NULL),
(13, 47, 0, 7, NULL),
(14, 50, 0, 7, NULL),
(15, 51, 0, 7, NULL),
(16, 64, 0, 7, NULL),
(17, 47, 0, 8, NULL),
(18, 50, 0, 8, NULL),
(19, 51, 0, 8, NULL),
(20, 64, 0, 8, NULL),
(21, 47, 0, 9, NULL),
(22, 50, 0, 9, NULL),
(23, 51, 0, 9, NULL),
(24, 64, 0, 9, NULL),
(25, 47, 0, 10, NULL),
(26, 50, 0, 10, NULL),
(27, 51, 0, 10, NULL),
(28, 64, 0, 10, NULL),
(29, 47, 0, 40, NULL),
(30, 50, 0, 40, NULL),
(31, 51, 0, 40, NULL),
(32, 64, 0, 40, NULL),
(33, 47, 0, 41, NULL),
(34, 50, 0, 41, NULL),
(35, 51, 0, 41, NULL),
(36, 64, 0, 41, NULL);

-- --------------------------------------------------------

--
-- Table structure for table `mg_catalog_category_entity_varchar`
--

CREATE TABLE `mg_catalog_category_entity_varchar` (
  `value_id` int(11) NOT NULL COMMENT 'Value ID',
  `attribute_id` smallint(5) UNSIGNED NOT NULL DEFAULT '0' COMMENT 'Attribute ID',
  `store_id` smallint(5) UNSIGNED NOT NULL DEFAULT '0' COMMENT 'Store ID',
  `entity_id` int(10) UNSIGNED NOT NULL DEFAULT '0' COMMENT 'Entity ID',
  `value` varchar(255) DEFAULT NULL COMMENT 'Value'
) ENGINE=InnoDB DEFAULT CHARSET=utf8 COMMENT='Catalog Category Varchar Attribute Backend Table';

--
-- Dumping data for table `mg_catalog_category_entity_varchar`
--

INSERT INTO `mg_catalog_category_entity_varchar` (`value_id`, `attribute_id`, `store_id`, `entity_id`, `value`) VALUES
(1, 45, 0, 1, 'Root Catalog'),
(2, 45, 0, 2, 'Default Category'),
(3, 52, 0, 2, 'PRODUCTS'),
(4, 45, 0, 3, 'Electronics'),
(5, 52, 0, 3, 'PRODUCTS'),
(6, 119, 0, 3, 'electronics'),
(7, 120, 0, 3, 'electronics'),
(8, 45, 0, 4, 'PERSON SECURITY'),
(9, 52, 0, 4, 'PRODUCTS'),
(10, 119, 0, 4, 'person-security'),
(11, 120, 0, 4, 'person-security'),
(12, 45, 0, 5, 'TRACKING DEVICES'),
(13, 52, 0, 5, 'PRODUCTS'),
(14, 119, 0, 5, 'tracking-devices'),
(15, 120, 0, 5, 'person-security/tracking-devices'),
(16, 45, 0, 6, 'Child Security'),
(17, 52, 0, 6, 'PRODUCTS'),
(18, 119, 0, 6, 'child-security'),
(19, 120, 0, 6, 'person-security/tracking-devices/child-security'),
(20, 45, 0, 7, 'Sr. Citizen Security'),
(21, 52, 0, 7, 'PRODUCTS'),
(22, 119, 0, 7, 'telescope'),
(23, 120, 0, 7, 'person-security/tracking-devices/telescope'),
(24, 45, 0, 8, 'Keys Security'),
(25, 52, 0, 8, 'PRODUCTS'),
(26, 119, 0, 8, 'hat'),
(27, 120, 0, 8, 'person-security/tracking-devices/hat'),
(28, 45, 0, 9, 'Specific Item Security'),
(29, 52, 0, 9, 'PRODUCTS'),
(30, 119, 0, 9, 'tent'),
(31, 120, 0, 9, 'person-security/tracking-devices/tent'),
(32, 45, 0, 10, 'General Security'),
(33, 52, 0, 10, 'PRODUCTS'),
(34, 119, 0, 10, 'sleeping-bag'),
(35, 120, 0, 10, 'person-security/tracking-devices/sleeping-bag'),
(36, 45, 0, 11, 'Swim Gear'),
(37, 52, 0, 11, 'PRODUCTS'),
(38, 119, 0, 11, 'swim-gear'),
(39, 120, 0, 11, 'person-security/swim-gear'),
(40, 45, 0, 12, 'Women\'s Swimwear'),
(41, 52, 0, 12, 'PRODUCTS'),
(42, 119, 0, 12, 'women-s-swimwear'),
(43, 120, 0, 12, 'person-security/swim-gear/women-s-swimwear'),
(44, 45, 0, 13, 'Men\'s Swimwear'),
(45, 52, 0, 13, 'PRODUCTS'),
(46, 119, 0, 13, 'men-s-swimwear'),
(47, 120, 0, 13, 'person-security/swim-gear/men-s-swimwear'),
(48, 45, 0, 14, 'Kid\'s Swimwear'),
(49, 52, 0, 14, 'PRODUCTS'),
(50, 119, 0, 14, 'kid-s-swimwear'),
(51, 120, 0, 14, 'person-security/swim-gear/kid-s-swimwear'),
(52, 45, 0, 15, 'Swim Accessories'),
(53, 52, 0, 15, 'PRODUCTS'),
(54, 119, 0, 15, 'swim-accessories'),
(55, 120, 0, 15, 'person-security/swim-gear/swim-accessories'),
(56, 45, 0, 16, 'Umbrella & Raincoat'),
(57, 52, 0, 16, 'PRODUCTS'),
(58, 119, 0, 16, 'umbrella-raincoat'),
(59, 120, 0, 16, 'person-security/swim-gear/umbrella-raincoat'),
(60, 45, 0, 17, 'Other Outdoor Gear'),
(61, 52, 0, 17, 'PRODUCTS'),
(62, 119, 0, 17, 'other-outdoor-gear'),
(63, 120, 0, 17, 'person-security/swim-gear/other-outdoor-gear'),
(64, 45, 0, 18, 'Camping Lights'),
(65, 52, 0, 18, 'PRODUCTS'),
(66, 119, 0, 18, 'camping-lights'),
(67, 120, 0, 18, 'person-security/swim-gear/camping-lights'),
(68, 45, 0, 19, 'Bicycle Lights'),
(69, 52, 0, 19, 'PRODUCTS'),
(70, 119, 0, 19, 'bicycle-lights'),
(71, 120, 0, 19, 'person-security/swim-gear/bicycle-lights'),
(72, 45, 0, 20, 'Cycling Gear'),
(73, 52, 0, 20, 'PRODUCTS'),
(74, 119, 0, 20, 'cycling-gear'),
(75, 120, 0, 20, 'person-security/cycling-gear'),
(76, 45, 0, 21, 'Cycling Protective Gears'),
(77, 52, 0, 21, 'PRODUCTS'),
(78, 119, 0, 21, 'cycling-protective-gears'),
(79, 120, 0, 21, 'person-security/cycling-gear/cycling-protective-gears'),
(80, 45, 0, 22, 'Cycling Accessories'),
(81, 52, 0, 22, 'PRODUCTS'),
(82, 119, 0, 22, 'cycling-accessories'),
(83, 120, 0, 22, 'person-security/cycling-gear/cycling-accessories'),
(84, 45, 0, 23, 'Cycling Clothing'),
(85, 52, 0, 23, 'PRODUCTS'),
(86, 119, 0, 23, 'cycling-clothing'),
(87, 120, 0, 23, 'person-security/cycling-gear/cycling-clothing'),
(88, 45, 0, 24, 'Bicycles Frames'),
(89, 52, 0, 24, 'PRODUCTS'),
(90, 119, 0, 24, 'bicycles-frames'),
(91, 120, 0, 24, 'person-security/cycling-gear/bicycles-frames'),
(92, 45, 0, 25, 'Bicycle Lights'),
(93, 52, 0, 25, 'PRODUCTS'),
(94, 119, 0, 25, 'bicycle-lights'),
(95, 120, 0, 25, 'person-security/cycling-gear/bicycle-lights'),
(96, 45, 0, 26, 'Health & Beauty'),
(97, 52, 0, 26, 'PRODUCTS'),
(98, 119, 0, 26, 'health-beauty'),
(99, 120, 0, 26, 'health-beauty'),
(100, 45, 0, 27, 'Toys & Hobbies'),
(101, 52, 0, 27, 'PRODUCTS'),
(102, 119, 0, 27, 'toys-hobbies'),
(103, 120, 0, 27, 'toys-hobbies'),
(108, 45, 0, 29, 'Sports & Outdoors'),
(109, 52, 0, 29, 'PRODUCTS'),
(110, 119, 0, 29, 'sports-outdoors'),
(111, 120, 0, 29, 'sports-outdoors'),
(112, 45, 0, 30, 'Furniture'),
(113, 52, 0, 30, 'PRODUCTS'),
(114, 119, 0, 30, 'furniture'),
(115, 120, 0, 30, 'furniture'),
(116, 45, 0, 31, 'Automotive & Motorcycle'),
(117, 52, 0, 31, 'PRODUCTS'),
(118, 119, 0, 31, 'automotive-motorcycle'),
(119, 120, 0, 31, 'automotive-motorcycle'),
(120, 45, 0, 32, 'Laptops & Accessories'),
(121, 52, 0, 32, 'PRODUCTS'),
(122, 119, 0, 32, 'laptops-accessories'),
(123, 120, 0, 32, 'laptops-accessories'),
(124, 45, 0, 33, 'Jewelry & Watches'),
(125, 52, 0, 33, 'PRODUCTS'),
(126, 119, 0, 33, 'jewelry-watches'),
(127, 120, 0, 33, 'jewelry-watches'),
(128, 45, 0, 34, 'Flashlights & Lamps'),
(129, 52, 0, 34, 'PRODUCTS'),
(130, 119, 0, 34, 'flashlights-lamps'),
(131, 120, 0, 34, 'flashlights-lamps'),
(132, 45, 0, 35, 'Bags, Shoes & Accessories'),
(133, 52, 0, 35, 'PRODUCTS'),
(134, 119, 0, 35, 'bags-shoes-accessories'),
(135, 120, 0, 35, 'bags-shoes-accessories'),
(136, 45, 0, 36, 'Cameras & Photo'),
(137, 52, 0, 36, 'PRODUCTS'),
(138, 119, 0, 36, 'cameras-photo'),
(139, 120, 0, 36, 'cameras-photo'),
(140, 45, 0, 37, 'Holiday Supplies & Gifts'),
(141, 52, 0, 37, 'PRODUCTS'),
(142, 119, 0, 37, 'holiday-supplies-gifts'),
(143, 120, 0, 37, 'holiday-supplies-gifts'),
(145, 48, 0, 4, NULL),
(146, 49, 0, 4, NULL),
(147, 60, 0, 4, NULL),
(148, 63, 0, 4, NULL),
(150, 48, 0, 5, NULL),
(151, 49, 0, 5, NULL),
(152, 60, 0, 5, NULL),
(153, 63, 0, 5, NULL),
(155, 48, 0, 6, NULL),
(156, 49, 0, 6, NULL),
(157, 60, 0, 6, NULL),
(158, 63, 0, 6, NULL),
(160, 48, 0, 7, NULL),
(161, 49, 0, 7, NULL),
(162, 60, 0, 7, NULL),
(163, 63, 0, 7, NULL),
(165, 48, 0, 8, NULL),
(166, 49, 0, 8, NULL),
(167, 60, 0, 8, NULL),
(168, 63, 0, 8, NULL),
(170, 48, 0, 9, NULL),
(171, 49, 0, 9, NULL),
(172, 60, 0, 9, NULL),
(173, 63, 0, 9, NULL),
(175, 48, 0, 10, NULL),
(176, 49, 0, 10, NULL),
(177, 60, 0, 10, NULL),
(178, 63, 0, 10, NULL),
(179, 45, 0, 38, 'Anti-Tracking Jammer'),
(180, 52, 0, 38, 'PRODUCTS'),
(181, 119, 0, 38, 'anti-tracking-jammer'),
(182, 120, 0, 38, 'person-security/tracking-devices/anti-tracking-jammer'),
(183, 45, 0, 39, 'Accessories & Parts'),
(184, 52, 0, 39, 'PRODUCTS'),
(185, 119, 0, 39, 'accessories-parts'),
(186, 120, 0, 39, 'person-security/tracking-devices/accessories-parts'),
(187, 45, 0, 40, '>Handheld'),
(188, 52, 0, 40, 'PRODUCTS'),
(189, 119, 0, 40, 'handheld'),
(190, 120, 0, 40, 'person-security/tracking-devices/child-security/handheld'),
(192, 48, 0, 40, NULL),
(193, 49, 0, 40, NULL),
(194, 60, 0, 40, NULL),
(195, 63, 0, 40, NULL),
(196, 45, 0, 41, '>>GPS'),
(197, 52, 0, 41, 'PRODUCTS'),
(198, 119, 0, 41, 'gps'),
(199, 120, 0, 41, 'person-security/tracking-devices/child-security/handheld/gps'),
(241, 48, 0, 41, NULL),
(242, 49, 0, 41, NULL),
(243, 60, 0, 41, NULL),
(244, 63, 0, 41, NULL),
(251, 45, 0, 44, 'Gear'),
(252, 119, 0, 44, 'gear'),
(253, 120, 0, 44, 'gear'),
(254, 45, 0, 45, 'Fitness Equipment'),
(255, 119, 0, 45, 'fitness-equipment'),
(256, 120, 0, 45, 'gear/fitness-equipment');

-- --------------------------------------------------------

--
-- Table structure for table `mg_catalog_category_product`
--

CREATE TABLE `mg_catalog_category_product` (
  `entity_id` int(11) NOT NULL COMMENT 'Entity ID',
  `category_id` int(10) UNSIGNED NOT NULL DEFAULT '0' COMMENT 'Category ID',
  `product_id` int(10) UNSIGNED NOT NULL DEFAULT '0' COMMENT 'Product ID',
  `position` int(11) NOT NULL DEFAULT '0' COMMENT 'Position'
) ENGINE=InnoDB DEFAULT CHARSET=utf8 COMMENT='Catalog Product To Category Linkage Table';

--
-- Dumping data for table `mg_catalog_category_product`
--

INSERT INTO `mg_catalog_category_product` (`entity_id`, `category_id`, `product_id`, `position`) VALUES
(1, 3, 1, 0),
(2, 3, 2, 0),
(3, 3, 3, 0),
(4, 4, 3, 0),
(5, 3, 4, 0),
(6, 4, 4, 0),
(7, 3, 5, 0),
(8, 3, 6, 0),
(9, 4, 6, 0),
(10, 3, 7, 0),
(11, 4, 7, 0),
(12, 33, 8, 0),
(13, 33, 9, 0),
(14, 33, 10, 0),
(15, 33, 11, 0),
(16, 2, 12, 0),
(17, 3, 12, 0),
(20, 4, 1, 0),
(21, 5, 1, 0),
(22, 6, 1, 0),
(23, 40, 1, 0),
(24, 41, 1, 0),
(25, 2, 1, 0),
(31, 41, 17, 0),
(53, 41, 24, 0),
(54, 41, 25, 0),
(55, 41, 26, 0),
(56, 3, 28, 0);

-- --------------------------------------------------------

--
-- Table structure for table `mg_catalog_category_product_index`
--

CREATE TABLE `mg_catalog_category_product_index` (
  `category_id` int(10) UNSIGNED NOT NULL DEFAULT '0' COMMENT 'Category ID',
  `product_id` int(10) UNSIGNED NOT NULL DEFAULT '0' COMMENT 'Product ID',
  `position` int(11) DEFAULT NULL COMMENT 'Position',
  `is_parent` smallint(5) UNSIGNED NOT NULL DEFAULT '0' COMMENT 'Is Parent',
  `store_id` smallint(5) UNSIGNED NOT NULL DEFAULT '0' COMMENT 'Store ID',
  `visibility` smallint(5) UNSIGNED NOT NULL COMMENT 'Visibility'
) ENGINE=InnoDB DEFAULT CHARSET=utf8 COMMENT='Catalog Category Product Index';

-- --------------------------------------------------------

--
-- Table structure for table `mg_catalog_category_product_index_replica`
--

CREATE TABLE `mg_catalog_category_product_index_replica` (
  `category_id` int(10) UNSIGNED NOT NULL DEFAULT '0' COMMENT 'Category ID',
  `product_id` int(10) UNSIGNED NOT NULL DEFAULT '0' COMMENT 'Product ID',
  `position` int(11) DEFAULT NULL COMMENT 'Position',
  `is_parent` smallint(5) UNSIGNED NOT NULL DEFAULT '0' COMMENT 'Is Parent',
  `store_id` smallint(5) UNSIGNED NOT NULL DEFAULT '0' COMMENT 'Store ID',
  `visibility` smallint(5) UNSIGNED NOT NULL COMMENT 'Visibility'
) ENGINE=InnoDB DEFAULT CHARSET=utf8 COMMENT='Catalog Category Product Index';

-- --------------------------------------------------------

--
-- Table structure for table `mg_catalog_category_product_index_store1`
--

CREATE TABLE `mg_catalog_category_product_index_store1` (
  `category_id` int(10) UNSIGNED NOT NULL DEFAULT '0' COMMENT 'Category Id',
  `product_id` int(10) UNSIGNED NOT NULL DEFAULT '0' COMMENT 'Product Id',
  `position` int(11) DEFAULT NULL COMMENT 'Position',
  `is_parent` smallint(5) UNSIGNED NOT NULL DEFAULT '0' COMMENT 'Is Parent',
  `store_id` smallint(5) UNSIGNED NOT NULL DEFAULT '0' COMMENT 'Store Id',
  `visibility` smallint(5) UNSIGNED NOT NULL COMMENT 'Visibility'
) ENGINE=InnoDB DEFAULT CHARSET=utf8 COMMENT='Mg Catalog Category Product Index Store1 Replica';

--
-- Dumping data for table `mg_catalog_category_product_index_store1`
--

INSERT INTO `mg_catalog_category_product_index_store1` (`category_id`, `product_id`, `position`, `is_parent`, `store_id`, `visibility`) VALUES
(2, 27, 0, 0, 1, 4),
(2, 1, 0, 1, 1, 4),
(2, 2, 0, 1, 1, 4),
(2, 3, 0, 1, 1, 4),
(2, 4, 0, 1, 1, 4),
(2, 5, 0, 1, 1, 4),
(2, 6, 0, 1, 1, 4),
(2, 7, 0, 1, 1, 4),
(2, 8, 0, 1, 1, 4),
(2, 9, 0, 1, 1, 4),
(2, 10, 0, 1, 1, 4),
(2, 11, 0, 1, 1, 4),
(2, 24, 0, 1, 1, 4),
(2, 25, 0, 1, 1, 4),
(2, 26, 0, 1, 1, 4),
(2, 28, 0, 1, 1, 4),
(3, 1, 0, 1, 1, 4),
(3, 2, 0, 1, 1, 4),
(3, 3, 0, 1, 1, 4),
(3, 4, 0, 1, 1, 4),
(3, 5, 0, 1, 1, 4),
(3, 6, 0, 1, 1, 4),
(3, 7, 0, 1, 1, 4),
(3, 28, 0, 1, 1, 4),
(4, 24, 10000, 0, 1, 4),
(4, 25, 10000, 0, 1, 4),
(4, 26, 10000, 0, 1, 4),
(4, 1, 0, 1, 1, 4),
(4, 3, 0, 1, 1, 4),
(4, 4, 0, 1, 1, 4),
(4, 6, 0, 1, 1, 4),
(4, 7, 0, 1, 1, 4),
(5, 24, 10000, 0, 1, 4),
(5, 25, 10000, 0, 1, 4),
(5, 26, 10000, 0, 1, 4),
(5, 1, 0, 1, 1, 4),
(6, 24, 10000, 0, 1, 4),
(6, 25, 10000, 0, 1, 4),
(6, 26, 10000, 0, 1, 4),
(6, 1, 0, 1, 1, 4),
(33, 8, 0, 1, 1, 4),
(33, 9, 0, 1, 1, 4),
(33, 10, 0, 1, 1, 4),
(33, 11, 0, 1, 1, 4),
(40, 24, 10000, 0, 1, 4),
(40, 25, 10000, 0, 1, 4),
(40, 26, 10000, 0, 1, 4),
(40, 1, 0, 1, 1, 4),
(41, 1, 0, 1, 1, 4),
(41, 24, 0, 1, 1, 4),
(41, 25, 0, 1, 1, 4),
(41, 26, 0, 1, 1, 4);

-- --------------------------------------------------------

--
-- Table structure for table `mg_catalog_category_product_index_store1_replica`
--

CREATE TABLE `mg_catalog_category_product_index_store1_replica` (
  `category_id` int(10) UNSIGNED NOT NULL DEFAULT '0' COMMENT 'Category Id',
  `product_id` int(10) UNSIGNED NOT NULL DEFAULT '0' COMMENT 'Product Id',
  `position` int(11) DEFAULT NULL COMMENT 'Position',
  `is_parent` smallint(5) UNSIGNED NOT NULL DEFAULT '0' COMMENT 'Is Parent',
  `store_id` smallint(5) UNSIGNED NOT NULL DEFAULT '0' COMMENT 'Store Id',
  `visibility` smallint(5) UNSIGNED NOT NULL COMMENT 'Visibility'
) ENGINE=InnoDB DEFAULT CHARSET=utf8 COMMENT='Mg Catalog Category Product Index Store1';

--
-- Dumping data for table `mg_catalog_category_product_index_store1_replica`
--

INSERT INTO `mg_catalog_category_product_index_store1_replica` (`category_id`, `product_id`, `position`, `is_parent`, `store_id`, `visibility`) VALUES
(2, 27, 0, 0, 1, 4),
(2, 1, 0, 1, 1, 4),
(2, 2, 0, 1, 1, 4),
(2, 3, 0, 1, 1, 4),
(2, 4, 0, 1, 1, 4),
(2, 5, 0, 1, 1, 4),
(2, 6, 0, 1, 1, 4),
(2, 7, 0, 1, 1, 4),
(2, 8, 0, 1, 1, 4),
(2, 9, 0, 1, 1, 4),
(2, 10, 0, 1, 1, 4),
(2, 11, 0, 1, 1, 4),
(2, 24, 0, 1, 1, 4),
(2, 25, 0, 1, 1, 4),
(2, 26, 0, 1, 1, 4),
(2, 28, 0, 1, 1, 4),
(3, 1, 0, 1, 1, 4),
(3, 2, 0, 1, 1, 4),
(3, 3, 0, 1, 1, 4),
(3, 4, 0, 1, 1, 4),
(3, 5, 0, 1, 1, 4),
(3, 6, 0, 1, 1, 4),
(3, 7, 0, 1, 1, 4),
(3, 28, 0, 1, 1, 4),
(4, 24, 10000, 0, 1, 4),
(4, 25, 10000, 0, 1, 4),
(4, 26, 10000, 0, 1, 4),
(4, 1, 0, 1, 1, 4),
(4, 3, 0, 1, 1, 4),
(4, 4, 0, 1, 1, 4),
(4, 6, 0, 1, 1, 4),
(4, 7, 0, 1, 1, 4),
(5, 24, 10000, 0, 1, 4),
(5, 25, 10000, 0, 1, 4),
(5, 26, 10000, 0, 1, 4),
(5, 1, 0, 1, 1, 4),
(6, 24, 10000, 0, 1, 4),
(6, 25, 10000, 0, 1, 4),
(6, 26, 10000, 0, 1, 4),
(6, 1, 0, 1, 1, 4),
(33, 8, 0, 1, 1, 4),
(33, 9, 0, 1, 1, 4),
(33, 10, 0, 1, 1, 4),
(33, 11, 0, 1, 1, 4),
(40, 24, 10000, 0, 1, 4),
(40, 25, 10000, 0, 1, 4),
(40, 26, 10000, 0, 1, 4),
(40, 1, 0, 1, 1, 4),
(41, 1, 0, 1, 1, 4),
(41, 24, 0, 1, 1, 4),
(41, 25, 0, 1, 1, 4),
(41, 26, 0, 1, 1, 4);

-- --------------------------------------------------------

--
-- Table structure for table `mg_catalog_category_product_index_tmp`
--

CREATE TABLE `mg_catalog_category_product_index_tmp` (
  `category_id` int(10) UNSIGNED NOT NULL DEFAULT '0' COMMENT 'Category ID',
  `product_id` int(10) UNSIGNED NOT NULL DEFAULT '0' COMMENT 'Product ID',
  `position` int(11) NOT NULL DEFAULT '0' COMMENT 'Position',
  `is_parent` smallint(5) UNSIGNED NOT NULL DEFAULT '0' COMMENT 'Is Parent',
  `store_id` smallint(5) UNSIGNED NOT NULL DEFAULT '0' COMMENT 'Store ID',
  `visibility` smallint(5) UNSIGNED NOT NULL COMMENT 'Visibility'
) ENGINE=InnoDB DEFAULT CHARSET=utf8 COMMENT='Catalog Category Product Indexer temporary table';

-- --------------------------------------------------------

--
-- Table structure for table `mg_catalog_compare_item`
--

CREATE TABLE `mg_catalog_compare_item` (
  `catalog_compare_item_id` int(10) UNSIGNED NOT NULL COMMENT 'Compare Item ID',
  `visitor_id` int(10) UNSIGNED NOT NULL DEFAULT '0' COMMENT 'Visitor ID',
  `customer_id` int(10) UNSIGNED DEFAULT NULL COMMENT 'Customer ID',
  `product_id` int(10) UNSIGNED NOT NULL DEFAULT '0' COMMENT 'Product ID',
  `store_id` smallint(5) UNSIGNED DEFAULT NULL COMMENT 'Store ID'
) ENGINE=InnoDB DEFAULT CHARSET=utf8 COMMENT='Catalog Compare Table';

-- --------------------------------------------------------

--
-- Table structure for table `mg_catalog_eav_attribute`
--

CREATE TABLE `mg_catalog_eav_attribute` (
  `attribute_id` smallint(5) UNSIGNED NOT NULL COMMENT 'Attribute ID',
  `frontend_input_renderer` varchar(255) DEFAULT NULL COMMENT 'Frontend Input Renderer',
  `is_global` smallint(5) UNSIGNED NOT NULL DEFAULT '1' COMMENT 'Is Global',
  `is_visible` smallint(5) UNSIGNED NOT NULL DEFAULT '1' COMMENT 'Is Visible',
  `is_searchable` smallint(5) UNSIGNED NOT NULL DEFAULT '0' COMMENT 'Is Searchable',
  `is_filterable` smallint(5) UNSIGNED NOT NULL DEFAULT '0' COMMENT 'Is Filterable',
  `is_comparable` smallint(5) UNSIGNED NOT NULL DEFAULT '0' COMMENT 'Is Comparable',
  `is_visible_on_front` smallint(5) UNSIGNED NOT NULL DEFAULT '0' COMMENT 'Is Visible On Front',
  `is_html_allowed_on_front` smallint(5) UNSIGNED NOT NULL DEFAULT '0' COMMENT 'Is HTML Allowed On Front',
  `is_used_for_price_rules` smallint(5) UNSIGNED NOT NULL DEFAULT '0' COMMENT 'Is Used For Price Rules',
  `is_filterable_in_search` smallint(5) UNSIGNED NOT NULL DEFAULT '0' COMMENT 'Is Filterable In Search',
  `used_in_product_listing` smallint(5) UNSIGNED NOT NULL DEFAULT '0' COMMENT 'Is Used In Product Listing',
  `used_for_sort_by` smallint(5) UNSIGNED NOT NULL DEFAULT '0' COMMENT 'Is Used For Sorting',
  `apply_to` varchar(255) DEFAULT NULL COMMENT 'Apply To',
  `is_visible_in_advanced_search` smallint(5) UNSIGNED NOT NULL DEFAULT '0' COMMENT 'Is Visible In Advanced Search',
  `position` int(11) NOT NULL DEFAULT '0' COMMENT 'Position',
  `is_wysiwyg_enabled` smallint(5) UNSIGNED NOT NULL DEFAULT '0' COMMENT 'Is WYSIWYG Enabled',
  `is_used_for_promo_rules` smallint(5) UNSIGNED NOT NULL DEFAULT '0' COMMENT 'Is Used For Promo Rules',
  `is_required_in_admin_store` smallint(5) UNSIGNED NOT NULL DEFAULT '0' COMMENT 'Is Required In Admin Store',
  `is_used_in_grid` smallint(5) UNSIGNED NOT NULL DEFAULT '0' COMMENT 'Is Used in Grid',
  `is_visible_in_grid` smallint(5) UNSIGNED NOT NULL DEFAULT '0' COMMENT 'Is Visible in Grid',
  `is_filterable_in_grid` smallint(5) UNSIGNED NOT NULL DEFAULT '0' COMMENT 'Is Filterable in Grid',
  `search_weight` float NOT NULL DEFAULT '1' COMMENT 'Search Weight',
  `additional_data` text COMMENT 'Additional swatch attributes data',
  `attribute_set_ids` varchar(255) NOT NULL COMMENT 'Attribute Set Ids'
) ENGINE=InnoDB DEFAULT CHARSET=utf8 COMMENT='Catalog EAV Attribute Table';

--
-- Dumping data for table `mg_catalog_eav_attribute`
--

INSERT INTO `mg_catalog_eav_attribute` (`attribute_id`, `frontend_input_renderer`, `is_global`, `is_visible`, `is_searchable`, `is_filterable`, `is_comparable`, `is_visible_on_front`, `is_html_allowed_on_front`, `is_used_for_price_rules`, `is_filterable_in_search`, `used_in_product_listing`, `used_for_sort_by`, `apply_to`, `is_visible_in_advanced_search`, `position`, `is_wysiwyg_enabled`, `is_used_for_promo_rules`, `is_required_in_admin_store`, `is_used_in_grid`, `is_visible_in_grid`, `is_filterable_in_grid`, `search_weight`, `additional_data`, `attribute_set_ids`) VALUES
(45, NULL, 0, 1, 0, 0, 0, 0, 0, 0, 0, 0, 0, NULL, 0, 0, 0, 0, 0, 0, 0, 0, 1, NULL, ''),
(46, NULL, 0, 1, 0, 0, 0, 0, 0, 0, 0, 0, 0, NULL, 0, 0, 0, 0, 0, 0, 0, 0, 1, NULL, ''),
(47, NULL, 0, 1, 0, 0, 0, 0, 1, 0, 0, 0, 0, NULL, 0, 0, 1, 0, 0, 0, 0, 0, 1, NULL, ''),
(48, NULL, 0, 1, 0, 0, 0, 0, 0, 0, 0, 0, 0, NULL, 0, 0, 0, 0, 0, 0, 0, 0, 1, NULL, ''),
(49, NULL, 0, 1, 0, 0, 0, 0, 0, 0, 0, 0, 0, NULL, 0, 0, 0, 0, 0, 0, 0, 0, 1, NULL, ''),
(50, NULL, 0, 1, 0, 0, 0, 0, 0, 0, 0, 0, 0, NULL, 0, 0, 0, 0, 0, 0, 0, 0, 1, NULL, ''),
(51, NULL, 0, 1, 0, 0, 0, 0, 0, 0, 0, 0, 0, NULL, 0, 0, 0, 0, 0, 0, 0, 0, 1, NULL, ''),
(52, NULL, 0, 1, 0, 0, 0, 0, 0, 0, 0, 0, 0, NULL, 0, 0, 0, 0, 0, 0, 0, 0, 1, NULL, ''),
(53, NULL, 0, 1, 0, 0, 0, 0, 0, 0, 0, 0, 0, NULL, 0, 0, 0, 0, 0, 0, 0, 0, 1, NULL, ''),
(54, NULL, 1, 1, 0, 0, 0, 0, 0, 0, 0, 0, 0, NULL, 0, 0, 0, 0, 0, 0, 0, 0, 1, NULL, ''),
(55, NULL, 1, 0, 0, 0, 0, 0, 0, 0, 0, 0, 0, NULL, 0, 0, 0, 0, 0, 0, 0, 0, 1, NULL, ''),
(56, NULL, 1, 0, 0, 0, 0, 0, 0, 0, 0, 0, 0, NULL, 0, 0, 0, 0, 0, 0, 0, 0, 1, NULL, ''),
(57, NULL, 1, 0, 0, 0, 0, 0, 0, 0, 0, 0, 0, NULL, 0, 0, 0, 0, 0, 0, 0, 0, 1, NULL, ''),
(58, NULL, 1, 0, 0, 0, 0, 0, 0, 0, 0, 0, 0, NULL, 0, 0, 0, 0, 0, 0, 0, 0, 1, NULL, ''),
(59, NULL, 1, 0, 0, 0, 0, 0, 0, 0, 0, 0, 0, NULL, 0, 0, 0, 0, 0, 0, 0, 0, 1, NULL, ''),
(60, NULL, 0, 1, 0, 0, 0, 0, 0, 0, 0, 0, 0, NULL, 0, 0, 0, 0, 0, 0, 0, 0, 1, NULL, ''),
(61, NULL, 0, 1, 0, 0, 0, 0, 0, 0, 0, 0, 0, NULL, 0, 0, 0, 0, 0, 0, 0, 0, 1, NULL, ''),
(62, NULL, 0, 1, 0, 0, 0, 0, 0, 0, 0, 0, 0, NULL, 0, 0, 0, 0, 0, 0, 0, 0, 1, NULL, ''),
(63, NULL, 0, 1, 0, 0, 0, 0, 0, 0, 0, 0, 0, NULL, 0, 0, 0, 0, 0, 0, 0, 0, 1, NULL, ''),
(64, NULL, 0, 1, 0, 0, 0, 0, 0, 0, 0, 0, 0, NULL, 0, 0, 0, 0, 0, 0, 0, 0, 1, NULL, ''),
(65, NULL, 1, 0, 0, 0, 0, 0, 0, 0, 0, 0, 0, NULL, 0, 0, 0, 0, 0, 0, 0, 0, 1, NULL, ''),
(66, NULL, 1, 0, 0, 0, 0, 0, 0, 0, 0, 0, 0, NULL, 0, 0, 0, 0, 0, 0, 0, 0, 1, NULL, ''),
(67, 'Magento\\Catalog\\Block\\Adminhtml\\Category\\Helper\\Sortby\\Available', 0, 1, 0, 0, 0, 0, 0, 0, 0, 0, 0, NULL, 0, 0, 0, 0, 0, 0, 0, 0, 1, NULL, ''),
(68, 'Magento\\Catalog\\Block\\Adminhtml\\Category\\Helper\\Sortby\\DefaultSortby', 0, 1, 0, 0, 0, 0, 0, 0, 0, 0, 0, NULL, 0, 0, 0, 0, 0, 0, 0, 0, 1, NULL, ''),
(69, NULL, 0, 1, 0, 0, 0, 0, 0, 0, 0, 0, 0, NULL, 0, 0, 0, 0, 0, 0, 0, 0, 1, NULL, ''),
(70, NULL, 0, 1, 0, 0, 0, 0, 0, 0, 0, 0, 0, NULL, 0, 0, 0, 0, 0, 0, 0, 0, 1, NULL, ''),
(71, NULL, 0, 1, 0, 0, 0, 0, 0, 0, 0, 0, 0, NULL, 0, 0, 0, 0, 0, 0, 0, 0, 1, NULL, ''),
(72, 'Magento\\Catalog\\Block\\Adminhtml\\Category\\Helper\\Pricestep', 0, 1, 0, 0, 0, 0, 0, 0, 0, 0, 0, NULL, 0, 0, 0, 0, 0, 0, 0, 0, 1, NULL, ''),
(73, NULL, 0, 1, 1, 0, 0, 0, 0, 0, 0, 1, 1, NULL, 1, 0, 0, 0, 0, 0, 0, 0, 5, NULL, ''),
(74, NULL, 1, 1, 1, 0, 1, 0, 0, 0, 0, 0, 0, NULL, 1, 0, 0, 0, 0, 0, 0, 0, 6, NULL, ''),
(75, NULL, 0, 1, 1, 0, 1, 0, 1, 0, 0, 0, 0, NULL, 1, 0, 1, 0, 0, 0, 0, 0, 1, NULL, ''),
(76, NULL, 0, 1, 1, 0, 1, 0, 1, 0, 0, 1, 0, NULL, 1, 0, 1, 0, 0, 1, 0, 0, 1, NULL, ''),
(77, NULL, 1, 1, 1, 1, 0, 0, 0, 0, 0, 1, 1, 'simple,virtual,configurable,downloadable,bundle', 1, 0, 0, 0, 0, 0, 0, 0, 1, NULL, ''),
(78, NULL, 1, 1, 0, 0, 0, 0, 0, 0, 0, 1, 0, 'simple,virtual,configurable,downloadable,bundle', 0, 0, 0, 0, 0, 1, 0, 1, 1, NULL, ''),
(79, NULL, 2, 1, 0, 0, 0, 0, 0, 0, 0, 1, 0, 'simple,virtual,configurable,downloadable,bundle', 0, 0, 0, 0, 0, 1, 0, 0, 1, NULL, ''),
(80, NULL, 2, 1, 0, 0, 0, 0, 0, 0, 0, 1, 0, 'simple,virtual,configurable,downloadable,bundle', 0, 0, 0, 0, 0, 1, 0, 0, 1, NULL, ''),
(81, NULL, 1, 1, 0, 0, 0, 0, 0, 0, 0, 0, 0, 'simple,virtual,downloadable', 0, 0, 0, 0, 0, 1, 0, 1, 1, NULL, ''),
(82, 'Magento\\Catalog\\Block\\Adminhtml\\Product\\Helper\\Form\\Weight', 1, 1, 0, 0, 0, 0, 0, 0, 0, 0, 0, 'simple,virtual,configurable,downloadable,bundle', 0, 0, 0, 0, 0, 1, 0, 1, 1, NULL, ''),
(84, NULL, 0, 1, 0, 0, 0, 0, 0, 0, 0, 0, 0, NULL, 0, 0, 0, 0, 0, 1, 0, 1, 1, NULL, ''),
(85, NULL, 0, 1, 0, 0, 0, 0, 0, 0, 0, 0, 0, NULL, 0, 0, 0, 0, 0, 1, 0, 1, 1, NULL, ''),
(86, NULL, 0, 1, 0, 0, 0, 0, 0, 0, 0, 0, 0, NULL, 0, 0, 0, 0, 0, 1, 0, 1, 1, NULL, ''),
(87, NULL, 0, 1, 0, 0, 0, 0, 0, 0, 0, 1, 0, NULL, 0, 0, 0, 0, 0, 0, 0, 0, 1, NULL, ''),
(88, NULL, 0, 1, 0, 0, 0, 0, 0, 0, 0, 1, 0, NULL, 0, 0, 0, 0, 0, 0, 0, 0, 1, NULL, ''),
(89, NULL, 0, 1, 0, 0, 0, 0, 0, 0, 0, 1, 0, NULL, 0, 0, 0, 0, 0, 0, 0, 0, 1, NULL, ''),
(90, NULL, 1, 1, 0, 0, 0, 0, 0, 0, 0, 0, 0, NULL, 0, 0, 0, 0, 0, 0, 0, 0, 1, NULL, ''),
(91, NULL, 1, 0, 0, 0, 0, 0, 0, 0, 0, 0, 0, NULL, 0, 0, 0, 0, 0, 0, 0, 0, 1, NULL, ''),
(92, NULL, 2, 1, 0, 0, 0, 0, 0, 0, 0, 0, 0, 'simple,virtual,downloadable,bundle', 0, 0, 0, 0, 0, 0, 0, 0, 1, NULL, ''),
(94, NULL, 2, 1, 0, 0, 0, 0, 0, 0, 0, 1, 0, NULL, 0, 0, 0, 0, 0, 1, 0, 0, 1, NULL, ''),
(95, NULL, 2, 1, 0, 0, 0, 0, 0, 0, 0, 1, 0, NULL, 0, 0, 0, 0, 0, 1, 0, 0, 1, NULL, ''),
(96, NULL, 1, 1, 0, 0, 0, 0, 0, 0, 0, 0, 0, NULL, 0, 0, 0, 0, 0, 0, 0, 0, 1, NULL, ''),
(97, 'Magento\\Framework\\Data\\Form\\Element\\Hidden', 2, 1, 1, 0, 0, 0, 0, 0, 0, 1, 0, NULL, 0, 0, 0, 0, 1, 0, 0, 0, 1, NULL, ''),
(98, NULL, 1, 0, 0, 0, 0, 0, 0, 0, 0, 0, 0, 'simple,virtual,configurable,downloadable,bundle', 0, 0, 0, 0, 0, 0, 0, 0, 1, NULL, ''),
(99, NULL, 0, 1, 0, 0, 0, 0, 0, 0, 0, 0, 0, NULL, 0, 0, 0, 0, 1, 0, 0, 0, 1, NULL, ''),
(100, NULL, 0, 1, 0, 0, 0, 0, 0, 0, 0, 0, 0, NULL, 0, 0, 0, 0, 0, 1, 0, 1, 1, NULL, ''),
(101, NULL, 0, 1, 0, 0, 0, 0, 0, 0, 0, 0, 0, NULL, 0, 0, 0, 0, 0, 1, 0, 0, 1, NULL, ''),
(102, NULL, 0, 1, 0, 0, 0, 0, 0, 0, 0, 0, 0, NULL, 0, 0, 0, 0, 0, 1, 0, 0, 1, NULL, ''),
(103, NULL, 0, 1, 0, 0, 0, 0, 0, 0, 0, 0, 0, NULL, 0, 0, 0, 0, 0, 0, 0, 0, 1, NULL, ''),
(104, NULL, 0, 1, 0, 0, 0, 0, 0, 0, 0, 0, 0, NULL, 0, 0, 0, 0, 0, 1, 0, 0, 1, NULL, ''),
(105, 'Magento\\Catalog\\Block\\Adminhtml\\Product\\Helper\\Form\\Category', 1, 1, 0, 0, 0, 0, 0, 0, 0, 0, 0, NULL, 0, 0, 0, 0, 0, 0, 0, 0, 1, NULL, ''),
(106, NULL, 0, 1, 0, 0, 0, 0, 0, 0, 0, 0, 0, NULL, 0, 0, 0, 0, 0, 0, 0, 0, 1, NULL, ''),
(107, NULL, 1, 0, 0, 0, 0, 0, 0, 0, 0, 1, 0, NULL, 0, 0, 0, 0, 0, 0, 0, 0, 1, NULL, ''),
(108, NULL, 1, 0, 0, 0, 0, 0, 0, 0, 0, 0, 0, NULL, 0, 0, 0, 0, 0, 0, 0, 0, 1, NULL, ''),
(109, NULL, 0, 0, 0, 0, 0, 0, 0, 0, 0, 1, 0, NULL, 0, 0, 0, 0, 0, 0, 0, 0, 1, NULL, ''),
(110, NULL, 0, 0, 0, 0, 0, 0, 0, 0, 0, 1, 0, NULL, 0, 0, 0, 0, 0, 0, 0, 0, 1, NULL, ''),
(111, NULL, 0, 0, 0, 0, 0, 0, 0, 0, 0, 1, 0, NULL, 0, 0, 0, 0, 0, 0, 0, 0, 1, NULL, ''),
(112, NULL, 1, 0, 0, 0, 0, 0, 0, 0, 0, 0, 0, NULL, 0, 0, 0, 0, 0, 0, 0, 0, 1, NULL, ''),
(113, NULL, 1, 0, 0, 0, 0, 0, 0, 0, 0, 0, 0, NULL, 0, 0, 0, 0, 0, 0, 0, 0, 1, NULL, ''),
(114, NULL, 2, 1, 0, 0, 0, 0, 0, 0, 0, 0, 0, 'simple,bundle,configurable,grouped', 0, 0, 0, 0, 0, 1, 0, 1, 1, NULL, ''),
(115, 'Magento\\CatalogInventory\\Block\\Adminhtml\\Form\\Field\\Stock', 1, 1, 0, 0, 0, 0, 0, 0, 0, 0, 0, NULL, 0, 0, 0, 0, 0, 0, 0, 0, 1, NULL, ''),
(116, NULL, 0, 1, 0, 0, 0, 0, 0, 0, 0, 0, 0, NULL, 0, 0, 0, 0, 0, 1, 0, 0, 1, NULL, ''),
(117, 'Magento\\Msrp\\Block\\Adminhtml\\Product\\Helper\\Form\\Type', 1, 1, 0, 0, 0, 0, 0, 0, 0, 1, 0, 'simple,virtual,downloadable,bundle,configurable', 0, 0, 0, 0, 0, 1, 0, 1, 1, NULL, ''),
(118, 'Magento\\Msrp\\Block\\Adminhtml\\Product\\Helper\\Form\\Type\\Price', 2, 1, 0, 0, 0, 0, 0, 0, 0, 1, 0, 'simple,virtual,downloadable,bundle,configurable', 0, 0, 0, 0, 0, 0, 0, 0, 1, NULL, ''),
(119, NULL, 0, 1, 0, 0, 0, 0, 0, 0, 0, 0, 0, NULL, 0, 0, 0, 0, 0, 0, 0, 0, 1, NULL, ''),
(120, NULL, 0, 0, 0, 0, 0, 0, 0, 0, 0, 0, 0, NULL, 0, 0, 0, 0, 0, 0, 0, 0, 1, NULL, ''),
(121, NULL, 0, 1, 0, 0, 0, 0, 0, 0, 0, 1, 0, NULL, 0, 0, 0, 0, 0, 1, 0, 1, 1, NULL, ''),
(122, NULL, 0, 0, 0, 0, 0, 0, 0, 0, 0, 0, 0, NULL, 0, 0, 0, 0, 0, 0, 0, 0, 1, NULL, ''),
(123, NULL, 1, 0, 0, 0, 0, 0, 0, 0, 0, 1, 0, 'downloadable', 0, 0, 0, 0, 0, 0, 0, 0, 1, NULL, ''),
(124, NULL, 0, 0, 0, 0, 0, 0, 0, 0, 0, 0, 0, 'downloadable', 0, 0, 0, 0, 0, 0, 0, 0, 1, NULL, ''),
(125, NULL, 0, 0, 0, 0, 0, 0, 0, 0, 0, 0, 0, 'downloadable', 0, 0, 0, 0, 0, 0, 0, 0, 1, NULL, ''),
(126, NULL, 1, 0, 0, 0, 0, 0, 0, 0, 0, 1, 0, 'downloadable', 0, 0, 0, 0, 0, 0, 0, 0, 1, NULL, ''),
(127, NULL, 1, 1, 0, 0, 0, 0, 0, 0, 0, 1, 0, 'bundle', 0, 0, 0, 0, 0, 0, 0, 0, 1, NULL, ''),
(128, NULL, 1, 1, 0, 0, 0, 0, 0, 0, 0, 0, 0, 'bundle', 0, 0, 0, 0, 0, 0, 0, 0, 1, NULL, ''),
(129, NULL, 1, 1, 0, 0, 0, 0, 0, 0, 0, 1, 0, 'bundle', 0, 0, 0, 0, 0, 0, 0, 0, 1, NULL, ''),
(130, NULL, 1, 1, 0, 0, 0, 0, 0, 0, 0, 1, 0, 'bundle', 0, 0, 0, 0, 0, 0, 0, 0, 1, NULL, ''),
(131, NULL, 1, 1, 0, 0, 0, 0, 0, 0, 0, 1, 0, 'bundle', 0, 0, 0, 0, 0, 0, 0, 0, 1, NULL, ''),
(132, 'Magento\\GiftMessage\\Block\\Adminhtml\\Product\\Helper\\Form\\Config', 1, 1, 0, 0, 0, 0, 0, 0, 0, 0, 0, NULL, 0, 0, 0, 0, 0, 1, 0, 0, 1, NULL, ''),
(133, NULL, 0, 1, 0, 0, 0, 0, 0, 0, 0, 1, 0, NULL, 0, 0, 0, 0, 0, 0, 0, 0, 1, NULL, ''),
(134, NULL, 2, 1, 1, 0, 0, 0, 0, 0, 0, 1, 0, 'simple,virtual,configurable,downloadable,bundle', 0, 0, 0, 0, 0, 1, 0, 1, 1, NULL, ''),
(135, NULL, 0, 1, 0, 0, 0, 0, 0, 0, 0, 0, 0, 'simple,bundle,configurable', 0, 0, 0, 0, 0, 0, 0, 0, 1, NULL, ''),
(136, NULL, 0, 1, 0, 0, 0, 0, 0, 0, 0, 0, 0, 'simple,bundle,configurable', 0, 0, 0, 0, 0, 0, 0, 0, 1, NULL, ''),
(137, NULL, 0, 1, 0, 0, 0, 0, 0, 0, 0, 0, 0, 'simple,bundle,configurable', 0, 0, 0, 0, 0, 0, 0, 0, 1, NULL, ''),
(138, NULL, 1, 1, 0, 0, 0, 1, 0, 0, 0, 1, 0, NULL, 0, 0, 0, 0, 0, 0, 0, 0, 1, NULL, ''),
(139, NULL, 1, 1, 0, 0, 0, 1, 0, 0, 0, 1, 0, NULL, 0, 0, 0, 0, 0, 0, 0, 0, 1, NULL, ''),
(179, NULL, 1, 1, 0, 0, 0, 0, 0, 0, 0, 1, 0, 'simple,configurable,virtual,bundle,downloadable', 0, 0, 0, 0, 0, 0, 0, 0, 1, NULL, ''),
(183, NULL, 1, 1, 0, 0, 0, 1, 0, 0, 0, 1, 0, NULL, 0, 0, 0, 0, 0, 0, 1, 0, 1, NULL, '13'),
(184, NULL, 0, 1, 0, 0, 0, 1, 0, 0, 0, 1, 0, NULL, 0, 0, 0, 0, 0, 0, 1, 0, 1, NULL, '13'),
(185, NULL, 1, 1, 0, 0, 0, 1, 0, 0, 0, 1, 0, NULL, 0, 0, 0, 0, 0, 0, 1, 0, 1, NULL, '13'),
(186, NULL, 0, 1, 0, 0, 0, 0, 1, 0, 0, 0, 0, NULL, 0, 0, 0, 0, 0, 0, 1, 0, 1, NULL, ''),
(187, NULL, 1, 1, 0, 0, 0, 0, 1, 0, 0, 0, 0, NULL, 0, 0, 1, 0, 0, 0, 1, 0, 1, NULL, ''),
(188, NULL, 1, 1, 0, 0, 0, 0, 1, 0, 0, 0, 0, NULL, 0, 0, 0, 0, 0, 0, 1, 1, 1, NULL, ''),
(189, NULL, 1, 1, 0, 0, 0, 1, 1, 0, 0, 1, 0, NULL, 0, 0, 0, 0, 0, 1, 1, 0, 1, NULL, ''),
(190, NULL, 1, 1, 0, 0, 0, 0, 1, 0, 0, 0, 0, NULL, 0, 0, 0, 0, 0, 0, 1, 0, 1, NULL, ''),
(191, NULL, 1, 1, 0, 0, 0, 1, 1, 0, 0, 1, 0, NULL, 0, 0, 0, 0, 0, 1, 1, 1, 1, NULL, ''),
(192, NULL, 1, 1, 0, 0, 0, 0, 1, 0, 0, 0, 0, NULL, 0, 0, 0, 0, 0, 1, 1, 1, 1, NULL, ''),
(193, NULL, 1, 0, 0, 0, 0, 0, 0, 0, 0, 0, 0, 'simple,downloadable,virtual,bundle,configurable', 0, 0, 0, 0, 0, 0, 0, 0, 1, NULL, ''),
(194, NULL, 1, 1, 0, 0, 0, 0, 0, 0, 0, 0, 0, 'simple,bundle,configurable', 0, 0, 0, 0, 0, 0, 0, 0, 1, NULL, ''),
(195, NULL, 1, 1, 0, 0, 0, 0, 0, 0, 0, 0, 0, 'simple,bundle,configurable', 0, 0, 0, 0, 0, 0, 0, 0, 1, NULL, ''),
(196, NULL, 1, 1, 0, 0, 0, 0, 0, 0, 0, 0, 0, 'simple,bundle,configurable', 0, 0, 0, 0, 0, 0, 0, 0, 1, NULL, ''),
(197, NULL, 1, 1, 0, 0, 0, 0, 0, 0, 0, 0, 0, 'simple,bundle,configurable', 0, 0, 0, 0, 0, 0, 0, 0, 1, NULL, '');

-- --------------------------------------------------------

--
-- Table structure for table `mg_catalog_product_bundle_option`
--

CREATE TABLE `mg_catalog_product_bundle_option` (
  `option_id` int(10) UNSIGNED NOT NULL COMMENT 'Option Id',
  `parent_id` int(10) UNSIGNED NOT NULL COMMENT 'Parent Id',
  `required` smallint(5) UNSIGNED NOT NULL DEFAULT '0' COMMENT 'Required',
  `position` int(10) UNSIGNED NOT NULL DEFAULT '0' COMMENT 'Position',
  `type` varchar(255) DEFAULT NULL COMMENT 'Type'
) ENGINE=InnoDB DEFAULT CHARSET=utf8 COMMENT='Catalog Product Bundle Option';

-- --------------------------------------------------------

--
-- Table structure for table `mg_catalog_product_bundle_option_value`
--

CREATE TABLE `mg_catalog_product_bundle_option_value` (
  `value_id` int(10) UNSIGNED NOT NULL COMMENT 'Value Id',
  `option_id` int(10) UNSIGNED NOT NULL COMMENT 'Option Id',
  `store_id` smallint(5) UNSIGNED NOT NULL COMMENT 'Store Id',
  `title` varchar(255) DEFAULT NULL COMMENT 'Title',
  `parent_product_id` int(10) UNSIGNED NOT NULL COMMENT 'Parent Product Id'
) ENGINE=InnoDB DEFAULT CHARSET=utf8 COMMENT='Catalog Product Bundle Option Value';

-- --------------------------------------------------------

--
-- Table structure for table `mg_catalog_product_bundle_price_index`
--

CREATE TABLE `mg_catalog_product_bundle_price_index` (
  `entity_id` int(10) UNSIGNED NOT NULL COMMENT 'Entity ID',
  `website_id` smallint(5) UNSIGNED NOT NULL COMMENT 'Website Id',
  `customer_group_id` int(10) UNSIGNED NOT NULL COMMENT 'Customer Group ID',
  `min_price` decimal(20,6) NOT NULL COMMENT 'Min Price',
  `max_price` decimal(20,6) NOT NULL COMMENT 'Max Price'
) ENGINE=InnoDB DEFAULT CHARSET=utf8 COMMENT='Catalog Product Bundle Price Index';

-- --------------------------------------------------------

--
-- Table structure for table `mg_catalog_product_bundle_selection`
--

CREATE TABLE `mg_catalog_product_bundle_selection` (
  `selection_id` int(10) UNSIGNED NOT NULL COMMENT 'Selection Id',
  `option_id` int(10) UNSIGNED NOT NULL COMMENT 'Option Id',
  `parent_product_id` int(10) UNSIGNED NOT NULL COMMENT 'Parent Product Id',
  `product_id` int(10) UNSIGNED NOT NULL COMMENT 'Product Id',
  `position` int(10) UNSIGNED NOT NULL DEFAULT '0' COMMENT 'Position',
  `is_default` smallint(5) UNSIGNED NOT NULL DEFAULT '0' COMMENT 'Is Default',
  `selection_price_type` smallint(5) UNSIGNED NOT NULL DEFAULT '0' COMMENT 'Selection Price Type',
  `selection_price_value` decimal(12,4) NOT NULL DEFAULT '0.0000' COMMENT 'Selection Price Value',
  `selection_qty` decimal(12,4) DEFAULT NULL COMMENT 'Selection Qty',
  `selection_can_change_qty` smallint(6) NOT NULL DEFAULT '0' COMMENT 'Selection Can Change Qty'
) ENGINE=InnoDB DEFAULT CHARSET=utf8 COMMENT='Catalog Product Bundle Selection';

-- --------------------------------------------------------

--
-- Table structure for table `mg_catalog_product_bundle_selection_price`
--

CREATE TABLE `mg_catalog_product_bundle_selection_price` (
  `selection_id` int(10) UNSIGNED NOT NULL COMMENT 'Selection Id',
  `website_id` smallint(5) UNSIGNED NOT NULL COMMENT 'Website Id',
  `selection_price_type` smallint(5) UNSIGNED NOT NULL DEFAULT '0' COMMENT 'Selection Price Type',
  `selection_price_value` decimal(20,6) NOT NULL DEFAULT '0.000000' COMMENT 'Selection Price Value',
  `parent_product_id` int(10) UNSIGNED NOT NULL COMMENT 'Parent Product Id'
) ENGINE=InnoDB DEFAULT CHARSET=utf8 COMMENT='Catalog Product Bundle Selection Price';

-- --------------------------------------------------------

--
-- Table structure for table `mg_catalog_product_bundle_stock_index`
--

CREATE TABLE `mg_catalog_product_bundle_stock_index` (
  `entity_id` int(10) UNSIGNED NOT NULL COMMENT 'Entity ID',
  `website_id` smallint(5) UNSIGNED NOT NULL COMMENT 'Website ID',
  `stock_id` smallint(5) UNSIGNED NOT NULL COMMENT 'Stock ID',
  `option_id` int(10) UNSIGNED NOT NULL DEFAULT '0' COMMENT 'Option Id',
  `stock_status` smallint(6) DEFAULT '0' COMMENT 'Stock Status'
) ENGINE=InnoDB DEFAULT CHARSET=utf8 COMMENT='Catalog Product Bundle Stock Index';

-- --------------------------------------------------------

--
-- Table structure for table `mg_catalog_product_entity`
--

CREATE TABLE `mg_catalog_product_entity` (
  `entity_id` int(10) UNSIGNED NOT NULL COMMENT 'Entity ID',
  `attribute_set_id` smallint(5) UNSIGNED NOT NULL DEFAULT '0' COMMENT 'Attribute Set ID',
  `type_id` varchar(32) NOT NULL DEFAULT 'simple' COMMENT 'Type ID',
  `sku` varchar(64) DEFAULT NULL COMMENT 'SKU',
  `has_options` smallint(6) NOT NULL DEFAULT '0' COMMENT 'Has Options',
  `required_options` smallint(5) UNSIGNED NOT NULL DEFAULT '0' COMMENT 'Required Options',
  `created_at` timestamp NOT NULL DEFAULT CURRENT_TIMESTAMP COMMENT 'Creation Time',
  `updated_at` timestamp NOT NULL DEFAULT CURRENT_TIMESTAMP ON UPDATE CURRENT_TIMESTAMP COMMENT 'Update Time'
) ENGINE=InnoDB DEFAULT CHARSET=utf8 COMMENT='Catalog Product Table';

--
-- Dumping data for table `mg_catalog_product_entity`
--

INSERT INTO `mg_catalog_product_entity` (`entity_id`, `attribute_set_id`, `type_id`, `sku`, `has_options`, `required_options`, `created_at`, `updated_at`) VALUES
(1, 4, 'simple', 'Philips HR1861 Whole Fruit Juicer', 0, 0, '2019-09-06 05:22:36', '2019-11-07 11:14:25'),
(2, 4, 'simple', 'Samsung Vacuum Cleaner Power', 0, 0, '2019-09-06 05:31:01', '2019-10-02 05:55:14'),
(3, 4, 'simple', 'Fuhlen Mouse for Gamer', 0, 0, '2019-09-06 05:39:45', '2019-10-01 13:02:59'),
(4, 4, 'simple', 'Acer Aspire S24 All In One PC', 0, 0, '2019-09-06 05:42:20', '2019-09-16 12:50:55'),
(5, 4, 'simple', 'Washing Machines Elextrolux', 0, 0, '2019-09-06 05:44:44', '2019-09-16 12:51:47'),
(6, 4, 'simple', 'Apple iMac 2017 21.5-inch Retina 4K', 0, 0, '2019-09-06 05:47:50', '2019-10-01 12:42:08'),
(7, 4, 'simple', 'Beat Crossfade 2 Wireless Headphone', 0, 0, '2019-09-06 05:49:25', '2019-10-01 12:36:45'),
(8, 4, 'simple', 'Navy Skinny Fit Suit With Wool', 0, 0, '2019-09-06 05:56:21', '2019-09-06 05:56:21'),
(9, 4, 'simple', 'Outdoor Crossbody Bag', 0, 0, '2019-09-06 05:59:40', '2019-09-06 05:59:40'),
(10, 4, 'simple', 'Zara Women Leather Bag', 0, 0, '2019-09-06 06:01:48', '2019-09-06 06:01:48'),
(11, 4, 'simple', 'Printed & Cold Shoulder T Shirts', 0, 0, '2019-09-06 06:04:05', '2019-09-06 06:05:19'),
(12, 4, 'simple', 'Getfastdeal', 0, 0, '2019-09-06 11:55:23', '2019-09-06 11:55:55'),
(13, 4, 'simple', 'simplee', 0, 0, '2019-09-09 11:53:09', '2019-09-10 08:01:17'),
(14, 4, 'simple', 'simplecsve', 0, 0, '2019-09-10 07:53:08', '2019-09-10 07:56:11'),
(17, 4, 'simple', '24-WG086', 0, 0, '2019-09-17 11:11:57', '2019-09-18 10:40:30'),
(24, 4, 'simple', '24-WG085', 0, 0, '2019-09-18 12:45:40', '2019-09-18 12:47:11'),
(25, 4, 'simple', '24-WG087', 0, 0, '2019-09-18 12:45:40', '2019-09-18 12:47:02'),
(26, 4, 'grouped', '24-WG085_Group', 0, 0, '2019-09-18 12:45:40', '2019-09-18 12:46:53'),
(27, 4, 'simple', 'qqq', 0, 0, '2019-09-25 10:15:31', '2019-09-25 10:17:07'),
(28, 4, 'simple', 'admin', 0, 0, '2019-09-25 10:42:28', '2019-10-04 09:46:03');

--
-- Triggers `mg_catalog_product_entity`
--
DELIMITER $$
CREATE TRIGGER `trg_mg_catalog_product_entity_after_delete` AFTER DELETE ON `mg_catalog_product_entity` FOR EACH ROW BEGIN
INSERT IGNORE INTO `mg_scconnector_google_feed_cl` (`entity_id`) VALUES (OLD.`entity_id`);
INSERT IGNORE INTO `mg_scconnector_google_remove_cl` (`entity_id`) VALUES (OLD.`entity_id`);
END
$$
DELIMITER ;
DELIMITER $$
CREATE TRIGGER `trg_mg_catalog_product_entity_after_insert` AFTER INSERT ON `mg_catalog_product_entity` FOR EACH ROW BEGIN
INSERT IGNORE INTO `mg_scconnector_google_feed_cl` (`entity_id`) VALUES (NEW.`entity_id`);
INSERT IGNORE INTO `mg_scconnector_google_remove_cl` (`entity_id`) VALUES (NEW.`entity_id`);
END
$$
DELIMITER ;
DELIMITER $$
CREATE TRIGGER `trg_mg_catalog_product_entity_after_update` AFTER UPDATE ON `mg_catalog_product_entity` FOR EACH ROW BEGIN
IF (NEW.`entity_id` <=> OLD.`entity_id` OR NEW.`attribute_set_id` <=> OLD.`attribute_set_id` OR NEW.`type_id` <=> OLD.`type_id` OR NEW.`sku` <=> OLD.`sku` OR NEW.`has_options` <=> OLD.`has_options` OR NEW.`required_options` <=> OLD.`required_options` OR NEW.`created_at` <=> OLD.`created_at`) THEN INSERT IGNORE INTO `mg_scconnector_google_feed_cl` (`entity_id`) VALUES (NEW.`entity_id`); END IF;
IF (NEW.`entity_id` <=> OLD.`entity_id` OR NEW.`attribute_set_id` <=> OLD.`attribute_set_id` OR NEW.`type_id` <=> OLD.`type_id` OR NEW.`sku` <=> OLD.`sku` OR NEW.`has_options` <=> OLD.`has_options` OR NEW.`required_options` <=> OLD.`required_options` OR NEW.`created_at` <=> OLD.`created_at`) THEN INSERT IGNORE INTO `mg_scconnector_google_remove_cl` (`entity_id`) VALUES (NEW.`entity_id`); END IF;
END
$$
DELIMITER ;

-- --------------------------------------------------------

--
-- Table structure for table `mg_catalog_product_entity_datetime`
--

CREATE TABLE `mg_catalog_product_entity_datetime` (
  `value_id` int(11) NOT NULL COMMENT 'Value ID',
  `attribute_id` smallint(5) UNSIGNED NOT NULL DEFAULT '0' COMMENT 'Attribute ID',
  `store_id` smallint(5) UNSIGNED NOT NULL DEFAULT '0' COMMENT 'Store ID',
  `entity_id` int(10) UNSIGNED NOT NULL DEFAULT '0' COMMENT 'Entity ID',
  `value` datetime DEFAULT NULL COMMENT 'Value'
) ENGINE=InnoDB DEFAULT CHARSET=utf8 COMMENT='Catalog Product Datetime Attribute Backend Table';

--
-- Dumping data for table `mg_catalog_product_entity_datetime`
--

INSERT INTO `mg_catalog_product_entity_datetime` (`value_id`, `attribute_id`, `store_id`, `entity_id`, `value`) VALUES
(1, 79, 0, 1, '2019-09-06 00:00:00'),
(2, 80, 0, 1, '2019-10-25 00:00:00'),
(3, 94, 0, 1, '2019-09-06 00:00:00'),
(4, 95, 0, 1, '2019-09-26 00:00:00'),
(5, 79, 0, 2, '2019-09-06 00:00:00'),
(6, 80, 0, 2, '2019-10-25 00:00:00'),
(7, 94, 0, 2, '2019-09-06 00:00:00'),
(8, 95, 0, 2, '2019-09-26 00:00:00'),
(9, 94, 0, 3, '2019-09-06 00:00:00'),
(10, 95, 0, 3, '2019-09-26 00:00:00'),
(11, 79, 0, 4, '2019-09-06 00:00:00'),
(12, 80, 0, 4, '2019-09-27 00:00:00'),
(13, 94, 0, 4, '2019-09-06 00:00:00'),
(14, 95, 0, 4, '2019-09-28 00:00:00'),
(15, 94, 0, 5, '2019-09-06 00:00:00'),
(16, 95, 0, 5, '2019-09-30 00:00:00'),
(17, 94, 0, 6, '2019-09-06 00:00:00'),
(18, 95, 0, 6, '2019-09-27 00:00:00'),
(19, 79, 0, 11, '2019-09-06 00:00:00'),
(20, 80, 0, 11, '2019-09-27 00:00:00'),
(21, 94, 0, 11, '2019-09-06 00:00:00'),
(22, 95, 0, 11, '2019-09-30 00:00:00');

--
-- Triggers `mg_catalog_product_entity_datetime`
--
DELIMITER $$
CREATE TRIGGER `trg_mg_catalog_product_entity_datetime_after_delete` AFTER DELETE ON `mg_catalog_product_entity_datetime` FOR EACH ROW BEGIN
INSERT IGNORE INTO `mg_scconnector_google_feed_cl` (`entity_id`) VALUES (OLD.`entity_id`);
END
$$
DELIMITER ;
DELIMITER $$
CREATE TRIGGER `trg_mg_catalog_product_entity_datetime_after_insert` AFTER INSERT ON `mg_catalog_product_entity_datetime` FOR EACH ROW BEGIN
INSERT IGNORE INTO `mg_scconnector_google_feed_cl` (`entity_id`) VALUES (NEW.`entity_id`);
END
$$
DELIMITER ;
DELIMITER $$
CREATE TRIGGER `trg_mg_catalog_product_entity_datetime_after_update` AFTER UPDATE ON `mg_catalog_product_entity_datetime` FOR EACH ROW BEGIN
IF (NEW.`value_id` <=> OLD.`value_id` OR NEW.`attribute_id` <=> OLD.`attribute_id` OR NEW.`store_id` <=> OLD.`store_id` OR NEW.`entity_id` <=> OLD.`entity_id` OR NEW.`value` <=> OLD.`value`) THEN INSERT IGNORE INTO `mg_scconnector_google_feed_cl` (`entity_id`) VALUES (NEW.`entity_id`); END IF;
END
$$
DELIMITER ;

-- --------------------------------------------------------

--
-- Table structure for table `mg_catalog_product_entity_decimal`
--

CREATE TABLE `mg_catalog_product_entity_decimal` (
  `value_id` int(11) NOT NULL COMMENT 'Value ID',
  `attribute_id` smallint(5) UNSIGNED NOT NULL DEFAULT '0' COMMENT 'Attribute ID',
  `store_id` smallint(5) UNSIGNED NOT NULL DEFAULT '0' COMMENT 'Store ID',
  `entity_id` int(10) UNSIGNED NOT NULL DEFAULT '0' COMMENT 'Entity ID',
  `value` decimal(20,6) DEFAULT NULL COMMENT 'Value'
) ENGINE=InnoDB DEFAULT CHARSET=utf8 COMMENT='Catalog Product Decimal Attribute Backend Table';

--
-- Dumping data for table `mg_catalog_product_entity_decimal`
--

INSERT INTO `mg_catalog_product_entity_decimal` (`value_id`, `attribute_id`, `store_id`, `entity_id`, `value`) VALUES
(1, 77, 0, 1, 5000.000000),
(2, 78, 0, 1, 4000.000000),
(3, 77, 0, 2, 5000.000000),
(4, 78, 0, 2, 4000.000000),
(5, 77, 0, 3, 1500.000000),
(6, 77, 0, 4, 25000.000000),
(7, 78, 0, 4, 20000.000000),
(8, 77, 0, 5, 15000.000000),
(9, 77, 0, 6, 54000.000000),
(10, 77, 0, 7, 1500.000000),
(11, 77, 0, 8, 1500.000000),
(12, 77, 0, 9, 5000.000000),
(13, 77, 0, 10, 5000.000000),
(14, 77, 0, 11, 1500.000000),
(15, 78, 0, 11, 999.000000),
(16, 77, 0, 12, 10.000000),
(17, 82, 0, 12, 10.000000),
(18, 77, 0, 13, 11.000000),
(19, 77, 0, 14, 11.000000),
(35, 77, 0, 17, 17.000000),
(36, 82, 0, 17, 1.000000),
(47, 77, 0, 24, 14.000000),
(48, 82, 0, 24, 1.000000),
(49, 77, 0, 25, 21.000000),
(50, 82, 0, 25, 1.000000),
(51, 77, 0, 27, 111.000000),
(52, 82, 0, 27, 11.000000),
(53, 135, 0, 27, 11.000000),
(54, 136, 0, 27, 11.000000),
(55, 137, 0, 27, 1.000000),
(56, 77, 0, 28, 200.000000),
(57, 82, 0, 28, 11.000000),
(58, 135, 0, 28, 11.000000),
(59, 136, 0, 28, 11.000000),
(60, 137, 0, 28, 11.000000),
(61, 82, 0, 7, 0.881800),
(62, 135, 0, 7, 4.000000),
(63, 136, 0, 7, 8.000000),
(64, 137, 0, 7, 8.000000),
(65, 82, 0, 6, 4.409300),
(66, 135, 0, 6, 21.000000),
(67, 136, 0, 6, 10.000000),
(68, 137, 0, 6, 10.000000),
(69, 82, 0, 3, 0.440900);

--
-- Triggers `mg_catalog_product_entity_decimal`
--
DELIMITER $$
CREATE TRIGGER `trg_mg_catalog_product_entity_decimal_after_delete` AFTER DELETE ON `mg_catalog_product_entity_decimal` FOR EACH ROW BEGIN
INSERT IGNORE INTO `mg_scconnector_google_feed_cl` (`entity_id`) VALUES (OLD.`entity_id`);
END
$$
DELIMITER ;
DELIMITER $$
CREATE TRIGGER `trg_mg_catalog_product_entity_decimal_after_insert` AFTER INSERT ON `mg_catalog_product_entity_decimal` FOR EACH ROW BEGIN
INSERT IGNORE INTO `mg_scconnector_google_feed_cl` (`entity_id`) VALUES (NEW.`entity_id`);
END
$$
DELIMITER ;
DELIMITER $$
CREATE TRIGGER `trg_mg_catalog_product_entity_decimal_after_update` AFTER UPDATE ON `mg_catalog_product_entity_decimal` FOR EACH ROW BEGIN
IF (NEW.`value_id` <=> OLD.`value_id` OR NEW.`attribute_id` <=> OLD.`attribute_id` OR NEW.`store_id` <=> OLD.`store_id` OR NEW.`entity_id` <=> OLD.`entity_id` OR NEW.`value` <=> OLD.`value`) THEN INSERT IGNORE INTO `mg_scconnector_google_feed_cl` (`entity_id`) VALUES (NEW.`entity_id`); END IF;
END
$$
DELIMITER ;

-- --------------------------------------------------------

--
-- Table structure for table `mg_catalog_product_entity_gallery`
--

CREATE TABLE `mg_catalog_product_entity_gallery` (
  `value_id` int(11) NOT NULL COMMENT 'Value ID',
  `attribute_id` smallint(5) UNSIGNED NOT NULL DEFAULT '0' COMMENT 'Attribute ID',
  `store_id` smallint(5) UNSIGNED NOT NULL DEFAULT '0' COMMENT 'Store ID',
  `entity_id` int(10) UNSIGNED NOT NULL DEFAULT '0' COMMENT 'Entity ID',
  `position` int(11) NOT NULL DEFAULT '0' COMMENT 'Position',
  `value` varchar(255) DEFAULT NULL COMMENT 'Value'
) ENGINE=InnoDB DEFAULT CHARSET=utf8 COMMENT='Catalog Product Gallery Attribute Backend Table';

--
-- Triggers `mg_catalog_product_entity_gallery`
--
DELIMITER $$
CREATE TRIGGER `trg_mg_catalog_product_entity_gallery_after_delete` AFTER DELETE ON `mg_catalog_product_entity_gallery` FOR EACH ROW BEGIN
INSERT IGNORE INTO `mg_scconnector_google_feed_cl` (`entity_id`) VALUES (OLD.`entity_id`);
END
$$
DELIMITER ;
DELIMITER $$
CREATE TRIGGER `trg_mg_catalog_product_entity_gallery_after_insert` AFTER INSERT ON `mg_catalog_product_entity_gallery` FOR EACH ROW BEGIN
INSERT IGNORE INTO `mg_scconnector_google_feed_cl` (`entity_id`) VALUES (NEW.`entity_id`);
END
$$
DELIMITER ;
DELIMITER $$
CREATE TRIGGER `trg_mg_catalog_product_entity_gallery_after_update` AFTER UPDATE ON `mg_catalog_product_entity_gallery` FOR EACH ROW BEGIN
IF (NEW.`value_id` <=> OLD.`value_id` OR NEW.`attribute_id` <=> OLD.`attribute_id` OR NEW.`store_id` <=> OLD.`store_id` OR NEW.`entity_id` <=> OLD.`entity_id` OR NEW.`position` <=> OLD.`position` OR NEW.`value` <=> OLD.`value`) THEN INSERT IGNORE INTO `mg_scconnector_google_feed_cl` (`entity_id`) VALUES (NEW.`entity_id`); END IF;
END
$$
DELIMITER ;

-- --------------------------------------------------------

--
-- Table structure for table `mg_catalog_product_entity_int`
--

CREATE TABLE `mg_catalog_product_entity_int` (
  `value_id` int(11) NOT NULL COMMENT 'Value ID',
  `attribute_id` smallint(5) UNSIGNED NOT NULL DEFAULT '0' COMMENT 'Attribute ID',
  `store_id` smallint(5) UNSIGNED NOT NULL DEFAULT '0' COMMENT 'Store ID',
  `entity_id` int(10) UNSIGNED NOT NULL DEFAULT '0' COMMENT 'Entity ID',
  `value` int(11) DEFAULT NULL COMMENT 'Value'
) ENGINE=InnoDB DEFAULT CHARSET=utf8 COMMENT='Catalog Product Integer Attribute Backend Table';

--
-- Dumping data for table `mg_catalog_product_entity_int`
--

INSERT INTO `mg_catalog_product_entity_int` (`value_id`, `attribute_id`, `store_id`, `entity_id`, `value`) VALUES
(1, 97, 0, 1, 1),
(2, 99, 0, 1, 4),
(3, 134, 0, 1, 0),
(4, 179, 0, 1, 1),
(5, 97, 0, 2, 1),
(6, 99, 0, 2, 4),
(7, 134, 0, 2, 0),
(8, 179, 0, 2, 0),
(9, 97, 0, 3, 1),
(10, 99, 0, 3, 4),
(11, 134, 0, 3, 0),
(12, 179, 0, 3, 1),
(13, 97, 0, 4, 1),
(14, 99, 0, 4, 4),
(15, 134, 0, 4, 0),
(16, 179, 0, 4, 1),
(17, 97, 0, 5, 1),
(18, 99, 0, 5, 4),
(19, 134, 0, 5, 0),
(20, 179, 0, 5, 1),
(21, 97, 0, 6, 1),
(22, 99, 0, 6, 4),
(23, 134, 0, 6, 0),
(24, 179, 0, 6, 1),
(25, 97, 0, 7, 1),
(26, 99, 0, 7, 4),
(27, 134, 0, 7, 0),
(28, 179, 0, 7, 1),
(29, 97, 0, 8, 1),
(30, 99, 0, 8, 4),
(31, 134, 0, 8, 0),
(32, 179, 0, 8, 0),
(33, 97, 0, 9, 1),
(34, 99, 0, 9, 4),
(35, 134, 0, 9, 0),
(36, 179, 0, 9, 0),
(37, 97, 0, 10, 1),
(38, 99, 0, 10, 4),
(39, 134, 0, 10, 0),
(40, 179, 0, 10, 0),
(41, 97, 0, 11, 1),
(42, 99, 0, 11, 4),
(43, 134, 0, 11, 0),
(44, 179, 0, 11, 0),
(45, 97, 0, 12, 2),
(46, 99, 0, 12, 4),
(47, 134, 0, 12, 2),
(48, 179, 0, 12, 0),
(50, 97, 0, 13, 2),
(51, 99, 0, 13, 4),
(52, 134, 0, 13, 0),
(53, 179, 0, 13, 0),
(55, 97, 0, 14, 2),
(56, 99, 0, 14, 4),
(57, 115, 0, 14, 1),
(58, 134, 0, 14, 2),
(59, 179, 0, 14, 0),
(105, 97, 0, 17, 2),
(106, 99, 0, 17, 4),
(107, 115, 0, 17, 1),
(108, 134, 0, 17, 2),
(141, 97, 0, 24, 1),
(142, 99, 0, 24, 4),
(143, 115, 0, 24, 1),
(144, 134, 0, 24, 2),
(145, 97, 0, 25, 1),
(146, 99, 0, 25, 4),
(147, 115, 0, 25, 1),
(148, 134, 0, 25, 2),
(149, 97, 0, 26, 1),
(150, 99, 0, 26, 4),
(151, 115, 0, 26, 1),
(152, 97, 0, 27, 1),
(153, 99, 0, 27, 4),
(154, 134, 0, 27, 2),
(155, 179, 0, 27, 0),
(157, 97, 0, 28, 1),
(158, 99, 0, 28, 4),
(159, 134, 0, 28, 2),
(160, 179, 0, 28, 0);

--
-- Triggers `mg_catalog_product_entity_int`
--
DELIMITER $$
CREATE TRIGGER `trg_mg_catalog_product_entity_int_after_delete` AFTER DELETE ON `mg_catalog_product_entity_int` FOR EACH ROW BEGIN
INSERT IGNORE INTO `mg_scconnector_google_feed_cl` (`entity_id`) VALUES (OLD.`entity_id`);
INSERT IGNORE INTO `mg_scconnector_google_remove_cl` (`entity_id`) VALUES (OLD.`entity_id`);
END
$$
DELIMITER ;
DELIMITER $$
CREATE TRIGGER `trg_mg_catalog_product_entity_int_after_insert` AFTER INSERT ON `mg_catalog_product_entity_int` FOR EACH ROW BEGIN
INSERT IGNORE INTO `mg_scconnector_google_feed_cl` (`entity_id`) VALUES (NEW.`entity_id`);
INSERT IGNORE INTO `mg_scconnector_google_remove_cl` (`entity_id`) VALUES (NEW.`entity_id`);
END
$$
DELIMITER ;
DELIMITER $$
CREATE TRIGGER `trg_mg_catalog_product_entity_int_after_update` AFTER UPDATE ON `mg_catalog_product_entity_int` FOR EACH ROW BEGIN
IF (NEW.`value_id` <=> OLD.`value_id` OR NEW.`attribute_id` <=> OLD.`attribute_id` OR NEW.`store_id` <=> OLD.`store_id` OR NEW.`entity_id` <=> OLD.`entity_id` OR NEW.`value` <=> OLD.`value`) THEN INSERT IGNORE INTO `mg_scconnector_google_feed_cl` (`entity_id`) VALUES (NEW.`entity_id`); END IF;
IF (NEW.`value_id` <=> OLD.`value_id` OR NEW.`attribute_id` <=> OLD.`attribute_id` OR NEW.`store_id` <=> OLD.`store_id` OR NEW.`entity_id` <=> OLD.`entity_id` OR NEW.`value` <=> OLD.`value`) THEN INSERT IGNORE INTO `mg_scconnector_google_remove_cl` (`entity_id`) VALUES (NEW.`entity_id`); END IF;
END
$$
DELIMITER ;

-- --------------------------------------------------------

--
-- Table structure for table `mg_catalog_product_entity_media_gallery`
--

CREATE TABLE `mg_catalog_product_entity_media_gallery` (
  `value_id` int(10) UNSIGNED NOT NULL COMMENT 'Value ID',
  `attribute_id` smallint(5) UNSIGNED NOT NULL DEFAULT '0' COMMENT 'Attribute ID',
  `value` varchar(255) DEFAULT NULL COMMENT 'Value',
  `media_type` varchar(32) NOT NULL DEFAULT 'image' COMMENT 'Media entry type',
  `disabled` smallint(5) UNSIGNED NOT NULL DEFAULT '0' COMMENT 'Visibility status'
) ENGINE=InnoDB DEFAULT CHARSET=utf8 COMMENT='Catalog Product Media Gallery Attribute Backend Table';

--
-- Dumping data for table `mg_catalog_product_entity_media_gallery`
--

INSERT INTO `mg_catalog_product_entity_media_gallery` (`value_id`, `attribute_id`, `value`, `media_type`, `disabled`) VALUES
(1, 90, '/p/h/philips_hr1861_whole_fruit_juicer_1_.jpg', 'image', 0),
(2, 90, '/s/a/samsung_vacuum_cleaner_power_2.jpg', 'image', 0),
(3, 90, '/h/e/heston_boiler_espresso_machine__2.jpg', 'image', 0),
(4, 90, '/s/a/samsung_vacuum_cleaner_power_2_1.jpg', 'image', 0),
(5, 90, '/h/e/heston_boiler_espresso_machine__2_1.jpg', 'image', 0),
(6, 90, '/p/h/philips_hr1861_whole_fruit_juicer_2.jpg', 'image', 0),
(7, 90, '/f/u/fuhlen_mouse_for_gamer_1.jpg', 'image', 0),
(8, 90, '/a/c/acer_aspire_s24_all-in-one_pc_2.jpg', 'image', 0),
(9, 90, '/a/p/apple_imac_2017_21.5-inch_retina_4k.jpg', 'image', 0),
(10, 90, '/a/c/acer_aspire_s24_all-in-one_pc_2_1.jpg', 'image', 0),
(11, 90, '/a/p/apple_imac_2017_21.5-inch_retina_4k_1.jpg', 'image', 0),
(12, 90, '/f/u/fuhlen_mouse_for_gamer_1_1.jpg', 'image', 0),
(13, 90, '/w/a/washing_machines_elextrolux.jpg', 'image', 0),
(14, 90, '/a/p/apple_imac_2017_21.5-inch_retina_4k_2.jpg', 'image', 0),
(15, 90, '/a/c/acer_aspire_s24_all-in-one_pc_2_2.jpg', 'image', 0),
(16, 90, '/a/p/apple_imac_2017_21.5-inch_retina_4k_3.jpg', 'image', 0),
(17, 90, '/a/c/acer_aspire_s24_all-in-one_pc_2_3.jpg', 'image', 0),
(18, 90, '/b/e/beat_crossfade_2_wireless_headphone_1.jpg', 'image', 0),
(19, 90, '/b/e/beat_crossfade_2_wireless_headphone_1_1.jpg', 'image', 0),
(20, 90, '/a/p/apple_imac_2017_21.5-inch_retina_4k_4.jpg', 'image', 0),
(21, 90, '/a/c/acer_aspire_s24_all-in-one_pc_2_4.jpg', 'image', 0),
(22, 90, '/n/a/navy_skinny_fit_suit_with_wool.jpg', 'image', 0),
(23, 90, '/p/r/printed_cold_shoulder_t_shirts_3.jpg', 'image', 0),
(24, 90, '/m/e/men_s_rugged_wear_denim_jacket_1.jpg', 'image', 0),
(25, 90, '/o/u/outdoor_crossbody_bag_1.jpg', 'image', 0),
(26, 90, '/p/r/printed_cold_shoulder_t_shirts_3_1.jpg', 'image', 0),
(27, 90, '/m/e/men_s_rugged_wear_denim_jacket_1_1.jpg', 'image', 0),
(28, 90, '/z/a/zara_women_leather_bag.jpg', 'image', 0),
(29, 90, '/o/u/outdoor_crossbody_bag_1_1.jpg', 'image', 0),
(30, 90, '/p/r/printed_cold_shoulder_t_shirts_3_1_1.jpg', 'image', 0),
(31, 90, '/m/e/men_s_rugged_wear_denim_jacket_1_2.jpg', 'image', 0),
(32, 90, '/n/a/navy_skinny_fit_suit_with_wool_1.jpg', 'image', 0),
(33, 90, '/a/p/apple_iphone_plus_silicon_case.jpg', 'image', 0),
(34, 90, '/a/p/apple_iphone_x_512gb_white.jpg', 'image', 0),
(35, 90, '/a/p/apple_iphone_plus_silicon_case_1.jpg', 'image', 0),
(36, 90, '/1/5/1568801919watch.jpg', 'image', 0),
(37, 90, '/1/5/1568801919watch.jpg', 'image', 0),
(38, 90, '/1/5/1568801919watch.jpg', 'image', 0),
(39, 90, '/1/5/1568801919watch.jpg', 'image', 0),
(40, 90, '/1/5/1568801919watch.jpg', 'image', 0),
(41, 90, '/1/5/1568801919watch.jpg', 'image', 0),
(42, 90, '/1/5/1568810560watch.jpg', 'image', 0),
(43, 90, '/1/5/1568810560watch.jpg', 'image', 0),
(44, 90, '/1/5/1568810560watch.jpg', 'image', 0);

-- --------------------------------------------------------

--
-- Table structure for table `mg_catalog_product_entity_media_gallery_value`
--

CREATE TABLE `mg_catalog_product_entity_media_gallery_value` (
  `value_id` int(10) UNSIGNED NOT NULL DEFAULT '0' COMMENT 'Value ID',
  `store_id` smallint(5) UNSIGNED NOT NULL DEFAULT '0' COMMENT 'Store ID',
  `entity_id` int(10) UNSIGNED NOT NULL DEFAULT '0' COMMENT 'Entity ID',
  `label` varchar(255) DEFAULT NULL COMMENT 'Label',
  `position` int(10) UNSIGNED DEFAULT NULL COMMENT 'Position',
  `disabled` smallint(5) UNSIGNED NOT NULL DEFAULT '0' COMMENT 'Is Disabled',
  `record_id` int(10) UNSIGNED NOT NULL COMMENT 'Record Id'
) ENGINE=InnoDB DEFAULT CHARSET=utf8 COMMENT='Catalog Product Media Gallery Attribute Value Table';

--
-- Dumping data for table `mg_catalog_product_entity_media_gallery_value`
--

INSERT INTO `mg_catalog_product_entity_media_gallery_value` (`value_id`, `store_id`, `entity_id`, `label`, `position`, `disabled`, `record_id`) VALUES
(22, 0, 8, NULL, 1, 0, 22),
(23, 0, 8, NULL, 2, 0, 23),
(24, 0, 8, NULL, 3, 0, 24),
(25, 0, 9, NULL, 1, 0, 25),
(26, 0, 9, NULL, 2, 0, 26),
(27, 0, 9, NULL, 3, 0, 27),
(28, 0, 10, NULL, 1, 0, 28),
(29, 0, 10, NULL, 2, 0, 29),
(30, 0, 11, NULL, 1, 0, 33),
(31, 0, 11, NULL, 2, 0, 34),
(32, 0, 11, NULL, 3, 0, 35),
(10, 0, 4, NULL, 1, 0, 66),
(11, 0, 4, NULL, 2, 0, 67),
(12, 0, 4, NULL, 3, 0, 68),
(13, 0, 5, NULL, 1, 0, 69),
(14, 0, 5, NULL, 2, 0, 70),
(15, 0, 5, NULL, 3, 0, 71),
(44, 0, 26, 'Image', 1, 0, 114),
(43, 0, 25, 'Image Label', 1, 0, 115),
(42, 0, 24, 'Image Label', 1, 0, 116),
(19, 0, 7, NULL, 1, 0, 123),
(20, 0, 7, NULL, 2, 0, 124),
(21, 0, 7, NULL, 3, 0, 125),
(16, 0, 6, NULL, 1, 0, 126),
(17, 0, 6, NULL, 2, 0, 127),
(18, 0, 6, NULL, 3, 0, 128),
(7, 0, 3, NULL, 1, 0, 129),
(8, 0, 3, NULL, 2, 0, 130),
(9, 0, 3, NULL, 3, 0, 131),
(4, 0, 2, NULL, 1, 0, 132),
(5, 0, 2, NULL, 2, 0, 133),
(6, 0, 2, NULL, 3, 0, 134),
(1, 0, 1, NULL, 1, 0, 138),
(2, 0, 1, NULL, 2, 0, 139),
(3, 0, 1, NULL, 3, 0, 140);

--
-- Triggers `mg_catalog_product_entity_media_gallery_value`
--
DELIMITER $$
CREATE TRIGGER `trg_mg_catalog_product_entity_media_gallery_value_after_delete` AFTER DELETE ON `mg_catalog_product_entity_media_gallery_value` FOR EACH ROW BEGIN
INSERT IGNORE INTO `mg_scconnector_google_feed_cl` (`entity_id`) VALUES (OLD.`entity_id`);
END
$$
DELIMITER ;
DELIMITER $$
CREATE TRIGGER `trg_mg_catalog_product_entity_media_gallery_value_after_insert` AFTER INSERT ON `mg_catalog_product_entity_media_gallery_value` FOR EACH ROW BEGIN
INSERT IGNORE INTO `mg_scconnector_google_feed_cl` (`entity_id`) VALUES (NEW.`entity_id`);
END
$$
DELIMITER ;
DELIMITER $$
CREATE TRIGGER `trg_mg_catalog_product_entity_media_gallery_value_after_update` AFTER UPDATE ON `mg_catalog_product_entity_media_gallery_value` FOR EACH ROW BEGIN
IF (NEW.`value_id` <=> OLD.`value_id` OR NEW.`store_id` <=> OLD.`store_id` OR NEW.`entity_id` <=> OLD.`entity_id` OR NEW.`label` <=> OLD.`label` OR NEW.`position` <=> OLD.`position` OR NEW.`disabled` <=> OLD.`disabled` OR NEW.`record_id` <=> OLD.`record_id`) THEN INSERT IGNORE INTO `mg_scconnector_google_feed_cl` (`entity_id`) VALUES (NEW.`entity_id`); END IF;
END
$$
DELIMITER ;

-- --------------------------------------------------------

--
-- Table structure for table `mg_catalog_product_entity_media_gallery_value_to_entity`
--

CREATE TABLE `mg_catalog_product_entity_media_gallery_value_to_entity` (
  `value_id` int(10) UNSIGNED NOT NULL COMMENT 'Value media Entry ID',
  `entity_id` int(10) UNSIGNED NOT NULL COMMENT 'Product Entity ID'
) ENGINE=InnoDB DEFAULT CHARSET=utf8 COMMENT='Link Media value to Product entity table';

--
-- Dumping data for table `mg_catalog_product_entity_media_gallery_value_to_entity`
--

INSERT INTO `mg_catalog_product_entity_media_gallery_value_to_entity` (`value_id`, `entity_id`) VALUES
(1, 1),
(2, 1),
(3, 1),
(4, 2),
(5, 2),
(6, 2),
(7, 3),
(8, 3),
(9, 3),
(10, 4),
(11, 4),
(12, 4),
(13, 5),
(14, 5),
(15, 5),
(16, 6),
(17, 6),
(18, 6),
(19, 7),
(20, 7),
(21, 7),
(22, 8),
(23, 8),
(24, 8),
(25, 9),
(26, 9),
(27, 9),
(28, 10),
(29, 10),
(30, 11),
(31, 11),
(32, 11),
(42, 24),
(43, 25),
(44, 26);

-- --------------------------------------------------------

--
-- Table structure for table `mg_catalog_product_entity_media_gallery_value_video`
--

CREATE TABLE `mg_catalog_product_entity_media_gallery_value_video` (
  `value_id` int(10) UNSIGNED NOT NULL COMMENT 'Media Entity ID',
  `store_id` smallint(5) UNSIGNED NOT NULL DEFAULT '0' COMMENT 'Store ID',
  `provider` varchar(32) DEFAULT NULL COMMENT 'Video provider ID',
  `url` text COMMENT 'Video URL',
  `title` varchar(255) DEFAULT NULL COMMENT 'Title',
  `description` text COMMENT 'Page Meta Description',
  `metadata` text COMMENT 'Video meta data'
) ENGINE=InnoDB DEFAULT CHARSET=utf8 COMMENT='Catalog Product Video Table';

-- --------------------------------------------------------

--
-- Table structure for table `mg_catalog_product_entity_text`
--

CREATE TABLE `mg_catalog_product_entity_text` (
  `value_id` int(11) NOT NULL COMMENT 'Value ID',
  `attribute_id` smallint(5) UNSIGNED NOT NULL DEFAULT '0' COMMENT 'Attribute ID',
  `store_id` smallint(5) UNSIGNED NOT NULL DEFAULT '0' COMMENT 'Store ID',
  `entity_id` int(10) UNSIGNED NOT NULL DEFAULT '0' COMMENT 'Entity ID',
  `value` text COMMENT 'Value'
) ENGINE=InnoDB DEFAULT CHARSET=utf8 COMMENT='Catalog Product Text Attribute Backend Table';

--
-- Dumping data for table `mg_catalog_product_entity_text`
--

INSERT INTO `mg_catalog_product_entity_text` (`value_id`, `attribute_id`, `store_id`, `entity_id`, `value`) VALUES
(1, 75, 0, 1, 'Lorem ipsum dolor sit amet, an munere tibique consequat mel, congue albucius no qui, at everti meliore erroribus sea. Vero graeco cotidieque ea duo, in eirmod insolens interpretaris nam. Pro at nostrud percipit definitiones, eu tale porro cum. Sea ne accusata voluptatibus. Ne cum falli dolor voluptua, duo ei sonet choro facilisis, labores officiis torquatos cum ei.\r\n\r\nCum altera mandamus in, mea verear disputationi et. Vel regione discere ut, legere expetenda ut eos. In nam nibh invenire similique. Atqui mollis ea his, ius graecis accommodare te. No eam tota nostrum cotidieque. Est cu nibh clita. Sed an nominavi maiestatis, et duo corrumpit constituto, duo id rebum lucilius. Te eam iisque deseruisse, ipsum euismod his at. Eu putent habemus voluptua sit, sit cu rationibus scripserit, modus voluptaria ex per. Aeque dicam consulatu eu his, probatus neglegentur disputationi sit et. Ei nec ludus epicuri petentium, vis appetere maluisset ad. Et hinc exerci utinam cum. Sonet saperet nominavi est at, vel eu sumo tritani. Cum ex minim legere.\r\n\r\nEos cu utroque inermis invenire, eu pri alterum antiopam. Nisl erroribus definitiones nec an, ne mutat scripserit est. Eros veri ad pri. An soleat maluisset per. Has eu idque similique, et blandit scriptorem necessitatibus mea. Vis quaeque ocurreret ea.'),
(2, 76, 0, 1, 'Dolore eu feugiat nulla facilisis at vero eros et accumsan et iusto odio dignissim qui blandit praesent luptatum zzril delenit augue duis dolore te feugait nulla facilisi. Nam liber tempor cum soluta nobis eleifend option into nihil imperdiet doming id quod mazim placerat facer possim assum est notare.'),
(3, 85, 0, 1, 'Philips HR1861 Whole Fruit Juicer'),
(4, 75, 0, 2, 'Lorem ipsum dolor sit amet, an munere tibique consequat mel, congue albucius no qui, at everti meliore erroribus sea. Vero graeco cotidieque ea duo, in eirmod insolens interpretaris nam. Pro at nostrud percipit definitiones, eu tale porro cum. Sea ne accusata voluptatibus. Ne cum falli dolor voluptua, duo ei sonet choro facilisis, labores officiis torquatos cum ei.\r\n\r\nCum altera mandamus in, mea verear disputationi et. Vel regione discere ut, legere expetenda ut eos. In nam nibh invenire similique. Atqui mollis ea his, ius graecis accommodare te. No eam tota nostrum cotidieque. Est cu nibh clita. Sed an nominavi maiestatis, et duo corrumpit constituto, duo id rebum lucilius. Te eam iisque deseruisse, ipsum euismod his at. Eu putent habemus voluptua sit, sit cu rationibus scripserit, modus voluptaria ex per. Aeque dicam consulatu eu his, probatus neglegentur disputationi sit et. Ei nec ludus epicuri petentium, vis appetere maluisset ad. Et hinc exerci utinam cum. Sonet saperet nominavi est at, vel eu sumo tritani. Cum ex minim legere.\r\n\r\nEos cu utroque inermis invenire, eu pri alterum antiopam. Nisl erroribus definitiones nec an, ne mutat scripserit est. Eros veri ad pri. An soleat maluisset per. Has eu idque similique, et blandit scriptorem necessitatibus mea. Vis quaeque ocurreret ea.'),
(5, 76, 0, 2, 'Dolore eu feugiat nulla facilisis at vero eros et accumsan et iusto odio dignissim qui blandit praesent luptatum zzril delenit augue duis dolore te feugait nulla facilisi. Nam liber tempor cum soluta nobis eleifend option into nihil imperdiet doming id quod mazim placerat facer possim assum est notare.'),
(6, 85, 0, 2, 'Samsung Vacuum Cleaner Power'),
(7, 75, 0, 3, 'Lorem ipsum dolor sit amet, an munere tibique consequat mel, congue albucius no qui, at everti meliore erroribus sea. Vero graeco cotidieque ea duo, in eirmod insolens interpretaris nam. Pro at nostrud percipit definitiones, eu tale porro cum. Sea ne accusata voluptatibus. Ne cum falli dolor voluptua, duo ei sonet choro facilisis, labores officiis torquatos cum ei.\r\n\r\nCum altera mandamus in, mea verear disputationi et. Vel regione discere ut, legere expetenda ut eos. In nam nibh invenire similique. Atqui mollis ea his, ius graecis accommodare te. No eam tota nostrum cotidieque. Est cu nibh clita. Sed an nominavi maiestatis, et duo corrumpit constituto, duo id rebum lucilius. Te eam iisque deseruisse, ipsum euismod his at. Eu putent habemus voluptua sit, sit cu rationibus scripserit, modus voluptaria ex per. Aeque dicam consulatu eu his, probatus neglegentur disputationi sit et. Ei nec ludus epicuri petentium, vis appetere maluisset ad. Et hinc exerci utinam cum. Sonet saperet nominavi est at, vel eu sumo tritani. Cum ex minim legere.\r\n\r\nEos cu utroque inermis invenire, eu pri alterum antiopam. Nisl erroribus definitiones nec an, ne mutat scripserit est. Eros veri ad pri. An soleat maluisset per. Has eu idque similique, et blandit scriptorem necessitatibus mea. Vis quaeque ocurreret ea.'),
(8, 76, 0, 3, 'Dolore eu feugiat nulla facilisis at vero eros et accumsan et iusto odio dignissim qui blandit praesent luptatum zzril delenit augue duis dolore te feugait nulla facilisi. Nam liber tempor cum soluta nobis eleifend option into nihil imperdiet doming id quod mazim placerat facer possim assum est notare.'),
(9, 85, 0, 3, 'Fuhlen Mouse for Gamer'),
(10, 75, 0, 4, 'Lorem ipsum dolor sit amet, an munere tibique consequat mel, congue albucius no qui, at everti meliore erroribus sea. Vero graeco cotidieque ea duo, in eirmod insolens interpretaris nam. Pro at nostrud percipit definitiones, eu tale porro cum. Sea ne accusata voluptatibus. Ne cum falli dolor voluptua, duo ei sonet choro facilisis, labores officiis torquatos cum ei.\r\n\r\nCum altera mandamus in, mea verear disputationi et. Vel regione discere ut, legere expetenda ut eos. In nam nibh invenire similique. Atqui mollis ea his, ius graecis accommodare te. No eam tota nostrum cotidieque. Est cu nibh clita. Sed an nominavi maiestatis, et duo corrumpit constituto, duo id rebum lucilius. Te eam iisque deseruisse, ipsum euismod his at. Eu putent habemus voluptua sit, sit cu rationibus scripserit, modus voluptaria ex per. Aeque dicam consulatu eu his, probatus neglegentur disputationi sit et. Ei nec ludus epicuri petentium, vis appetere maluisset ad. Et hinc exerci utinam cum. Sonet saperet nominavi est at, vel eu sumo tritani. Cum ex minim legere.\r\n\r\nEos cu utroque inermis invenire, eu pri alterum antiopam. Nisl erroribus definitiones nec an, ne mutat scripserit est. Eros veri ad pri. An soleat maluisset per. Has eu idque similique, et blandit scriptorem necessitatibus mea. Vis quaeque ocurreret ea.'),
(11, 76, 0, 4, 'Dolore eu feugiat nulla facilisis at vero eros et accumsan et iusto odio dignissim qui blandit praesent luptatum zzril delenit augue duis dolore te feugait nulla facilisi. Nam liber tempor cum soluta nobis eleifend option into nihil imperdiet doming id quod mazim placerat facer possim assum est notare.'),
(12, 85, 0, 4, 'Acer Aspire S24 All In One PC'),
(13, 75, 0, 5, 'Lorem ipsum dolor sit amet, an munere tibique consequat mel, congue albucius no qui, at everti meliore erroribus sea. Vero graeco cotidieque ea duo, in eirmod insolens interpretaris nam. Pro at nostrud percipit definitiones, eu tale porro cum. Sea ne accusata voluptatibus. Ne cum falli dolor voluptua, duo ei sonet choro facilisis, labores officiis torquatos cum ei.\r\n\r\nCum altera mandamus in, mea verear disputationi et. Vel regione discere ut, legere expetenda ut eos. In nam nibh invenire similique. Atqui mollis ea his, ius graecis accommodare te. No eam tota nostrum cotidieque. Est cu nibh clita. Sed an nominavi maiestatis, et duo corrumpit constituto, duo id rebum lucilius. Te eam iisque deseruisse, ipsum euismod his at. Eu putent habemus voluptua sit, sit cu rationibus scripserit, modus voluptaria ex per. Aeque dicam consulatu eu his, probatus neglegentur disputationi sit et. Ei nec ludus epicuri petentium, vis appetere maluisset ad. Et hinc exerci utinam cum. Sonet saperet nominavi est at, vel eu sumo tritani. Cum ex minim legere.\r\n\r\nEos cu utroque inermis invenire, eu pri alterum antiopam. Nisl erroribus definitiones nec an, ne mutat scripserit est. Eros veri ad pri. An soleat maluisset per. Has eu idque similique, et blandit scriptorem necessitatibus mea. Vis quaeque ocurreret ea.'),
(14, 76, 0, 5, 'Dolore eu feugiat nulla facilisis at vero eros et accumsan et iusto odio dignissim qui blandit praesent luptatum zzril delenit augue duis dolore te feugait nulla facilisi. Nam liber tempor cum soluta nobis eleifend option into nihil imperdiet doming id quod mazim placerat facer possim assum est notare.'),
(15, 85, 0, 5, 'Washing Machines Elextrolux'),
(16, 75, 0, 6, 'Lorem ipsum dolor sit amet, an munere tibique consequat mel, congue albucius no qui, at everti meliore erroribus sea. Vero graeco cotidieque ea duo, in eirmod insolens interpretaris nam. Pro at nostrud percipit definitiones, eu tale porro cum. Sea ne accusata voluptatibus. Ne cum falli dolor voluptua, duo ei sonet choro facilisis, labores officiis torquatos cum ei.\r\n\r\nCum altera mandamus in, mea verear disputationi et. Vel regione discere ut, legere expetenda ut eos. In nam nibh invenire similique. Atqui mollis ea his, ius graecis accommodare te. No eam tota nostrum cotidieque. Est cu nibh clita. Sed an nominavi maiestatis, et duo corrumpit constituto, duo id rebum lucilius. Te eam iisque deseruisse, ipsum euismod his at. Eu putent habemus voluptua sit, sit cu rationibus scripserit, modus voluptaria ex per. Aeque dicam consulatu eu his, probatus neglegentur disputationi sit et. Ei nec ludus epicuri petentium, vis appetere maluisset ad. Et hinc exerci utinam cum. Sonet saperet nominavi est at, vel eu sumo tritani. Cum ex minim legere.\r\n\r\nEos cu utroque inermis invenire, eu pri alterum antiopam. Nisl erroribus definitiones nec an, ne mutat scripserit est. Eros veri ad pri. An soleat maluisset per. Has eu idque similique, et blandit scriptorem necessitatibus mea. Vis quaeque ocurreret ea.'),
(17, 76, 0, 6, 'Dolore eu feugiat nulla facilisis at vero eros et accumsan et iusto odio dignissim qui blandit praesent luptatum zzril delenit augue duis dolore te feugait nulla facilisi. Nam liber tempor cum soluta nobis eleifend option into nihil imperdiet doming id quod mazim placerat facer possim assum est notare.'),
(18, 85, 0, 6, 'Apple iMac 2017 21.5-inch Retina 4K'),
(19, 75, 0, 7, 'Lorem ipsum dolor sit amet, an munere tibique consequat mel, congue albucius no qui, at everti meliore erroribus sea. Vero graeco cotidieque ea duo, in eirmod insolens interpretaris nam. Pro at nostrud percipit definitiones, eu tale porro cum. Sea ne accusata voluptatibus. Ne cum falli dolor voluptua, duo ei sonet choro facilisis, labores officiis torquatos cum ei.\r\n\r\nCum altera mandamus in, mea verear disputationi et. Vel regione discere ut, legere expetenda ut eos. In nam nibh invenire similique. Atqui mollis ea his, ius graecis accommodare te. No eam tota nostrum cotidieque. Est cu nibh clita. Sed an nominavi maiestatis, et duo corrumpit constituto, duo id rebum lucilius. Te eam iisque deseruisse, ipsum euismod his at. Eu putent habemus voluptua sit, sit cu rationibus scripserit, modus voluptaria ex per. Aeque dicam consulatu eu his, probatus neglegentur disputationi sit et. Ei nec ludus epicuri petentium, vis appetere maluisset ad. Et hinc exerci utinam cum. Sonet saperet nominavi est at, vel eu sumo tritani. Cum ex minim legere.\r\n\r\nEos cu utroque inermis invenire, eu pri alterum antiopam. Nisl erroribus definitiones nec an, ne mutat scripserit est. Eros veri ad pri. An soleat maluisset per. Has eu idque similique, et blandit scriptorem necessitatibus mea. Vis quaeque ocurreret ea.'),
(20, 76, 0, 7, 'Dolore eu feugiat nulla facilisis at vero eros et accumsan et iusto odio dignissim qui blandit praesent luptatum zzril delenit augue duis dolore te feugait nulla facilisi. Nam liber tempor cum soluta nobis eleifend option into nihil imperdiet doming id quod mazim placerat facer possim assum est notare.'),
(21, 85, 0, 7, 'Beat Crossfade 2 Wireless Headphone'),
(22, 75, 0, 8, 'Lorem ipsum dolor sit amet, an munere tibique consequat mel, congue albucius no qui, at everti meliore erroribus sea. Vero graeco cotidieque ea duo, in eirmod insolens interpretaris nam. Pro at nostrud percipit definitiones, eu tale porro cum. Sea ne accusata voluptatibus. Ne cum falli dolor voluptua, duo ei sonet choro facilisis, labores officiis torquatos cum ei.\r\n\r\nCum altera mandamus in, mea verear disputationi et. Vel regione discere ut, legere expetenda ut eos. In nam nibh invenire similique. Atqui mollis ea his, ius graecis accommodare te. No eam tota nostrum cotidieque. Est cu nibh clita. Sed an nominavi maiestatis, et duo corrumpit constituto, duo id rebum lucilius. Te eam iisque deseruisse, ipsum euismod his at. Eu putent habemus voluptua sit, sit cu rationibus scripserit, modus voluptaria ex per. Aeque dicam consulatu eu his, probatus neglegentur disputationi sit et. Ei nec ludus epicuri petentium, vis appetere maluisset ad. Et hinc exerci utinam cum. Sonet saperet nominavi est at, vel eu sumo tritani. Cum ex minim legere.\r\n\r\nEos cu utroque inermis invenire, eu pri alterum antiopam. Nisl erroribus definitiones nec an, ne mutat scripserit est. Eros veri ad pri. An soleat maluisset per. Has eu idque similique, et blandit scriptorem necessitatibus mea. Vis quaeque ocurreret ea.\r\n\r\n \r\n'),
(23, 76, 0, 8, 'Dolore eu feugiat nulla facilisis at vero eros et accumsan et iusto odio dignissim qui blandit praesent luptatum zzril delenit augue duis dolore te feugait nulla facilisi. Nam liber tempor cum soluta nobis eleifend option into nihil imperdiet doming id quod mazim placerat facer possim assum est notare.'),
(24, 85, 0, 8, 'Navy Skinny Fit Suit With Wool'),
(25, 75, 0, 9, 'Lorem ipsum dolor sit amet, an munere tibique consequat mel, congue albucius no qui, at everti meliore erroribus sea. Vero graeco cotidieque ea duo, in eirmod insolens interpretaris nam. Pro at nostrud percipit definitiones, eu tale porro cum. Sea ne accusata voluptatibus. Ne cum falli dolor voluptua, duo ei sonet choro facilisis, labores officiis torquatos cum ei.\r\n\r\nCum altera mandamus in, mea verear disputationi et. Vel regione discere ut, legere expetenda ut eos. In nam nibh invenire similique. Atqui mollis ea his, ius graecis accommodare te. No eam tota nostrum cotidieque. Est cu nibh clita. Sed an nominavi maiestatis, et duo corrumpit constituto, duo id rebum lucilius. Te eam iisque deseruisse, ipsum euismod his at. Eu putent habemus voluptua sit, sit cu rationibus scripserit, modus voluptaria ex per. Aeque dicam consulatu eu his, probatus neglegentur disputationi sit et. Ei nec ludus epicuri petentium, vis appetere maluisset ad. Et hinc exerci utinam cum. Sonet saperet nominavi est at, vel eu sumo tritani. Cum ex minim legere.\r\n\r\nEos cu utroque inermis invenire, eu pri alterum antiopam. Nisl erroribus definitiones nec an, ne mutat scripserit est. Eros veri ad pri. An soleat maluisset per. Has eu idque similique, et blandit scriptorem necessitatibus mea. Vis quaeque ocurreret ea.'),
(26, 76, 0, 9, 'Dolore eu feugiat nulla facilisis at vero eros et accumsan et iusto odio dignissim qui blandit praesent luptatum zzril delenit augue duis dolore te feugait nulla facilisi. Nam liber tempor cum soluta nobis eleifend option into nihil imperdiet doming id quod mazim placerat facer possim assum est notare.'),
(27, 85, 0, 9, 'Outdoor Crossbody Bag'),
(28, 75, 0, 10, 'Lorem ipsum dolor sit amet, an munere tibique consequat mel, congue albucius no qui, at everti meliore erroribus sea. Vero graeco cotidieque ea duo, in eirmod insolens interpretaris nam. Pro at nostrud percipit definitiones, eu tale porro cum. Sea ne accusata voluptatibus. Ne cum falli dolor voluptua, duo ei sonet choro facilisis, labores officiis torquatos cum ei.\r\n\r\nCum altera mandamus in, mea verear disputationi et. Vel regione discere ut, legere expetenda ut eos. In nam nibh invenire similique. Atqui mollis ea his, ius graecis accommodare te. No eam tota nostrum cotidieque. Est cu nibh clita. Sed an nominavi maiestatis, et duo corrumpit constituto, duo id rebum lucilius. Te eam iisque deseruisse, ipsum euismod his at. Eu putent habemus voluptua sit, sit cu rationibus scripserit, modus voluptaria ex per. Aeque dicam consulatu eu his, probatus neglegentur disputationi sit et. Ei nec ludus epicuri petentium, vis appetere maluisset ad. Et hinc exerci utinam cum. Sonet saperet nominavi est at, vel eu sumo tritani. Cum ex minim legere.\r\n\r\nEos cu utroque inermis invenire, eu pri alterum antiopam. Nisl erroribus definitiones nec an, ne mutat scripserit est. Eros veri ad pri. An soleat maluisset per. Has eu idque similique, et blandit scriptorem necessitatibus mea. Vis quaeque ocurreret ea.'),
(29, 76, 0, 10, 'Dolore eu feugiat nulla facilisis at vero eros et accumsan et iusto odio dignissim qui blandit praesent luptatum zzril delenit augue duis dolore te feugait nulla facilisi. Nam liber tempor cum soluta nobis eleifend option into nihil imperdiet doming id quod mazim placerat facer possim assum est notare.'),
(30, 85, 0, 10, 'Zara Women Leather Bag'),
(31, 75, 0, 11, 'Lorem ipsum dolor sit amet, an munere tibique consequat mel, congue albucius no qui, at everti meliore erroribus sea. Vero graeco cotidieque ea duo, in eirmod insolens interpretaris nam. Pro at nostrud percipit definitiones, eu tale porro cum. Sea ne accusata voluptatibus. Ne cum falli dolor voluptua, duo ei sonet choro facilisis, labores officiis torquatos cum ei.\r\n\r\nCum altera mandamus in, mea verear disputationi et. Vel regione discere ut, legere expetenda ut eos. In nam nibh invenire similique. Atqui mollis ea his, ius graecis accommodare te. No eam tota nostrum cotidieque. Est cu nibh clita. Sed an nominavi maiestatis, et duo corrumpit constituto, duo id rebum lucilius. Te eam iisque deseruisse, ipsum euismod his at. Eu putent habemus voluptua sit, sit cu rationibus scripserit, modus voluptaria ex per. Aeque dicam consulatu eu his, probatus neglegentur disputationi sit et. Ei nec ludus epicuri petentium, vis appetere maluisset ad. Et hinc exerci utinam cum. Sonet saperet nominavi est at, vel eu sumo tritani. Cum ex minim legere.\r\n\r\nEos cu utroque inermis invenire, eu pri alterum antiopam. Nisl erroribus definitiones nec an, ne mutat scripserit est. Eros veri ad pri. An soleat maluisset per. Has eu idque similique, et blandit scriptorem necessitatibus mea. Vis quaeque ocurreret ea.'),
(32, 76, 0, 11, 'Dolore eu feugiat nulla facilisis at vero eros et accumsan et iusto odio dignissim qui blandit praesent luptatum zzril delenit augue duis dolore te feugait nulla facilisi. Nam liber tempor cum soluta nobis eleifend option into nihil imperdiet doming id quod mazim placerat facer possim assum est notare.\r\n\r\n'),
(33, 85, 0, 11, 'Printed & Cold Shoulder T Shirts'),
(34, 85, 0, 12, 'Getfastdeal'),
(35, 85, 0, 13, 'simplee'),
(36, 85, 0, 14, 'simplee'),
(52, 75, 0, 17, '<p>The Sprite Yoga Strap is your untiring partner in demanding stretches, holds and alignment routines. The strap\'s 100% organic cotton fabric is woven tightly to form a soft, textured yet non-slip surface. The plastic clasp buckle is easily adjustable, lightweight and durable under strain.</p><ul><li>8\' long x 1.0\" wide.<li>100% soft and durable cotton.<li>Plastic cinch buckle is easy to use.<li>Three natural colors made from phthalate and heavy metal free dyes.</ul>'),
(53, 85, 0, 17, 'meta1, meta2, meta4'),
(68, 75, 0, 24, '<p>The Sprite Yoga Strap is your untiring partner in demanding stretches, holds and alignment routines. The strap\'s 100% organic cotton fabric is woven tightly to form a soft, textured yet non-slip surface. The plastic clasp buckle is easily adjustable, lightweight and urable under strain.</p><ul><li>100% soft and durable cotton.<li>Plastic cinch buckle is easy to use.<li>Three natural colors made from phthalate and heavy metal free dyes.</ul>'),
(69, 85, 0, 24, 'meta1, meta2, meta3'),
(70, 75, 0, 25, '<p>The Sprite Yoga Strap is your untiring partner in demanding stretches, holds and alignment routines. The strap\'s 100% organic cotton fabric is woven tightly to form a soft, textured yet non-slip surface. The plastic clasp buckle is easily adjustable, lightweight and durable under strain.</p><ul><li>10\' long x 1.0\" wide.<li>100% soft and durable cotton.<li>Plastic cinch buckle is easy to use.<li>Three natural colors made from phthalate and heavy metal free dyes.</ul>'),
(71, 85, 0, 25, 'meta1, meta2, meta5'),
(72, 75, 0, 26, '<p>Great set of Sprite Yoga Straps for every stretch and hold you need. There are three straps in this set: 6\', 8\' and 10\'.</p><ul><li>100% soft and durable cotton.</li><li>Plastic cinch buckle is easy to use.</li><li>Choice of three natural colors made from phthalate and heavy metal free dyes.</li></ul>'),
(73, 85, 0, 26, 'meta1, meta2, meta6'),
(74, 85, 0, 27, 'qqq'),
(75, 85, 0, 28, 'admin');

--
-- Triggers `mg_catalog_product_entity_text`
--
DELIMITER $$
CREATE TRIGGER `trg_mg_catalog_product_entity_text_after_delete` AFTER DELETE ON `mg_catalog_product_entity_text` FOR EACH ROW BEGIN
INSERT IGNORE INTO `mg_scconnector_google_feed_cl` (`entity_id`) VALUES (OLD.`entity_id`);
END
$$
DELIMITER ;
DELIMITER $$
CREATE TRIGGER `trg_mg_catalog_product_entity_text_after_insert` AFTER INSERT ON `mg_catalog_product_entity_text` FOR EACH ROW BEGIN
INSERT IGNORE INTO `mg_scconnector_google_feed_cl` (`entity_id`) VALUES (NEW.`entity_id`);
END
$$
DELIMITER ;
DELIMITER $$
CREATE TRIGGER `trg_mg_catalog_product_entity_text_after_update` AFTER UPDATE ON `mg_catalog_product_entity_text` FOR EACH ROW BEGIN
IF (NEW.`value_id` <=> OLD.`value_id` OR NEW.`attribute_id` <=> OLD.`attribute_id` OR NEW.`store_id` <=> OLD.`store_id` OR NEW.`entity_id` <=> OLD.`entity_id` OR NEW.`value` <=> OLD.`value`) THEN INSERT IGNORE INTO `mg_scconnector_google_feed_cl` (`entity_id`) VALUES (NEW.`entity_id`); END IF;
END
$$
DELIMITER ;

-- --------------------------------------------------------

--
-- Table structure for table `mg_catalog_product_entity_tier_price`
--

CREATE TABLE `mg_catalog_product_entity_tier_price` (
  `value_id` int(11) NOT NULL COMMENT 'Value ID',
  `entity_id` int(10) UNSIGNED NOT NULL DEFAULT '0' COMMENT 'Entity ID',
  `all_groups` smallint(5) UNSIGNED NOT NULL DEFAULT '1' COMMENT 'Is Applicable To All Customer Groups',
  `customer_group_id` int(10) UNSIGNED NOT NULL DEFAULT '0' COMMENT 'Customer Group ID',
  `qty` decimal(12,4) NOT NULL DEFAULT '1.0000' COMMENT 'QTY',
  `value` decimal(20,6) NOT NULL DEFAULT '0.000000' COMMENT 'Value',
  `website_id` smallint(5) UNSIGNED NOT NULL COMMENT 'Website ID',
  `percentage_value` decimal(5,2) DEFAULT NULL COMMENT 'Percentage value'
) ENGINE=InnoDB DEFAULT CHARSET=utf8 COMMENT='Catalog Product Tier Price Attribute Backend Table';

--
-- Triggers `mg_catalog_product_entity_tier_price`
--
DELIMITER $$
CREATE TRIGGER `trg_mg_catalog_product_entity_tier_price_after_delete` AFTER DELETE ON `mg_catalog_product_entity_tier_price` FOR EACH ROW BEGIN
INSERT IGNORE INTO `mg_scconnector_google_feed_cl` (`entity_id`) VALUES (OLD.`entity_id`);
END
$$
DELIMITER ;
DELIMITER $$
CREATE TRIGGER `trg_mg_catalog_product_entity_tier_price_after_insert` AFTER INSERT ON `mg_catalog_product_entity_tier_price` FOR EACH ROW BEGIN
INSERT IGNORE INTO `mg_scconnector_google_feed_cl` (`entity_id`) VALUES (NEW.`entity_id`);
END
$$
DELIMITER ;
DELIMITER $$
CREATE TRIGGER `trg_mg_catalog_product_entity_tier_price_after_update` AFTER UPDATE ON `mg_catalog_product_entity_tier_price` FOR EACH ROW BEGIN
IF (NEW.`value_id` <=> OLD.`value_id` OR NEW.`entity_id` <=> OLD.`entity_id` OR NEW.`all_groups` <=> OLD.`all_groups` OR NEW.`customer_group_id` <=> OLD.`customer_group_id` OR NEW.`qty` <=> OLD.`qty` OR NEW.`value` <=> OLD.`value` OR NEW.`website_id` <=> OLD.`website_id` OR NEW.`percentage_value` <=> OLD.`percentage_value`) THEN INSERT IGNORE INTO `mg_scconnector_google_feed_cl` (`entity_id`) VALUES (NEW.`entity_id`); END IF;
END
$$
DELIMITER ;

-- --------------------------------------------------------

--
-- Table structure for table `mg_catalog_product_entity_varchar`
--

CREATE TABLE `mg_catalog_product_entity_varchar` (
  `value_id` int(11) NOT NULL COMMENT 'Value ID',
  `attribute_id` smallint(5) UNSIGNED NOT NULL DEFAULT '0' COMMENT 'Attribute ID',
  `store_id` smallint(5) UNSIGNED NOT NULL DEFAULT '0' COMMENT 'Store ID',
  `entity_id` int(10) UNSIGNED NOT NULL DEFAULT '0' COMMENT 'Entity ID',
  `value` varchar(255) DEFAULT NULL COMMENT 'Value'
) ENGINE=InnoDB DEFAULT CHARSET=utf8 COMMENT='Catalog Product Varchar Attribute Backend Table';

--
-- Dumping data for table `mg_catalog_product_entity_varchar`
--

INSERT INTO `mg_catalog_product_entity_varchar` (`value_id`, `attribute_id`, `store_id`, `entity_id`, `value`) VALUES
(1, 73, 0, 1, 'Philips HR1861 Whole Fruit Juicer'),
(2, 84, 0, 1, 'Philips HR1861 Whole Fruit Juicer'),
(3, 86, 0, 1, 'Philips HR1861 Whole Fruit Juicer Lorem ipsum dolor sit amet, an munere tibique consequat mel, congue albucius no qui, at everti meliore erroribus sea. Vero graeco cotidieque ea duo, in eirmod insolens interpretaris nam. Pro at nostrud percipit definition'),
(4, 87, 0, 1, '/p/h/philips_hr1861_whole_fruit_juicer_1_.jpg'),
(5, 88, 0, 1, '/p/h/philips_hr1861_whole_fruit_juicer_1_.jpg'),
(6, 89, 0, 1, '/p/h/philips_hr1861_whole_fruit_juicer_1_.jpg'),
(7, 106, 0, 1, 'container2'),
(8, 114, 0, 1, 'IN'),
(9, 118, 0, 1, '0'),
(10, 121, 0, 1, 'philips-hr1861-whole-fruit-juicer'),
(11, 132, 0, 1, '2'),
(12, 133, 0, 1, '/p/h/philips_hr1861_whole_fruit_juicer_1_.jpg'),
(13, 139, 0, 1, '18'),
(18, 73, 0, 2, 'Samsung Vacuum Cleaner Power'),
(19, 84, 0, 2, 'Samsung Vacuum Cleaner Power'),
(20, 86, 0, 2, 'Samsung Vacuum Cleaner Power Lorem ipsum dolor sit amet, an munere tibique consequat mel, congue albucius no qui, at everti meliore erroribus sea. Vero graeco cotidieque ea duo, in eirmod insolens interpretaris nam. Pro at nostrud percipit definitiones, e'),
(21, 87, 0, 2, '/s/a/samsung_vacuum_cleaner_power_2_1.jpg'),
(22, 88, 0, 2, '/s/a/samsung_vacuum_cleaner_power_2_1.jpg'),
(23, 89, 0, 2, '/s/a/samsung_vacuum_cleaner_power_2_1.jpg'),
(24, 106, 0, 2, 'container2'),
(25, 118, 0, 2, '0'),
(26, 121, 0, 2, 'samsung-vacuum-cleaner-power'),
(27, 132, 0, 2, '2'),
(28, 133, 0, 2, '/s/a/samsung_vacuum_cleaner_power_2_1.jpg'),
(29, 139, 0, 2, '0'),
(34, 73, 0, 3, 'Fuhlen Mouse for Gamer'),
(35, 84, 0, 3, 'Fuhlen Mouse for Gamer'),
(36, 86, 0, 3, 'Fuhlen Mouse for Gamer Lorem ipsum dolor sit amet, an munere tibique consequat mel, congue albucius no qui, at everti meliore erroribus sea. Vero graeco cotidieque ea duo, in eirmod insolens interpretaris nam. Pro at nostrud percipit definitiones, eu tale'),
(37, 87, 0, 3, '/f/u/fuhlen_mouse_for_gamer_1.jpg'),
(38, 88, 0, 3, '/f/u/fuhlen_mouse_for_gamer_1.jpg'),
(39, 89, 0, 3, '/f/u/fuhlen_mouse_for_gamer_1.jpg'),
(40, 106, 0, 3, 'container2'),
(41, 118, 0, 3, '0'),
(42, 121, 0, 3, 'fuhlen-mouse-for-gamer'),
(43, 132, 0, 3, '2'),
(44, 133, 0, 3, '/f/u/fuhlen_mouse_for_gamer_1.jpg'),
(45, 139, 0, 3, '0'),
(50, 73, 0, 4, 'Acer Aspire S24 All In One PC'),
(51, 84, 0, 4, 'Acer Aspire S24 All In One PC'),
(52, 86, 0, 4, 'Acer Aspire S24 All In One PC Lorem ipsum dolor sit amet, an munere tibique consequat mel, congue albucius no qui, at everti meliore erroribus sea. Vero graeco cotidieque ea duo, in eirmod insolens interpretaris nam. Pro at nostrud percipit definitiones, '),
(53, 87, 0, 4, '/a/c/acer_aspire_s24_all-in-one_pc_2_1.jpg'),
(54, 88, 0, 4, '/a/c/acer_aspire_s24_all-in-one_pc_2_1.jpg'),
(55, 89, 0, 4, '/a/c/acer_aspire_s24_all-in-one_pc_2_1.jpg'),
(56, 106, 0, 4, 'container2'),
(57, 118, 0, 4, '0'),
(58, 121, 0, 4, 'acer-aspire-s24-all-in-one-pc'),
(59, 132, 0, 4, '2'),
(60, 133, 0, 4, '/a/c/acer_aspire_s24_all-in-one_pc_2_1.jpg'),
(61, 139, 0, 4, '0'),
(66, 73, 0, 5, 'Washing Machines Elextrolux'),
(67, 84, 0, 5, 'Washing Machines Elextrolux'),
(68, 86, 0, 5, 'Washing Machines Elextrolux Lorem ipsum dolor sit amet, an munere tibique consequat mel, congue albucius no qui, at everti meliore erroribus sea. Vero graeco cotidieque ea duo, in eirmod insolens interpretaris nam. Pro at nostrud percipit definitiones, eu'),
(69, 87, 0, 5, '/w/a/washing_machines_elextrolux.jpg'),
(70, 88, 0, 5, '/w/a/washing_machines_elextrolux.jpg'),
(71, 89, 0, 5, '/w/a/washing_machines_elextrolux.jpg'),
(72, 106, 0, 5, 'container2'),
(73, 118, 0, 5, '0'),
(74, 121, 0, 5, 'washing-machines-elextrolux'),
(75, 132, 0, 5, '2'),
(76, 133, 0, 5, '/w/a/washing_machines_elextrolux.jpg'),
(77, 139, 0, 5, '0'),
(82, 73, 0, 6, 'Apple iMac 2017 21.5-inch Retina 4K'),
(83, 84, 0, 6, 'Apple iMac 2017 21.5-inch Retina 4K'),
(84, 86, 0, 6, 'Apple iMac 2017 21.5-inch Retina 4K Lorem ipsum dolor sit amet, an munere tibique consequat mel, congue albucius no qui, at everti meliore erroribus sea. Vero graeco cotidieque ea duo, in eirmod insolens interpretaris nam. Pro at nostrud percipit definiti'),
(85, 87, 0, 6, '/a/p/apple_imac_2017_21.5-inch_retina_4k_3.jpg'),
(86, 88, 0, 6, '/a/p/apple_imac_2017_21.5-inch_retina_4k_3.jpg'),
(87, 89, 0, 6, '/a/p/apple_imac_2017_21.5-inch_retina_4k_3.jpg'),
(88, 106, 0, 6, 'container2'),
(89, 114, 0, 6, 'IN'),
(90, 118, 0, 6, '0'),
(91, 121, 0, 6, 'apple-imac-2017-21-5-inch-retina-4k'),
(92, 132, 0, 6, '2'),
(93, 133, 0, 6, '/a/p/apple_imac_2017_21.5-inch_retina_4k_3.jpg'),
(94, 139, 0, 6, '0'),
(99, 73, 0, 7, 'Beat Crossfade 2 Wireless Headphone'),
(100, 84, 0, 7, 'Beat Crossfade 2 Wireless Headphone'),
(101, 86, 0, 7, 'Beat Crossfade 2 Wireless Headphone Lorem ipsum dolor sit amet, an munere tibique consequat mel, congue albucius no qui, at everti meliore erroribus sea. Vero graeco cotidieque ea duo, in eirmod insolens interpretaris nam. Pro at nostrud percipit definiti'),
(102, 87, 0, 7, '/b/e/beat_crossfade_2_wireless_headphone_1_1.jpg'),
(103, 88, 0, 7, '/b/e/beat_crossfade_2_wireless_headphone_1_1.jpg'),
(104, 89, 0, 7, '/b/e/beat_crossfade_2_wireless_headphone_1_1.jpg'),
(105, 106, 0, 7, 'container2'),
(106, 118, 0, 7, '0'),
(107, 121, 0, 7, 'beat-crossfade-2-wireless-headphone'),
(108, 132, 0, 7, '2'),
(109, 133, 0, 7, '/b/e/beat_crossfade_2_wireless_headphone_1_1.jpg'),
(110, 139, 0, 7, '0'),
(115, 73, 0, 8, 'Navy Skinny Fit Suit With Wool'),
(116, 84, 0, 8, 'Navy Skinny Fit Suit With Wool'),
(117, 86, 0, 8, 'Navy Skinny Fit Suit With Wool Lorem ipsum dolor sit amet, an munere tibique consequat mel, congue albucius no qui, at everti meliore erroribus sea. Vero graeco cotidieque ea duo, in eirmod insolens interpretaris nam. Pro at nostrud percipit definitiones,'),
(118, 87, 0, 8, '/n/a/navy_skinny_fit_suit_with_wool.jpg'),
(119, 88, 0, 8, '/n/a/navy_skinny_fit_suit_with_wool.jpg'),
(120, 89, 0, 8, '/n/a/navy_skinny_fit_suit_with_wool.jpg'),
(121, 106, 0, 8, 'container2'),
(122, 118, 0, 8, '0'),
(123, 121, 0, 8, 'navy-skinny-fit-suit-with-wool'),
(124, 132, 0, 8, '2'),
(125, 133, 0, 8, '/n/a/navy_skinny_fit_suit_with_wool.jpg'),
(126, 139, 0, 8, '0'),
(131, 73, 0, 9, 'Outdoor Crossbody Bag'),
(132, 84, 0, 9, 'Outdoor Crossbody Bag'),
(133, 86, 0, 9, 'Outdoor Crossbody Bag Lorem ipsum dolor sit amet, an munere tibique consequat mel, congue albucius no qui, at everti meliore erroribus sea. Vero graeco cotidieque ea duo, in eirmod insolens interpretaris nam. Pro at nostrud percipit definitiones, eu tale '),
(134, 87, 0, 9, '/o/u/outdoor_crossbody_bag_1.jpg'),
(135, 88, 0, 9, '/o/u/outdoor_crossbody_bag_1.jpg'),
(136, 89, 0, 9, '/o/u/outdoor_crossbody_bag_1.jpg'),
(137, 106, 0, 9, 'container2'),
(138, 118, 0, 9, '0'),
(139, 121, 0, 9, 'outdoor-crossbody-bag'),
(140, 132, 0, 9, '2'),
(141, 133, 0, 9, '/o/u/outdoor_crossbody_bag_1.jpg'),
(142, 139, 0, 9, '0'),
(147, 73, 0, 10, 'Zara Women Leather Bag'),
(148, 84, 0, 10, 'Zara Women Leather Bag'),
(149, 86, 0, 10, 'Zara Women Leather Bag Lorem ipsum dolor sit amet, an munere tibique consequat mel, congue albucius no qui, at everti meliore erroribus sea. Vero graeco cotidieque ea duo, in eirmod insolens interpretaris nam. Pro at nostrud percipit definitiones, eu tale'),
(150, 87, 0, 10, '/z/a/zara_women_leather_bag.jpg'),
(151, 88, 0, 10, '/z/a/zara_women_leather_bag.jpg'),
(152, 89, 0, 10, '/z/a/zara_women_leather_bag.jpg'),
(153, 106, 0, 10, 'container2'),
(154, 118, 0, 10, '0'),
(155, 121, 0, 10, 'zara-women-leather-bag'),
(156, 132, 0, 10, '2'),
(157, 133, 0, 10, '/z/a/zara_women_leather_bag.jpg'),
(158, 139, 0, 10, '0'),
(163, 73, 0, 11, 'Printed & Cold Shoulder T Shirts'),
(164, 84, 0, 11, 'Printed & Cold Shoulder T Shirts'),
(165, 86, 0, 11, 'Printed & Cold Shoulder T Shirts Lorem ipsum dolor sit amet, an munere tibique consequat mel, congue albucius no qui, at everti meliore erroribus sea. Vero graeco cotidieque ea duo, in eirmod insolens interpretaris nam. Pro at nostrud percipit definitione'),
(166, 87, 0, 11, '/p/r/printed_cold_shoulder_t_shirts_3_1_1.jpg'),
(167, 88, 0, 11, '/p/r/printed_cold_shoulder_t_shirts_3_1_1.jpg'),
(168, 89, 0, 11, '/p/r/printed_cold_shoulder_t_shirts_3_1_1.jpg'),
(169, 106, 0, 11, 'container2'),
(170, 118, 0, 11, '0'),
(171, 121, 0, 11, 'printed-cold-shoulder-t-shirts'),
(172, 132, 0, 11, '2'),
(173, 133, 0, 11, '/p/r/printed_cold_shoulder_t_shirts_3_1_1.jpg'),
(174, 139, 0, 11, '0'),
(183, 73, 0, 12, 'Getfastdeal'),
(184, 84, 0, 12, 'Getfastdeal'),
(185, 86, 0, 12, 'Getfastdeal '),
(186, 106, 0, 12, 'container2'),
(187, 114, 0, 12, 'GB'),
(188, 118, 0, 12, '0'),
(189, 121, 0, 12, 'getfastdeal'),
(190, 132, 0, 12, '2'),
(191, 139, 0, 12, '0.25'),
(192, 73, 0, 13, 'simplee'),
(193, 84, 0, 13, 'simplee'),
(194, 86, 0, 13, 'simplee '),
(195, 106, 0, 13, 'container2'),
(196, 118, 0, 13, '0'),
(197, 121, 0, 13, 'simplee'),
(198, 132, 0, 13, '2'),
(199, 139, 0, 13, '5'),
(200, 73, 0, 14, 'simpcsvlee'),
(201, 84, 0, 14, 'simplee'),
(202, 86, 0, 14, 'simplee '),
(203, 106, 0, 14, 'container2'),
(204, 118, 0, 14, '0'),
(205, 121, 0, 14, 'simplecsve'),
(206, 132, 0, 14, '2'),
(207, 139, 0, 14, '0.25'),
(366, 109, 0, 17, 'Image Label'),
(367, 110, 0, 17, 'Image Label'),
(368, 111, 0, 17, 'Image Label'),
(369, 73, 0, 17, 'Sprite Yoga Strap 8 foot'),
(370, 84, 0, 17, 'Meta Title'),
(371, 86, 0, 17, 'meta description'),
(372, 87, 0, 17, '/l/u/luma-yoga-strap.jpg'),
(373, 88, 0, 17, '/l/u/luma-yoga-strap.jpg'),
(374, 89, 0, 17, '/l/u/luma-yoga-strap.jpg'),
(375, 106, 0, 17, 'container2'),
(376, 118, 0, 17, '0'),
(377, 121, 0, 17, 'sprite-yoga-strap-8-foot'),
(534, 109, 0, 24, 'Image Label'),
(535, 110, 0, 24, 'Image Label'),
(536, 111, 0, 24, 'Image Label'),
(537, 73, 0, 24, 'Sprite Yoga Strap 6 foot'),
(538, 84, 0, 24, 'Meta Title'),
(539, 86, 0, 24, 'meta description'),
(540, 87, 0, 24, '/1/5/1568810560watch.jpg'),
(541, 88, 0, 24, '/1/5/1568810560watch.jpg'),
(542, 89, 0, 24, '/1/5/1568810560watch.jpg'),
(543, 106, 0, 24, 'container2'),
(544, 118, 0, 24, '0'),
(545, 121, 0, 24, 'sprite-yoga-strap-6-foot'),
(546, 109, 0, 25, 'Image Label'),
(547, 110, 0, 25, 'Image Label'),
(548, 111, 0, 25, 'Image Label'),
(549, 73, 0, 25, 'Sprite Yoga Strap 10 foot'),
(550, 84, 0, 25, 'Meta Title'),
(551, 86, 0, 25, 'meta description'),
(552, 87, 0, 25, '/1/5/1568810560watch.jpg'),
(553, 88, 0, 25, '/1/5/1568810560watch.jpg'),
(554, 89, 0, 25, '/1/5/1568810560watch.jpg'),
(555, 106, 0, 25, 'container2'),
(556, 118, 0, 25, '0'),
(557, 121, 0, 25, 'sprite-yoga-strap-10-foot'),
(558, 73, 0, 26, 'Set of Sprite Yoga Straps'),
(559, 84, 0, 26, 'Meta Title'),
(560, 86, 0, 26, 'meta description'),
(561, 87, 0, 26, '/1/5/1568810560watch.jpg'),
(562, 88, 0, 26, '/1/5/1568810560watch.jpg'),
(563, 89, 0, 26, '/1/5/1568810560watch.jpg'),
(564, 106, 0, 26, 'container2'),
(565, 109, 0, 26, 'Image'),
(566, 110, 0, 26, 'Image'),
(567, 111, 0, 26, 'Image'),
(568, 121, 0, 26, 'set-of-sprite-yoga-straps'),
(569, 73, 0, 27, 'qqq'),
(570, 84, 0, 27, 'qqq'),
(571, 86, 0, 27, 'qqq '),
(572, 106, 0, 27, 'container2'),
(573, 118, 0, 27, '0'),
(574, 121, 0, 27, 'qqq'),
(575, 132, 0, 27, '2'),
(576, 139, 0, 27, '0'),
(577, 73, 0, 28, 'admin'),
(578, 84, 0, 28, 'admin'),
(579, 86, 0, 28, 'admin '),
(580, 106, 0, 28, 'container2'),
(581, 118, 0, 28, '0'),
(582, 121, 0, 28, 'admin'),
(583, 132, 0, 28, '2'),
(584, 139, 0, 28, '0'),
(585, 194, 0, 1, 'none'),
(586, 197, 0, 1, 'IN');

--
-- Triggers `mg_catalog_product_entity_varchar`
--
DELIMITER $$
CREATE TRIGGER `trg_mg_catalog_product_entity_varchar_after_delete` AFTER DELETE ON `mg_catalog_product_entity_varchar` FOR EACH ROW BEGIN
INSERT IGNORE INTO `mg_scconnector_google_feed_cl` (`entity_id`) VALUES (OLD.`entity_id`);
END
$$
DELIMITER ;
DELIMITER $$
CREATE TRIGGER `trg_mg_catalog_product_entity_varchar_after_insert` AFTER INSERT ON `mg_catalog_product_entity_varchar` FOR EACH ROW BEGIN
INSERT IGNORE INTO `mg_scconnector_google_feed_cl` (`entity_id`) VALUES (NEW.`entity_id`);
END
$$
DELIMITER ;
DELIMITER $$
CREATE TRIGGER `trg_mg_catalog_product_entity_varchar_after_update` AFTER UPDATE ON `mg_catalog_product_entity_varchar` FOR EACH ROW BEGIN
IF (NEW.`value_id` <=> OLD.`value_id` OR NEW.`attribute_id` <=> OLD.`attribute_id` OR NEW.`store_id` <=> OLD.`store_id` OR NEW.`entity_id` <=> OLD.`entity_id` OR NEW.`value` <=> OLD.`value`) THEN INSERT IGNORE INTO `mg_scconnector_google_feed_cl` (`entity_id`) VALUES (NEW.`entity_id`); END IF;
END
$$
DELIMITER ;

-- --------------------------------------------------------

--
-- Table structure for table `mg_catalog_product_frontend_action`
--

CREATE TABLE `mg_catalog_product_frontend_action` (
  `action_id` bigint(20) UNSIGNED NOT NULL COMMENT 'Product Action Id',
  `type_id` varchar(64) NOT NULL COMMENT 'Type of product action',
  `visitor_id` int(10) UNSIGNED DEFAULT NULL COMMENT 'Visitor Id',
  `customer_id` int(10) UNSIGNED DEFAULT NULL COMMENT 'Customer Id',
  `product_id` int(10) UNSIGNED NOT NULL COMMENT 'Product Id',
  `added_at` bigint(20) NOT NULL COMMENT 'Added At'
) ENGINE=InnoDB DEFAULT CHARSET=utf8 COMMENT='Catalog Product Frontend Action Table';

-- --------------------------------------------------------

--
-- Table structure for table `mg_catalog_product_index_eav`
--

CREATE TABLE `mg_catalog_product_index_eav` (
  `entity_id` int(10) UNSIGNED NOT NULL COMMENT 'Entity ID',
  `attribute_id` smallint(5) UNSIGNED NOT NULL COMMENT 'Attribute ID',
  `store_id` smallint(5) UNSIGNED NOT NULL COMMENT 'Store ID',
  `value` int(10) UNSIGNED NOT NULL COMMENT 'Value',
  `source_id` int(10) UNSIGNED NOT NULL DEFAULT '0' COMMENT 'Original entity Id for attribute value'
) ENGINE=InnoDB DEFAULT CHARSET=utf8 COMMENT='Catalog Product EAV Index Table';

--
-- Dumping data for table `mg_catalog_product_index_eav`
--

INSERT INTO `mg_catalog_product_index_eav` (`entity_id`, `attribute_id`, `store_id`, `value`, `source_id`) VALUES
(1, 99, 1, 4, 1),
(2, 99, 1, 4, 2),
(3, 99, 1, 4, 3),
(4, 99, 1, 4, 4),
(5, 99, 1, 4, 5),
(6, 99, 1, 4, 6),
(7, 99, 1, 4, 7),
(8, 99, 1, 4, 8),
(9, 99, 1, 4, 9),
(10, 99, 1, 4, 10),
(11, 99, 1, 4, 11),
(24, 99, 1, 4, 24),
(25, 99, 1, 4, 25),
(26, 99, 1, 4, 24),
(26, 99, 1, 4, 26),
(27, 99, 1, 4, 27),
(28, 99, 1, 4, 28);

-- --------------------------------------------------------

--
-- Table structure for table `mg_catalog_product_index_eav_decimal`
--

CREATE TABLE `mg_catalog_product_index_eav_decimal` (
  `entity_id` int(10) UNSIGNED NOT NULL COMMENT 'Entity ID',
  `attribute_id` smallint(5) UNSIGNED NOT NULL COMMENT 'Attribute ID',
  `store_id` smallint(5) UNSIGNED NOT NULL COMMENT 'Store ID',
  `value` decimal(12,4) NOT NULL COMMENT 'Value',
  `source_id` int(10) UNSIGNED NOT NULL DEFAULT '0' COMMENT 'Original entity Id for attribute value'
) ENGINE=InnoDB DEFAULT CHARSET=utf8 COMMENT='Catalog Product EAV Decimal Index Table';

-- --------------------------------------------------------

--
-- Table structure for table `mg_catalog_product_index_eav_decimal_idx`
--

CREATE TABLE `mg_catalog_product_index_eav_decimal_idx` (
  `entity_id` int(10) UNSIGNED NOT NULL COMMENT 'Entity ID',
  `attribute_id` smallint(5) UNSIGNED NOT NULL COMMENT 'Attribute ID',
  `store_id` smallint(5) UNSIGNED NOT NULL COMMENT 'Store ID',
  `value` decimal(12,4) NOT NULL COMMENT 'Value',
  `source_id` int(10) UNSIGNED NOT NULL DEFAULT '0' COMMENT 'Original entity Id for attribute value'
) ENGINE=InnoDB DEFAULT CHARSET=utf8 COMMENT='Catalog Product EAV Decimal Indexer Index Table';

-- --------------------------------------------------------

--
-- Table structure for table `mg_catalog_product_index_eav_decimal_replica`
--

CREATE TABLE `mg_catalog_product_index_eav_decimal_replica` (
  `entity_id` int(10) UNSIGNED NOT NULL COMMENT 'Entity ID',
  `attribute_id` smallint(5) UNSIGNED NOT NULL COMMENT 'Attribute ID',
  `store_id` smallint(5) UNSIGNED NOT NULL COMMENT 'Store ID',
  `value` decimal(12,4) NOT NULL COMMENT 'Value',
  `source_id` int(10) UNSIGNED NOT NULL DEFAULT '0' COMMENT 'Original entity Id for attribute value'
) ENGINE=InnoDB DEFAULT CHARSET=utf8 COMMENT='Catalog Product EAV Decimal Index Table';

-- --------------------------------------------------------

--
-- Table structure for table `mg_catalog_product_index_eav_decimal_tmp`
--

CREATE TABLE `mg_catalog_product_index_eav_decimal_tmp` (
  `entity_id` int(10) UNSIGNED NOT NULL COMMENT 'Entity ID',
  `attribute_id` smallint(5) UNSIGNED NOT NULL COMMENT 'Attribute ID',
  `store_id` smallint(5) UNSIGNED NOT NULL COMMENT 'Store ID',
  `value` decimal(12,4) NOT NULL COMMENT 'Value',
  `source_id` int(10) UNSIGNED NOT NULL DEFAULT '0' COMMENT 'Original entity Id for attribute value'
) ENGINE=InnoDB DEFAULT CHARSET=utf8 COMMENT='Catalog Product EAV Decimal Indexer Temp Table';

-- --------------------------------------------------------

--
-- Table structure for table `mg_catalog_product_index_eav_idx`
--

CREATE TABLE `mg_catalog_product_index_eav_idx` (
  `entity_id` int(10) UNSIGNED NOT NULL COMMENT 'Entity ID',
  `attribute_id` smallint(5) UNSIGNED NOT NULL COMMENT 'Attribute ID',
  `store_id` smallint(5) UNSIGNED NOT NULL COMMENT 'Store ID',
  `value` int(10) UNSIGNED NOT NULL COMMENT 'Value',
  `source_id` int(10) UNSIGNED NOT NULL DEFAULT '0' COMMENT 'Original entity Id for attribute value'
) ENGINE=InnoDB DEFAULT CHARSET=utf8 COMMENT='Catalog Product EAV Indexer Index Table';

-- --------------------------------------------------------

--
-- Table structure for table `mg_catalog_product_index_eav_replica`
--

CREATE TABLE `mg_catalog_product_index_eav_replica` (
  `entity_id` int(10) UNSIGNED NOT NULL COMMENT 'Entity ID',
  `attribute_id` smallint(5) UNSIGNED NOT NULL COMMENT 'Attribute ID',
  `store_id` smallint(5) UNSIGNED NOT NULL COMMENT 'Store ID',
  `value` int(10) UNSIGNED NOT NULL COMMENT 'Value',
  `source_id` int(10) UNSIGNED NOT NULL DEFAULT '0' COMMENT 'Original entity Id for attribute value'
) ENGINE=InnoDB DEFAULT CHARSET=utf8 COMMENT='Catalog Product EAV Index Table';

--
-- Dumping data for table `mg_catalog_product_index_eav_replica`
--

INSERT INTO `mg_catalog_product_index_eav_replica` (`entity_id`, `attribute_id`, `store_id`, `value`, `source_id`) VALUES
(1, 99, 1, 4, 1),
(2, 99, 1, 4, 2),
(3, 99, 1, 4, 3),
(4, 99, 1, 4, 4),
(5, 99, 1, 4, 5),
(6, 99, 1, 4, 6),
(7, 99, 1, 4, 7),
(8, 99, 1, 4, 8),
(9, 99, 1, 4, 9),
(10, 99, 1, 4, 10),
(11, 99, 1, 4, 11),
(24, 99, 1, 4, 24),
(25, 99, 1, 4, 25),
(26, 99, 1, 4, 24),
(26, 99, 1, 4, 26),
(27, 99, 1, 4, 27),
(28, 99, 1, 4, 28);

-- --------------------------------------------------------

--
-- Table structure for table `mg_catalog_product_index_eav_tmp`
--

CREATE TABLE `mg_catalog_product_index_eav_tmp` (
  `entity_id` int(10) UNSIGNED NOT NULL COMMENT 'Entity ID',
  `attribute_id` smallint(5) UNSIGNED NOT NULL COMMENT 'Attribute ID',
  `store_id` smallint(5) UNSIGNED NOT NULL COMMENT 'Store ID',
  `value` int(10) UNSIGNED NOT NULL COMMENT 'Value',
  `source_id` int(10) UNSIGNED NOT NULL DEFAULT '0' COMMENT 'Original entity Id for attribute value'
) ENGINE=InnoDB DEFAULT CHARSET=utf8 COMMENT='Catalog Product EAV Indexer Temp Table';

-- --------------------------------------------------------

--
-- Table structure for table `mg_catalog_product_index_price`
--

CREATE TABLE `mg_catalog_product_index_price` (
  `entity_id` int(10) UNSIGNED NOT NULL COMMENT 'Entity ID',
  `customer_group_id` int(10) UNSIGNED NOT NULL COMMENT 'Customer Group ID',
  `website_id` smallint(5) UNSIGNED NOT NULL COMMENT 'Website ID',
  `tax_class_id` smallint(5) UNSIGNED DEFAULT '0' COMMENT 'Tax Class ID',
  `price` decimal(20,6) DEFAULT NULL COMMENT 'Price',
  `final_price` decimal(20,6) DEFAULT NULL COMMENT 'Final Price',
  `min_price` decimal(20,6) DEFAULT NULL COMMENT 'Min Price',
  `max_price` decimal(20,6) DEFAULT NULL COMMENT 'Max Price',
  `tier_price` decimal(20,6) DEFAULT NULL COMMENT 'Tier Price'
) ENGINE=InnoDB DEFAULT CHARSET=utf8 COMMENT='Catalog Product Price Index Table';

--
-- Dumping data for table `mg_catalog_product_index_price`
--

INSERT INTO `mg_catalog_product_index_price` (`entity_id`, `customer_group_id`, `website_id`, `tax_class_id`, `price`, `final_price`, `min_price`, `max_price`, `tier_price`) VALUES
(1, 0, 1, 0, 5000.000000, 5000.000000, 5000.000000, 5000.000000, NULL),
(1, 1, 1, 0, 5000.000000, 5000.000000, 5000.000000, 5000.000000, NULL),
(1, 2, 1, 0, 5000.000000, 5000.000000, 5000.000000, 5000.000000, NULL),
(1, 3, 1, 0, 5000.000000, 5000.000000, 5000.000000, 5000.000000, NULL),
(2, 0, 1, 0, 5000.000000, 4000.000000, 4000.000000, 4000.000000, NULL),
(2, 1, 1, 0, 5000.000000, 4000.000000, 4000.000000, 4000.000000, NULL),
(2, 2, 1, 0, 5000.000000, 4000.000000, 4000.000000, 4000.000000, NULL),
(2, 3, 1, 0, 5000.000000, 4000.000000, 4000.000000, 4000.000000, NULL),
(3, 0, 1, 0, 1500.000000, 1500.000000, 1500.000000, 1500.000000, NULL),
(3, 1, 1, 0, 1500.000000, 1500.000000, 1500.000000, 1500.000000, NULL),
(3, 2, 1, 0, 1500.000000, 1500.000000, 1500.000000, 1500.000000, NULL),
(3, 3, 1, 0, 1500.000000, 1500.000000, 1500.000000, 1500.000000, NULL),
(4, 0, 1, 0, 25000.000000, 25000.000000, 25000.000000, 25000.000000, NULL),
(4, 1, 1, 0, 25000.000000, 25000.000000, 25000.000000, 25000.000000, NULL),
(4, 2, 1, 0, 25000.000000, 25000.000000, 25000.000000, 25000.000000, NULL),
(4, 3, 1, 0, 25000.000000, 25000.000000, 25000.000000, 25000.000000, NULL),
(5, 0, 1, 0, 15000.000000, 15000.000000, 15000.000000, 15000.000000, NULL),
(5, 1, 1, 0, 15000.000000, 15000.000000, 15000.000000, 15000.000000, NULL),
(5, 2, 1, 0, 15000.000000, 15000.000000, 15000.000000, 15000.000000, NULL),
(5, 3, 1, 0, 15000.000000, 15000.000000, 15000.000000, 15000.000000, NULL),
(6, 0, 1, 0, 54000.000000, 54000.000000, 54000.000000, 54000.000000, NULL),
(6, 1, 1, 0, 54000.000000, 54000.000000, 54000.000000, 54000.000000, NULL),
(6, 2, 1, 0, 54000.000000, 54000.000000, 54000.000000, 54000.000000, NULL),
(6, 3, 1, 0, 54000.000000, 54000.000000, 54000.000000, 54000.000000, NULL),
(7, 0, 1, 0, 1500.000000, 1500.000000, 1500.000000, 1500.000000, NULL),
(7, 1, 1, 0, 1500.000000, 1500.000000, 1500.000000, 1500.000000, NULL),
(7, 2, 1, 0, 1500.000000, 1500.000000, 1500.000000, 1500.000000, NULL),
(7, 3, 1, 0, 1500.000000, 1500.000000, 1500.000000, 1500.000000, NULL),
(8, 0, 1, 0, 1500.000000, 1500.000000, 1500.000000, 1500.000000, NULL),
(8, 1, 1, 0, 1500.000000, 1500.000000, 1500.000000, 1500.000000, NULL),
(8, 2, 1, 0, 1500.000000, 1500.000000, 1500.000000, 1500.000000, NULL),
(8, 3, 1, 0, 1500.000000, 1500.000000, 1500.000000, 1500.000000, NULL),
(9, 0, 1, 0, 5000.000000, 5000.000000, 5000.000000, 5000.000000, NULL),
(9, 1, 1, 0, 5000.000000, 5000.000000, 5000.000000, 5000.000000, NULL),
(9, 2, 1, 0, 5000.000000, 5000.000000, 5000.000000, 5000.000000, NULL),
(9, 3, 1, 0, 5000.000000, 5000.000000, 5000.000000, 5000.000000, NULL),
(10, 0, 1, 0, 5000.000000, 5000.000000, 5000.000000, 5000.000000, NULL),
(10, 1, 1, 0, 5000.000000, 5000.000000, 5000.000000, 5000.000000, NULL),
(10, 2, 1, 0, 5000.000000, 5000.000000, 5000.000000, 5000.000000, NULL),
(10, 3, 1, 0, 5000.000000, 5000.000000, 5000.000000, 5000.000000, NULL),
(11, 0, 1, 0, 1500.000000, 1500.000000, 1500.000000, 1500.000000, NULL),
(11, 1, 1, 0, 1500.000000, 1500.000000, 1500.000000, 1500.000000, NULL),
(11, 2, 1, 0, 1500.000000, 1500.000000, 1500.000000, 1500.000000, NULL),
(11, 3, 1, 0, 1500.000000, 1500.000000, 1500.000000, 1500.000000, NULL),
(24, 0, 1, 2, 14.000000, 14.000000, 14.000000, 24.000000, NULL),
(24, 1, 1, 2, 14.000000, 14.000000, 14.000000, 24.000000, NULL),
(24, 2, 1, 2, 14.000000, 14.000000, 14.000000, 24.000000, NULL),
(24, 3, 1, 2, 14.000000, 14.000000, 14.000000, 24.000000, NULL),
(25, 0, 1, 2, 21.000000, 21.000000, 21.000000, 21.000000, NULL),
(25, 1, 1, 2, 21.000000, 21.000000, 21.000000, 21.000000, NULL),
(25, 2, 1, 2, 21.000000, 21.000000, 21.000000, 21.000000, NULL),
(25, 3, 1, 2, 21.000000, 21.000000, 21.000000, 21.000000, NULL),
(26, 0, 1, 2, NULL, NULL, 14.000000, 24.000000, NULL),
(26, 1, 1, 2, NULL, NULL, 14.000000, 24.000000, NULL),
(26, 2, 1, 2, NULL, NULL, 14.000000, 24.000000, NULL),
(26, 3, 1, 2, NULL, NULL, 14.000000, 24.000000, NULL),
(27, 0, 1, 2, 111.000000, 111.000000, 111.000000, 111.000000, NULL),
(27, 1, 1, 2, 111.000000, 111.000000, 111.000000, 111.000000, NULL),
(27, 2, 1, 2, 111.000000, 111.000000, 111.000000, 111.000000, NULL),
(27, 3, 1, 2, 111.000000, 111.000000, 111.000000, 111.000000, NULL),
(28, 0, 1, 2, 200.000000, 200.000000, 200.000000, 200.000000, NULL),
(28, 1, 1, 2, 200.000000, 200.000000, 200.000000, 200.000000, NULL),
(28, 2, 1, 2, 200.000000, 200.000000, 200.000000, 200.000000, NULL),
(28, 3, 1, 2, 200.000000, 200.000000, 200.000000, 200.000000, NULL);

-- --------------------------------------------------------

--
-- Table structure for table `mg_catalog_product_index_price_bundle_idx`
--

CREATE TABLE `mg_catalog_product_index_price_bundle_idx` (
  `entity_id` int(10) UNSIGNED NOT NULL COMMENT 'Entity ID',
  `customer_group_id` int(11) NOT NULL,
  `website_id` smallint(5) UNSIGNED NOT NULL COMMENT 'Website ID',
  `tax_class_id` smallint(5) UNSIGNED DEFAULT '0' COMMENT 'Tax Class ID',
  `price_type` smallint(5) UNSIGNED NOT NULL COMMENT 'Price Type',
  `special_price` decimal(20,6) DEFAULT NULL COMMENT 'Special Price',
  `tier_percent` decimal(20,6) DEFAULT NULL COMMENT 'Tier Percent',
  `orig_price` decimal(20,6) DEFAULT NULL COMMENT 'Orig Price',
  `price` decimal(20,6) DEFAULT NULL COMMENT 'Price',
  `min_price` decimal(20,6) DEFAULT NULL COMMENT 'Min Price',
  `max_price` decimal(20,6) DEFAULT NULL COMMENT 'Max Price',
  `tier_price` decimal(20,6) DEFAULT NULL COMMENT 'Tier Price',
  `base_tier` decimal(20,6) DEFAULT NULL COMMENT 'Base Tier'
) ENGINE=InnoDB DEFAULT CHARSET=utf8 COMMENT='Catalog Product Index Price Bundle Idx';

-- --------------------------------------------------------

--
-- Table structure for table `mg_catalog_product_index_price_bundle_opt_idx`
--

CREATE TABLE `mg_catalog_product_index_price_bundle_opt_idx` (
  `entity_id` int(10) UNSIGNED NOT NULL COMMENT 'Entity ID',
  `customer_group_id` int(11) NOT NULL,
  `website_id` smallint(5) UNSIGNED NOT NULL COMMENT 'Website ID',
  `option_id` int(10) UNSIGNED NOT NULL DEFAULT '0' COMMENT 'Option Id',
  `min_price` decimal(20,6) DEFAULT NULL COMMENT 'Min Price',
  `alt_price` decimal(20,6) DEFAULT NULL COMMENT 'Alt Price',
  `max_price` decimal(20,6) DEFAULT NULL COMMENT 'Max Price',
  `tier_price` decimal(20,6) DEFAULT NULL COMMENT 'Tier Price',
  `alt_tier_price` decimal(20,6) DEFAULT NULL COMMENT 'Alt Tier Price'
) ENGINE=InnoDB DEFAULT CHARSET=utf8 COMMENT='Catalog Product Index Price Bundle Opt Idx';

-- --------------------------------------------------------

--
-- Table structure for table `mg_catalog_product_index_price_bundle_opt_tmp`
--

CREATE TABLE `mg_catalog_product_index_price_bundle_opt_tmp` (
  `entity_id` int(10) UNSIGNED NOT NULL COMMENT 'Entity ID',
  `customer_group_id` int(11) NOT NULL,
  `website_id` smallint(5) UNSIGNED NOT NULL COMMENT 'Website ID',
  `option_id` int(10) UNSIGNED NOT NULL DEFAULT '0' COMMENT 'Option Id',
  `min_price` decimal(20,6) DEFAULT NULL COMMENT 'Min Price',
  `alt_price` decimal(20,6) DEFAULT NULL COMMENT 'Alt Price',
  `max_price` decimal(20,6) DEFAULT NULL COMMENT 'Max Price',
  `tier_price` decimal(20,6) DEFAULT NULL COMMENT 'Tier Price',
  `alt_tier_price` decimal(20,6) DEFAULT NULL COMMENT 'Alt Tier Price'
) ENGINE=InnoDB DEFAULT CHARSET=utf8 COMMENT='Catalog Product Index Price Bundle Opt Tmp';

-- --------------------------------------------------------

--
-- Table structure for table `mg_catalog_product_index_price_bundle_sel_idx`
--

CREATE TABLE `mg_catalog_product_index_price_bundle_sel_idx` (
  `entity_id` int(10) UNSIGNED NOT NULL COMMENT 'Entity ID',
  `customer_group_id` int(11) NOT NULL,
  `website_id` smallint(5) UNSIGNED NOT NULL COMMENT 'Website ID',
  `option_id` int(10) UNSIGNED NOT NULL DEFAULT '0' COMMENT 'Option Id',
  `selection_id` int(10) UNSIGNED NOT NULL DEFAULT '0' COMMENT 'Selection Id',
  `group_type` smallint(5) UNSIGNED DEFAULT '0' COMMENT 'Group Type',
  `is_required` smallint(5) UNSIGNED DEFAULT '0' COMMENT 'Is Required',
  `price` decimal(20,6) DEFAULT NULL COMMENT 'Price',
  `tier_price` decimal(20,6) DEFAULT NULL COMMENT 'Tier Price'
) ENGINE=InnoDB DEFAULT CHARSET=utf8 COMMENT='Catalog Product Index Price Bundle Sel Idx';

-- --------------------------------------------------------

--
-- Table structure for table `mg_catalog_product_index_price_bundle_sel_tmp`
--

CREATE TABLE `mg_catalog_product_index_price_bundle_sel_tmp` (
  `entity_id` int(10) UNSIGNED NOT NULL COMMENT 'Entity ID',
  `customer_group_id` int(11) NOT NULL,
  `website_id` smallint(5) UNSIGNED NOT NULL COMMENT 'Website ID',
  `option_id` int(10) UNSIGNED NOT NULL DEFAULT '0' COMMENT 'Option Id',
  `selection_id` int(10) UNSIGNED NOT NULL DEFAULT '0' COMMENT 'Selection Id',
  `group_type` smallint(5) UNSIGNED DEFAULT '0' COMMENT 'Group Type',
  `is_required` smallint(5) UNSIGNED DEFAULT '0' COMMENT 'Is Required',
  `price` decimal(20,6) DEFAULT NULL COMMENT 'Price',
  `tier_price` decimal(20,6) DEFAULT NULL COMMENT 'Tier Price'
) ENGINE=InnoDB DEFAULT CHARSET=utf8 COMMENT='Catalog Product Index Price Bundle Sel Tmp';

-- --------------------------------------------------------

--
-- Table structure for table `mg_catalog_product_index_price_bundle_tmp`
--

CREATE TABLE `mg_catalog_product_index_price_bundle_tmp` (
  `entity_id` int(10) UNSIGNED NOT NULL COMMENT 'Entity ID',
  `customer_group_id` int(11) NOT NULL,
  `website_id` smallint(5) UNSIGNED NOT NULL COMMENT 'Website ID',
  `tax_class_id` smallint(5) UNSIGNED DEFAULT '0' COMMENT 'Tax Class ID',
  `price_type` smallint(5) UNSIGNED NOT NULL COMMENT 'Price Type',
  `special_price` decimal(20,6) DEFAULT NULL COMMENT 'Special Price',
  `tier_percent` decimal(20,6) DEFAULT NULL COMMENT 'Tier Percent',
  `orig_price` decimal(20,6) DEFAULT NULL COMMENT 'Orig Price',
  `price` decimal(20,6) DEFAULT NULL COMMENT 'Price',
  `min_price` decimal(20,6) DEFAULT NULL COMMENT 'Min Price',
  `max_price` decimal(20,6) DEFAULT NULL COMMENT 'Max Price',
  `tier_price` decimal(20,6) DEFAULT NULL COMMENT 'Tier Price',
  `base_tier` decimal(20,6) DEFAULT NULL COMMENT 'Base Tier'
) ENGINE=InnoDB DEFAULT CHARSET=utf8 COMMENT='Catalog Product Index Price Bundle Tmp';

-- --------------------------------------------------------

--
-- Table structure for table `mg_catalog_product_index_price_cfg_opt_agr_idx`
--

CREATE TABLE `mg_catalog_product_index_price_cfg_opt_agr_idx` (
  `parent_id` int(10) UNSIGNED NOT NULL COMMENT 'Parent ID',
  `child_id` int(10) UNSIGNED NOT NULL COMMENT 'Child ID',
  `customer_group_id` int(10) UNSIGNED NOT NULL DEFAULT '0' COMMENT 'Customer Group ID',
  `website_id` smallint(5) UNSIGNED NOT NULL COMMENT 'Website ID',
  `price` decimal(20,6) DEFAULT NULL COMMENT 'Price',
  `tier_price` decimal(20,6) DEFAULT NULL COMMENT 'Tier Price'
) ENGINE=InnoDB DEFAULT CHARSET=utf8 COMMENT='Catalog Product Price Indexer Config Option Aggregate Index Table';

-- --------------------------------------------------------

--
-- Table structure for table `mg_catalog_product_index_price_cfg_opt_agr_tmp`
--

CREATE TABLE `mg_catalog_product_index_price_cfg_opt_agr_tmp` (
  `parent_id` int(10) UNSIGNED NOT NULL COMMENT 'Parent ID',
  `child_id` int(10) UNSIGNED NOT NULL COMMENT 'Child ID',
  `customer_group_id` int(10) UNSIGNED NOT NULL DEFAULT '0' COMMENT 'Customer Group ID',
  `website_id` smallint(5) UNSIGNED NOT NULL COMMENT 'Website ID',
  `price` decimal(20,6) DEFAULT NULL COMMENT 'Price',
  `tier_price` decimal(20,6) DEFAULT NULL COMMENT 'Tier Price'
) ENGINE=InnoDB DEFAULT CHARSET=utf8 COMMENT='Catalog Product Price Indexer Config Option Aggregate Temp Table';

-- --------------------------------------------------------

--
-- Table structure for table `mg_catalog_product_index_price_cfg_opt_idx`
--

CREATE TABLE `mg_catalog_product_index_price_cfg_opt_idx` (
  `entity_id` int(10) UNSIGNED NOT NULL COMMENT 'Entity ID',
  `customer_group_id` int(10) UNSIGNED NOT NULL DEFAULT '0' COMMENT 'Customer Group ID',
  `website_id` smallint(5) UNSIGNED NOT NULL COMMENT 'Website ID',
  `min_price` decimal(20,6) DEFAULT NULL COMMENT 'Min Price',
  `max_price` decimal(20,6) DEFAULT NULL COMMENT 'Max Price',
  `tier_price` decimal(20,6) DEFAULT NULL COMMENT 'Tier Price'
) ENGINE=InnoDB DEFAULT CHARSET=utf8 COMMENT='Catalog Product Price Indexer Config Option Index Table';

-- --------------------------------------------------------

--
-- Table structure for table `mg_catalog_product_index_price_cfg_opt_tmp`
--

CREATE TABLE `mg_catalog_product_index_price_cfg_opt_tmp` (
  `entity_id` int(10) UNSIGNED NOT NULL COMMENT 'Entity ID',
  `customer_group_id` int(10) UNSIGNED NOT NULL DEFAULT '0' COMMENT 'Customer Group ID',
  `website_id` smallint(5) UNSIGNED NOT NULL COMMENT 'Website ID',
  `min_price` decimal(20,6) DEFAULT NULL COMMENT 'Min Price',
  `max_price` decimal(20,6) DEFAULT NULL COMMENT 'Max Price',
  `tier_price` decimal(20,6) DEFAULT NULL COMMENT 'Tier Price'
) ENGINE=InnoDB DEFAULT CHARSET=utf8 COMMENT='Catalog Product Price Indexer Config Option Temp Table';

-- --------------------------------------------------------

--
-- Table structure for table `mg_catalog_product_index_price_downlod_idx`
--

CREATE TABLE `mg_catalog_product_index_price_downlod_idx` (
  `entity_id` int(10) UNSIGNED NOT NULL COMMENT 'Entity ID',
  `customer_group_id` int(11) NOT NULL,
  `website_id` smallint(5) UNSIGNED NOT NULL COMMENT 'Website ID',
  `min_price` decimal(20,6) NOT NULL DEFAULT '0.000000' COMMENT 'Minimum price',
  `max_price` decimal(20,6) NOT NULL DEFAULT '0.000000' COMMENT 'Maximum price'
) ENGINE=InnoDB DEFAULT CHARSET=utf8 COMMENT='Indexer Table for price of downloadable products';

-- --------------------------------------------------------

--
-- Table structure for table `mg_catalog_product_index_price_downlod_tmp`
--

CREATE TABLE `mg_catalog_product_index_price_downlod_tmp` (
  `entity_id` int(10) UNSIGNED NOT NULL COMMENT 'Entity ID',
  `customer_group_id` int(11) NOT NULL,
  `website_id` smallint(5) UNSIGNED NOT NULL COMMENT 'Website ID',
  `min_price` decimal(20,6) NOT NULL DEFAULT '0.000000' COMMENT 'Minimum price',
  `max_price` decimal(20,6) NOT NULL DEFAULT '0.000000' COMMENT 'Maximum price'
) ENGINE=InnoDB DEFAULT CHARSET=utf8 COMMENT='Temporary Indexer Table for price of downloadable products';

-- --------------------------------------------------------

--
-- Table structure for table `mg_catalog_product_index_price_final_idx`
--

CREATE TABLE `mg_catalog_product_index_price_final_idx` (
  `entity_id` int(10) UNSIGNED NOT NULL COMMENT 'Entity ID',
  `customer_group_id` int(10) UNSIGNED NOT NULL DEFAULT '0' COMMENT 'Customer Group ID',
  `website_id` smallint(5) UNSIGNED NOT NULL COMMENT 'Website ID',
  `tax_class_id` smallint(5) UNSIGNED DEFAULT '0' COMMENT 'Tax Class ID',
  `orig_price` decimal(20,6) DEFAULT NULL COMMENT 'Original Price',
  `price` decimal(20,6) DEFAULT NULL COMMENT 'Price',
  `min_price` decimal(20,6) DEFAULT NULL COMMENT 'Min Price',
  `max_price` decimal(20,6) DEFAULT NULL COMMENT 'Max Price',
  `tier_price` decimal(20,6) DEFAULT NULL COMMENT 'Tier Price',
  `base_tier` decimal(20,6) DEFAULT NULL COMMENT 'Base Tier'
) ENGINE=InnoDB DEFAULT CHARSET=utf8 COMMENT='Catalog Product Price Indexer Final Index Table';

-- --------------------------------------------------------

--
-- Table structure for table `mg_catalog_product_index_price_final_tmp`
--

CREATE TABLE `mg_catalog_product_index_price_final_tmp` (
  `entity_id` int(10) UNSIGNED NOT NULL COMMENT 'Entity ID',
  `customer_group_id` int(10) UNSIGNED NOT NULL DEFAULT '0' COMMENT 'Customer Group ID',
  `website_id` smallint(5) UNSIGNED NOT NULL COMMENT 'Website ID',
  `tax_class_id` smallint(5) UNSIGNED DEFAULT '0' COMMENT 'Tax Class ID',
  `orig_price` decimal(20,6) DEFAULT NULL COMMENT 'Original Price',
  `price` decimal(20,6) DEFAULT NULL COMMENT 'Price',
  `min_price` decimal(20,6) DEFAULT NULL COMMENT 'Min Price',
  `max_price` decimal(20,6) DEFAULT NULL COMMENT 'Max Price',
  `tier_price` decimal(20,6) DEFAULT NULL COMMENT 'Tier Price',
  `base_tier` decimal(20,6) DEFAULT NULL COMMENT 'Base Tier'
) ENGINE=InnoDB DEFAULT CHARSET=utf8 COMMENT='Catalog Product Price Indexer Final Temp Table';

-- --------------------------------------------------------

--
-- Table structure for table `mg_catalog_product_index_price_idx`
--

CREATE TABLE `mg_catalog_product_index_price_idx` (
  `entity_id` int(10) UNSIGNED NOT NULL COMMENT 'Entity ID',
  `customer_group_id` int(10) UNSIGNED NOT NULL DEFAULT '0' COMMENT 'Customer Group ID',
  `website_id` smallint(5) UNSIGNED NOT NULL COMMENT 'Website ID',
  `tax_class_id` smallint(5) UNSIGNED DEFAULT '0' COMMENT 'Tax Class ID',
  `price` decimal(20,6) DEFAULT NULL COMMENT 'Price',
  `final_price` decimal(20,6) DEFAULT NULL COMMENT 'Final Price',
  `min_price` decimal(20,6) DEFAULT NULL COMMENT 'Min Price',
  `max_price` decimal(20,6) DEFAULT NULL COMMENT 'Max Price',
  `tier_price` decimal(20,6) DEFAULT NULL COMMENT 'Tier Price'
) ENGINE=InnoDB DEFAULT CHARSET=utf8 COMMENT='Catalog Product Price Indexer Index Table';

-- --------------------------------------------------------

--
-- Table structure for table `mg_catalog_product_index_price_opt_agr_idx`
--

CREATE TABLE `mg_catalog_product_index_price_opt_agr_idx` (
  `entity_id` int(10) UNSIGNED NOT NULL COMMENT 'Entity ID',
  `customer_group_id` int(10) UNSIGNED NOT NULL DEFAULT '0' COMMENT 'Customer Group ID',
  `website_id` smallint(5) UNSIGNED NOT NULL COMMENT 'Website ID',
  `option_id` int(10) UNSIGNED NOT NULL DEFAULT '0' COMMENT 'Option ID',
  `min_price` decimal(20,6) DEFAULT NULL COMMENT 'Min Price',
  `max_price` decimal(20,6) DEFAULT NULL COMMENT 'Max Price',
  `tier_price` decimal(20,6) DEFAULT NULL COMMENT 'Tier Price'
) ENGINE=InnoDB DEFAULT CHARSET=utf8 COMMENT='Catalog Product Price Indexer Option Aggregate Index Table';

-- --------------------------------------------------------

--
-- Table structure for table `mg_catalog_product_index_price_opt_agr_tmp`
--

CREATE TABLE `mg_catalog_product_index_price_opt_agr_tmp` (
  `entity_id` int(10) UNSIGNED NOT NULL COMMENT 'Entity ID',
  `customer_group_id` int(10) UNSIGNED NOT NULL DEFAULT '0' COMMENT 'Customer Group ID',
  `website_id` smallint(5) UNSIGNED NOT NULL COMMENT 'Website ID',
  `option_id` int(10) UNSIGNED NOT NULL DEFAULT '0' COMMENT 'Option ID',
  `min_price` decimal(20,6) DEFAULT NULL COMMENT 'Min Price',
  `max_price` decimal(20,6) DEFAULT NULL COMMENT 'Max Price',
  `tier_price` decimal(20,6) DEFAULT NULL COMMENT 'Tier Price'
) ENGINE=InnoDB DEFAULT CHARSET=utf8 COMMENT='Catalog Product Price Indexer Option Aggregate Temp Table';

-- --------------------------------------------------------

--
-- Table structure for table `mg_catalog_product_index_price_opt_idx`
--

CREATE TABLE `mg_catalog_product_index_price_opt_idx` (
  `entity_id` int(10) UNSIGNED NOT NULL COMMENT 'Entity ID',
  `customer_group_id` int(10) UNSIGNED NOT NULL DEFAULT '0' COMMENT 'Customer Group ID',
  `website_id` smallint(5) UNSIGNED NOT NULL COMMENT 'Website ID',
  `min_price` decimal(20,6) DEFAULT NULL COMMENT 'Min Price',
  `max_price` decimal(20,6) DEFAULT NULL COMMENT 'Max Price',
  `tier_price` decimal(20,6) DEFAULT NULL COMMENT 'Tier Price'
) ENGINE=InnoDB DEFAULT CHARSET=utf8 COMMENT='Catalog Product Price Indexer Option Index Table';

-- --------------------------------------------------------

--
-- Table structure for table `mg_catalog_product_index_price_opt_tmp`
--

CREATE TABLE `mg_catalog_product_index_price_opt_tmp` (
  `entity_id` int(10) UNSIGNED NOT NULL COMMENT 'Entity ID',
  `customer_group_id` int(10) UNSIGNED NOT NULL DEFAULT '0' COMMENT 'Customer Group ID',
  `website_id` smallint(5) UNSIGNED NOT NULL COMMENT 'Website ID',
  `min_price` decimal(20,6) DEFAULT NULL COMMENT 'Min Price',
  `max_price` decimal(20,6) DEFAULT NULL COMMENT 'Max Price',
  `tier_price` decimal(20,6) DEFAULT NULL COMMENT 'Tier Price'
) ENGINE=InnoDB DEFAULT CHARSET=utf8 COMMENT='Catalog Product Price Indexer Option Temp Table';

-- --------------------------------------------------------

--
-- Table structure for table `mg_catalog_product_index_price_replica`
--

CREATE TABLE `mg_catalog_product_index_price_replica` (
  `entity_id` int(10) UNSIGNED NOT NULL COMMENT 'Entity ID',
  `customer_group_id` int(10) UNSIGNED NOT NULL COMMENT 'Customer Group ID',
  `website_id` smallint(5) UNSIGNED NOT NULL COMMENT 'Website ID',
  `tax_class_id` smallint(5) UNSIGNED DEFAULT '0' COMMENT 'Tax Class ID',
  `price` decimal(20,6) DEFAULT NULL COMMENT 'Price',
  `final_price` decimal(20,6) DEFAULT NULL COMMENT 'Final Price',
  `min_price` decimal(20,6) DEFAULT NULL COMMENT 'Min Price',
  `max_price` decimal(20,6) DEFAULT NULL COMMENT 'Max Price',
  `tier_price` decimal(20,6) DEFAULT NULL COMMENT 'Tier Price'
) ENGINE=InnoDB DEFAULT CHARSET=utf8 COMMENT='Catalog Product Price Index Table';

--
-- Dumping data for table `mg_catalog_product_index_price_replica`
--

INSERT INTO `mg_catalog_product_index_price_replica` (`entity_id`, `customer_group_id`, `website_id`, `tax_class_id`, `price`, `final_price`, `min_price`, `max_price`, `tier_price`) VALUES
(1, 0, 1, 0, 5000.000000, 4000.000000, 4000.000000, 4000.000000, NULL),
(1, 1, 1, 0, 5000.000000, 4000.000000, 4000.000000, 4000.000000, NULL),
(1, 2, 1, 0, 5000.000000, 4000.000000, 4000.000000, 4000.000000, NULL),
(1, 3, 1, 0, 5000.000000, 4000.000000, 4000.000000, 4000.000000, NULL),
(2, 0, 1, 0, 5000.000000, 4000.000000, 4000.000000, 4000.000000, NULL),
(2, 1, 1, 0, 5000.000000, 4000.000000, 4000.000000, 4000.000000, NULL),
(2, 2, 1, 0, 5000.000000, 4000.000000, 4000.000000, 4000.000000, NULL),
(2, 3, 1, 0, 5000.000000, 4000.000000, 4000.000000, 4000.000000, NULL),
(3, 0, 1, 0, 1500.000000, 1500.000000, 1500.000000, 1500.000000, NULL),
(3, 1, 1, 0, 1500.000000, 1500.000000, 1500.000000, 1500.000000, NULL),
(3, 2, 1, 0, 1500.000000, 1500.000000, 1500.000000, 1500.000000, NULL),
(3, 3, 1, 0, 1500.000000, 1500.000000, 1500.000000, 1500.000000, NULL),
(4, 0, 1, 0, 25000.000000, 25000.000000, 25000.000000, 25000.000000, NULL),
(4, 1, 1, 0, 25000.000000, 25000.000000, 25000.000000, 25000.000000, NULL),
(4, 2, 1, 0, 25000.000000, 25000.000000, 25000.000000, 25000.000000, NULL),
(4, 3, 1, 0, 25000.000000, 25000.000000, 25000.000000, 25000.000000, NULL),
(5, 0, 1, 0, 15000.000000, 15000.000000, 15000.000000, 15000.000000, NULL),
(5, 1, 1, 0, 15000.000000, 15000.000000, 15000.000000, 15000.000000, NULL),
(5, 2, 1, 0, 15000.000000, 15000.000000, 15000.000000, 15000.000000, NULL),
(5, 3, 1, 0, 15000.000000, 15000.000000, 15000.000000, 15000.000000, NULL),
(6, 0, 1, 0, 54000.000000, 54000.000000, 54000.000000, 54000.000000, NULL),
(6, 1, 1, 0, 54000.000000, 54000.000000, 54000.000000, 54000.000000, NULL),
(6, 2, 1, 0, 54000.000000, 54000.000000, 54000.000000, 54000.000000, NULL),
(6, 3, 1, 0, 54000.000000, 54000.000000, 54000.000000, 54000.000000, NULL),
(7, 0, 1, 0, 1500.000000, 1500.000000, 1500.000000, 1500.000000, NULL),
(7, 1, 1, 0, 1500.000000, 1500.000000, 1500.000000, 1500.000000, NULL),
(7, 2, 1, 0, 1500.000000, 1500.000000, 1500.000000, 1500.000000, NULL),
(7, 3, 1, 0, 1500.000000, 1500.000000, 1500.000000, 1500.000000, NULL),
(8, 0, 1, 0, 1500.000000, 1500.000000, 1500.000000, 1500.000000, NULL),
(8, 1, 1, 0, 1500.000000, 1500.000000, 1500.000000, 1500.000000, NULL),
(8, 2, 1, 0, 1500.000000, 1500.000000, 1500.000000, 1500.000000, NULL),
(8, 3, 1, 0, 1500.000000, 1500.000000, 1500.000000, 1500.000000, NULL),
(9, 0, 1, 0, 5000.000000, 5000.000000, 5000.000000, 5000.000000, NULL),
(9, 1, 1, 0, 5000.000000, 5000.000000, 5000.000000, 5000.000000, NULL),
(9, 2, 1, 0, 5000.000000, 5000.000000, 5000.000000, 5000.000000, NULL),
(9, 3, 1, 0, 5000.000000, 5000.000000, 5000.000000, 5000.000000, NULL),
(10, 0, 1, 0, 5000.000000, 5000.000000, 5000.000000, 5000.000000, NULL),
(10, 1, 1, 0, 5000.000000, 5000.000000, 5000.000000, 5000.000000, NULL),
(10, 2, 1, 0, 5000.000000, 5000.000000, 5000.000000, 5000.000000, NULL),
(10, 3, 1, 0, 5000.000000, 5000.000000, 5000.000000, 5000.000000, NULL),
(11, 0, 1, 0, 1500.000000, 1500.000000, 1500.000000, 1500.000000, NULL),
(11, 1, 1, 0, 1500.000000, 1500.000000, 1500.000000, 1500.000000, NULL),
(11, 2, 1, 0, 1500.000000, 1500.000000, 1500.000000, 1500.000000, NULL),
(11, 3, 1, 0, 1500.000000, 1500.000000, 1500.000000, 1500.000000, NULL),
(24, 0, 1, 2, 14.000000, 14.000000, 14.000000, 24.000000, NULL),
(24, 1, 1, 2, 14.000000, 14.000000, 14.000000, 24.000000, NULL),
(24, 2, 1, 2, 14.000000, 14.000000, 14.000000, 24.000000, NULL),
(24, 3, 1, 2, 14.000000, 14.000000, 14.000000, 24.000000, NULL),
(25, 0, 1, 2, 21.000000, 21.000000, 21.000000, 21.000000, NULL),
(25, 1, 1, 2, 21.000000, 21.000000, 21.000000, 21.000000, NULL),
(25, 2, 1, 2, 21.000000, 21.000000, 21.000000, 21.000000, NULL),
(25, 3, 1, 2, 21.000000, 21.000000, 21.000000, 21.000000, NULL),
(26, 0, 1, 2, NULL, NULL, 14.000000, 24.000000, NULL),
(26, 1, 1, 2, NULL, NULL, 14.000000, 24.000000, NULL),
(26, 2, 1, 2, NULL, NULL, 14.000000, 24.000000, NULL),
(26, 3, 1, 2, NULL, NULL, 14.000000, 24.000000, NULL),
(27, 0, 1, 2, 111.000000, 111.000000, 111.000000, 111.000000, NULL),
(27, 1, 1, 2, 111.000000, 111.000000, 111.000000, 111.000000, NULL),
(27, 2, 1, 2, 111.000000, 111.000000, 111.000000, 111.000000, NULL),
(27, 3, 1, 2, 111.000000, 111.000000, 111.000000, 111.000000, NULL),
(28, 0, 1, 2, 200.000000, 200.000000, 200.000000, 200.000000, NULL),
(28, 1, 1, 2, 200.000000, 200.000000, 200.000000, 200.000000, NULL),
(28, 2, 1, 2, 200.000000, 200.000000, 200.000000, 200.000000, NULL),
(28, 3, 1, 2, 200.000000, 200.000000, 200.000000, 200.000000, NULL);

-- --------------------------------------------------------

--
-- Table structure for table `mg_catalog_product_index_price_tmp`
--

CREATE TABLE `mg_catalog_product_index_price_tmp` (
  `entity_id` int(10) UNSIGNED NOT NULL COMMENT 'Entity ID',
  `customer_group_id` int(10) UNSIGNED NOT NULL DEFAULT '0' COMMENT 'Customer Group ID',
  `website_id` smallint(5) UNSIGNED NOT NULL COMMENT 'Website ID',
  `tax_class_id` smallint(5) UNSIGNED DEFAULT '0' COMMENT 'Tax Class ID',
  `price` decimal(20,6) DEFAULT NULL COMMENT 'Price',
  `final_price` decimal(20,6) DEFAULT NULL COMMENT 'Final Price',
  `min_price` decimal(20,6) DEFAULT NULL COMMENT 'Min Price',
  `max_price` decimal(20,6) DEFAULT NULL COMMENT 'Max Price',
  `tier_price` decimal(20,6) DEFAULT NULL COMMENT 'Tier Price'
) ENGINE=InnoDB DEFAULT CHARSET=utf8 COMMENT='Catalog Product Price Indexer Temp Table';

-- --------------------------------------------------------

--
-- Table structure for table `mg_catalog_product_index_tier_price`
--

CREATE TABLE `mg_catalog_product_index_tier_price` (
  `entity_id` int(10) UNSIGNED NOT NULL COMMENT 'Entity ID',
  `customer_group_id` int(10) UNSIGNED NOT NULL COMMENT 'Customer Group ID',
  `website_id` smallint(5) UNSIGNED NOT NULL COMMENT 'Website ID',
  `min_price` decimal(20,6) DEFAULT NULL COMMENT 'Min Price'
) ENGINE=InnoDB DEFAULT CHARSET=utf8 COMMENT='Catalog Product Tier Price Index Table';

-- --------------------------------------------------------

--
-- Table structure for table `mg_catalog_product_index_website`
--

CREATE TABLE `mg_catalog_product_index_website` (
  `website_id` smallint(5) UNSIGNED NOT NULL COMMENT 'Website ID',
  `default_store_id` smallint(5) UNSIGNED NOT NULL COMMENT 'Default store id for website',
  `website_date` date DEFAULT NULL COMMENT 'Website Date',
  `rate` float DEFAULT '1' COMMENT 'Rate'
) ENGINE=InnoDB DEFAULT CHARSET=utf8 COMMENT='Catalog Product Website Index Table';

--
-- Dumping data for table `mg_catalog_product_index_website`
--

INSERT INTO `mg_catalog_product_index_website` (`website_id`, `default_store_id`, `website_date`, `rate`) VALUES
(1, 1, '2019-11-07', 1);

-- --------------------------------------------------------

--
-- Table structure for table `mg_catalog_product_link`
--

CREATE TABLE `mg_catalog_product_link` (
  `link_id` int(10) UNSIGNED NOT NULL COMMENT 'Link ID',
  `product_id` int(10) UNSIGNED NOT NULL DEFAULT '0' COMMENT 'Product ID',
  `linked_product_id` int(10) UNSIGNED NOT NULL DEFAULT '0' COMMENT 'Linked Product ID',
  `link_type_id` smallint(5) UNSIGNED NOT NULL DEFAULT '0' COMMENT 'Link Type ID'
) ENGINE=InnoDB DEFAULT CHARSET=utf8 COMMENT='Catalog Product To Product Linkage Table';

--
-- Dumping data for table `mg_catalog_product_link`
--

INSERT INTO `mg_catalog_product_link` (`link_id`, `product_id`, `linked_product_id`, `link_type_id`) VALUES
(133, 6, 1, 1),
(134, 6, 2, 1),
(135, 6, 3, 1),
(136, 6, 4, 1),
(137, 6, 5, 1),
(122, 24, 17, 1),
(123, 24, 25, 1),
(119, 25, 17, 1),
(111, 26, 17, 1),
(112, 26, 25, 1),
(118, 26, 17, 3),
(117, 26, 24, 3),
(126, 24, 17, 4),
(127, 24, 25, 4),
(121, 25, 17, 4),
(115, 26, 17, 4),
(116, 26, 25, 4),
(124, 24, 17, 5),
(125, 24, 25, 5),
(120, 25, 17, 5),
(113, 26, 17, 5),
(114, 26, 25, 5);

-- --------------------------------------------------------

--
-- Table structure for table `mg_catalog_product_link_attribute`
--

CREATE TABLE `mg_catalog_product_link_attribute` (
  `product_link_attribute_id` smallint(5) UNSIGNED NOT NULL COMMENT 'Product Link Attribute ID',
  `link_type_id` smallint(5) UNSIGNED NOT NULL DEFAULT '0' COMMENT 'Link Type ID',
  `product_link_attribute_code` varchar(32) DEFAULT NULL COMMENT 'Product Link Attribute Code',
  `data_type` varchar(32) DEFAULT NULL COMMENT 'Data Type'
) ENGINE=InnoDB DEFAULT CHARSET=utf8 COMMENT='Catalog Product Link Attribute Table';

--
-- Dumping data for table `mg_catalog_product_link_attribute`
--

INSERT INTO `mg_catalog_product_link_attribute` (`product_link_attribute_id`, `link_type_id`, `product_link_attribute_code`, `data_type`) VALUES
(1, 1, 'position', 'int'),
(2, 4, 'position', 'int'),
(3, 5, 'position', 'int'),
(4, 3, 'position', 'int'),
(5, 3, 'qty', 'decimal');

-- --------------------------------------------------------

--
-- Table structure for table `mg_catalog_product_link_attribute_decimal`
--

CREATE TABLE `mg_catalog_product_link_attribute_decimal` (
  `value_id` int(10) UNSIGNED NOT NULL COMMENT 'Value ID',
  `product_link_attribute_id` smallint(5) UNSIGNED DEFAULT NULL COMMENT 'Product Link Attribute ID',
  `link_id` int(10) UNSIGNED NOT NULL COMMENT 'Link ID',
  `value` decimal(20,6) NOT NULL DEFAULT '0.000000' COMMENT 'Value'
) ENGINE=InnoDB DEFAULT CHARSET=utf8 COMMENT='Catalog Product Link Decimal Attribute Table';

--
-- Dumping data for table `mg_catalog_product_link_attribute_decimal`
--

INSERT INTO `mg_catalog_product_link_attribute_decimal` (`value_id`, `product_link_attribute_id`, `link_id`, `value`) VALUES
(11, 5, 117, 5.000000),
(12, 5, 118, 5.000000);

-- --------------------------------------------------------

--
-- Table structure for table `mg_catalog_product_link_attribute_int`
--

CREATE TABLE `mg_catalog_product_link_attribute_int` (
  `value_id` int(10) UNSIGNED NOT NULL COMMENT 'Value ID',
  `product_link_attribute_id` smallint(5) UNSIGNED DEFAULT NULL COMMENT 'Product Link Attribute ID',
  `link_id` int(10) UNSIGNED NOT NULL COMMENT 'Link ID',
  `value` int(11) NOT NULL DEFAULT '0' COMMENT 'Value'
) ENGINE=InnoDB DEFAULT CHARSET=utf8 COMMENT='Catalog Product Link Integer Attribute Table';

--
-- Dumping data for table `mg_catalog_product_link_attribute_int`
--

INSERT INTO `mg_catalog_product_link_attribute_int` (`value_id`, `product_link_attribute_id`, `link_id`, `value`) VALUES
(60, 1, 111, 0),
(61, 1, 112, 0),
(62, 3, 113, 0),
(63, 3, 114, 0),
(64, 2, 115, 0),
(65, 2, 116, 0),
(66, 4, 117, 1),
(67, 4, 118, 2),
(68, 1, 119, 0),
(69, 3, 120, 0),
(70, 2, 121, 0),
(71, 1, 122, 0),
(72, 1, 123, 0),
(73, 3, 124, 0),
(74, 3, 125, 0),
(75, 2, 126, 0),
(76, 2, 127, 0),
(82, 1, 133, 1),
(83, 1, 134, 2),
(84, 1, 135, 3),
(85, 1, 136, 4),
(86, 1, 137, 5);

-- --------------------------------------------------------

--
-- Table structure for table `mg_catalog_product_link_attribute_varchar`
--

CREATE TABLE `mg_catalog_product_link_attribute_varchar` (
  `value_id` int(10) UNSIGNED NOT NULL COMMENT 'Value ID',
  `product_link_attribute_id` smallint(5) UNSIGNED NOT NULL DEFAULT '0' COMMENT 'Product Link Attribute ID',
  `link_id` int(10) UNSIGNED NOT NULL COMMENT 'Link ID',
  `value` varchar(255) DEFAULT NULL COMMENT 'Value'
) ENGINE=InnoDB DEFAULT CHARSET=utf8 COMMENT='Catalog Product Link Varchar Attribute Table';

-- --------------------------------------------------------

--
-- Table structure for table `mg_catalog_product_link_type`
--

CREATE TABLE `mg_catalog_product_link_type` (
  `link_type_id` smallint(5) UNSIGNED NOT NULL COMMENT 'Link Type ID',
  `code` varchar(32) DEFAULT NULL COMMENT 'Code'
) ENGINE=InnoDB DEFAULT CHARSET=utf8 COMMENT='Catalog Product Link Type Table';

--
-- Dumping data for table `mg_catalog_product_link_type`
--

INSERT INTO `mg_catalog_product_link_type` (`link_type_id`, `code`) VALUES
(1, 'relation'),
(3, 'super'),
(4, 'up_sell'),
(5, 'cross_sell');

-- --------------------------------------------------------

--
-- Table structure for table `mg_catalog_product_option`
--

CREATE TABLE `mg_catalog_product_option` (
  `option_id` int(10) UNSIGNED NOT NULL COMMENT 'Option ID',
  `product_id` int(10) UNSIGNED NOT NULL DEFAULT '0' COMMENT 'Product ID',
  `type` varchar(50) DEFAULT NULL COMMENT 'Type',
  `is_require` smallint(6) NOT NULL DEFAULT '1' COMMENT 'Is Required',
  `sku` varchar(64) DEFAULT NULL COMMENT 'SKU',
  `max_characters` int(10) UNSIGNED DEFAULT NULL COMMENT 'Max Characters',
  `file_extension` varchar(50) DEFAULT NULL COMMENT 'File Extension',
  `image_size_x` smallint(5) UNSIGNED DEFAULT NULL COMMENT 'Image Size X',
  `image_size_y` smallint(5) UNSIGNED DEFAULT NULL COMMENT 'Image Size Y',
  `sort_order` int(10) UNSIGNED NOT NULL DEFAULT '0' COMMENT 'Sort Order'
) ENGINE=InnoDB DEFAULT CHARSET=utf8 COMMENT='Catalog Product Option Table';

--
-- Dumping data for table `mg_catalog_product_option`
--

INSERT INTO `mg_catalog_product_option` (`option_id`, `product_id`, `type`, `is_require`, `sku`, `max_characters`, `file_extension`, `image_size_x`, `image_size_y`, `sort_order`) VALUES
(4, 24, 'drop_down', 0, NULL, 0, NULL, 0, 0, 1);

-- --------------------------------------------------------

--
-- Table structure for table `mg_catalog_product_option_price`
--

CREATE TABLE `mg_catalog_product_option_price` (
  `option_price_id` int(10) UNSIGNED NOT NULL COMMENT 'Option Price ID',
  `option_id` int(10) UNSIGNED NOT NULL DEFAULT '0' COMMENT 'Option ID',
  `store_id` smallint(5) UNSIGNED NOT NULL DEFAULT '0' COMMENT 'Store ID',
  `price` decimal(20,6) NOT NULL DEFAULT '0.000000' COMMENT 'Price',
  `price_type` varchar(7) NOT NULL DEFAULT 'fixed' COMMENT 'Price Type'
) ENGINE=InnoDB DEFAULT CHARSET=utf8 COMMENT='Catalog Product Option Price Table';

-- --------------------------------------------------------

--
-- Table structure for table `mg_catalog_product_option_title`
--

CREATE TABLE `mg_catalog_product_option_title` (
  `option_title_id` int(10) UNSIGNED NOT NULL COMMENT 'Option Title ID',
  `option_id` int(10) UNSIGNED NOT NULL DEFAULT '0' COMMENT 'Option ID',
  `store_id` smallint(5) UNSIGNED NOT NULL DEFAULT '0' COMMENT 'Store ID',
  `title` varchar(255) DEFAULT NULL COMMENT 'Title'
) ENGINE=InnoDB DEFAULT CHARSET=utf8 COMMENT='Catalog Product Option Title Table';

--
-- Dumping data for table `mg_catalog_product_option_title`
--

INSERT INTO `mg_catalog_product_option_title` (`option_title_id`, `option_id`, `store_id`, `title`) VALUES
(14, 4, 0, 'Custom Yoga Option'),
(15, 4, 1, 'Custom Yoga Option');

-- --------------------------------------------------------

--
-- Table structure for table `mg_catalog_product_option_type_price`
--

CREATE TABLE `mg_catalog_product_option_type_price` (
  `option_type_price_id` int(10) UNSIGNED NOT NULL COMMENT 'Option Type Price ID',
  `option_type_id` int(10) UNSIGNED NOT NULL DEFAULT '0' COMMENT 'Option Type ID',
  `store_id` smallint(5) UNSIGNED NOT NULL DEFAULT '0' COMMENT 'Store ID',
  `price` decimal(20,6) NOT NULL DEFAULT '0.000000' COMMENT 'Price',
  `price_type` varchar(7) NOT NULL DEFAULT 'fixed' COMMENT 'Price Type'
) ENGINE=InnoDB DEFAULT CHARSET=utf8 COMMENT='Catalog Product Option Type Price Table';

--
-- Dumping data for table `mg_catalog_product_option_type_price`
--

INSERT INTO `mg_catalog_product_option_type_price` (`option_type_price_id`, `option_type_id`, `store_id`, `price`, `price_type`) VALUES
(31, 10, 0, 10.000000, 'fixed'),
(32, 11, 0, 10.000000, 'fixed'),
(33, 12, 0, 10.000000, 'fixed');

-- --------------------------------------------------------

--
-- Table structure for table `mg_catalog_product_option_type_title`
--

CREATE TABLE `mg_catalog_product_option_type_title` (
  `option_type_title_id` int(10) UNSIGNED NOT NULL COMMENT 'Option Type Title ID',
  `option_type_id` int(10) UNSIGNED NOT NULL DEFAULT '0' COMMENT 'Option Type ID',
  `store_id` smallint(5) UNSIGNED NOT NULL DEFAULT '0' COMMENT 'Store ID',
  `title` varchar(255) DEFAULT NULL COMMENT 'Title'
) ENGINE=InnoDB DEFAULT CHARSET=utf8 COMMENT='Catalog Product Option Type Title Table';

--
-- Dumping data for table `mg_catalog_product_option_type_title`
--

INSERT INTO `mg_catalog_product_option_type_title` (`option_type_title_id`, `option_type_id`, `store_id`, `title`) VALUES
(40, 10, 0, 'Gold'),
(41, 11, 0, 'Silver'),
(42, 12, 0, 'Platinum'),
(43, 10, 1, 'Gold'),
(44, 11, 1, 'Silver'),
(45, 12, 1, 'Platinum');

-- --------------------------------------------------------

--
-- Table structure for table `mg_catalog_product_option_type_value`
--

CREATE TABLE `mg_catalog_product_option_type_value` (
  `option_type_id` int(10) UNSIGNED NOT NULL COMMENT 'Option Type ID',
  `option_id` int(10) UNSIGNED NOT NULL DEFAULT '0' COMMENT 'Option ID',
  `sku` varchar(64) DEFAULT NULL COMMENT 'SKU',
  `sort_order` int(10) UNSIGNED NOT NULL DEFAULT '0' COMMENT 'Sort Order'
) ENGINE=InnoDB DEFAULT CHARSET=utf8 COMMENT='Catalog Product Option Type Value Table';

--
-- Dumping data for table `mg_catalog_product_option_type_value`
--

INSERT INTO `mg_catalog_product_option_type_value` (`option_type_id`, `option_id`, `sku`, `sort_order`) VALUES
(10, 4, NULL, 0),
(11, 4, NULL, 1),
(12, 4, 'yoga3sku', 2);

-- --------------------------------------------------------

--
-- Table structure for table `mg_catalog_product_relation`
--

CREATE TABLE `mg_catalog_product_relation` (
  `parent_id` int(10) UNSIGNED NOT NULL COMMENT 'Parent ID',
  `child_id` int(10) UNSIGNED NOT NULL COMMENT 'Child ID'
) ENGINE=InnoDB DEFAULT CHARSET=utf8 COMMENT='Catalog Product Relation Table';

--
-- Dumping data for table `mg_catalog_product_relation`
--

INSERT INTO `mg_catalog_product_relation` (`parent_id`, `child_id`) VALUES
(26, 17),
(26, 24);

-- --------------------------------------------------------

--
-- Table structure for table `mg_catalog_product_super_attribute`
--

CREATE TABLE `mg_catalog_product_super_attribute` (
  `product_super_attribute_id` int(10) UNSIGNED NOT NULL COMMENT 'Product Super Attribute ID',
  `product_id` int(10) UNSIGNED NOT NULL DEFAULT '0' COMMENT 'Product ID',
  `attribute_id` smallint(5) UNSIGNED NOT NULL DEFAULT '0' COMMENT 'Attribute ID',
  `position` smallint(5) UNSIGNED NOT NULL DEFAULT '0' COMMENT 'Position'
) ENGINE=InnoDB DEFAULT CHARSET=utf8 COMMENT='Catalog Product Super Attribute Table';

-- --------------------------------------------------------

--
-- Table structure for table `mg_catalog_product_super_attribute_label`
--

CREATE TABLE `mg_catalog_product_super_attribute_label` (
  `value_id` int(10) UNSIGNED NOT NULL COMMENT 'Value ID',
  `product_super_attribute_id` int(10) UNSIGNED NOT NULL DEFAULT '0' COMMENT 'Product Super Attribute ID',
  `store_id` smallint(5) UNSIGNED NOT NULL DEFAULT '0' COMMENT 'Store ID',
  `use_default` smallint(5) UNSIGNED DEFAULT '0' COMMENT 'Use Default Value',
  `value` varchar(255) DEFAULT NULL COMMENT 'Value'
) ENGINE=InnoDB DEFAULT CHARSET=utf8 COMMENT='Catalog Product Super Attribute Label Table';

-- --------------------------------------------------------

--
-- Table structure for table `mg_catalog_product_super_link`
--

CREATE TABLE `mg_catalog_product_super_link` (
  `link_id` int(10) UNSIGNED NOT NULL COMMENT 'Link ID',
  `product_id` int(10) UNSIGNED NOT NULL DEFAULT '0' COMMENT 'Product ID',
  `parent_id` int(10) UNSIGNED NOT NULL DEFAULT '0' COMMENT 'Parent ID'
) ENGINE=InnoDB DEFAULT CHARSET=utf8 COMMENT='Catalog Product Super Link Table';

-- --------------------------------------------------------

--
-- Table structure for table `mg_catalog_product_website`
--

CREATE TABLE `mg_catalog_product_website` (
  `product_id` int(10) UNSIGNED NOT NULL COMMENT 'Product ID',
  `website_id` smallint(5) UNSIGNED NOT NULL COMMENT 'Website ID'
) ENGINE=InnoDB DEFAULT CHARSET=utf8 COMMENT='Catalog Product To Website Linkage Table';

--
-- Dumping data for table `mg_catalog_product_website`
--

INSERT INTO `mg_catalog_product_website` (`product_id`, `website_id`) VALUES
(1, 1),
(2, 1),
(3, 1),
(4, 1),
(5, 1),
(6, 1),
(7, 1),
(8, 1),
(9, 1),
(10, 1),
(11, 1),
(12, 1),
(13, 1),
(14, 1),
(17, 1),
(24, 1),
(25, 1),
(26, 1),
(27, 1),
(28, 1);

--
-- Triggers `mg_catalog_product_website`
--
DELIMITER $$
CREATE TRIGGER `trg_mg_catalog_product_website_after_delete` AFTER DELETE ON `mg_catalog_product_website` FOR EACH ROW BEGIN
INSERT IGNORE INTO `mg_scconnector_google_remove_cl` (`entity_id`) VALUES (OLD.`product_id`);
END
$$
DELIMITER ;
DELIMITER $$
CREATE TRIGGER `trg_mg_catalog_product_website_after_insert` AFTER INSERT ON `mg_catalog_product_website` FOR EACH ROW BEGIN
INSERT IGNORE INTO `mg_scconnector_google_remove_cl` (`entity_id`) VALUES (NEW.`product_id`);
END
$$
DELIMITER ;
DELIMITER $$
CREATE TRIGGER `trg_mg_catalog_product_website_after_update` AFTER UPDATE ON `mg_catalog_product_website` FOR EACH ROW BEGIN
IF (NEW.`product_id` <=> OLD.`product_id` OR NEW.`website_id` <=> OLD.`website_id`) THEN INSERT IGNORE INTO `mg_scconnector_google_remove_cl` (`entity_id`) VALUES (NEW.`product_id`); END IF;
END
$$
DELIMITER ;

-- --------------------------------------------------------

--
-- Table structure for table `mg_catalog_url_rewrite_product_category`
--

CREATE TABLE `mg_catalog_url_rewrite_product_category` (
  `url_rewrite_id` int(10) UNSIGNED NOT NULL COMMENT 'url_rewrite_id',
  `category_id` int(10) UNSIGNED NOT NULL COMMENT 'category_id',
  `product_id` int(10) UNSIGNED NOT NULL COMMENT 'product_id'
) ENGINE=InnoDB DEFAULT CHARSET=utf8 COMMENT='url_rewrite_relation';

--
-- Dumping data for table `mg_catalog_url_rewrite_product_category`
--

INSERT INTO `mg_catalog_url_rewrite_product_category` (`url_rewrite_id`, `category_id`, `product_id`) VALUES
(80, 3, 2),
(88, 3, 5),
(96, 33, 8),
(98, 33, 9),
(100, 33, 10),
(103, 33, 11),
(105, 3, 12),
(199, 3, 3),
(200, 4, 3),
(203, 3, 4),
(204, 4, 4),
(207, 3, 6),
(208, 4, 6),
(211, 3, 7),
(212, 4, 7),
(277, 3, 1),
(278, 4, 1),
(282, 41, 1),
(281, 40, 1),
(280, 6, 1),
(279, 5, 1),
(302, 3, 28);

-- --------------------------------------------------------

--
-- Table structure for table `mg_ced_csmarketplace_notification`
--

CREATE TABLE `mg_ced_csmarketplace_notification` (
  `id` int(10) UNSIGNED NOT NULL COMMENT 'ID',
  `action` varchar(255) NOT NULL COMMENT 'action',
  `title` varchar(255) NOT NULL COMMENT 'title',
  `itag` varchar(255) NOT NULL COMMENT 'itag',
  `vendor_id` int(10) UNSIGNED NOT NULL DEFAULT '0' COMMENT 'vendor_id',
  `created_at` timestamp NOT NULL DEFAULT CURRENT_TIMESTAMP COMMENT 'Created At',
  `updated_at` timestamp NOT NULL DEFAULT CURRENT_TIMESTAMP ON UPDATE CURRENT_TIMESTAMP COMMENT 'Updated At',
  `reference_id` int(10) UNSIGNED NOT NULL DEFAULT '0' COMMENT 'reference_id',
  `status` smallint(5) UNSIGNED DEFAULT '0' COMMENT 'status'
) ENGINE=InnoDB DEFAULT CHARSET=utf8 COMMENT='Vendor Notifications Table';

--
-- Dumping data for table `mg_ced_csmarketplace_notification`
--

INSERT INTO `mg_ced_csmarketplace_notification` (`id`, `action`, `title`, `itag`, `vendor_id`, `created_at`, `updated_at`, `reference_id`, `status`) VALUES
(1, 'https://www.getfastdeal.com/demo/csmarketplace/vorders/view/order_id/1/', 'New Order 000000001', '', 2, '2019-09-09 11:55:23', '2019-09-09 11:55:23', 1, 0),
(2, 'https://www.getfastdeal.com/demo/csmarketplace/vorders/view/order_id/2/', 'New Order 000000002', '', 2, '2019-09-10 06:49:12', '2019-09-10 06:49:12', 2, 1),
(3, 'https://www.getfastdeal.com/demo/csmarketplace/vorders/view/order_id/3/', 'New Order 000000005', '', 4, '2019-09-20 11:15:21', '2019-09-20 11:15:21', 3, 1);

-- --------------------------------------------------------

--
-- Table structure for table `mg_ced_csmarketplace_vendor`
--

CREATE TABLE `mg_ced_csmarketplace_vendor` (
  `entity_id` int(10) UNSIGNED NOT NULL COMMENT 'Entity ID',
  `entity_type_id` int(10) UNSIGNED NOT NULL DEFAULT '0' COMMENT 'Entity Type ID',
  `attribute_set_id` int(10) UNSIGNED NOT NULL DEFAULT '0' COMMENT 'Attribute Set ID',
  `increment_id` varchar(50) NOT NULL DEFAULT '' COMMENT 'Increment ID',
  `parent_id` int(10) UNSIGNED DEFAULT '0' COMMENT 'Parent ID',
  `created_at` timestamp NOT NULL DEFAULT CURRENT_TIMESTAMP COMMENT 'Created At',
  `updated_at` timestamp NOT NULL DEFAULT CURRENT_TIMESTAMP ON UPDATE CURRENT_TIMESTAMP COMMENT 'Updated At',
  `is_active` smallint(5) UNSIGNED NOT NULL DEFAULT '1' COMMENT 'Is Active',
  `website_id` smallint(5) UNSIGNED DEFAULT NULL COMMENT 'Website ID',
  `address` text,
  `city` text,
  `zip_code` text
) ENGINE=InnoDB DEFAULT CHARSET=utf8 COMMENT='CsMarketplace Vendor';

--
-- Dumping data for table `mg_ced_csmarketplace_vendor`
--

INSERT INTO `mg_ced_csmarketplace_vendor` (`entity_id`, `entity_type_id`, `attribute_set_id`, `increment_id`, `parent_id`, `created_at`, `updated_at`, `is_active`, `website_id`, `address`, `city`, `zip_code`) VALUES
(4, 9, 0, '000000004', 0, '2019-09-13 07:20:51', '2019-09-13 11:17:25', 1, 1, NULL, NULL, NULL),
(5, 9, 0, '000000005', 0, '2019-09-17 11:35:38', '2019-09-17 11:50:47', 1, 1, NULL, NULL, NULL),
(6, 9, 0, '000000006', 0, '2019-09-17 11:48:41', '2019-09-17 11:51:03', 1, 1, NULL, NULL, NULL),
(7, 9, 0, '000000007', 0, '2019-09-20 09:39:49', '2019-09-20 09:40:55', 1, 1, NULL, NULL, NULL),
(8, 9, 0, '000000008', 0, '2019-09-25 10:11:29', '2019-09-25 10:12:29', 1, 1, NULL, NULL, NULL);

-- --------------------------------------------------------

--
-- Table structure for table `mg_ced_csmarketplace_vendor_datetime`
--

CREATE TABLE `mg_ced_csmarketplace_vendor_datetime` (
  `value_id` int(11) NOT NULL COMMENT 'Value Id',
  `attribute_id` smallint(5) UNSIGNED NOT NULL DEFAULT '0' COMMENT 'Attribute Id',
  `entity_id` int(10) UNSIGNED NOT NULL DEFAULT '0' COMMENT 'Entity Id',
  `value` datetime DEFAULT NULL COMMENT 'Value'
) ENGINE=InnoDB DEFAULT CHARSET=utf8 COMMENT='CsMarketplace vendor Datetime';

--
-- Dumping data for table `mg_ced_csmarketplace_vendor_datetime`
--

INSERT INTO `mg_ced_csmarketplace_vendor_datetime` (`value_id`, `attribute_id`, `entity_id`, `value`) VALUES
(4, 142, 4, '2019-09-13 07:20:51'),
(5, 142, 5, '2019-09-17 11:35:37'),
(6, 142, 6, '2019-09-17 11:48:40'),
(7, 142, 7, '2019-09-20 09:39:47'),
(8, 142, 8, '2019-09-25 10:11:27');

-- --------------------------------------------------------

--
-- Table structure for table `mg_ced_csmarketplace_vendor_decimal`
--

CREATE TABLE `mg_ced_csmarketplace_vendor_decimal` (
  `value_id` int(11) NOT NULL COMMENT 'Value Id',
  `attribute_id` smallint(5) UNSIGNED NOT NULL DEFAULT '0' COMMENT 'Attribute Id',
  `entity_id` int(10) UNSIGNED NOT NULL DEFAULT '0' COMMENT 'Entity Id',
  `value` decimal(12,4) NOT NULL DEFAULT '0.0000' COMMENT 'Value'
) ENGINE=InnoDB DEFAULT CHARSET=utf8 COMMENT='CsMarketplace vendor Decimal';

-- --------------------------------------------------------

--
-- Table structure for table `mg_ced_csmarketplace_vendor_form_attribute`
--

CREATE TABLE `mg_ced_csmarketplace_vendor_form_attribute` (
  `id` int(10) UNSIGNED NOT NULL COMMENT 'ID',
  `attribute_id` int(10) UNSIGNED NOT NULL DEFAULT '0' COMMENT 'Attribute Id',
  `attribute_code` varchar(255) NOT NULL COMMENT 'Attribute Code',
  `is_visible` smallint(5) UNSIGNED NOT NULL DEFAULT '0' COMMENT 'Visible On Frontend',
  `sort_order` int(10) UNSIGNED NOT NULL DEFAULT '0' COMMENT 'Sort Order',
  `store_id` smallint(5) UNSIGNED DEFAULT '0' COMMENT 'Store Id',
  `use_in_registration` int(11) DEFAULT NULL,
  `position_in_registration` int(11) DEFAULT NULL,
  `use_in_left_profile` int(11) DEFAULT NULL,
  `position_in_left_profile` int(11) DEFAULT NULL,
  `fontawesome_class_for_left_profile` text
) ENGINE=InnoDB DEFAULT CHARSET=utf8 COMMENT='Vendor Form Table';

--
-- Dumping data for table `mg_ced_csmarketplace_vendor_form_attribute`
--

INSERT INTO `mg_ced_csmarketplace_vendor_form_attribute` (`id`, `attribute_id`, `attribute_code`, `is_visible`, `sort_order`, `store_id`, `use_in_registration`, `position_in_registration`, `use_in_left_profile`, `position_in_left_profile`, `fontawesome_class_for_left_profile`) VALUES
(1, 140, 'customer_id', 0, 0, 0, NULL, NULL, NULL, NULL, NULL),
(2, 141, 'vendor_gstin', 1, 6, 0, 0, NULL, 0, NULL, NULL),
(3, 142, 'created_at', 1, 1, 0, NULL, NULL, 1, 70, 'fa fa-calendar'),
(4, 143, 'shop_url', 1, 2, 0, 1, 20, NULL, NULL, NULL),
(5, 144, 'status', 1, 3, 0, NULL, NULL, NULL, NULL, NULL),
(6, 145, 'group', 1, 4, 0, NULL, NULL, NULL, NULL, NULL),
(7, 146, 'public_name', 1, 4, 0, 1, 10, 1, 10, 'fa fa-user'),
(8, 147, 'website_id', 0, 0, 0, NULL, NULL, NULL, NULL, NULL),
(9, 148, 'name', 1, 5, 0, NULL, NULL, 1, 50, 'fa fa-user'),
(10, 149, 'gender', 1, 6, 0, NULL, NULL, NULL, NULL, NULL),
(11, 150, 'profile_picture', 1, 7, 0, NULL, NULL, NULL, NULL, NULL),
(12, 151, 'email', 1, 8, 0, NULL, NULL, 1, 35, 'fa fa-envelope-o'),
(13, 152, 'contact_number', 1, 9, 0, NULL, NULL, NULL, NULL, NULL),
(14, 153, 'company_name', 1, 10, 0, NULL, NULL, 1, 40, 'fa fa-building'),
(15, 154, 'about', 1, 11, 0, NULL, NULL, NULL, NULL, NULL),
(16, 155, 'company_logo', 1, 12, 0, NULL, NULL, NULL, NULL, NULL),
(17, 156, 'company_banner', 1, 13, 0, NULL, NULL, NULL, NULL, NULL),
(18, 157, 'company_address', 1, 14, 0, NULL, NULL, 1, 60, 'fa fa-location-arrow'),
(19, 158, 'support_number', 1, 15, 0, NULL, NULL, 1, 20, 'fa fa-mobile'),
(20, 159, 'support_email', 1, 16, 0, NULL, NULL, 1, 30, 'fa fa-envelope-o'),
(21, 160, 'meta_keywords', 1, 19, 0, NULL, NULL, NULL, NULL, NULL),
(22, 161, 'meta_description', 1, 20, 0, NULL, NULL, NULL, NULL, NULL),
(23, 162, 'facebook_id', 1, 21, 0, NULL, NULL, 1, 80, 'fa fa-facebook-square'),
(24, 163, 'twitter_id', 1, 22, 0, NULL, NULL, 1, 90, 'fa fa-twitter'),
(25, 164, 'address', 1, 25, 0, NULL, NULL, NULL, NULL, NULL),
(26, 165, 'city', 1, 26, 0, NULL, NULL, NULL, NULL, NULL),
(27, 166, 'zip_code', 1, 27, 0, NULL, NULL, NULL, NULL, NULL),
(28, 167, 'region', 1, 29, 0, NULL, NULL, NULL, NULL, NULL),
(29, 168, 'region_id', 1, 28, 0, NULL, NULL, NULL, NULL, NULL),
(30, 169, 'country_id', 1, 30, 0, NULL, NULL, NULL, NULL, NULL),
(31, 170, 'reason', 0, 0, 0, 0, 0, 0, 0, 'fa fa-circle-thin');

-- --------------------------------------------------------

--
-- Table structure for table `mg_ced_csmarketplace_vendor_int`
--

CREATE TABLE `mg_ced_csmarketplace_vendor_int` (
  `value_id` int(11) NOT NULL COMMENT 'Value Id',
  `attribute_id` smallint(5) UNSIGNED NOT NULL DEFAULT '0' COMMENT 'Attribute Id',
  `entity_id` int(10) UNSIGNED NOT NULL DEFAULT '0' COMMENT 'Entity Id',
  `value` int(11) NOT NULL DEFAULT '0' COMMENT 'Value'
) ENGINE=InnoDB DEFAULT CHARSET=utf8 COMMENT='CsMarketplace vendor Int';

--
-- Dumping data for table `mg_ced_csmarketplace_vendor_int`
--

INSERT INTO `mg_ced_csmarketplace_vendor_int` (`value_id`, `attribute_id`, `entity_id`, `value`) VALUES
(6, 140, 4, 4),
(7, 149, 4, 2),
(9, 166, 4, 800002),
(8, 168, 4, 537),
(10, 140, 5, 5),
(11, 140, 6, 6),
(12, 140, 7, 7),
(13, 140, 8, 2);

-- --------------------------------------------------------

--
-- Table structure for table `mg_ced_csmarketplace_vendor_payments`
--

CREATE TABLE `mg_ced_csmarketplace_vendor_payments` (
  `entity_id` int(10) UNSIGNED NOT NULL COMMENT 'Entity Id',
  `vendor_id` int(10) UNSIGNED DEFAULT '0' COMMENT 'Vendor Id',
  `transaction_id` varchar(200) DEFAULT NULL COMMENT 'Transaction Id',
  `amount_desc` varchar(255) NOT NULL COMMENT 'Amount Description',
  `amount` decimal(12,4) DEFAULT NULL COMMENT 'Amount',
  `base_amount` decimal(12,4) NOT NULL COMMENT 'Base Amount',
  `currency` varchar(10) NOT NULL COMMENT 'Currency',
  `fee` decimal(12,4) DEFAULT '0.0000' COMMENT 'Fee',
  `base_fee` decimal(12,4) NOT NULL COMMENT 'Base Fee',
  `net_amount` decimal(12,4) DEFAULT '0.0000' COMMENT 'Net Amount',
  `base_net_amount` decimal(12,4) NOT NULL COMMENT 'Base Net Amount',
  `balance` decimal(12,4) NOT NULL COMMENT 'Balance',
  `base_balance` decimal(12,4) NOT NULL COMMENT 'Base Balance',
  `tax` decimal(12,4) DEFAULT '0.0000' COMMENT 'Tax',
  `base_tax` decimal(12,4) NOT NULL COMMENT 'Base Tax',
  `notes` text COMMENT 'Notes',
  `transaction_type` int(10) UNSIGNED NOT NULL COMMENT 'Transaction Type',
  `payment_method` text COMMENT 'Payment Method',
  `payment_code` varchar(200) DEFAULT NULL COMMENT 'Payment Code',
  `payment_detail` text NOT NULL COMMENT 'Payment Detail',
  `status` varchar(10) DEFAULT NULL COMMENT 'Status',
  `payment_date` datetime DEFAULT NULL COMMENT 'Payment Date',
  `created_at` timestamp NOT NULL DEFAULT CURRENT_TIMESTAMP ON UPDATE CURRENT_TIMESTAMP COMMENT 'Created At',
  `base_currency` varchar(10) DEFAULT NULL COMMENT 'Base Currency',
  `base_to_global_rate` decimal(12,4) DEFAULT NULL COMMENT 'Base To Global Rate'
) ENGINE=InnoDB DEFAULT CHARSET=utf8 COMMENT='CsMarketplace Vendor Payment Table';

-- --------------------------------------------------------

--
-- Table structure for table `mg_ced_csmarketplace_vendor_payments_requested`
--

CREATE TABLE `mg_ced_csmarketplace_vendor_payments_requested` (
  `entity_id` int(10) UNSIGNED NOT NULL COMMENT 'Entity ID',
  `vendor_id` int(10) UNSIGNED NOT NULL COMMENT 'Vendor Id',
  `order_id` varchar(30) NOT NULL COMMENT 'Order Id',
  `amount` decimal(10,4) UNSIGNED NOT NULL DEFAULT '0.0000' COMMENT 'Amount',
  `status` int(10) UNSIGNED NOT NULL COMMENT 'Status',
  `created_at` timestamp NOT NULL DEFAULT CURRENT_TIMESTAMP COMMENT 'Created At',
  `updated_at` timestamp NOT NULL DEFAULT CURRENT_TIMESTAMP ON UPDATE CURRENT_TIMESTAMP COMMENT 'Updated At'
) ENGINE=InnoDB DEFAULT CHARSET=utf8 COMMENT='mg_ced_csmarketplace_vendor_payments_requested';

-- --------------------------------------------------------

--
-- Table structure for table `mg_ced_csmarketplace_vendor_products`
--

CREATE TABLE `mg_ced_csmarketplace_vendor_products` (
  `id` int(10) UNSIGNED NOT NULL COMMENT 'Id',
  `vendor_id` int(10) UNSIGNED NOT NULL COMMENT 'Vendor Id',
  `product_id` int(10) UNSIGNED NOT NULL COMMENT 'Product Id',
  `type` varchar(255) DEFAULT NULL COMMENT 'Type',
  `price` decimal(12,4) DEFAULT '0.0000' COMMENT 'Price',
  `special_price` decimal(12,4) DEFAULT '0.0000' COMMENT 'Special Price',
  `name` text NOT NULL COMMENT 'Name',
  `description` text NOT NULL COMMENT 'Description',
  `short_description` text NOT NULL COMMENT 'Short Description',
  `sku` text NOT NULL COMMENT 'SKU',
  `weight` decimal(12,4) NOT NULL COMMENT 'Weight',
  `check_status` smallint(5) UNSIGNED DEFAULT '0' COMMENT 'Check Status',
  `qty` int(10) UNSIGNED DEFAULT '0' COMMENT 'Quantity',
  `is_in_stock` smallint(5) UNSIGNED DEFAULT '0' COMMENT 'Quantity',
  `website_id` int(10) UNSIGNED DEFAULT '0' COMMENT 'Website ID',
  `is_multiseller` int(10) UNSIGNED DEFAULT '0' COMMENT 'Is MultiSeller Product',
  `parent_id` int(10) UNSIGNED DEFAULT '0' COMMENT 'Parent Id',
  `reason` text
) ENGINE=InnoDB DEFAULT CHARSET=utf8 COMMENT='CsMarketplace Vendor Product';

--
-- Dumping data for table `mg_ced_csmarketplace_vendor_products`
--

INSERT INTO `mg_ced_csmarketplace_vendor_products` (`id`, `vendor_id`, `product_id`, `type`, `price`, `special_price`, `name`, `description`, `short_description`, `sku`, `weight`, `check_status`, `qty`, `is_in_stock`, `website_id`, `is_multiseller`, `parent_id`, `reason`) VALUES
(13, 4, 24, 'simple', 14.0000, NULL, 'Sprite Yoga Strap 6 foot', '<p>The Sprite Yoga Strap is your untiring partner in demanding stretches, holds and alignment routines. The strap\'s 100% organic cotton fabric is woven tightly to form a soft, textured yet non-slip surface. The plastic clasp buckle is easily adjustable, lightweight and urable under strain.</p><ul><li>100% soft and durable cotton.<li>Plastic cinch buckle is easy to use.<li>Three natural colors made from phthalate and heavy metal free dyes.</ul>', '', '24-WG085', 0.0000, 1, NULL, 1, 1, 0, 0, NULL),
(14, 4, 25, 'simple', 21.0000, NULL, 'Sprite Yoga Strap 10 foot', '<p>The Sprite Yoga Strap is your untiring partner in demanding stretches, holds and alignment routines. The strap\'s 100% organic cotton fabric is woven tightly to form a soft, textured yet non-slip surface. The plastic clasp buckle is easily adjustable, lightweight and durable under strain.</p><ul><li>10\' long x 1.0\" wide.<li>100% soft and durable cotton.<li>Plastic cinch buckle is easy to use.<li>Three natural colors made from phthalate and heavy metal free dyes.</ul>', '', '24-WG087', 0.0000, 1, NULL, 1, 1, 0, 0, NULL),
(15, 4, 26, 'grouped', NULL, NULL, 'Set of Sprite Yoga Straps', '<p>Great set of Sprite Yoga Straps for every stretch and hold you need. There are three straps in this set: 6\', 8\' and 10\'.</p><ul><li>100% soft and durable cotton.</li><li>Plastic cinch buckle is easy to use.</li><li>Choice of three natural colors made from phthalate and heavy metal free dyes.</li></ul>', '', '24-WG085_Group', 0.0000, 1, NULL, 1, 1, 0, 0, NULL),
(16, 8, 27, 'simple', 111.0000, NULL, 'qqq', '', '', 'qqq', 0.0000, 1, 111, 1, 1, 0, 0, NULL);

-- --------------------------------------------------------

--
-- Table structure for table `mg_ced_csmarketplace_vendor_products_status`
--

CREATE TABLE `mg_ced_csmarketplace_vendor_products_status` (
  `id` int(10) UNSIGNED NOT NULL COMMENT 'Id',
  `vendor_id` int(10) UNSIGNED NOT NULL COMMENT 'Vendor Id',
  `product_id` int(10) UNSIGNED NOT NULL COMMENT 'Product Id',
  `store_id` int(10) UNSIGNED NOT NULL COMMENT 'Store Id',
  `status` varchar(64) DEFAULT NULL COMMENT 'Status'
) ENGINE=InnoDB DEFAULT CHARSET=utf8 COMMENT='CsMarketplace Vendor Product Status';

--
-- Dumping data for table `mg_ced_csmarketplace_vendor_products_status`
--

INSERT INTO `mg_ced_csmarketplace_vendor_products_status` (`id`, `vendor_id`, `product_id`, `store_id`, `status`) VALUES
(15, 0, 24, 0, '1'),
(14, 0, 25, 0, '1'),
(13, 0, 26, 0, '1'),
(16, 0, 27, 0, '1');

-- --------------------------------------------------------

--
-- Table structure for table `mg_ced_csmarketplace_vendor_sales_order`
--

CREATE TABLE `mg_ced_csmarketplace_vendor_sales_order` (
  `id` int(10) UNSIGNED NOT NULL COMMENT 'Id',
  `vendor_id` int(10) UNSIGNED NOT NULL COMMENT 'Vendor Id',
  `order_id` varchar(30) NOT NULL COMMENT 'Order Id',
  `currency` varchar(10) NOT NULL COMMENT 'Currency',
  `base_order_total` decimal(12,4) NOT NULL COMMENT 'Base Order Total',
  `order_total` decimal(12,4) DEFAULT NULL COMMENT 'Order Total',
  `shop_commission_type_id` text NOT NULL COMMENT 'Shop Commission Type',
  `shop_commission_rate` decimal(12,4) NOT NULL COMMENT 'shop_commission_rate',
  `shop_commission_base_fee` decimal(12,4) NOT NULL COMMENT 'Shop Commission Base Fee',
  `shop_commission_fee` decimal(12,4) NOT NULL COMMENT 'Shop Commission Fee',
  `product_qty` int(11) NOT NULL COMMENT 'Product Qty',
  `order_payment_state` text NOT NULL COMMENT 'Order Payment State',
  `payment_state` varchar(11) NOT NULL COMMENT 'Payment State',
  `billing_country_code` varchar(100) NOT NULL COMMENT 'Billing Country Code',
  `shipping_country_code` varchar(100) NOT NULL COMMENT 'Shipping Country Code',
  `base_currency` varchar(10) DEFAULT NULL COMMENT 'Base Currency',
  `base_to_global_rate` decimal(12,4) DEFAULT NULL COMMENT 'Base To Global Rate',
  `items_commission` text COMMENT 'Items Commission',
  `shipping_amount` decimal(12,4) DEFAULT '0.0000' COMMENT 'Shipping Amount',
  `base_shipping_amount` decimal(12,4) DEFAULT '0.0000' COMMENT 'Base Shipping Amount',
  `shipping_paid` decimal(12,4) DEFAULT '0.0000' COMMENT 'Shipping Paid',
  `shipping_refunded` decimal(12,4) DEFAULT '0.0000' COMMENT 'Shipping Refunded',
  `method` varchar(255) NOT NULL DEFAULT '' COMMENT 'Shipping Method',
  `method_title` text COMMENT 'Shipping Method Title',
  `carrier` varchar(255) DEFAULT NULL COMMENT 'Shipping Carrier',
  `carrier_title` varchar(255) DEFAULT NULL COMMENT 'Shipping Carier Title',
  `code` varchar(255) DEFAULT NULL COMMENT 'Shipping Code',
  `shipping_description` varchar(255) DEFAULT NULL COMMENT 'Shipping Description',
  `vorders_mode` varchar(255) DEFAULT NULL COMMENT 'Vorder Mode',
  `billing_name` text NOT NULL COMMENT 'Billing Name',
  `created_at` timestamp NOT NULL DEFAULT CURRENT_TIMESTAMP COMMENT 'Created At'
) ENGINE=InnoDB DEFAULT CHARSET=utf8 COMMENT='CsMarketplace Vendor Order';

--
