-- Table structure for table `mg_customer_address_entity`
--

CREATE TABLE `mg_customer_address_entity` (
  `entity_id` int(10) UNSIGNED NOT NULL COMMENT 'Entity ID',
  `increment_id` varchar(50) DEFAULT NULL COMMENT 'Increment Id',
  `parent_id` int(10) UNSIGNED DEFAULT NULL COMMENT 'Parent ID',
  `created_at` timestamp NOT NULL DEFAULT CURRENT_TIMESTAMP COMMENT 'Created At',
  `updated_at` timestamp NOT NULL DEFAULT CURRENT_TIMESTAMP ON UPDATE CURRENT_TIMESTAMP COMMENT 'Updated At',
  `is_active` smallint(5) UNSIGNED NOT NULL DEFAULT '1' COMMENT 'Is Active',
  `city` varchar(255) NOT NULL COMMENT 'City',
  `company` varchar(255) DEFAULT NULL COMMENT 'Company',
  `country_id` varchar(255) NOT NULL COMMENT 'Country',
  `fax` varchar(255) DEFAULT NULL COMMENT 'Fax',
  `firstname` varchar(255) NOT NULL COMMENT 'First Name',
  `lastname` varchar(255) NOT NULL COMMENT 'Last Name',
  `middlename` varchar(255) DEFAULT NULL COMMENT 'Middle Name',
  `postcode` varchar(255) DEFAULT NULL COMMENT 'Zip/Postal Code',
  `prefix` varchar(40) DEFAULT NULL COMMENT 'Name Prefix',
  `region` varchar(255) DEFAULT NULL COMMENT 'State/Province',
  `region_id` int(10) UNSIGNED DEFAULT NULL COMMENT 'State/Province',
  `street` text NOT NULL COMMENT 'Street Address',
  `suffix` varchar(40) DEFAULT NULL COMMENT 'Name Suffix',
  `telephone` varchar(255) NOT NULL COMMENT 'Phone Number',
  `vat_id` varchar(255) DEFAULT NULL COMMENT 'VAT number',
  `vat_is_valid` int(10) UNSIGNED DEFAULT NULL COMMENT 'VAT number validity',
  `vat_request_date` varchar(255) DEFAULT NULL COMMENT 'VAT number validation request date',
  `vat_request_id` varchar(255) DEFAULT NULL COMMENT 'VAT number validation request ID',
  `vat_request_success` int(10) UNSIGNED DEFAULT NULL COMMENT 'VAT number validation request success'
) ENGINE=InnoDB DEFAULT CHARSET=utf8 COMMENT='Customer Address Entity';

--
-- Dumping data for table `mg_customer_address_entity`
--

INSERT INTO `mg_customer_address_entity` (`entity_id`, `increment_id`, `parent_id`, `created_at`, `updated_at`, `is_active`, `city`, `company`, `country_id`, `fax`, `firstname`, `lastname`, `middlename`, `postcode`, `prefix`, `region`, `region_id`, `street`, `suffix`, `telephone`, `vat_id`, `vat_is_valid`, `vat_request_date`, `vat_request_id`, `vat_request_success`) VALUES
(1, NULL, 2, '2019-09-09 11:55:22', '2019-09-09 11:55:22', 1, 'testced', NULL, 'US', NULL, 'testced', 'testced', NULL, '10001', NULL, 'Armed Forces Middle East', 10, 'testced', NULL, '2345235', NULL, NULL, NULL, NULL, NULL),
(2, NULL, 4, '2019-09-20 10:59:45', '2019-09-20 10:59:45', 1, 'patna', 'ewebtonic', 'IN', NULL, 'santoshi', 'kumari', NULL, '800001', NULL, 'Bihar', 537, 'patna boring road', NULL, '7987854698', NULL, NULL, NULL, NULL, NULL),
(3, NULL, 8, '2019-09-23 07:18:24', '2019-09-23 07:18:24', 1, 'Patna', NULL, 'IN', NULL, 'Ramesh Chandra', 'Sinha', NULL, '800023', NULL, 'Bihar', 537, 'Sinha\'s Oasis, At the end of Road No. 10, East of Sri Hari Apartment, East Patel Nagar', NULL, '08877669999', NULL, NULL, NULL, NULL, NULL);

-- --------------------------------------------------------

--
-- Table structure for table `mg_customer_address_entity_datetime`
--

CREATE TABLE `mg_customer_address_entity_datetime` (
  `value_id` int(11) NOT NULL COMMENT 'Value Id',
  `attribute_id` smallint(5) UNSIGNED NOT NULL DEFAULT '0' COMMENT 'Attribute Id',
  `entity_id` int(10) UNSIGNED NOT NULL DEFAULT '0' COMMENT 'Entity ID',
  `value` datetime DEFAULT NULL COMMENT 'Value'
) ENGINE=InnoDB DEFAULT CHARSET=utf8 COMMENT='Customer Address Entity Datetime';

-- --------------------------------------------------------

--
-- Table structure for table `mg_customer_address_entity_decimal`
--

CREATE TABLE `mg_customer_address_entity_decimal` (
  `value_id` int(11) NOT NULL COMMENT 'Value Id',
  `attribute_id` smallint(5) UNSIGNED NOT NULL DEFAULT '0' COMMENT 'Attribute Id',
  `entity_id` int(10) UNSIGNED NOT NULL DEFAULT '0' COMMENT 'Entity ID',
  `value` decimal(12,4) NOT NULL DEFAULT '0.0000' COMMENT 'Value'
) ENGINE=InnoDB DEFAULT CHARSET=utf8 COMMENT='Customer Address Entity Decimal';

-- --------------------------------------------------------

--
-- Table structure for table `mg_customer_address_entity_int`
--

CREATE TABLE `mg_customer_address_entity_int` (
  `value_id` int(11) NOT NULL COMMENT 'Value ID',
  `attribute_id` smallint(5) UNSIGNED NOT NULL DEFAULT '0' COMMENT 'Attribute ID',
  `entity_id` int(10) UNSIGNED NOT NULL DEFAULT '0' COMMENT 'Entity ID',
  `value` int(11) NOT NULL DEFAULT '0' COMMENT 'Value'
) ENGINE=InnoDB DEFAULT CHARSET=utf8 COMMENT='Customer Address Entity Int';

-- --------------------------------------------------------

--
-- Table structure for table `mg_customer_address_entity_text`
--

CREATE TABLE `mg_customer_address_entity_text` (
  `value_id` int(11) NOT NULL COMMENT 'Value ID',
  `attribute_id` smallint(5) UNSIGNED NOT NULL DEFAULT '0' COMMENT 'Attribute ID',
  `entity_id` int(10) UNSIGNED NOT NULL DEFAULT '0' COMMENT 'Entity ID',
  `value` text NOT NULL COMMENT 'Value'
) ENGINE=InnoDB DEFAULT CHARSET=utf8 COMMENT='Customer Address Entity Text';

-- --------------------------------------------------------

--
-- Table structure for table `mg_customer_address_entity_varchar`
--

CREATE TABLE `mg_customer_address_entity_varchar` (
  `value_id` int(11) NOT NULL COMMENT 'Value ID',
  `attribute_id` smallint(5) UNSIGNED NOT NULL DEFAULT '0' COMMENT 'Attribute ID',
  `entity_id` int(10) UNSIGNED NOT NULL DEFAULT '0' COMMENT 'Entity ID',
  `value` varchar(255) DEFAULT NULL COMMENT 'Value'
) ENGINE=InnoDB DEFAULT CHARSET=utf8 COMMENT='Customer Address Entity Varchar';

-- --------------------------------------------------------

--
-- Table structure for table `mg_customer_eav_attribute`
--

CREATE TABLE `mg_customer_eav_attribute` (
  `attribute_id` smallint(5) UNSIGNED NOT NULL COMMENT 'Attribute Id',
  `is_visible` smallint(5) UNSIGNED NOT NULL DEFAULT '1' COMMENT 'Is Visible',
  `input_filter` varchar(255) DEFAULT NULL COMMENT 'Input Filter',
  `multiline_count` smallint(5) UNSIGNED NOT NULL DEFAULT '1' COMMENT 'Multiline Count',
  `validate_rules` text COMMENT 'Validate Rules',
  `is_system` smallint(5) UNSIGNED NOT NULL DEFAULT '0' COMMENT 'Is System',
  `sort_order` int(10) UNSIGNED NOT NULL DEFAULT '0' COMMENT 'Sort Order',
  `data_model` varchar(255) DEFAULT NULL COMMENT 'Data Model',
  `is_used_in_grid` smallint(5) UNSIGNED NOT NULL DEFAULT '0' COMMENT 'Is Used in Grid',
  `is_visible_in_grid` smallint(5) UNSIGNED NOT NULL DEFAULT '0' COMMENT 'Is Visible in Grid',
  `is_filterable_in_grid` smallint(5) UNSIGNED NOT NULL DEFAULT '0' COMMENT 'Is Filterable in Grid',
  `is_searchable_in_grid` smallint(5) UNSIGNED NOT NULL DEFAULT '0' COMMENT 'Is Searchable in Grid'
) ENGINE=InnoDB DEFAULT CHARSET=utf8 COMMENT='Customer Eav Attribute';

--
-- Dumping data for table `mg_customer_eav_attribute`
--

INSERT INTO `mg_customer_eav_attribute` (`attribute_id`, `is_visible`, `input_filter`, `multiline_count`, `validate_rules`, `is_system`, `sort_order`, `data_model`, `is_used_in_grid`, `is_visible_in_grid`, `is_filterable_in_grid`, `is_searchable_in_grid`) VALUES
(1, 1, NULL, 0, NULL, 1, 10, NULL, 1, 1, 1, 0),
(2, 0, NULL, 0, NULL, 1, 0, NULL, 0, 0, 0, 0),
(3, 1, NULL, 0, NULL, 1, 20, NULL, 1, 1, 0, 1),
(4, 0, NULL, 0, NULL, 0, 30, NULL, 0, 0, 0, 0),
(5, 1, 'trim', 0, '{\"max_text_length\":255,\"min_text_length\":1}', 1, 40, NULL, 0, 0, 0, 0),
(6, 0, 'trim', 0, NULL, 0, 50, NULL, 0, 0, 0, 0),
(7, 1, 'trim', 0, '{\"max_text_length\":255,\"min_text_length\":1}', 1, 60, NULL, 0, 0, 0, 0),
(8, 0, NULL, 0, NULL, 0, 70, NULL, 0, 0, 0, 0),
(9, 1, NULL, 0, '{\"input_validation\":\"email\"}', 1, 80, NULL, 1, 1, 1, 1),
(10, 1, NULL, 0, NULL, 1, 25, NULL, 1, 1, 1, 0),
(11, 0, 'date', 0, '{\"input_validation\":\"date\"}', 0, 90, NULL, 1, 1, 1, 0),
(12, 0, NULL, 0, NULL, 1, 0, NULL, 0, 0, 0, 0),
(13, 0, NULL, 0, NULL, 1, 0, NULL, 0, 0, 0, 0),
(14, 0, NULL, 0, '{\"input_validation\":\"date\"}', 1, 0, NULL, 0, 0, 0, 0),
(15, 0, NULL, 0, NULL, 1, 0, NULL, 0, 0, 0, 0),
(16, 0, NULL, 0, NULL, 1, 0, NULL, 0, 0, 0, 0),
(17, 0, NULL, 0, '{\"max_text_length\":255}', 0, 100, NULL, 1, 1, 0, 1),
(18, 0, NULL, 0, NULL, 1, 0, NULL, 1, 1, 1, 0),
(19, 0, NULL, 0, NULL, 0, 0, NULL, 1, 1, 1, 0),
(20, 0, NULL, 0, '[]', 0, 110, NULL, 1, 1, 1, 0),
(21, 1, NULL, 0, NULL, 1, 28, NULL, 0, 0, 0, 0),
(22, 0, NULL, 0, NULL, 0, 10, NULL, 0, 0, 0, 0),
(23, 1, 'trim', 0, '{\"max_text_length\":255,\"min_text_length\":1}', 1, 20, NULL, 1, 0, 0, 1),
(24, 0, 'trim', 0, NULL, 0, 30, NULL, 0, 0, 0, 0),
(25, 1, 'trim', 0, '{\"max_text_length\":255,\"min_text_length\":1}', 1, 40, NULL, 1, 0, 0, 1),
(26, 0, NULL, 0, NULL, 0, 50, NULL, 0, 0, 0, 0),
(27, 1, NULL, 0, '{\"max_text_length\":255,\"min_text_length\":1}', 1, 60, NULL, 1, 0, 0, 1),
(28, 1, NULL, 3, '{\"max_text_length\":255,\"min_text_length\":1}', 1, 70, NULL, 1, 0, 0, 1),
(29, 1, NULL, 0, '{\"max_text_length\":255,\"min_text_length\":1}', 1, 80, NULL, 1, 0, 0, 1),
(30, 1, NULL, 0, NULL, 1, 90, NULL, 1, 1, 1, 0),
(31, 1, NULL, 0, NULL, 1, 100, NULL, 1, 1, 0, 1),
(32, 1, NULL, 0, NULL, 1, 100, NULL, 0, 0, 0, 0),
(33, 1, NULL, 0, '[]', 1, 110, 'Magento\\Customer\\Model\\Attribute\\Data\\Postcode', 1, 1, 1, 1),
(34, 1, NULL, 0, '{\"max_text_length\":255,\"min_text_length\":1}', 1, 120, NULL, 1, 1, 1, 1),
(35, 0, NULL, 0, '{\"max_text_length\":255,\"min_text_length\":1}', 0, 130, NULL, 1, 0, 0, 1),
(36, 1, NULL, 0, NULL, 1, 140, NULL, 0, 0, 0, 0),
(37, 0, NULL, 0, NULL, 1, 0, NULL, 0, 0, 0, 0),
(38, 0, NULL, 0, NULL, 1, 0, NULL, 0, 0, 0, 0),
(39, 0, NULL, 0, NULL, 1, 0, NULL, 0, 0, 0, 0),
(40, 0, NULL, 0, NULL, 1, 0, NULL, 0, 0, 0, 0),
(41, 0, NULL, 0, NULL, 0, 0, NULL, 0, 0, 0, 0),
(42, 0, NULL, 0, NULL, 1, 0, NULL, 0, 0, 0, 0),
(43, 0, NULL, 0, NULL, 1, 0, NULL, 0, 0, 0, 0),
(44, 0, NULL, 0, NULL, 1, 0, NULL, 0, 0, 0, 0),
(171, 0, NULL, 0, NULL, 0, 0, NULL, 0, 0, 0, 0),
(172, 0, NULL, 0, NULL, 0, 0, NULL, 0, 0, 0, 0),
(173, 0, NULL, 0, NULL, 0, 0, NULL, 0, 0, 0, 0),
(174, 0, NULL, 0, NULL, 0, 0, NULL, 0, 0, 0, 0),
(175, 0, NULL, 0, NULL, 0, 0, NULL, 0, 0, 0, 0),
(176, 0, NULL, 0, NULL, 0, 0, NULL, 0, 0, 0, 0),
(177, 0, NULL, 0, NULL, 0, 0, NULL, 0, 0, 0, 0),
(178, 0, NULL, 0, NULL, 0, 0, NULL, 0, 0, 0, 0);

-- --------------------------------------------------------

--
-- Table structure for table `mg_customer_eav_attribute_website`
--

CREATE TABLE `mg_customer_eav_attribute_website` (
  `attribute_id` smallint(5) UNSIGNED NOT NULL COMMENT 'Attribute Id',
  `website_id` smallint(5) UNSIGNED NOT NULL COMMENT 'Website Id',
  `is_visible` smallint(5) UNSIGNED DEFAULT NULL COMMENT 'Is Visible',
  `is_required` smallint(5) UNSIGNED DEFAULT NULL COMMENT 'Is Required',
  `default_value` text COMMENT 'Default Value',
  `multiline_count` smallint(5) UNSIGNED DEFAULT NULL COMMENT 'Multiline Count'
) ENGINE=InnoDB DEFAULT CHARSET=utf8 COMMENT='Customer Eav Attribute Website';

--
-- Dumping data for table `mg_customer_eav_attribute_website`
--

INSERT INTO `mg_customer_eav_attribute_website` (`attribute_id`, `website_id`, `is_visible`, `is_required`, `default_value`, `multiline_count`) VALUES
(1, 1, NULL, NULL, NULL, NULL),
(3, 1, NULL, NULL, NULL, NULL),
(5, 1, NULL, NULL, NULL, NULL),
(6, 1, NULL, NULL, NULL, NULL),
(7, 1, NULL, NULL, NULL, NULL),
(9, 1, NULL, NULL, NULL, NULL),
(10, 1, NULL, NULL, NULL, NULL),
(11, 1, NULL, NULL, NULL, NULL),
(17, 1, NULL, NULL, NULL, NULL),
(18, 1, NULL, NULL, NULL, NULL),
(19, 1, NULL, NULL, NULL, NULL),
(20, 1, NULL, NULL, NULL, NULL),
(21, 1, NULL, NULL, NULL, NULL),
(23, 1, NULL, NULL, NULL, NULL),
(24, 1, NULL, NULL, NULL, NULL),
(25, 1, NULL, NULL, NULL, NULL),
(27, 1, NULL, NULL, NULL, NULL),
(28, 1, NULL, NULL, NULL, NULL),
(29, 1, NULL, NULL, NULL, NULL),
(30, 1, NULL, NULL, NULL, NULL),
(31, 1, NULL, NULL, NULL, NULL),
(32, 1, NULL, NULL, NULL, NULL),
(33, 1, NULL, NULL, NULL, NULL),
(34, 1, NULL, NULL, NULL, NULL),
(35, 1, NULL, NULL, NULL, NULL),
(36, 1, NULL, NULL, NULL, NULL);

-- --------------------------------------------------------

--
-- Table structure for table `mg_customer_entity`
--

CREATE TABLE `mg_customer_entity` (
  `entity_id` int(10) UNSIGNED NOT NULL COMMENT 'Entity ID',
  `website_id` smallint(5) UNSIGNED DEFAULT NULL COMMENT 'Website ID',
  `email` varchar(255) DEFAULT NULL COMMENT 'Email',
  `group_id` smallint(5) UNSIGNED NOT NULL DEFAULT '0' COMMENT 'Group ID',
  `increment_id` varchar(50) DEFAULT NULL COMMENT 'Increment Id',
  `store_id` smallint(5) UNSIGNED DEFAULT '0' COMMENT 'Store ID',
  `created_at` timestamp NOT NULL DEFAULT CURRENT_TIMESTAMP COMMENT 'Created At',
  `updated_at` timestamp NOT NULL DEFAULT CURRENT_TIMESTAMP ON UPDATE CURRENT_TIMESTAMP COMMENT 'Updated At',
  `is_active` smallint(5) UNSIGNED NOT NULL DEFAULT '1' COMMENT 'Is Active',
  `disable_auto_group_change` smallint(5) UNSIGNED NOT NULL DEFAULT '0' COMMENT 'Disable automatic group change based on VAT ID',
  `created_in` varchar(255) DEFAULT NULL COMMENT 'Created From',
  `prefix` varchar(40) DEFAULT NULL COMMENT 'Name Prefix',
  `firstname` varchar(255) DEFAULT NULL COMMENT 'First Name',
  `middlename` varchar(255) DEFAULT NULL COMMENT 'Middle Name/Initial',
  `lastname` varchar(255) DEFAULT NULL COMMENT 'Last Name',
  `suffix` varchar(40) DEFAULT NULL COMMENT 'Name Suffix',
  `dob` date DEFAULT NULL COMMENT 'Date of Birth',
  `password_hash` varchar(128) DEFAULT NULL COMMENT 'Password_hash',
  `rp_token` varchar(128) DEFAULT NULL COMMENT 'Reset password token',
  `rp_token_created_at` datetime DEFAULT NULL COMMENT 'Reset password token creation time',
  `default_billing` int(10) UNSIGNED DEFAULT NULL COMMENT 'Default Billing Address',
  `default_shipping` int(10) UNSIGNED DEFAULT NULL COMMENT 'Default Shipping Address',
  `taxvat` varchar(50) DEFAULT NULL COMMENT 'Tax/VAT Number',
  `confirmation` varchar(64) DEFAULT NULL COMMENT 'Is Confirmed',
  `gender` smallint(5) UNSIGNED DEFAULT NULL COMMENT 'Gender',
  `failures_num` smallint(6) DEFAULT '0' COMMENT 'Failure Number',
  `first_failure` timestamp NULL DEFAULT NULL COMMENT 'First Failure',
  `lock_expires` timestamp NULL DEFAULT NULL COMMENT 'Lock Expiration Date'
) ENGINE=InnoDB DEFAULT CHARSET=utf8 COMMENT='Customer Entity';

--
-- Dumping data for table `mg_customer_entity`
--

INSERT INTO `mg_customer_entity` (`entity_id`, `website_id`, `email`, `group_id`, `increment_id`, `store_id`, `created_at`, `updated_at`, `is_active`, `disable_auto_group_change`, `created_in`, `prefix`, `firstname`, `middlename`, `lastname`, `suffix`, `dob`, `password_hash`, `rp_token`, `rp_token_created_at`, `default_billing`, `default_shipping`, `taxvat`, `confirmation`, `gender`, `failures_num`, `first_failure`, `lock_expires`) VALUES
(1, 1, 'Getfast@gmail.com', 1, NULL, 1, '2019-09-06 11:25:39', '2019-09-06 11:25:39', 1, 0, 'Default Store View', NULL, 'Getfast', NULL, 'Getfast', NULL, NULL, 'b44aa1df3064c9542b43707230e4f177a989766cefe0d0706605495757d42fad:jRDiirj6eGZD5ImuJxjBFZngCKgprClt:1', 'GmQcgkvPvtZM4ImesZk4XNkXdxjfMAAH', '2019-09-06 11:25:39', NULL, NULL, NULL, NULL, NULL, 0, NULL, NULL),
(2, 1, 'testcedcommerce@gmail.com', 1, NULL, 1, '2019-09-09 11:48:49', '2019-09-09 11:55:22', 1, 0, 'Default Store View', NULL, 'testced', NULL, 'testced', NULL, NULL, '4a85d30ca1a33131ed0e02fd95c59cd542eb6a64a26d38182abc523344821930:4aM3J9e2VsejPd1eP7GLRr32YjpXgTUj:1', 'CrOnwjCIam4rfkrIdN5vhlZYHHHmFpze', '2019-09-09 11:48:50', 1, 1, NULL, NULL, NULL, 0, NULL, NULL),
(3, 1, 'bbbh@gmail.com', 1, NULL, 1, '2019-09-10 06:56:57', '2019-09-10 06:56:57', 1, 0, 'Default Store View', NULL, 'vvbbb', NULL, 'vvbb', NULL, NULL, '7b67adce7aa3c018f99afb6e5c600f7c2acd0135f691247a1c2e5b7390672143:aStULpL53ZrbUGq0s4pORMRkZHHj8wvd:1', 'Q6nGV6IKQdrqYFnfCYWhPMpjOnrt1QuW', '2019-09-10 06:56:57', NULL, NULL, NULL, NULL, NULL, 0, NULL, NULL),
(4, 1, 'santoshi2019eweb@gmail.com', 1, NULL, 1, '2019-09-13 07:20:50', '2019-09-20 10:59:45', 1, 0, 'Default Store View', NULL, 'santoshi', NULL, 'kumari', NULL, NULL, '5fe8132cb989554de6e511825c97332d099f4595aa8388ed5a9593115b876d7d:Ob0CkvLUQEdRTIL2ZytJX8EmLZS51IaK:1', NULL, NULL, 2, 2, NULL, NULL, NULL, 0, NULL, NULL),
(5, 1, 'baranwal1987@gmail.com', 1, NULL, 1, '2019-09-17 11:31:27', '2019-09-17 11:31:28', 1, 0, 'Default Store View', NULL, 'Abhinash', NULL, 'baranwal', NULL, NULL, 'd282c8921c5daf540531bcddcd095692fdeb65538c12600bbc157c9e46e0a3f7:U9hUg7O9kLryA6K5UL6WaUudYefQGKvY:1', 'LaDLEYXGGFa8IV5bcVCtjVbyaIdXDcBE', '2019-09-17 11:31:28', NULL, NULL, NULL, NULL, NULL, 0, NULL, NULL),
(6, 1, 'avinash.x.kumar@gmail.com', 1, NULL, 1, '2019-09-17 11:48:37', '2019-09-17 11:48:37', 1, 0, 'Default Store View', NULL, 'vicky', NULL, 'kumar', NULL, NULL, 'dd9b02c62b9aa7051b1b98aed02b74d26e81ee0364f01f4b5ac717f91e300c74:fbCY4rxaWgMNZpa38mJ4Tdb7fj9kCved:1', 'IQkZ7LAe5sV6RpsPqkkiJjM1wmniFRr8', '2019-09-17 11:48:37', NULL, NULL, NULL, NULL, NULL, 0, NULL, NULL),
(7, 1, 'mrsinha240860@gmail.com', 1, NULL, 1, '2019-09-20 09:39:43', '2019-10-11 08:21:31', 1, 0, 'Default Store View', NULL, 'M R', NULL, 'Sinha', NULL, NULL, '7f7b091f4e32e748ba2ffc1f5af0e444292469a21688f31ef25279af7e641374:03l3bHDfXLEprWyypujRPbhO9IxsiYYT:1', '30nx8d1bWFqO4tboZVw39M2ZiJH7uDL9', '2019-09-20 09:39:43', NULL, NULL, NULL, NULL, NULL, 1, '2019-10-11 08:21:31', NULL),
(8, 1, 'rcsinha230755@gmail.com', 1, NULL, 1, '2019-09-23 07:18:24', '2019-10-10 07:55:53', 1, 0, 'Default Store View', NULL, 'Ramesh Chandra', NULL, 'Sinha', NULL, NULL, '7f4b1a56bf6f3847123aad0b2d2f577f6a966902e8b686b12e37ccc38af05e74:FzPweM4ixk3BbJ0EGh96EtJAk1dRIGgK:1', 'UCyqQiiBmjMjLZMFVIM0OqDJUFHlS9G6', '2019-09-23 07:18:24', 3, 3, NULL, NULL, NULL, 0, NULL, NULL);

-- --------------------------------------------------------

--
-- Table structure for table `mg_customer_entity_datetime`
--

CREATE TABLE `mg_customer_entity_datetime` (
  `value_id` int(11) NOT NULL COMMENT 'Value ID',
  `attribute_id` smallint(5) UNSIGNED NOT NULL DEFAULT '0' COMMENT 'Attribute ID',
  `entity_id` int(10) UNSIGNED NOT NULL DEFAULT '0' COMMENT 'Entity ID',
  `value` datetime DEFAULT NULL COMMENT 'Value'
) ENGINE=InnoDB DEFAULT CHARSET=utf8 COMMENT='Customer Entity Datetime';

-- --------------------------------------------------------

--
-- Table structure for table `mg_customer_entity_decimal`
--

CREATE TABLE `mg_customer_entity_decimal` (
  `value_id` int(11) NOT NULL COMMENT 'Value ID',
  `attribute_id` smallint(5) UNSIGNED NOT NULL DEFAULT '0' COMMENT 'Attribute ID',
  `entity_id` int(10) UNSIGNED NOT NULL DEFAULT '0' COMMENT 'Entity ID',
  `value` decimal(12,4) NOT NULL DEFAULT '0.0000' COMMENT 'Value'
) ENGINE=InnoDB DEFAULT CHARSET=utf8 COMMENT='Customer Entity Decimal';

-- --------------------------------------------------------

--
-- Table structure for table `mg_customer_entity_int`
--

CREATE TABLE `mg_customer_entity_int` (
  `value_id` int(11) NOT NULL COMMENT 'Value ID',
  `attribute_id` smallint(5) UNSIGNED NOT NULL DEFAULT '0' COMMENT 'Attribute ID',
  `entity_id` int(10) UNSIGNED NOT NULL DEFAULT '0' COMMENT 'Entity ID',
  `value` int(11) NOT NULL DEFAULT '0' COMMENT 'Value'
) ENGINE=InnoDB DEFAULT CHARSET=utf8 COMMENT='Customer Entity Int';

-- --------------------------------------------------------

--
-- Table structure for table `mg_customer_entity_text`
--

CREATE TABLE `mg_customer_entity_text` (
  `value_id` int(11) NOT NULL COMMENT 'Value ID',
  `attribute_id` smallint(5) UNSIGNED NOT NULL DEFAULT '0' COMMENT 'Attribute ID',
  `entity_id` int(10) UNSIGNED NOT NULL DEFAULT '0' COMMENT 'Entity ID',
  `value` text NOT NULL COMMENT 'Value'
) ENGINE=InnoDB DEFAULT CHARSET=utf8 COMMENT='Customer Entity Text';

-- --------------------------------------------------------

--
-- Table structure for table `mg_customer_entity_varchar`
--

CREATE TABLE `mg_customer_entity_varchar` (
  `value_id` int(11) NOT NULL COMMENT 'Value ID',
  `attribute_id` smallint(5) UNSIGNED NOT NULL DEFAULT '0' COMMENT 'Attribute ID',
  `entity_id` int(10) UNSIGNED NOT NULL DEFAULT '0' COMMENT 'Entity ID',
  `value` varchar(255) DEFAULT NULL COMMENT 'Value'
) ENGINE=InnoDB DEFAULT CHARSET=utf8 COMMENT='Customer Entity Varchar';

-- --------------------------------------------------------

--
-- Table structure for table `mg_customer_form_attribute`
--

CREATE TABLE `mg_customer_form_attribute` (
  `form_code` varchar(32) NOT NULL COMMENT 'Form Code',
  `attribute_id` smallint(5) UNSIGNED NOT NULL COMMENT 'Attribute Id'
) ENGINE=InnoDB DEFAULT CHARSET=utf8 COMMENT='Customer Form Attribute';

--
-- Dumping data for table `mg_customer_form_attribute`
--

INSERT INTO `mg_customer_form_attribute` (`form_code`, `attribute_id`) VALUES
('adminhtml_customer', 1),
('adminhtml_customer', 3),
('adminhtml_customer', 4),
('customer_account_create', 4),
('customer_account_edit', 4),
('adminhtml_customer', 5),
('customer_account_create', 5),
('customer_account_edit', 5),
('adminhtml_customer', 6),
('customer_account_create', 6),
('customer_account_edit', 6),
('adminhtml_customer', 7),
('customer_account_create', 7),
('customer_account_edit', 7),
('adminhtml_customer', 8),
('customer_account_create', 8),
('customer_account_edit', 8),
('adminhtml_checkout', 9),
('adminhtml_customer', 9),
('customer_account_create', 9),
('customer_account_edit', 9),
('adminhtml_checkout', 10),
('adminhtml_customer', 10),
('adminhtml_checkout', 11),
('adminhtml_customer', 11),
('customer_account_create', 11),
('customer_account_edit', 11),
('adminhtml_checkout', 17),
('adminhtml_customer', 17),
('customer_account_create', 17),
('customer_account_edit', 17),
('adminhtml_customer', 19),
('customer_account_create', 19),
('customer_account_edit', 19),
('adminhtml_checkout', 20),
('adminhtml_customer', 20),
('customer_account_create', 20),
('customer_account_edit', 20),
('adminhtml_customer', 21),
('adminhtml_customer_address', 22),
('customer_address_edit', 22),
('customer_register_address', 22),
('adminhtml_customer_address', 23),
('customer_address_edit', 23),
('customer_register_address', 23),
('adminhtml_customer_address', 24),
('customer_address_edit', 24),
('customer_register_address', 24),
('adminhtml_customer_address', 25),
('customer_address_edit', 25),
('customer_register_address', 25),
('adminhtml_customer_address', 26),
('customer_address_edit', 26),
('customer_register_address', 26),
('adminhtml_customer_address', 27),
('customer_address_edit', 27),
('customer_register_address', 27),
('adminhtml_customer_address', 28),
('customer_address_edit', 28),
('customer_register_address', 28),
('adminhtml_customer_address', 29),
('customer_address_edit', 29),
('customer_register_address', 29),
('adminhtml_customer_address', 30),
('customer_address_edit', 30),
('customer_register_address', 30),
('adminhtml_customer_address', 31),
('customer_address_edit', 31),
('customer_register_address', 31),
('adminhtml_customer_address', 32),
('customer_address_edit', 32),
('customer_register_address', 32),
('adminhtml_customer_address', 33),
('customer_address_edit', 33),
('customer_register_address', 33),
('adminhtml_customer_address', 34),
('customer_address_edit', 34),
('customer_register_address', 34),
('adminhtml_customer_address', 35),
('customer_address_edit', 35),
('customer_register_address', 35),
('adminhtml_customer_address', 36),
('customer_address_edit', 36),
('customer_register_address', 36);

-- --------------------------------------------------------

--
-- Table structure for table `mg_customer_grid_flat`
--

CREATE TABLE `mg_customer_grid_flat` (
  `entity_id` int(10) UNSIGNED NOT NULL COMMENT 'Entity ID',
  `name` text COMMENT 'Name',
  `email` varchar(255) DEFAULT NULL COMMENT 'Email',
  `group_id` int(11) DEFAULT NULL COMMENT 'Group_id',
  `created_at` timestamp NULL DEFAULT NULL COMMENT 'Created_at',
  `website_id` int(11) DEFAULT NULL COMMENT 'Website_id',
  `confirmation` varchar(255) DEFAULT NULL COMMENT 'Confirmation',
  `created_in` text COMMENT 'Created_in',
  `dob` date DEFAULT NULL COMMENT 'Dob',
  `gender` int(11) DEFAULT NULL COMMENT 'Gender',
  `taxvat` varchar(255) DEFAULT NULL COMMENT 'Taxvat',
  `lock_expires` timestamp NULL DEFAULT NULL COMMENT 'Lock_expires',
  `shipping_full` text COMMENT 'Shipping_full',
  `billing_full` text COMMENT 'Billing_full',
  `billing_firstname` varchar(255) DEFAULT NULL COMMENT 'Billing_firstname',
  `billing_lastname` varchar(255) DEFAULT NULL COMMENT 'Billing_lastname',
  `billing_telephone` varchar(255) DEFAULT NULL COMMENT 'Billing_telephone',
  `billing_postcode` varchar(255) DEFAULT NULL COMMENT 'Billing_postcode',
  `billing_country_id` varchar(255) DEFAULT NULL COMMENT 'Billing_country_id',
  `billing_region` varchar(255) DEFAULT NULL COMMENT 'Billing_region',
  `billing_street` varchar(255) DEFAULT NULL COMMENT 'Billing_street',
  `billing_city` varchar(255) DEFAULT NULL COMMENT 'Billing_city',
  `billing_fax` varchar(255) DEFAULT NULL COMMENT 'Billing_fax',
  `billing_vat_id` varchar(255) DEFAULT NULL COMMENT 'Billing_vat_id',
  `billing_company` varchar(255) DEFAULT NULL COMMENT 'Billing_company'
) ENGINE=InnoDB DEFAULT CHARSET=utf8 COMMENT='mg_customer_grid_flat';

--
-- Dumping data for table `mg_customer_grid_flat`
--

INSERT INTO `mg_customer_grid_flat` (`entity_id`, `name`, `email`, `group_id`, `created_at`, `website_id`, `confirmation`, `created_in`, `dob`, `gender`, `taxvat`, `lock_expires`, `shipping_full`, `billing_full`, `billing_firstname`, `billing_lastname`, `billing_telephone`, `billing_postcode`, `billing_country_id`, `billing_region`, `billing_street`, `billing_city`, `billing_fax`, `billing_vat_id`, `billing_company`) VALUES
(1, 'Getfast Getfast', 'Getfast@gmail.com', 1, '2019-09-06 11:25:39', 1, NULL, 'Default Store View', NULL, NULL, NULL, NULL, '', '', NULL, NULL, NULL, NULL, NULL, NULL, NULL, NULL, NULL, NULL, NULL),
(2, 'testced testced', 'testcedcommerce@gmail.com', 1, '2019-09-09 11:48:49', 1, NULL, 'Default Store View', NULL, NULL, NULL, NULL, 'testced testced Armed Forces Middle East 10001', 'testced testced Armed Forces Middle East 10001', 'testced', 'testced', '2345235', '10001', 'US', 'Armed Forces Middle East', 'testced', 'testced', NULL, NULL, NULL),
(3, 'vvbbb vvbb', 'bbbh@gmail.com', 1, '2019-09-10 06:56:57', 1, NULL, 'Default Store View', NULL, NULL, NULL, NULL, '', '', NULL, NULL, NULL, NULL, NULL, NULL, NULL, NULL, NULL, NULL, NULL),
(4, 'santoshi kumari', 'santoshi2019eweb@gmail.com', 1, '2019-09-13 07:20:50', 1, NULL, 'Default Store View', NULL, NULL, NULL, NULL, 'patna boring road patna Bihar 800001', 'patna boring road patna Bihar 800001', 'santoshi', 'kumari', '7987854698', '800001', 'IN', 'Bihar', 'patna boring road', 'patna', NULL, NULL, 'ewebtonic'),
(5, 'Abhinash baranwal', 'baranwal1987@gmail.com', 1, '2019-09-17 11:31:27', 1, NULL, 'Default Store View', NULL, NULL, NULL, NULL, '', '', NULL, NULL, NULL, NULL, NULL, NULL, NULL, NULL, NULL, NULL, NULL),
(6, 'vicky kumar', 'avinash.x.kumar@gmail.com', 1, '2019-09-17 11:48:37', 1, NULL, 'Default Store View', NULL, NULL, NULL, NULL, '', '', NULL, NULL, NULL, NULL, NULL, NULL, NULL, NULL, NULL, NULL, NULL),
(7, 'M R Sinha', 'mrsinha240860@gmail.com', 1, '2019-09-20 09:39:43', 1, NULL, 'Default Store View', NULL, NULL, NULL, NULL, '', '', NULL, NULL, NULL, NULL, NULL, NULL, NULL, NULL, NULL, NULL, NULL),
(8, 'Ramesh Chandra Sinha', 'rcsinha230755@gmail.com', 1, '2019-09-23 07:18:24', 1, NULL, 'Default Store View', NULL, NULL, NULL, NULL, 'Sinha\'s Oasis, At the end of Road No. 10, East of Sri Hari Apartment, East Patel Nagar Patna Bihar 800023', 'Sinha\'s Oasis, At the end of Road No. 10, East of Sri Hari Apartment, East Patel Nagar Patna Bihar 800023', 'Ramesh Chandra', 'Sinha', '08877669999', '800023', 'IN', 'Bihar', 'Sinha\'s Oasis, At the end of Road No. 10, East of Sri Hari Apartment, East Patel Nagar', 'Patna', NULL, NULL, NULL);

-- --------------------------------------------------------

--
-- Table structure for table `mg_customer_group`
--

CREATE TABLE `mg_customer_group` (
  `customer_group_id` int(10) UNSIGNED NOT NULL,
  `customer_group_code` varchar(32) NOT NULL COMMENT 'Customer Group Code',
  `tax_class_id` int(10) UNSIGNED NOT NULL DEFAULT '0' COMMENT 'Tax Class Id'
) ENGINE=InnoDB DEFAULT CHARSET=utf8 COMMENT='Customer Group';

--
-- Dumping data for table `mg_customer_group`
--

INSERT INTO `mg_customer_group` (`customer_group_id`, `customer_group_code`, `tax_class_id`) VALUES
(0, 'NOT LOGGED IN', 3),
(1, 'General', 3),
(2, 'Wholesale', 3),
(3, 'Retailer', 3);

-- --------------------------------------------------------

--
-- Table structure for table `mg_customer_log`
--

CREATE TABLE `mg_customer_log` (
  `log_id` int(11) NOT NULL COMMENT 'Log ID',
  `customer_id` int(11) NOT NULL COMMENT 'Customer ID',
  `last_login_at` timestamp NULL DEFAULT NULL COMMENT 'Last Login Time',
  `last_logout_at` timestamp NULL DEFAULT NULL COMMENT 'Last Logout Time'
) ENGINE=InnoDB DEFAULT CHARSET=utf8 COMMENT='Customer Log Table';

--
-- Dumping data for table `mg_customer_log`
--

INSERT INTO `mg_customer_log` (`log_id`, `customer_id`, `last_login_at`, `last_logout_at`) VALUES
(1, 1, '2019-09-06 11:25:59', NULL),
(2, 2, '2019-10-10 10:55:12', '2019-09-25 10:19:39'),
(5, 3, '2019-09-10 06:56:58', '2019-09-10 06:58:42'),
(8, 4, '2019-11-07 11:18:16', '2019-09-19 10:50:40'),
(13, 5, '2019-09-19 10:52:37', '2019-09-19 11:20:27'),
(15, 6, '2019-09-17 11:53:35', '2019-09-17 11:54:02'),
(42, 7, '2019-10-11 06:58:28', '2019-10-11 07:05:30'),
(44, 8, '2019-10-11 17:02:48', '2019-10-11 17:03:39');

-- --------------------------------------------------------

--
-- Table structure for table `mg_customer_visitor`
--

CREATE TABLE `mg_customer_visitor` (
  `visitor_id` bigint(20) UNSIGNED NOT NULL COMMENT 'Visitor ID',
  `customer_id` int(11) DEFAULT NULL COMMENT 'Customer Id',
  `session_id` varchar(64) DEFAULT NULL COMMENT 'Session ID',
  `last_visit_at` timestamp NOT NULL DEFAULT CURRENT_TIMESTAMP ON UPDATE CURRENT_TIMESTAMP COMMENT 'Last Visit Time'
) ENGINE=InnoDB DEFAULT CHARSET=utf8 COMMENT='Visitor Table';

--
-- Dumping data for table `mg_customer_visitor`
--

INSERT INTO `mg_customer_visitor` (`visitor_id`, `customer_id`, `session_id`, `last_visit_at`) VALUES
(1, NULL, '8982918f3a8cfbc3c23475fff75108e0', '2019-09-05 10:34:12'),
(2, NULL, '0252f9657fea20170572afeca3a864c8', '2019-09-05 11:07:54'),
(3, NULL, '74d7968a8446eea1453ce71fa48ac7c7', '2019-09-05 11:17:50'),
(4, NULL, 'b84c939811804cc6f982e94291fde0d2', '2019-09-05 11:18:24'),
(5, NULL, '6140fe57224acfea1ae0658d86e3d33c', '2019-09-05 11:18:42'),
(6, NULL, '36de900aee5f1be99856c2c4930cda4c', '2019-09-05 11:41:52'),
(7, NULL, 'e06412bdbdac7ec3bab6871fd53a2a3a', '2019-09-05 11:42:21'),
(8, NULL, '0cbecfa2256a557622b0845750f57650', '2019-09-05 12:03:43'),
(9, NULL, '86717c84980af821392d8a12f338b08a', '2019-09-05 12:16:07'),
(10, NULL, '36de900aee5f1be99856c2c4930cda4c', '2019-09-05 12:35:19'),
(11, NULL, '6369df99790bfbf9599b302f1b30f446', '2019-09-05 12:35:23'),
(12, NULL, '9696b37d60153ef263a4779e1bf692b8', '2019-09-05 12:35:23'),
(13, NULL, '78c520f7f1bea0b0799ccae25c210a1f', '2019-09-05 12:55:42'),
(14, NULL, '5eca158089b61dbea1458fb54182687d', '2019-09-05 12:55:43'),
(15, NULL, 'b84c939811804cc6f982e94291fde0d2', '2019-09-05 13:17:45'),
(16, NULL, 'db105d0bd041ee8f4d92fa78e358b430', '2019-09-06 05:10:03'),
(17, NULL, '01ab1bef38cf4e281bc8eb25a33aad71', '2019-09-06 05:11:12'),
(18, NULL, '1fcc9609536e5f6e77c73800781d4a75', '2019-09-06 05:11:14'),
(19, NULL, 'c6e14bc5ad89a32cc61b09bb71305e9a', '2019-09-06 05:11:29'),
(20, NULL, '46c86e3b020dc8a82d29d63afacac328', '2019-09-06 05:11:40'),
(21, NULL, '076e606596c0483203dc9f75fe7bcfa4', '2019-09-06 05:11:40'),
(22, NULL, '856d34f01e2731ab90c9c3315c393dc4', '2019-09-06 05:11:42'),
(23, NULL, 'ef51e150f2cbc4ebe867b1bd78d78a3c', '2019-09-06 05:11:42'),
(24, NULL, '7a6e058b3dfcaaf13e48181a4c028e55', '2019-09-06 05:12:05'),
(25, NULL, 'b126739825b5843d781474683f5ffd2d', '2019-09-06 05:12:56'),
(26, NULL, 'b22a5dd0ebf3ea44d185bb72dfc49f2e', '2019-09-06 05:12:56'),
(27, NULL, '5b86e32fb6d085797b7ec5f8cd142d00', '2019-09-06 05:13:04'),
(28, NULL, '68ccec77ff0aa075e236bd7fb1556078', '2019-09-06 05:13:07'),
(29, NULL, 'cd507d05b52bec1ee7cf387d1088f149', '2019-09-06 05:13:07'),
(30, NULL, '838e58884cd8ba70fc20a42ee4557a95', '2019-09-06 05:27:46'),
(31, NULL, '0f24ef55c21b1c3e772309726a2bd44d', '2019-09-06 05:27:47'),
(32, NULL, '3ac114d1c62c20754719b0642353ffeb', '2019-09-06 05:31:27'),
(33, NULL, '0f4cb4ec58e7ac8a061be4332db83f57', '2019-09-06 05:31:28'),
(34, NULL, 'e392094564df0ab25771940764b8d7f0', '2019-09-06 05:32:24'),
(35, NULL, '7878651671d2733528a979021f968212', '2019-09-06 05:32:24'),
(36, NULL, 'e8715f691009665b49b8736ed87ed7d5', '2019-09-06 05:32:43'),
(37, NULL, '0ce3a0734af85c257aa7328d41d98db7', '2019-09-06 05:32:52'),
(38, NULL, '1bfd8489c24c0f08bbce0f412566c623', '2019-09-06 05:32:52'),
(39, NULL, '9a7dbf870f55ed3c4039b6a12ac5a8db', '2019-09-06 05:35:50'),
(40, NULL, '2a984b08ffcd0813214998036676b65e', '2019-09-06 05:35:57'),
(41, NULL, '798a5b4c61a1ece47a7a27389f61d655', '2019-09-06 05:35:57'),
(42, NULL, 'e8d8419bbeb145925db5589e8da55edb', '2019-09-06 05:36:55'),
(43, NULL, 'f97b99db4c1cdc1c92abee0fe278ee45', '2019-09-06 05:37:00'),
(44, NULL, '80404678d29af4470ea61a64ae1a0ebb', '2019-09-06 05:37:01'),
(45, NULL, '34e6f8f1aa72fefe01eb42f92d14c652', '2019-09-06 05:37:14'),
(46, NULL, '2336158ad3cc769f51bf8eb4631fc967', '2019-09-06 05:37:18'),
(47, NULL, '4e597ddbb84f6ee9bb74aa62c25f0768', '2019-09-06 05:37:18'),
(48, NULL, '9566e210531b644721221dcde4173004', '2019-09-06 05:51:01'),
(49, NULL, '12d2c2d379da8eaf5bc6fb8851214a3b', '2019-09-06 05:51:05'),
(50, NULL, '43bd7058ddd14e2c2c0e6b3e835dd384', '2019-09-06 05:51:05'),
(51, NULL, '4f6f9751a441449ff06896939b068a0b', '2019-09-06 06:04:26'),
(52, NULL, '4ccec9a9e5292b42bbcb58a8c87b1685', '2019-09-06 06:04:31'),
(53, NULL, '810bbe9790076949cbf262945b80c02a', '2019-09-06 06:04:31'),
(54, NULL, 'e31f321d977a67a385922cdd9642dc6c', '2019-09-06 06:06:15'),
(55, NULL, '4ad48910e1086237797337aa438b92df', '2019-09-06 06:06:21'),
(56, NULL, '22698f74e39630132b7384446ab35a95', '2019-09-06 06:06:22'),
(57, NULL, '8e470ce38f9d2abf2ffe63bef52ff2d0', '2019-09-06 06:24:40'),
(58, NULL, '8b2dc31bf670213c7476e9314ff00b37', '2019-09-06 06:24:45'),
(59, NULL, '96c880959373888bffe959d90e98f62a', '2019-09-06 06:24:45'),
(60, NULL, 'b2ca1ef7dcf1d84a20dc6250da07a917', '2019-09-06 06:41:55'),
(61, NULL, '960c7b265fec4ab2ac89b4e150f8716e', '2019-09-06 07:00:18'),
(62, NULL, '717698ef195a30e15b7959a7b456f255', '2019-09-06 07:00:44'),
(63, NULL, '273c165ee4dcdfce9226b5d566299d09', '2019-09-06 07:19:23'),
(64, NULL, '12117e5c3b8d7be2c7b25c83e302fd72', '2019-09-06 07:36:39'),
(65, NULL, 'df0c25d31bcc3b5600bc8cb580543b25', '2019-09-06 10:56:47'),
(66, NULL, '299e81df2d503fb6ee1e39afeddfa516', '2019-09-06 10:57:05'),
(67, NULL, 'bd8cb550e7d46581af0613a8dbcb2967', '2019-09-06 11:11:08'),
(68, NULL, '0905eae3ffbca19e54966c2206dfa125', '2019-09-06 11:11:39'),
(69, NULL, 'cd0d2913b21d9762b693d6ea25c1816a', '2019-09-06 11:17:32'),
(70, 1, '8977dbc00a90e1a4cd145b3b4b5fd05a', '2019-09-06 11:55:23'),
(71, NULL, '1de5141849c7abc1c35cb595df25dd08', '2019-09-06 13:32:45'),
(72, NULL, 'b66966141c0ffb9f3d72e13985ac4bce', '2019-09-07 04:44:54'),
(73, NULL, '8149224ff80f51aec5b6390c6a4ae0f1', '2019-09-07 13:19:48'),
(74, NULL, '37b0cd78a4ddcf73468b3e735aa27dcf', '2019-09-08 08:00:44'),
(75, NULL, '643ea456ff9469c54d4883feb906a11c', '2019-09-08 16:53:18'),
(76, NULL, '2048042f5306c5e1af376366622b177b', '2019-09-08 16:53:29'),
(77, NULL, '18c30189a783c6cb31752e2a1f7b8501', '2019-09-08 16:53:44'),
(78, NULL, 'ad5838bcf6c712a21c7d46f9aefd6873', '2019-09-08 16:53:49'),
(79, NULL, '6a9a5d0242104d73e489bf88b39fe278', '2019-09-08 16:53:54'),
(80, NULL, '1bbd3abc3865ed583803503ad66b6de1', '2019-09-08 16:53:59'),
(81, NULL, '476da5d066ca12fc59a181157d248b07', '2019-09-08 16:54:04'),
(82, NULL, 'a49cdcc378dd2c1f250e2ddf56c07f66', '2019-09-08 19:53:46'),
(83, NULL, '7405caabce9a1d8c14a4d50a0db93b0b', '2019-09-08 19:53:52'),
(84, NULL, '8ee55df85274c2f7f25dd08862a06641', '2019-09-08 19:54:00'),
(85, NULL, '5e65844b27ec3dbf1a85059ac9193743', '2019-09-08 19:54:07'),
(86, NULL, '58e862f8c746aeeba7046d3c4116b4ac', '2019-09-08 19:54:12'),
(87, NULL, '9319a7d6b001f9cd4ead7db5dfda8168', '2019-09-08 19:54:18'),
(88, NULL, '83efee150430114f349ba825d9462ef3', '2019-09-08 19:54:24'),
(89, NULL, '9f42f357a2082186cb9350fc19da8aaa', '2019-09-08 19:54:30'),
(90, NULL, 'babe75df0f3ec1fb1f7661795ad29847', '2019-09-08 19:54:36'),
(91, NULL, '4c4bec50f2fea5fab577950fde8048c2', '2019-09-08 19:54:42'),
(92, NULL, '559dba475950e2902d60eb8c27a4bf4c', '2019-09-08 19:54:47'),
(93, NULL, '0274bffed4c24e367f38d131edeeb83b', '2019-09-08 19:54:53'),
(94, NULL, '95d0cdb8c63fa0853534c06155ba60b3', '2019-09-08 19:54:58'),
(95, NULL, '1f4c75772c50586457c102f805df747c', '2019-09-08 19:55:04'),
(96, NULL, 'adc66827fcd2e8f01c18f414400f8482', '2019-09-08 19:55:15'),
(97, NULL, '3b48052e85e694bfe7c20f8875905ef7', '2019-09-08 19:55:20'),
(98, NULL, 'b843a4b6233d39d3160b2ce68ed371b6', '2019-09-08 19:55:25'),
(99, NULL, '65a8ff6e89aad6e0d98cd383c3f3c0a9', '2019-09-08 19:55:31'),
(100, NULL, 'f666d1a137407a70537f3bef3f86a586', '2019-09-08 19:55:36'),
(101, NULL, 'bc82f81ddd8b5d3877195d78f4a25e8a', '2019-09-08 19:55:42'),
(102, NULL, 'c138ef45e105a3735a10fcf6b4518aff', '2019-09-08 19:55:48'),
(103, NULL, 'bde28b80b83e76a8aba1bfda7751514a', '2019-09-08 19:55:53'),
(104, NULL, '58fbb93afdae13e90688474e8c3d3b4e', '2019-09-08 19:55:59'),
(105, NULL, 'bda52730c00bb8ecad50257986bc4ee6', '2019-09-08 19:56:05'),
(106, NULL, 'f44d583b47e925d870407df55be8983c', '2019-09-08 19:56:10'),
(107, NULL, 'c2e6862bee0206a5be95b9af5e9f9a9d', '2019-09-08 19:56:16'),
(108, NULL, '4b23d8417daf7e52b6f8449710ac1d15', '2019-09-08 19:56:21'),
(109, NULL, '9a45dc670e2faedc47601bc5b9a188b9', '2019-09-08 19:56:27'),
(110, NULL, '3e0f849c7cc423c40e46cc33c8eb9b81', '2019-09-08 19:56:32'),
(111, NULL, '4fa436075bce8cecc0dd9cb6f5f67006', '2019-09-08 19:56:38'),
(112, NULL, '659abf3cbed69a51eef6e9276b3ebf29', '2019-09-08 19:56:43'),
(113, NULL, 'be12fc88fef6d33b46e0c2c70cffbcbc', '2019-09-08 19:56:49'),
(114, NULL, 'c3d52aa9ed0c63939f943af884c572d2', '2019-09-08 19:56:54'),
(115, NULL, '27be7a1c3467f69dce5243120e6a7a2a', '2019-09-08 19:57:00'),
(116, NULL, '967e1ca288bde8dc5b1aa48b08250b91', '2019-09-08 19:57:07'),
(117, NULL, '1007165be92cd54e716f18a5eb0a7609', '2019-09-08 19:57:13'),
(118, NULL, '15aa8ef46dc7b126ad5270b8728c5091', '2019-09-08 19:57:18'),
(119, NULL, '0cb2b2b0ffd23f2079874cbc1904ac13', '2019-09-08 19:57:24'),
(120, NULL, 'db86faca3ce554b9dc6d30db1d37f160', '2019-09-08 19:57:30'),
(121, NULL, '9d9752e4bc8e25b07d9b7f795ade8ddc', '2019-09-08 19:57:35'),
(122, NULL, '379cae9d84d52627874d2817369be6b1', '2019-09-08 19:57:41'),
(123, NULL, '6cf74ff5ef0d985e6c6ae6d328a98a88', '2019-09-08 19:57:46'),
(124, NULL, '190e1d39f66294c484ac4bd4220c56f9', '2019-09-08 19:57:54'),
(125, NULL, '2126cd046f6b17e32d2c01a8ab750ad8', '2019-09-08 19:57:59'),
(126, NULL, 'da49e3cf121ad96dac44e699ae9d1716', '2019-09-08 19:58:05'),
(127, NULL, '16f8b9f7a8083efe2d2dc082c1a79e4e', '2019-09-08 19:58:10'),
(128, NULL, '5fa6dacdb316a0bb4c0cf0491c6cddc9', '2019-09-08 19:58:16'),
(129, NULL, 'cd4ce9dd08b6a64a3d9234c62b0dbcc0', '2019-09-08 19:58:21'),
(130, NULL, '35c4a311bb4c7f79e4023bd7501ee17d', '2019-09-09 01:30:07'),
(131, NULL, '7bc0dbbe8cc299ea39e77ac54c2328b4', '2019-09-09 01:30:11'),
(132, NULL, '2d2e2966d886ee719c1d325d360b1121', '2019-09-09 01:30:46'),
(133, NULL, '0f0b951f527782166fd6a78fea84d25a', '2019-09-09 01:30:50'),
(134, NULL, '1f0307cddf3c0a5ca0e2c93dc910b8ce', '2019-09-09 01:30:55'),
(135, NULL, '35374b58fff1f57c1bd85d77a7ea877c', '2019-09-09 01:30:59'),
(136, NULL, '476b0b04d98ddbf7091adf6c5f43163a', '2019-09-09 01:31:04'),
(137, NULL, '5a69f949737bfdf41392b7262123dfdf', '2019-09-09 01:31:08'),
(138, NULL, '09b301ff1075b3656696101821dac2c9', '2019-09-09 01:31:29'),
(139, NULL, 'ae8b70fc89b7dabeb8bde7dc0c115ae6', '2019-09-09 01:31:34'),
(140, NULL, 'b27f0d35b8eb239f8c131eae25bd7e39', '2019-09-09 01:31:46'),
(141, NULL, '22efd158b1e27e8b3e0d3463f1cb8dbb', '2019-09-09 01:31:50'),
(142, NULL, '692012a6d9b13babd454c085634e1bd0', '2019-09-09 06:55:34'),
(143, 2, '5aef9960c6233ab5da989267dd8eb956', '2019-09-09 11:54:25'),
(144, NULL, '95bc660cf70488615073f9b4fadf1502', '2019-09-09 18:44:47'),
(145, NULL, 'bc70170f83c31968b921a3bda01ebb67', '2019-09-10 00:06:17'),
(146, NULL, 'd0690200f8b0e09189c2d05ec813c9bc', '2019-09-10 00:06:23'),
(147, NULL, '830305d1f03c6c8ef0fc94c74e6db86a', '2019-09-10 00:06:28'),
(148, NULL, '8bcdb8ac5392a57f16f5a4fbdc58d75e', '2019-09-10 00:06:33'),
(149, NULL, '848859bebb3d4b0134cfc8d66267e3a6', '2019-09-10 00:06:38'),
(150, NULL, '6aa4fcee989d59a444fc8d7e1e5970de', '2019-09-10 00:06:53'),
(151, NULL, 'bdd75751bbede31b806aa008acda4c25', '2019-09-10 00:06:58'),
(152, NULL, '1129a68e6da5e8c2913b4a11ebb979fa', '2019-09-10 00:28:20'),
(153, NULL, '8b7b635fdabc84bd700bcec18af25829', '2019-09-10 00:28:25'),
(154, NULL, '0e820c3b1cec8fba458c1278c446927d', '2019-09-10 00:28:30'),
(155, NULL, '4ba5e6d19b0ed1f625243ab2651e12b5', '2019-09-10 00:28:35'),
(156, NULL, '3b24bdb1b2979d09c019fb0aea5480b2', '2019-09-10 00:28:40'),
(157, NULL, '54873b4914486d42388a6b9f5af1ec0d', '2019-09-10 00:28:50'),
(158, NULL, '0fa825845a1314057709fb5d3ed37182', '2019-09-10 00:28:55'),
(159, NULL, '298c5279748e6f93bf7c3de5a6b06d0c', '2019-09-10 00:29:00'),
(160, NULL, 'ed8b881f4de9162821141c234f233649', '2019-09-10 00:30:24'),
(161, NULL, '05907cbcdda602057103af65fc950e72', '2019-09-10 05:09:21'),
(162, NULL, 'f7f460e3b754b7f54074e0a65c2c55e2', '2019-09-10 06:32:08'),
(163, 2, 'c846a1a7783d826b952419becce0ba55', '2019-09-10 06:51:09'),
(164, 3, 'dbcb2a9203e2f8a49b0a0c76dd67b76f', '2019-09-10 06:56:57'),
(165, NULL, 'a8217c1859895676aa8061ead36864e8', '2019-09-10 06:58:43'),
(166, NULL, 'ed2e29cf45b5e778bea53cc81b905181', '2019-09-10 07:33:12'),
(167, 2, '7d8c931e3225f655f43beb80f9df789d', '2019-09-10 08:01:39'),
(168, NULL, '8bfe1c4e37e3ea5d670ef3db5d2654e4', '2019-09-11 06:41:32'),
(169, NULL, 'fea9e6a44078d8dfbe7c779e44733102', '2019-09-12 04:48:38'),
(170, NULL, 'db8bf11bee8c8a484470f2992659d9d0', '2019-09-12 04:48:51'),
(171, NULL, '2611c34af0b9b3c486dfad2079f5ac54', '2019-09-12 04:48:56'),
(172, NULL, '1b5f84c10bb0abce2315847af389c519', '2019-09-12 04:49:16'),
(173, NULL, '06031f20117a0ad9ce018c620c38824e', '2019-09-12 05:48:47'),
(174, NULL, '1db614c2ff8cae11c2e4f996d31e468b', '2019-09-13 06:08:36'),
(175, 4, '5a6d8411c7f99a0bd47904357b87f2e3', '2019-09-13 07:20:50'),
(176, NULL, '5b8320eef4bdc05002ec52ea33fc9220', '2019-09-13 07:28:40'),
(177, NULL, '9a9f6f4c3676cb00630073fdaa7286e5', '2019-09-13 07:28:44'),
(178, NULL, '65a0cc3d49343cd7c3fe7829c422a0ac', '2019-09-13 07:29:41'),
(179, NULL, '84b6a6d21826ade849a05847543bde04', '2019-09-13 07:29:41'),
(180, NULL, 'f1685508378af67d68d722edee2da12b', '2019-09-13 07:59:42'),
(181, NULL, '188548bdf4c49e987d569a2638cb6c6f', '2019-09-13 07:59:47'),
(182, 2, 'e7f8ed09414e4c4a63a292afd89ceac6', '2019-09-13 08:00:17'),
(183, NULL, 'cb6d84835581a64f4096769f3bac64e3', '2019-09-13 07:59:48'),
(184, NULL, '74d569ba56f859a48a536a4fb1a68aa5', '2019-09-13 08:44:58'),
(185, 4, 'aafd337c218d3592d532a8d0320785ac', '2019-09-13 11:17:25'),
(186, NULL, '7335ac27f4611b7c84d70fe6add8357e', '2019-09-13 08:45:07'),
(187, NULL, 'e042d71ea48902cd6da25f648723e1ea', '2019-09-13 08:45:07'),
(188, NULL, '36dcd915cecb161f484352a4aad961ea', '2019-09-13 09:01:26'),
(189, NULL, '8e7d1a29ce9eb14d80e99642e9464323', '2019-09-13 09:01:28'),
(190, NULL, 'e0d6600450f61d4af693747e999b31c6', '2019-09-13 09:27:10'),
(191, NULL, 'd482f1ea137a87f4b8969d22af0045dc', '2019-09-13 09:30:35'),
(192, NULL, '299454488be3c28648d67916982ff0ab', '2019-09-13 09:37:47'),
(193, NULL, '65a35783357d1f51dcb2d3302694776b', '2019-09-13 09:37:47'),
(194, NULL, 'e0d6600450f61d4af693747e999b31c6', '2019-09-13 11:11:59'),
(195, NULL, 'ad90f16db1f19b2ec7925b50ce058697', '2019-09-13 11:12:09'),
(196, NULL, '54cd24b29bb6ef2de2ab87a6e1ece6e1', '2019-09-13 11:12:10'),
(197, NULL, '3fa5751366974c494b26d5cd4c1db456', '2019-09-13 11:23:49'),
(198, NULL, '22d33a11f259e841f0d8e84c96d015ac', '2019-09-13 12:12:52'),
(199, NULL, 'f1fd352db52e54efd034d6c629a08b55', '2019-09-13 12:19:38'),
(200, NULL, '91ae73963e2a800089f119fa6b454006', '2019-09-13 12:25:07'),
(201, NULL, '1d40e687da31e8fc1488c87c83cdb870', '2019-09-13 13:17:57'),
(202, NULL, '9f149258be45010e6dcc436a8ba0a495', '2019-09-13 16:51:58'),
(203, NULL, 'e9a57493469346502131d4ec3138d6c6', '2019-09-13 19:00:36'),
(204, NULL, 'dd91ddc436245f8d846780e03fde6793', '2019-09-13 21:08:48'),
(205, NULL, '47ca225681cbcd916edd6ed7ffd1ca22', '2019-09-14 06:08:43'),
(206, NULL, '3fdbe5ab3faf30dd3457acb983e2afe2', '2019-09-14 06:20:42'),
(207, NULL, '3fad21f01a4bc33b3392c6cee218e1e6', '2019-09-14 06:36:15'),
(208, NULL, '25f010351ce1c74624a32651b394ad3f', '2019-09-14 06:36:15'),
(209, NULL, '3fad21f01a4bc33b3392c6cee218e1e6', '2019-09-14 07:17:01'),
(210, NULL, '746fb3538b247ce6cc8750bc99b42742', '2019-09-14 08:56:18'),
(211, NULL, '3fad21f01a4bc33b3392c6cee218e1e6', '2019-09-14 09:16:03'),
(212, NULL, '7b2bd6d25e0db0a11f40b9d20e81fd2f', '2019-09-14 09:16:14'),
(213, NULL, '1996b4045ecd3a97fefe35fcf3229937', '2019-09-14 09:16:14'),
(214, NULL, '644f2a46627d27c457ec88caa86f652f', '2019-09-14 10:03:28'),
(215, NULL, '3fad21f01a4bc33b3392c6cee218e1e6', '2019-09-14 10:21:26'),
(216, NULL, '47ca225681cbcd916edd6ed7ffd1ca22', '2019-09-14 10:28:55'),
(217, NULL, '5cee6448fece488573063e1663f2f07f', '2019-09-14 10:29:01'),
(218, NULL, '338dbe7c510b6751c180efd8049cd499', '2019-09-14 10:29:02'),
(219, NULL, 'aa0b7c6af29312cfa0e8bf5c1b47000f', '2019-09-14 10:29:02'),
(220, NULL, '3fad21f01a4bc33b3392c6cee218e1e6', '2019-09-14 11:25:25'),
(221, NULL, 'f9bdea8a2e8622fe18561b796d51a58f', '2019-09-14 11:25:32'),
(222, NULL, 'd3eeb62eb3c09619414e90271c19ba7c', '2019-09-14 11:25:32'),
(223, NULL, 'aa0b7c6af29312cfa0e8bf5c1b47000f', '2019-09-14 11:39:11'),
(224, NULL, 'c5159a9c2c51407f4c81e14b8e019d2d', '2019-09-14 11:55:42'),
(225, NULL, '029ab8ccd31c0cd157a9d6650eee2111', '2019-09-14 12:05:13'),
(226, NULL, '87357cf3e9454f5989fd2c0ef32e1372', '2019-09-14 12:15:18'),
(227, NULL, 'bf79993b65a9864ae543b0c1191ed394', '2019-09-14 12:39:56'),
(228, NULL, '83ea8d46094facb11c1d4613b6f4beb1', '2019-09-14 12:52:31'),
(229, NULL, '692012a6d9b13babd454c085634e1bd0', '2019-09-14 18:13:55'),
(230, NULL, 'be1bdc77277edcb1b9544560defcfec6', '2019-09-15 05:22:47'),
(231, NULL, '895be156ef7ec24e41657e1704f65772', '2019-09-15 06:27:56'),
(232, NULL, '2e125563d93ad4191903844f28380cee', '2019-09-15 06:58:12'),
(233, NULL, '895be156ef7ec24e41657e1704f65772', '2019-09-15 08:15:00'),
(234, NULL, '8ed0383be606a74a3b02158576d6b772', '2019-09-15 13:22:23'),
(235, NULL, 'd026957b038d219669908b299e203a29', '2019-09-15 13:22:27'),
(236, NULL, 'cf1dff8c3f33c05d25fe7e0aa7665c4b', '2019-09-15 13:22:32'),
(237, NULL, 'fac887d2c301841f242ab55d45b99573', '2019-09-15 13:22:37'),
(238, NULL, '1c2991fbd02a3a33237f219187626b90', '2019-09-15 13:22:42'),
(239, NULL, '742dd8d29df83de27e902ca699142806', '2019-09-15 13:22:47'),
(240, NULL, 'afa2de28fcd95816582c69b2eb773315', '2019-09-15 13:22:52'),
(241, NULL, '94dbe9840a2bbf880ab3a920ba71aad2', '2019-09-15 13:22:57'),
(242, NULL, 'a65141356ffc2c895291a9b4b0aac363', '2019-09-15 13:23:02'),
(243, NULL, '4b679558b43565f54b44ce90947d103b', '2019-09-15 13:23:07'),
(244, NULL, '254e70fb695dc12e217753af11d8c379', '2019-09-15 13:23:12'),
(245, NULL, 'ffe320b544ecc4bcbea79edce79543a1', '2019-09-15 13:23:17'),
(246, NULL, '2a1aff9d02e44c69e590a2eddb8778a3', '2019-09-15 17:11:35'),
(247, NULL, '77432d2c642e8dcce279117a889ab55b', '2019-09-15 18:08:34'),
(248, NULL, '4797165b64fb9aa36ce0b3e0f5975654', '2019-09-16 06:23:43'),
(249, NULL, 'eb0d2150acf231fa771f1662f1167ea2', '2019-09-16 07:10:45'),
(250, NULL, '4797165b64fb9aa36ce0b3e0f5975654', '2019-09-16 07:11:03'),
(251, NULL, '4797165b64fb9aa36ce0b3e0f5975654', '2019-09-16 08:34:07'),
(252, NULL, 'f0306b9d7bdb9dd93afa40fc0baea482', '2019-09-16 09:10:42'),
(253, NULL, '56232ef0a5fbecc6721c007ad2c089cd', '2019-09-16 09:10:47'),
(254, NULL, 'f4f8fb5556ab4182f332646ff71bc09b', '2019-09-16 09:10:47'),
(255, NULL, '9b40a1fa782a36f58ce29c6293c6c283', '2019-09-16 09:51:55'),
(256, NULL, 'cea2a5a25315db67a06fe24d95cfac42', '2019-09-16 09:52:00'),
(257, NULL, '52a33add424b63904ef1f2f710e1bc13', '2019-09-16 09:52:00'),
(258, NULL, 'a8a054c004f36ce5a104875262a1df74', '2019-09-16 09:52:00'),
(259, NULL, '56232ef0a5fbecc6721c007ad2c089cd', '2019-09-16 09:55:00'),
(260, NULL, '9db6229d501b01c5ad3a3a9a7006c1c9', '2019-09-16 11:25:35'),
(261, NULL, '7b460adda4e59b48159696e54b28c614', '2019-09-16 11:25:40'),
(262, NULL, '362cb126a54478f3cfa1959d7a4c3331', '2019-09-16 11:25:40'),
(263, NULL, 'a8a054c004f36ce5a104875262a1df74', '2019-09-16 11:58:55'),
(264, NULL, '9b3378a661b459bb22566c582acdc264', '2019-09-16 12:34:52'),
(265, NULL, '5764cf88da2c9f471e68a8d8e2955c02', '2019-09-16 17:56:21'),
(266, NULL, '063dacd25cca0e73ed9cd266f2cd6995', '2019-09-16 17:56:30'),
(267, NULL, '0bf145f500d844de4660e5ce94e755f2', '2019-09-16 17:56:30'),
(268, NULL, '61c4dcf8aa02dbf4f473d293df87776f', '2019-09-16 17:56:32'),
(269, NULL, '0b3461867a882ae3b8c0cba883c3c8b3', '2019-09-16 17:56:33'),
(270, NULL, '4a2d8055c76d35f4b32f0450b2779d64', '2019-09-16 17:56:38'),
(271, NULL, '4359f077982e724cabf664cc6e296ac2', '2019-09-16 17:56:39'),
(272, 4, '45c605e3f51033bbd289ce103986206a', '2019-09-17 12:42:53'),
(273, NULL, 'bed60494b7589b8d5fc2bb1176e180a4', '2019-09-17 05:38:10'),
(274, NULL, 'e9d80529e5d124ed3319f8da9290e103', '2019-09-17 06:14:10'),
(275, NULL, '05ee92814be7ec0034911b8396098d02', '2019-09-17 06:14:19'),
(276, NULL, 'df02c35ee3d576b729983f4b962f6319', '2019-09-17 08:28:50'),
(277, NULL, '0e1f29f544d17e25047762db9b5b76ed', '2019-09-17 08:28:51'),
(278, NULL, '09801e9629930087cbe89c50b0c665ce', '2019-09-17 08:28:52'),
(279, NULL, 'fd9035d6a2f8577dd6db21b32f9b8ab9', '2019-09-17 08:28:52'),
(280, NULL, '5907082ac38e1821f7b61584c41aea88', '2019-09-17 09:25:37'),
(281, NULL, 'b816582db071a6fd3e93a2852eba4408', '2019-09-17 09:25:50'),
(282, NULL, '44dc58a957c8502cae77ad04aadfef8f', '2019-09-17 09:25:51'),
(283, NULL, '6d550c572693e189a588dcdfcba586ab', '2019-09-17 10:33:55'),
(284, NULL, '75b61ae3f2a5c23a0b573459000935e9', '2019-09-17 10:34:00'),
(285, NULL, 'c6bb96b874807aa293f7df428597f7af', '2019-09-17 10:34:00'),
(286, NULL, '18c350ef5be1135673c5b8437dcae08d', '2019-09-17 10:57:09'),
(287, 5, '7e00d89c6c9881deea071a22effc5b69', '2019-09-17 11:36:49'),
(288, NULL, '05ecf5be5eae1131d9ee17aa471d77e5', '2019-09-17 10:58:09'),
(289, NULL, '1a2d7b2f6b61ec71065c32ee1c1931f6', '2019-09-17 10:58:17'),
(290, NULL, '45bbc4e439b97a615f99f96c0979ab45', '2019-09-17 10:58:18'),
(291, NULL, 'f18e5baaf7e1a83a54abe3652c323b5e', '2019-09-17 11:09:05'),
(292, 2, '37c70a2f552dc775fa5165fc27847f82', '2019-09-17 11:11:57'),
(293, 6, 'e1dd24e35322d77e5f1d8120486c40ff', '2019-09-17 11:51:30'),
(294, 5, '06efe89220b80d84d9fbea817b4fa6c7', '2019-09-17 11:52:17'),
(295, 6, '27d8f0a857a25403deebe651722ce31b', '2019-09-17 11:53:35'),
(296, 4, '8ecca2fcb31257b09d199392f7a72539', '2019-09-17 11:54:34'),
(297, NULL, '7e8a69c688d6143cd666f3610e5cf8a8', '2019-09-17 12:12:40'),
(298, NULL, '031fd716b4b79eaa54ab362b81ff69c3', '2019-09-17 12:12:40'),
(299, NULL, 'e44b7951f7c0bcaa006723228558dd98', '2019-09-17 13:36:16'),
(300, 2, '7b5c5371220c5eaf28148d699f7b4940', '2019-09-17 13:36:42'),
(301, NULL, '8890834af10b6fe2d7d11eafc99550d9', '2019-09-18 05:03:45'),
(302, NULL, 'e89c3e0494ece45663eb2c49ca276c56', '2019-09-18 06:48:29'),
(303, NULL, '2422f10ab7d8f9b891598fdaff49ca0d', '2019-09-18 06:55:37'),
(304, 4, '34ab8c35e52b0e28dbb0a98228ed7993', '2019-09-18 08:26:01'),
(305, NULL, '7774f3ce9c73026b0d06fe2f81e55dd2', '2019-09-18 08:40:46'),
(306, NULL, '5154841c87db9d5590d46ca65eaa74d7', '2019-09-18 09:33:04'),
(307, 4, '3733ebe207f9657b859d332ad8348bc1', '2019-09-18 13:11:53'),
(308, NULL, 'd9217de706e843f312362699025e51f2', '2019-09-18 10:40:01'),
(309, NULL, '94b6773ed1272158898ee1f5d3ea81a7', '2019-09-18 10:40:09'),
(310, NULL, '272199f3b9dc091b1ddd59fe66cb0931', '2019-09-18 10:40:09'),
(311, NULL, '9ba7b5c13e2656d7bf751dcec4c004eb', '2019-09-18 11:08:55'),
(312, 4, 'd30936dafaf2125421efb2326b1df0bd', '2019-09-18 11:11:10'),
(313, NULL, '0866afe9579bbb3575c192dfa10fe909', '2019-09-18 11:10:38'),
(314, NULL, '9fef96a32054922ec7088fc205d30377', '2019-09-18 11:10:38'),
(315, 4, '62647e0d248e2940bb992e07bd83a89f', '2019-09-18 11:13:08'),
(316, NULL, '5937d027717d7b2e0c93594230c9b75c', '2019-09-18 11:12:39'),
(317, NULL, 'f95487d7adfc68672da6b175dc2bd015', '2019-09-18 11:12:39'),
(318, 2, 'c37a3962180a53bcc18672bccd0a342e', '2019-09-18 11:15:22'),
(319, NULL, '7c493a070d0974526a76eb27fd9425f8', '2019-09-18 12:16:06'),
(320, NULL, 'd9679acd9dcfa1d6475bdfb957068931', '2019-09-18 12:16:07'),
(321, NULL, 'c85dcbd07e39f2c134c4807f59cb06d6', '2019-09-18 12:24:40'),
(322, NULL, 'aa3634f55aaed94b928623eb6bdd0647', '2019-09-18 12:25:05'),
(323, NULL, '14df627309462fa395154c5a69d8374c', '2019-09-18 12:25:09'),
(324, NULL, '6727fb4ca2c3b6126df636183bc6c8a9', '2019-09-18 12:25:10'),
(325, NULL, '9cf1a806e2e4c825d8f815d3df81a253', '2019-09-18 17:01:44'),
(326, NULL, '8b46f1f91ddda35b778c112e3f10f52a', '2019-09-18 17:18:58'),
(327, NULL, 'fc231469084fd70bb91efaad451a8483', '2019-09-19 05:04:58'),
(328, 4, '67e79e4352e03ec13feadcf05cbe15f0', '2019-09-19 05:40:54'),
(329, 2, '0f8a89c18a6067a41949d4412bd2bb8e', '2019-09-19 05:55:42'),
(330, 4, 'f0c5ca1a78d900b8e727df4744f4401f', '2019-09-19 06:06:17'),
(331, NULL, 'ece9b2e395396ea8e33a75984b8b382c', '2019-09-19 06:35:31'),
(332, NULL, '465ef20145cd73b5318ba89ea4c9dd29', '2019-09-19 06:35:37'),
(333, NULL, 'c13ae5aef4163633f3b8768d5c59b778', '2019-09-19 06:35:38'),
(334, NULL, '9b15942621a20ecd1e6cef8bf7970bde', '2019-09-19 06:44:53'),
(335, NULL, '27696d4312e87d2565498266e79305c7', '2019-09-19 06:44:54'),
(336, NULL, '09a6b0558ec3c70fc91b9d3aa18f0477', '2019-09-19 07:07:16'),
(337, NULL, '805bd127776847c0ce1b1304493ea687', '2019-09-19 07:07:17'),
(338, NULL, '7c5e06352358c9204c33c30686f28cba', '2019-09-19 08:21:29'),
(339, NULL, 'ad3e5dc4cab8b7e0b98972ac727af4df', '2019-09-19 09:25:38'),
(340, NULL, '2920d1c40548c8df31935c4ff43f4efd', '2019-09-19 09:25:47'),
(341, NULL, '8c8b3a78dc44949b4b39820f52977692', '2019-09-19 09:27:23'),
(342, NULL, 'e240dc54ca3137b1969694b20bb6d4e9', '2019-09-19 09:27:30'),
(343, 4, '48f347ba5044022002a0569997953ff2', '2019-09-19 09:53:25'),
(344, NULL, '42470a4425052b58b79fc3fbb0dcda32', '2019-09-19 09:28:34'),
(345, NULL, '73ec129f879ab705e345e68f77088bfc', '2019-09-19 09:28:35'),
(346, NULL, 'f8feafe01f31b6c152360db3bb09594b', '2019-09-19 09:34:04'),
(347, NULL, '5ef4b113c4c274dbaa94bf9a6bc9fe18', '2019-09-19 09:44:35'),
(348, NULL, 'fe4ffdda6c8802a59dc21fc0d4db87e1', '2019-09-19 09:44:35'),
(349, NULL, '2b08fb295d5de209e3ea3c3c7d4e293b', '2019-09-19 10:09:57'),
(350, 4, '17d1ea3f7986a6c3453ff13c84508c1f', '2019-09-19 11:05:46'),
(351, NULL, 'd349bac3bee6d9ba650ae8c00f432a3d', '2019-09-19 10:10:25'),
(352, NULL, '922cc7e59b32c9c8bba36f540987ccd7', '2019-09-19 10:10:26'),
(353, 4, '7542a96719228d8ec93d9f85d2e9dbf0', '2019-09-19 11:09:07'),
(354, 4, 'e5dfb7347485ef962ad9ba935ee9ee2a', '2019-09-19 10:49:34'),
(355, 5, 'e5dfb7347485ef962ad9ba935ee9ee2a', '2019-09-19 10:52:37'),
(356, 4, 'cf4eb18046f16b0c450f0afad8169691', '2019-09-19 11:22:02'),
(357, NULL, 'dfa81a7018eea4af1dea27c820b2c282', '2019-09-19 12:09:25'),
(358, NULL, '8ee2f2cba6ecc2645393c6296e249565', '2019-09-19 12:16:16'),
(359, NULL, 'd9c50f169f71332924af267d7303fafc', '2019-09-19 12:29:13'),
(360, NULL, '96a2cbab377703f939a75eb41434582a', '2019-09-19 12:29:14'),
(361, NULL, '5455d5436a144375cb7b483c8a28a916', '2019-09-19 18:35:13'),
(362, NULL, 'aafa9cf6e5abee2b40fff71c63090f4d', '2019-09-20 07:32:05'),
(363, NULL, 'c4c690b1ccdf5cf14ee381531f0619f4', '2019-09-20 07:32:56'),
(364, NULL, '51cd49a64a31035b47cf25031cc49c30', '2019-09-20 09:29:43'),
(365, NULL, '89607b3e01e17686f649729ca0788e9e', '2019-09-20 09:29:58'),
(366, 7, 'f57c38d29c3184595703cf076b6d97b9', '2019-09-20 09:39:43'),
(367, NULL, 'ffd91e4244c06fe7499eb9e1d255ef22', '2019-09-20 09:41:27'),
(368, NULL, 'cab197d1fc780ef13b487fa4ea713305', '2019-09-20 09:41:28'),
(369, NULL, 'b552852f25f8e14abb06f25e5c9d3e83', '2019-09-20 09:52:06'),
(370, NULL, '07747a608617a564e49d269f8e21965c', '2019-09-20 09:52:57'),
(371, NULL, '1d6df8ee43bde7c15a8d4b5b40b11555', '2019-09-20 09:52:57'),
(372, NULL, '97bff6d8b8fedddff7ebed1321b453dd', '2019-09-20 10:43:02'),
(373, NULL, '98df7868b26a11fc02e2247ca0e59a0c', '2019-09-20 10:43:03'),
(374, 4, 'ced7d02102ccc188479409a149555d76', '2019-09-20 11:13:59'),
(375, NULL, '45df2de65aee101904022dcece31633f', '2019-09-21 07:16:22'),
(376, NULL, '93dabe63d4610f7b30b39f5c6e78b34f', '2019-09-21 07:16:26'),
(377, NULL, '3a8d521b307f3ec5d4da8ab02950df23', '2019-09-21 07:16:32'),
(378, NULL, '99879f7a19330db79a12d849bbdfe42a', '2019-09-21 07:16:37'),
(379, NULL, '4c5ae50134c074edd380bdcece797152', '2019-09-21 07:16:42'),
(380, NULL, '78d79ac6d992274ba7d03d145447b761', '2019-09-21 07:16:47'),
(381, NULL, '6d650f3a574ac00323af70fc6a07ff8c', '2019-09-21 07:16:52'),
(382, NULL, 'e027093533d04f06fc5cbead35705c97', '2019-09-21 07:16:57'),
(383, NULL, 'c1dd7530cb48468a54681b40c2f80f87', '2019-09-21 07:17:02'),
(384, NULL, 'e093c1a64df3a566ba6891c556153cf5', '2019-09-21 07:32:22'),
(385, NULL, 'a5b6eda94e5e62a5b8da5eaba2650f60', '2019-09-21 16:28:27'),
(386, NULL, 'cd142842cf1a17b5993a382f4b554c20', '2019-09-22 00:03:14'),
(387, NULL, 'e4bf594e40f937c5ce79801aaf853ff4', '2019-09-22 04:49:45'),
(388, NULL, '998ad18a2eab678addcff4c7fa19b3ed', '2019-09-23 04:46:05'),
(389, NULL, '37d2bdae76118f4d4af6321f65af6f8a', '2019-09-23 04:48:27'),
(390, NULL, 'a546b8fb116711b04dbedf8a5b1cdd2c', '2019-09-23 06:50:01'),
(391, NULL, '11b39658d643a682e1d25c1cfb8f34e6', '2019-09-23 06:50:49'),
(392, 4, 'f469d9b52004fa1a6c4ce99a3bebe7bd', '2019-09-23 07:17:02'),
(393, NULL, 'e7a3aebb9fcc891535df421f44e4e323', '2019-09-23 07:02:36'),
(394, 8, 'f65f9b11dc56ec534ef23ead75896f9a', '2019-09-23 07:18:24'),
(395, NULL, 'a09566bdaa38f39fbc422f74d8260bc1', '2019-09-23 07:56:09'),
(396, NULL, 'f41767d8d7fd4a0a7005e58287d904ba', '2019-09-23 07:57:06'),
(397, NULL, 'd7eb5012ee3a414d1fac3139dad35bf3', '2019-09-23 09:01:05'),
(398, NULL, '45445cbbc36ce919f3140b622a6bec61', '2019-09-23 09:32:25'),
(399, NULL, '09e3924348fd9b283fac5af857746850', '2019-09-23 09:35:21'),
(400, NULL, '29a61e19d01f5b94c19f9a285c6b7cd6', '2019-09-23 09:53:36'),
(401, NULL, 'bd31abbaf5f7f3bca99fe31f2bbb2bd0', '2019-09-23 10:26:48'),
(402, NULL, '63dc97a9de54bbc15cd8af4c25eaef7d', '2019-09-23 10:41:58'),
(403, 4, 'a684881ac01689b16c20142378013289', '2019-09-23 12:23:15'),
(404, NULL, '5dca17087d39656737e727771857c687', '2019-09-23 15:46:57'),
(405, NULL, '71b9d06c05cf634a672a9916303d45eb', '2019-09-23 15:46:58'),
(406, NULL, '86868d9d56db2b8167ed276f52cd2232', '2019-09-24 05:27:52'),
(407, NULL, '6b7ad102a18d45a712680487c5167739', '2019-09-24 05:27:54'),
(408, 4, 'd252cb0297ef09fb2e427aa1f078a84f', '2019-09-24 05:36:33'),
(409, NULL, '140b75fc9a81e3799390a996f269834f', '2019-09-24 07:02:51'),
(410, NULL, '9854fff1219a8af705fc8387b46a5fba', '2019-09-24 07:02:58'),
(411, NULL, '9036fe35e699e7890ba10a03910bfdcb', '2019-09-24 07:55:50'),
(412, NULL, '44602bfeecef68dbaedca76dbef9b7c6', '2019-09-24 07:56:55'),
(413, NULL, '6b0fa19473cdb7afc503053709db34f7', '2019-09-24 07:57:26'),
(414, NULL, '871777e6f618a1b1e4ee651a2050979f', '2019-09-24 07:57:26'),
(415, NULL, '8023c1e62c197b0d074fce5fb71ea6d7', '2019-09-24 07:57:33'),
(416, NULL, '9854fff1219a8af705fc8387b46a5fba', '2019-09-24 08:09:59'),
(417, NULL, 'e2baa30db8d5b94265e6bf9927e45009', '2019-09-24 08:37:16'),
(418, NULL, '40ca57b13027d1800da3d219e9bada24', '2019-09-24 08:37:41'),
(419, 4, '8023c1e62c197b0d074fce5fb71ea6d7', '2019-09-24 09:05:18'),
(420, NULL, 'fe586b888672372999afdafab8682593', '2019-09-24 09:35:52'),
(421, NULL, 'a8799fa31a5d9c1f50a136153a0fca5e', '2019-09-24 09:35:57'),
(422, NULL, '1de676ec985064df39c0e3c86c1e4754', '2019-09-24 09:35:58'),
(423, 8, '53cb75e514168b15609a21d2ac158688', '2019-09-24 09:36:33'),
(424, 7, '764dd18572b21af86e42410ac9659eb1', '2019-09-24 09:40:25'),
(425, NULL, '972ad9ec39ceedfa29752689987c7d14', '2019-09-24 09:40:31'),
(426, NULL, '5b7f247d106c09720eeae7267d187380', '2019-09-24 09:40:31'),
(427, NULL, '9c2667e3077408b77ded13ff528271f9', '2019-09-24 10:10:16'),
(428, 4, '60ce011f71062b17bdb08bb9c5391e6f', '2019-09-24 12:59:23'),
(429, NULL, '3c6bdd257a0248636175bd4ac03434de', '2019-09-24 10:23:47'),
(430, NULL, '357ead5a1dcbd7d4a6675ebfd3694a66', '2019-09-24 13:19:58'),
(431, NULL, 'd9a96de0e08d54964f71c700947a62d5', '2019-09-25 05:04:29'),
(432, 4, '78e5cd6524f0380d019699a649ea6d98', '2019-09-25 07:24:48'),
(433, 4, 'a04c723c2deefb7d4636cb8f8aae36cb', '2019-09-25 08:24:28'),
(434, 4, '0b839bd0b5df75a5d6e0a18e70e6bff2', '2019-09-25 08:27:13'),
(435, NULL, 'b0c2621d300c55673a2dcbef31e32f5a', '2019-09-25 08:31:07'),
(436, NULL, 'ed38ce844293a063dd1a2910e70c3483', '2019-09-25 08:39:29'),
(437, 4, '9361fed1a021c9d9fcabcb74435b0510', '2019-09-25 09:44:22'),
(438, NULL, 'bb1df48c2786510aeb852f46a90d8251', '2019-09-25 09:45:00'),
(439, NULL, '31cb9904a7b410c7bd40bd572fe7f7a1', '2019-09-25 09:45:07'),
(440, NULL, '27918b2d2c7dfb57281814742e3a365c', '2019-09-25 09:51:12'),
(441, 2, 'd957116e4f473eddb259568bc15bd586', '2019-09-25 10:15:31'),
(442, 4, 'babeb353e83669844dc44e342456bc78', '2019-09-25 10:43:11'),
(443, NULL, 'a9e8766e05b7145092bd3352e1a6e7ed', '2019-09-25 10:58:11'),
(444, NULL, 'b4ac8b6f5df9e107e21123473203725d', '2019-09-25 10:58:12'),
(445, NULL, '4787be72deeefe39d367061072f9e3e9', '2019-09-25 11:16:54'),
(446, 4, 'da112568921b8d9e209ffaee020f7d2c', '2019-09-25 12:03:46'),
(447, NULL, '6a05daa5a76d10683167cfa9399a8d59', '2019-09-25 11:58:48'),
(448, NULL, 'd36af8053b35884b26ca1ac675709f45', '2019-09-25 11:58:59'),
(449, NULL, '64a6556fd4faadcfecdf0ad3cbac9abd', '2019-09-25 13:08:40'),
(450, 4, 'd0374068fa754582f36de928af2b722d', '2019-09-25 13:43:08'),
(451, NULL, '1969c98071f290c904fbfe53f78e3024', '2019-09-25 13:44:31'),
(452, NULL, '198f47fb67261849bc44c05609ffe32a', '2019-09-25 13:44:48'),
(453, 4, '0e6cddc8c41a9725e92776f70ddadf54', '2019-09-25 13:46:48'),
(454, NULL, '8229e94ddbb989f61b9e1ad69dc69688', '2019-09-25 13:45:31'),
(455, NULL, '2f099d7953dd8a4cd70b5c94943c762a', '2019-09-25 13:45:34'),
(456, NULL, '7bd6d9565c7d5ce9f1bc1fc1e5c69d5a', '2019-09-25 14:27:55'),
(457, NULL, '8c221416904574adf0fb557b3c229f45', '2019-09-25 14:29:02'),
(458, NULL, '904cc9d7150a338b3778a3300fcd3c77', '2019-09-25 15:30:54'),
(459, NULL, '9c32419fdc977069de15c2ec464f3471', '2019-09-25 15:33:39'),
(460, NULL, '66db4de2c9b45efaebf60dc9aa7c2fe1', '2019-09-25 16:35:03'),
(461, NULL, '78f3f6ea86f01ad0f5c40c83eda30da2', '2019-09-25 16:40:57'),
(462, NULL, '57f94dd972bd3295da7314c07321fe11', '2019-09-25 16:41:31'),
(463, NULL, 'c366a9dd4df08774d0c66eb860589175', '2019-09-25 17:28:21'),
(464, 8, 'f1d9e55f6d3021b449b353d986695a77', '2019-09-25 17:46:58'),
(465, NULL, '9effc263ae57748872f53aeb60bf361c', '2019-09-25 17:46:59'),
(466, NULL, 'a9de0a687a3f2aa3bfb1445da0dc57fa', '2019-09-25 19:20:05'),
(467, NULL, '4ed35d1d3c9a338910391575cfdb5b00', '2019-09-25 22:57:17'),
(468, NULL, '421a2237a85745bf49e2b155fc6ca693', '2019-09-26 00:09:18'),
(469, NULL, '7e242b51eaebf6aa2f2a93277e659878', '2019-09-26 01:50:47'),
(470, NULL, 'b10a7e9ab6fb6a03e4c563e316015ef2', '2019-09-26 01:52:01'),
(471, NULL, 'ebeb1a118d27cb7c67b68bcc00860d01', '2019-09-26 02:26:44'),
(472, 4, 'a03be409bf993d8d39ca6cc1f3fa4de5', '2019-09-26 06:22:30'),
(473, NULL, '528b5c6c55e53720f05ae99d3032e8e9', '2019-09-26 06:17:34'),
(474, NULL, '48e1cef79178165d517f74e9f20a4957', '2019-09-26 06:17:34'),
(475, 4, '68d7b87b4cfd70561ed394398a2fd553', '2019-09-26 12:31:49'),
(476, NULL, 'c51d39b97699edfc75e9ae5b2ea8c068', '2019-09-26 13:42:07'),
(477, NULL, 'f50d724756fe2b9ec5c88f6c9ef40f66', '2019-09-26 13:39:15'),
(478, NULL, 'c3004e2a48bd63c7b8b0fb1c4b34c5b2', '2019-09-26 13:39:16'),
(479, NULL, '720d7cba2f24c6d63294b854e425621a', '2019-09-26 18:09:34'),
(480, NULL, 'e716da74274da3bd5846440b6977f605', '2019-09-27 06:25:24'),
(481, NULL, 'e982029f80ff198aff5d2dbc9cb00eec', '2019-09-27 08:22:50'),
(482, 4, '75e280e897f5e1d8f52902ab03066cbd', '2019-09-27 08:39:44'),
(483, NULL, 'd7ae9e0e56e9d2967843aa1773d019b9', '2019-09-27 08:53:42'),
(484, NULL, 'a6ba8223211542309e29aad486e9c934', '2019-09-28 08:02:47'),
(485, NULL, '1ab51f0d3dd7ac35f0c0944c3ce93b37', '2019-09-29 03:02:57'),
(486, NULL, '1fb0f827b9fbf3bc6a201c15e7322659', '2019-09-29 03:03:07'),
(487, NULL, '7d4d2df9d178b315aa2a6638990f3bf5', '2019-09-30 06:32:14'),
(488, NULL, '2283f60a7c3f7e6dea7f34b6f6aa0ac8', '2019-09-30 09:40:39'),
(489, NULL, '2100f0c6cb4c8e91f50890fb752e6f4c', '2019-09-30 09:46:58'),
(490, NULL, 'e13c37a41c282e99cfec16961f8285ac', '2019-09-30 09:47:09'),
(491, NULL, '4831066b83feb9588e4ee8ced1646c3d', '2019-09-30 10:27:11'),
(492, NULL, 'f6bfa4f79a85e86430418b4ca5a8721d', '2019-09-30 10:29:58'),
(493, NULL, 'e76502a787d4e94badaf4742894a154a', '2019-09-30 10:30:04'),
(494, NULL, '17f50563adad84880bae3cbb12efddf5', '2019-09-30 10:30:09'),
(495, NULL, 'a1e6617b00c83be3f361c580a6865cae', '2019-09-30 11:12:19'),
(496, NULL, '297621ceafd65109cb34067c46f73cf2', '2019-09-30 11:51:23'),
(497, NULL, 'a3f4cad9022dd3241c7c6841302275fd', '2019-09-30 11:55:22'),
(498, NULL, '031dc9ce0f681735513f89a2167679f1', '2019-09-30 12:03:27'),
(499, NULL, '9f810ddcd1aa8cecfe4f96764c2306de', '2019-09-30 12:44:47'),
(500, 4, '91dfc0c37b18e47b321f82608ba34ed6', '2019-09-30 13:21:04'),
(501, NULL, 'd2dfe0cf00f0890be292c7c66751ae74', '2019-09-30 12:47:32'),
(502, 2, 'c239383833e62d8e811cd3a8c8be28d9', '2019-09-30 13:29:07'),
(503, NULL, '8b208619aca0d1ad7d45c0d0beb44a6f', '2019-09-30 14:24:08'),
(504, NULL, '46383c795ef0bcc14390a0403804a606', '2019-09-30 14:24:08'),
(505, 4, '66030f556de506c9a6ba135775317407', '2019-10-01 06:27:54'),
(506, NULL, '91981ade7f4cf25235ffee928dd1455b', '2019-10-01 06:13:32'),
(507, NULL, 'a52d15204d5f5fd13b4baf2940dcb2fc', '2019-10-01 06:15:24'),
(508, NULL, 'fc6dc9ac5ebba70c85f0ca51c02cd6d3', '2019-10-01 06:15:57'),
(509, 4, 'a479a31c48fcd1d904de67511a1588c7', '2019-10-01 08:27:27'),
(510, 4, '5829ffd29fe4e8498cafddf51a53f831', '2019-10-01 13:03:57'),
(511, NULL, '9f4c16c7b2f3e8d4b04e4fbcc67f13fa', '2019-10-01 10:35:57'),
(512, 2, '53c615b3765a375ea4ff35ad514eb1ce', '2019-10-01 10:37:10'),
(513, NULL, 'f15451c8af832ba173061185fca40f8c', '2019-10-01 10:43:52'),
(514, 2, 'b81fe82980a4b713e9e24c54f4632479', '2019-10-01 10:53:23'),
(515, NULL, '9ac6269e1e841aee772aeccefa9091de', '2019-10-01 11:54:28'),
(516, 4, '54a012821a6bbb829a73ffd53967223d', '2019-10-01 12:02:23'),
(517, NULL, 'a95f755857a22b2fc3e7e873ebcf04f1', '2019-10-01 19:08:01'),
(518, NULL, '39366cd454b3ed52ef88a6d93b879dcc', '2019-10-01 19:25:39'),
(519, NULL, '1a228ac09fbb28a3f50b3bd3eefadecf', '2019-10-01 19:26:09'),
(520, NULL, '48283d0e03f1ee8f789c8ee7902f263d', '2019-10-01 20:23:39'),
(521, NULL, '437f967142b98b317b01f2f49843d668', '2019-10-01 20:29:11'),
(522, NULL, '1b03eaec9731add487017635aa1b77a6', '2019-10-01 20:35:44'),
(523, NULL, 'ae8e916c36c86f91eb36716961280237', '2019-10-01 20:44:52'),
(524, NULL, '7467764fbba9c55bb848ab55fd09c80b', '2019-10-01 21:03:32'),
(525, NULL, 'b2d0050f0930334874aa6b8aa1080b6b', '2019-10-01 21:04:10'),
(526, NULL, '3e09fde46f817818126ed34adb9bd532', '2019-10-01 21:17:38'),
(527, NULL, '1f286fe1d620f1ab7f6f537ef2f7d1e8', '2019-10-01 21:31:40'),
(528, NULL, '5df8be7beadd45a9cf4f74f90d224309', '2019-10-01 22:13:21'),
(529, NULL, 'c9f9f10b83fb16eaa787f1015204044a', '2019-10-02 04:31:15'),
(530, NULL, '55829a3bfa38334faf08466c361bbbd7', '2019-10-02 04:31:18'),
(531, NULL, 'e19e447d45d5c6b43572386a927446fe', '2019-10-02 04:31:23'),
(532, NULL, '1a85a72f4d34517f85b582bcf65c86e0', '2019-10-02 04:31:26'),
(533, NULL, '1a654ca4f0aa600d15912f2291dcbeac', '2019-10-02 05:17:14'),
(534, NULL, '772f19dfeb8f500ff4162cb74ee614db', '2019-10-02 20:21:43'),
(535, NULL, '2985985ca5bb19c0a1760ae0ba3bd257', '2019-10-03 03:45:24'),
(536, NULL, '676599d94253fc1e93d8d25f5b018f3d', '2019-10-03 04:31:33'),
(537, NULL, 'e0eb6d335e54fc5d724bd8ea09b5e466', '2019-10-03 04:31:36'),
(538, NULL, 'ce9d45ba14556d83f892be679dbdf0e1', '2019-10-03 04:31:41'),
(539, NULL, '1551fe8f881b7a7478a036cbd38af8fe', '2019-10-03 04:31:44'),
(540, NULL, '7c143e88afdd055173ae592eb7ce27e7', '2019-10-03 04:45:11'),
(541, NULL, '67bf914d1a45800b2aa515a89c7550b0', '2019-10-03 04:45:22'),
(542, NULL, '47544c8646d04d1cde7755735b6c03f1', '2019-10-03 04:45:28'),
(543, NULL, 'e86bbf4f0ff8ded79c58377deaf903d9', '2019-10-03 04:45:42'),
(544, NULL, '9956a65471d2c0cf447d6921a0cb451b', '2019-10-03 04:45:52'),
(545, NULL, '9d6626c6d541a7b687d79913c1a73a7a', '2019-10-03 04:46:03'),
(546, NULL, 'a0d2c60f4292d62149118a2aa64d145e', '2019-10-03 05:21:22'),
(547, NULL, '94309e8b4f54b5262d1ed84dc3dbd551', '2019-10-03 05:21:27'),
(548, NULL, 'e386c91e74aaadca860720cff597e129', '2019-10-03 05:21:32'),
(549, NULL, 'a71de665caae11e389f0730db2e79eba', '2019-10-03 05:21:45'),
(550, NULL, '69a9dacb414cdb6ae7829a9b275ee764', '2019-10-03 05:21:50'),
(551, NULL, 'fa334ba66a15e240afec1d747d69fd7b', '2019-10-03 05:22:11'),
(552, NULL, '244b979a416a802b8bad4b54aef024d4', '2019-10-03 05:22:34'),
(553, NULL, 'aae68c927e73138c2be28d73c03a53f4', '2019-10-03 05:41:04'),
(554, NULL, '721ad76ef83092bce7e8e2c1a49a5c3c', '2019-10-03 05:41:15'),
(555, NULL, 'f2ca07b81861ead4a959b2ee3cfa2712', '2019-10-03 05:41:39'),
(556, NULL, 'c21b280ddc503e8092617b3801c61a43', '2019-10-03 05:41:55'),
(557, NULL, '9ba0c31b751120a82cf7336f93e57313', '2019-10-03 06:39:24'),
(558, NULL, 'd574491ba449ff501aaece2dd79b61a2', '2019-10-03 06:39:29'),
(559, NULL, '466d3ba0e1dbac8c0da7cacbf21fd375', '2019-10-03 06:39:34'),
(560, NULL, '23063d6c26724c10b9f1c03c15810245', '2019-10-03 06:39:39'),
(561, NULL, 'e810af5e7ceaafd8a1964229f2cef208', '2019-10-03 06:39:44'),
(562, NULL, 'be254aa37d24aa62d264fc29bce32944', '2019-10-03 06:39:49'),
(563, NULL, 'c8418e062e4e101b57c7683ff5a66756', '2019-10-03 06:39:55'),
(564, NULL, '1072f5d352ca3cc919dfd1294b496dee', '2019-10-03 06:40:00'),
(565, NULL, '5503d74f234147c1246053f79d0601be', '2019-10-03 06:40:06'),
(566, NULL, '9eac85c9220d9a64dead49bfe8a14a43', '2019-10-03 08:17:34'),
(567, NULL, '0bd71f132ece277f618d0728caaeac86', '2019-10-03 08:19:11'),
(568, NULL, '8e15aed426d1f60d3fbc76c399c0b35a', '2019-10-03 09:51:45'),
(569, NULL, 'dc6e297bb61f0451c16734e9c94934c9', '2019-10-03 09:58:52'),
(570, NULL, 'f88f62b58a9f321141d19c33a4eae127', '2019-10-03 09:59:13'),
(571, 8, 'df9e7ee6dbf15644295c3d6f5cc4d8ef', '2019-10-03 18:36:16'),
(572, NULL, '3f5ce8fc240cd17fde4d751879954c9e', '2019-10-03 18:36:17'),
(573, NULL, '85cb78b36dfd0733710660dcea046f1e', '2019-10-04 04:05:07'),
(574, NULL, '49f52b9acb12269ca41af5967a284555', '2019-10-04 04:32:19'),
(575, NULL, 'f93face74da2844e3365fa745b3611e3', '2019-10-04 04:32:21'),
(576, NULL, 'b323a5b1c73840b9fe6630d23862f9cc', '2019-10-04 04:32:27'),
(577, NULL, '2f2cee4b14ef0084a618b8f07fd31331', '2019-10-04 04:32:30'),
(578, NULL, 'b53b7a27cc5f0212f9683353f4756343', '2019-10-04 05:16:16'),
(579, NULL, '8d9ac8bd6ba364e69e3397ab6b5900ed', '2019-10-04 05:17:23'),
(580, NULL, 'b00296aebabcaa26bfb0e9c7dbc1419a', '2019-10-04 05:17:23'),
(581, NULL, '6deb40f843f5657d97b4fa4fe614ad84', '2019-10-04 06:37:44'),
(582, NULL, 'ce18c750b729ca8c4802b50082b5618f', '2019-10-04 07:22:55'),
(583, NULL, '9c41055f899deeb2490c2a3dbb5bfc30', '2019-10-04 07:23:09'),
(584, NULL, '7bd0aa3f899b3582c28f569998a3a465', '2019-10-04 07:27:13'),
(585, NULL, '6b9b88691ef6168a90ff324f33037926', '2019-10-04 07:52:58'),
(586, NULL, '0413447adabacaeec8bf940d1f89db02', '2019-10-04 07:53:21'),
(587, NULL, 'c560d5fef86acbc60f7c1f1b72f9f10f', '2019-10-04 07:53:03'),
(588, NULL, '41078777d9b5d48cd0b1ed0766fbefe1', '2019-10-04 07:53:04'),
(589, 2, '045f1feb321e02aaac637189f0a59062', '2019-10-04 09:39:24'),
(590, NULL, '313859c0c3ce635314d2e1b7e5a64519', '2019-10-04 10:26:26'),
(591, NULL, '69d6273a71a9f4ec6a42d3066339d29f', '2019-10-04 10:26:26'),
(592, NULL, '6d3881d88a1be33a801844d90c654324', '2019-10-04 10:26:26'),
(593, NULL, '8f0c092593ab5a05c6ce7c45360764af', '2019-10-04 10:26:26'),
(594, NULL, '92a025ca204cca2b8ad6b63e06de7053', '2019-10-04 10:26:27'),
(595, NULL, '407d41961c0037ecdaaaa18027ffd007', '2019-10-04 10:26:28'),
(596, NULL, '68354f73a3f253c0c3a502f3d7c2121d', '2019-10-04 10:26:29'),
(597, NULL, 'd5d19665438ccb951a26aa2bf52ca552', '2019-10-04 10:26:29'),
(598, 8, '2dcec1742a65a3691664e2134c6576fd', '2019-10-04 11:49:53'),
(599, NULL, 'ef8d2d0722b288b88300c35e9c2f27ae', '2019-10-04 11:26:56'),
(600, NULL, '1f7f0d76422cc36fd48864081287a1a0', '2019-10-04 11:49:55'),
(601, NULL, 'fac88e514c09d94753e22b608446005e', '2019-10-04 11:52:10'),
(602, NULL, '34839170485d4ceb27e9d6e689462357', '2019-10-04 12:14:48'),
(603, NULL, 'a22bccff9504dc859f07b4d9d58abf2b', '2019-10-04 13:23:43'),
(604, NULL, '64db191054f6fb871b1f73aa9a9408a0', '2019-10-04 13:24:17'),
(605, NULL, 'cda27e7173005e3d81892e3034a8867f', '2019-10-04 13:24:22'),
(606, NULL, 'c4e7db3c34257bc6178424b3884e6bd9', '2019-10-04 13:25:12'),
(607, NULL, '22349e3d94287d23295a4f6cd85c1a29', '2019-10-04 13:39:41'),
(608, NULL, '8589f8b430087d82a3a1eb43a9e49350', '2019-10-04 13:39:47'),
(609, NULL, '526ef5f4680bc3d6d44a831fb531e3e2', '2019-10-04 13:39:47'),
(610, NULL, '0018664f8e735856b83d372f11a07150', '2019-10-04 13:39:47'),
(611, 2, 'a78cb3efe82e0f745ed0d04c9948923d', '2019-10-04 13:39:54'),
(612, NULL, 'dcf6119f7c807705e2fd6d9f9b2b8014', '2019-10-04 17:21:31'),
(613, NULL, '0222633822111ddbfdcc195cff788a44', '2019-10-04 17:21:33'),
(614, NULL, 'a51d86da9a98b58daf046e3b468279c5', '2019-10-05 04:02:18'),
(615, NULL, '4bd8a54a3a0af95928a6e56a284f387a', '2019-10-05 04:02:44'),
(616, NULL, '76665b7e26c63e5db141b8b8488661b0', '2019-10-05 05:12:45'),
(617, NULL, 'e4c8d5a2bb042fb3ea557ac2012d064e', '2019-10-05 05:12:47'),
(618, NULL, '9507385292d253b139d7ef88d4cf6f34', '2019-10-05 05:12:56'),
(619, NULL, '569ead3c6ebf2b7388ecc52892a60b6f', '2019-10-05 05:12:59'),
(620, NULL, '77b459b87cdae927ab3b73158fb71969', '2019-10-05 05:27:46'),
(621, NULL, '2dc17e77e30ef765f077296ef750f899', '2019-10-05 06:57:35'),
(622, NULL, '7e4551bbb26592941448a6f8ec6882bd', '2019-10-05 06:58:40'),
(623, NULL, '28612195602692cfc28b6d098fce8d5a', '2019-10-05 06:58:45'),
(624, NULL, 'c8f9c0bc8705e80e878837ce3921e8b3', '2019-10-05 06:58:52'),
(625, NULL, '9e1914fe9089b4f160205ecf51aef043', '2019-10-05 06:59:25'),
(626, NULL, 'b158a6e89952009afec0dec68f90849a', '2019-10-05 07:13:50'),
(627, NULL, '9ca4e2dba7d0c420cf042fffaa4cf4a2', '2019-10-05 07:13:56'),
(628, NULL, '57c53471b944a1608d5e501617a1bcc0', '2019-10-05 07:14:51'),
(629, 4, '78455765e657e61eb8fcdca27e57e5b2', '2019-10-05 07:46:30'),
(630, NULL, '44ab27ea30b456be195861c70db44f82', '2019-10-05 07:46:38'),
(631, NULL, '26c1990838925cff32054dd9d7429aa1', '2019-10-05 07:46:41'),
(632, NULL, '4d62f0af986ff91eafa3914e772d5c7f', '2019-10-05 07:48:56'),
(633, NULL, '5c71cb5ff9091d607e100dd87fdaf28f', '2019-10-05 07:48:56'),
(634, NULL, '5fb99f6807dc852ef8de5b8ba5c68023', '2019-10-05 08:32:36'),
(635, NULL, '04ae70e09275f27949b2b134954c9aca', '2019-10-05 08:32:37'),
(636, NULL, 'c5c7cdfa88d5da4a36694e88012e0f88', '2019-10-06 04:35:37'),
(637, NULL, '47b76ce8f1009a643f5c2c0e487cd2b5', '2019-10-06 04:35:40'),
(638, NULL, 'cb91d8fc3723581a8b5d524368464958', '2019-10-06 04:35:46'),
(639, NULL, 'aa79a501e90cec78ec533bfcca3d11e5', '2019-10-06 04:35:48'),
(640, NULL, '18d3a14fb3b7bcbc61b5b174346e7a9c', '2019-10-07 01:35:36'),
(641, NULL, '67cdd2080484c0be6ab9552e3fe75ddb', '2019-10-07 04:35:26'),
(642, NULL, '24253eb4812d7d89614b8b9fff450bdb', '2019-10-07 04:35:29'),
(643, NULL, 'f97541c3288f5d6a55ff7c58287fc3cb', '2019-10-07 04:35:35'),
(644, NULL, 'd4530319f35c8727d1fccca8e7d3e351', '2019-10-07 04:35:37'),
(645, NULL, 'fd9ffa458b64039d5a8124e9ae51cc29', '2019-10-07 04:36:52'),
(646, NULL, 'c08e126be5a362d6a75d3ff2a3c78e8d', '2019-10-07 04:36:57'),
(647, NULL, '235c3b439b7427a9a63161d78c6faf54', '2019-10-07 06:20:38'),
(648, NULL, 'a3e55fb1e19ec9a825552574fec07552', '2019-10-07 06:48:14'),
(649, NULL, '63d98e0b895ff01e384795a1d00b84dc', '2019-10-07 08:12:28'),
(650, NULL, 'dc491a15799d69a9ed88462ea9bd94c7', '2019-10-08 04:35:50'),
(651, NULL, 'abbfc54c10f40e90f788baf072b56ddd', '2019-10-08 04:35:52'),
(652, NULL, 'e9b17c1c08d4f25201efd089e9b6a2f2', '2019-10-08 05:54:17'),
(653, NULL, '615c6758894edcb1521d85e5a7d5f46c', '2019-10-09 04:36:55'),
(654, NULL, '3539b49d7a143737f13f2e9a8caea49a', '2019-10-09 04:36:57'),
(655, NULL, 'ad640b2eca9c4b348017543ee9319e8a', '2019-10-09 04:37:03'),
(656, NULL, '1fea4753aea8a19b32227b89b6833cf8', '2019-10-09 04:37:06'),
(657, NULL, '265006c3c49d95680aede1779093b12c', '2019-10-09 13:19:31'),
(658, 2, 'daf5dae39c02279324735893c1f0d0f9', '2019-10-09 13:34:05'),
(659, NULL, 'af6ef8313e9a112607eefd1e341810c5', '2019-10-09 17:04:14'),
(660, NULL, '811a2855d13f9e4634848dd6390e0c59', '2019-10-10 04:35:28'),
(661, NULL, '35641bff42b0c91ce4aec90a1218041a', '2019-10-10 04:35:33'),
(662, NULL, '6a76e3b37ca16b56e60ccb4148cd1ed8', '2019-10-10 04:35:38'),
(663, NULL, 'a82a20c73c27aba81a48bc06beac6833', '2019-10-10 04:35:41'),
(664, NULL, '289892dcdda2b65ef86af18b29b68d54', '2019-10-10 07:17:57'),
(665, NULL, '5ddabe0957860d7a822fcebbd6105386', '2019-10-10 07:18:03'),
(666, 2, 'fd6f4e1867acd9590c59f66529766d28', '2019-10-10 07:18:14'),
(667, NULL, 'd55b86b31dcc75e2306968206761b5b3', '2019-10-10 07:51:51'),
(668, 8, '3a281a9e75a753b64e6a85ad881b8b25', '2019-10-10 08:36:09'),
(669, NULL, '30782cb8cac6db296a62634468299701', '2019-10-10 07:52:01'),
(670, NULL, '85a653d739f663f47fe77a5833609431', '2019-10-10 09:22:24'),
(671, NULL, '125c262f4dc94d943f074ef9346ce9da', '2019-10-10 10:48:02'),
(672, NULL, 'dca0ab538d05338e5ead690f84a76851', '2019-10-10 10:54:49'),
(673, 2, 'aeeb9d3a6c3a8809bd1c210416109c6c', '2019-10-10 10:55:12'),
(674, 7, '8c62986a27c966710003d30ef50c9f50', '2019-10-11 06:58:27'),
(675, 4, '16f592bf48f04e778228d453d27c7a9b', '2019-10-11 07:21:21'),
(676, 8, '6f0a95f5af1d29eba04b0cb5ed89a13b', '2019-10-11 08:22:07'),
(677, NULL, '16f592bf48f04e778228d453d27c7a9b', '2019-10-11 08:51:00'),
(678, NULL, '75668df857e5d3ce7cf18b2cb856e2a0', '2019-10-11 14:32:29'),
(679, 8, 'c28ee842021cf8259ec7c8c7e6301bd9', '2019-10-11 16:23:26'),
(680, 8, '38db424a1ec6224303b81a5f7930c147', '2019-10-11 17:03:39'),
(681, NULL, 'c488989649d6194bdf7490687930decb', '2019-10-17 09:08:31'),
(682, 4, 'c6d315df3267cb10cf9cbfbafc1d2274', '2019-10-17 10:07:13'),
(683, 4, 'ee2af2e21b2dbea2d34f63ac26a8f724', '2019-10-18 13:00:11'),
(684, 4, '0e6ac595f77d7572ce8db252b01a80d6', '2019-10-24 10:34:19'),
(685, 4, 'e54cc4c8b11e2c3baec32850c6a756d5', '2019-10-30 11:20:13'),
(686, 4, '63dc06204eb31f99304799110695e48d', '2019-11-07 08:00:31'),
(687, 4, '25048a56c1f66bd4e0c84c64ea419777', '2019-11-07 11:49:02');

-- --------------------------------------------------------

--
-- Table structure for table `mg_design_change`
--

CREATE TABLE `mg_design_change` (
  `design_change_id` int(11) NOT NULL COMMENT 'Design Change Id',
  `store_id` smallint(5) UNSIGNED NOT NULL DEFAULT '0' COMMENT 'Store Id',
  `design` varchar(255) DEFAULT NULL COMMENT 'Design',
  `date_from` date DEFAULT NULL COMMENT 'First Date of Design Activity',
  `date_to` date DEFAULT NULL COMMENT 'Last Date of Design Activity'
) ENGINE=InnoDB DEFAULT CHARSET=utf8 COMMENT='Design Changes';

-- --------------------------------------------------------

--
-- Table structure for table `mg_design_config_grid_flat`
--

CREATE TABLE `mg_design_config_grid_flat` (
  `entity_id` int(10) UNSIGNED NOT NULL COMMENT 'Entity ID',
  `store_website_id` int(11) DEFAULT NULL COMMENT 'Store_website_id',
  `store_group_id` int(11) DEFAULT NULL COMMENT 'Store_group_id',
  `store_id` int(11) DEFAULT NULL COMMENT 'Store_id',
  `theme_theme_id` varchar(255) DEFAULT NULL COMMENT 'Theme_theme_id'
) ENGINE=InnoDB DEFAULT CHARSET=utf8 COMMENT='mg_design_config_grid_flat';

--
-- Dumping data for table `mg_design_config_grid_flat`
--

INSERT INTO `mg_design_config_grid_flat` (`entity_id`, `store_website_id`, `store_group_id`, `store_id`, `theme_theme_id`) VALUES
(0, NULL, NULL, NULL, '2'),
(1, 1, NULL, NULL, '2'),
(2, 1, 1, 1, '4');

-- --------------------------------------------------------

--
-- Table structure for table `mg_directory_country`
--

CREATE TABLE `mg_directory_country` (
  `country_id` varchar(2) NOT NULL COMMENT 'Country Id in ISO-2',
  `iso2_code` varchar(2) DEFAULT NULL COMMENT 'Country ISO-2 format',
  `iso3_code` varchar(3) DEFAULT NULL COMMENT 'Country ISO-3'
) ENGINE=InnoDB DEFAULT CHARSET=utf8 COMMENT='Directory Country';

--
-- Dumping data for table `mg_directory_country`
--

INSERT INTO `mg_directory_country` (`country_id`, `iso2_code`, `iso3_code`) VALUES
('AD', 'AD', 'AND'),
('AE', 'AE', 'ARE'),
('AF', 'AF', 'AFG'),
('AG', 'AG', 'ATG'),
('AI', 'AI', 'AIA'),
('AL', 'AL', 'ALB'),
('AM', 'AM', 'ARM'),
('AN', 'AN', 'ANT'),
('AO', 'AO', 'AGO'),
('AQ', 'AQ', 'ATA'),
('AR', 'AR', 'ARG'),
('AS', 'AS', 'ASM'),
('AT', 'AT', 'AUT'),
('AU', 'AU', 'AUS'),
('AW', 'AW', 'ABW'),
('AX', 'AX', 'ALA'),
('AZ', 'AZ', 'AZE'),
('BA', 'BA', 'BIH'),
('BB', 'BB', 'BRB'),
('BD', 'BD', 'BGD'),
('BE', 'BE', 'BEL'),
('BF', 'BF', 'BFA'),
('BG', 'BG', 'BGR'),
('BH', 'BH', 'BHR'),
('BI', 'BI', 'BDI'),
('BJ', 'BJ', 'BEN'),
('BL', 'BL', 'BLM'),
('BM', 'BM', 'BMU'),
('BN', 'BN', 'BRN'),
('BO', 'BO', 'BOL'),
('BR', 'BR', 'BRA'),
('BS', 'BS', 'BHS'),
('BT', 'BT', 'BTN'),
('BV', 'BV', 'BVT'),
('BW', 'BW', 'BWA'),
('BY', 'BY', 'BLR'),
('BZ', 'BZ', 'BLZ'),
('CA', 'CA', 'CAN'),
('CC', 'CC', 'CCK'),
('CD', 'CD', 'COD'),
('CF', 'CF', 'CAF'),
('CG', 'CG', 'COG'),
('CH', 'CH', 'CHE'),
('CI', 'CI', 'CIV'),
('CK', 'CK', 'COK'),
('CL', 'CL', 'CHL'),
('CM', 'CM', 'CMR'),
('CN', 'CN', 'CHN'),
('CO', 'CO', 'COL'),
('CR', 'CR', 'CRI'),
('CU', 'CU', 'CUB'),
('CV', 'CV', 'CPV'),
('CX', 'CX', 'CXR'),
('CY', 'CY', 'CYP'),
('CZ', 'CZ', 'CZE'),
('DE', 'DE', 'DEU'),
('DJ', 'DJ', 'DJI'),
('DK', 'DK', 'DNK'),
('DM', 'DM', 'DMA'),
('DO', 'DO', 'DOM'),
('DZ', 'DZ', 'DZA'),
('EC', 'EC', 'ECU'),
('EE', 'EE', 'EST'),
('EG', 'EG', 'EGY'),
('EH', 'EH', 'ESH'),
('ER', 'ER', 'ERI'),
('ES', 'ES', 'ESP'),
('ET', 'ET', 'ETH'),
('FI', 'FI', 'FIN'),
('FJ', 'FJ', 'FJI'),
('FK', 'FK', 'FLK'),
('FM', 'FM', 'FSM'),
('FO', 'FO', 'FRO'),
('FR', 'FR', 'FRA'),
('GA', 'GA', 'GAB'),
('GB', 'GB', 'GBR'),
('GD', 'GD', 'GRD'),
('GE', 'GE', 'GEO'),
('GF', 'GF', 'GUF'),
('GG', 'GG', 'GGY'),
('GH', 'GH', 'GHA'),
('GI', 'GI', 'GIB'),
('GL', 'GL', 'GRL'),
('GM', 'GM', 'GMB'),
('GN', 'GN', 'GIN'),
('GP', 'GP', 'GLP'),
('GQ', 'GQ', 'GNQ'),
('GR', 'GR', 'GRC'),
('GS', 'GS', 'SGS'),
('GT', 'GT', 'GTM'),
('GU', 'GU', 'GUM'),
('GW', 'GW', 'GNB'),
('GY', 'GY', 'GUY'),
('HK', 'HK', 'HKG'),
('HM', 'HM', 'HMD'),
('HN', 'HN', 'HND'),
('HR', 'HR', 'HRV'),
('HT', 'HT', 'HTI'),
('HU', 'HU', 'HUN'),
('ID', 'ID', 'IDN'),
('IE', 'IE', 'IRL'),
('IL', 'IL', 'ISR'),
('IM', 'IM', 'IMN'),
('IN', 'IN', 'IND'),
('IO', 'IO', 'IOT'),
('IQ', 'IQ', 'IRQ'),
('IR', 'IR', 'IRN'),
('IS', 'IS', 'ISL'),
('IT', 'IT', 'ITA'),
('JE', 'JE', 'JEY'),
('JM', 'JM', 'JAM'),
('JO', 'JO', 'JOR'),
('JP', 'JP', 'JPN'),
('KE', 'KE', 'KEN'),
('KG', 'KG', 'KGZ'),
('KH', 'KH', 'KHM'),
('KI', 'KI', 'KIR'),
('KM', 'KM', 'COM'),
('KN', 'KN', 'KNA'),
('KP', 'KP', 'PRK'),
('KR', 'KR', 'KOR'),
('KW', 'KW', 'KWT'),
('KY', 'KY', 'CYM'),
('KZ', 'KZ', 'KAZ'),
('LA', 'LA', 'LAO'),
('LB', 'LB', 'LBN'),
('LC', 'LC', 'LCA'),
('LI', 'LI', 'LIE'),
('LK', 'LK', 'LKA'),
('LR', 'LR', 'LBR'),
('LS', 'LS', 'LSO'),
('LT', 'LT', 'LTU'),
('LU', 'LU', 'LUX'),
('LV', 'LV', 'LVA'),
('LY', 'LY', 'LBY'),
('MA', 'MA', 'MAR'),
('MC', 'MC', 'MCO'),
('MD', 'MD', 'MDA'),
('ME', 'ME', 'MNE'),
('MF', 'MF', 'MAF'),
('MG', 'MG', 'MDG'),
('MH', 'MH', 'MHL'),
('MK', 'MK', 'MKD'),
('ML', 'ML', 'MLI'),
('MM', 'MM', 'MMR'),
('MN', 'MN', 'MNG'),
('MO', 'MO', 'MAC'),
('MP', 'MP', 'MNP'),
('MQ', 'MQ', 'MTQ'),
('MR', 'MR', 'MRT'),
('MS', 'MS', 'MSR'),
('MT', 'MT', 'MLT'),
('MU', 'MU', 'MUS'),
('MV', 'MV', 'MDV'),
('MW', 'MW', 'MWI'),
('MX', 'MX', 'MEX'),
('MY', 'MY', 'MYS'),
('MZ', 'MZ', 'MOZ'),
('NA', 'NA', 'NAM'),
('NC', 'NC', 'NCL'),
('NE', 'NE', 'NER'),
('NF', 'NF', 'NFK'),
('NG', 'NG', 'NGA'),
('NI', 'NI', 'NIC'),
('NL', 'NL', 'NLD'),
('NO', 'NO', 'NOR'),
('NP', 'NP', 'NPL'),
('NR', 'NR', 'NRU'),
('NU', 'NU', 'NIU'),
('NZ', 'NZ', 'NZL'),
('OM', 'OM', 'OMN'),
('PA', 'PA', 'PAN'),
('PE', 'PE', 'PER'),
('PF', 'PF', 'PYF'),
('PG', 'PG', 'PNG'),
('PH', 'PH', 'PHL'),
('PK', 'PK', 'PAK'),
('PL', 'PL', 'POL'),
('PM', 'PM', 'SPM'),
('PN', 'PN', 'PCN'),
('PS', 'PS', 'PSE'),
('PT', 'PT', 'PRT'),
('PW', 'PW', 'PLW'),
('PY', 'PY', 'PRY'),
('QA', 'QA', 'QAT'),
('RE', 'RE', 'REU'),
('RO', 'RO', 'ROU'),
('RS', 'RS', 'SRB'),
('RU', 'RU', 'RUS'),
('RW', 'RW', 'RWA'),
('SA', 'SA', 'SAU'),
('SB', 'SB', 'SLB'),
('SC', 'SC', 'SYC'),
('SD', 'SD', 'SDN'),
('SE', 'SE', 'SWE'),
('SG', 'SG', 'SGP'),
('SH', 'SH', 'SHN'),
('SI', 'SI', 'SVN'),
('SJ', 'SJ', 'SJM'),
('SK', 'SK', 'SVK'),
('SL', 'SL', 'SLE'),
('SM', 'SM', 'SMR'),
('SN', 'SN', 'SEN'),
('SO', 'SO', 'SOM'),
('SR', 'SR', 'SUR'),
('ST', 'ST', 'STP'),
('SV', 'SV', 'SLV'),
('SY', 'SY', 'SYR'),
('SZ', 'SZ', 'SWZ'),
('TC', 'TC', 'TCA'),
('TD', 'TD', 'TCD'),
('TF', 'TF', 'ATF'),
('TG', 'TG', 'TGO'),
('TH', 'TH', 'THA'),
('TJ', 'TJ', 'TJK'),
('TK', 'TK', 'TKL'),
('TL', 'TL', 'TLS'),
('TM', 'TM', 'TKM'),
('TN', 'TN', 'TUN'),
('TO', 'TO', 'TON'),
('TR', 'TR', 'TUR'),
('TT', 'TT', 'TTO'),
('TV', 'TV', 'TUV'),
('TW', 'TW', 'TWN'),
('TZ', 'TZ', 'TZA'),
('UA', 'UA', 'UKR'),
('UG', 'UG', 'UGA'),
('UM', 'UM', 'UMI'),
('US', 'US', 'USA'),
('UY', 'UY', 'URY'),
('UZ', 'UZ', 'UZB'),
('VA', 'VA', 'VAT'),
('VC', 'VC', 'VCT'),
('VE', 'VE', 'VEN'),
('VG', 'VG', 'VGB'),
('VI', 'VI', 'VIR'),
('VN', 'VN', 'VNM'),
('VU', 'VU', 'VUT'),
('WF', 'WF', 'WLF'),
('WS', 'WS', 'WSM'),
('YE', 'YE', 'YEM'),
('YT', 'YT', 'MYT'),
('ZA', 'ZA', 'ZAF'),
('ZM', 'ZM', 'ZMB'),
('ZW', 'ZW', 'ZWE');

-- --------------------------------------------------------

--
-- Table structure for table `mg_directory_country_format`
--

CREATE TABLE `mg_directory_country_format` (
  `country_format_id` int(10) UNSIGNED NOT NULL COMMENT 'Country Format Id',
  `country_id` varchar(2) DEFAULT NULL COMMENT 'Country Id in ISO-2',
  `type` varchar(30) DEFAULT NULL COMMENT 'Country Format Type',
  `format` text NOT NULL COMMENT 'Country Format'
) ENGINE=InnoDB DEFAULT CHARSET=utf8 COMMENT='Directory Country Format';

-- --------------------------------------------------------

--
-- Table structure for table `mg_directory_country_region`
--

CREATE TABLE `mg_directory_country_region` (
  `region_id` int(10) UNSIGNED NOT NULL COMMENT 'Region Id',
  `country_id` varchar(4) NOT NULL DEFAULT '0' COMMENT 'Country Id in ISO-2',
  `code` varchar(32) DEFAULT NULL COMMENT 'Region code',
  `default_name` varchar(255) DEFAULT NULL COMMENT 'Region Name'
) ENGINE=InnoDB DEFAULT CHARSET=utf8 COMMENT='Directory Country Region';

--
-- Dumping data for table `mg_directory_country_region`
--

INSERT INTO `mg_directory_country_region` (`region_id`, `country_id`, `code`, `default_name`) VALUES
(1, 'US', 'AL', 'Alabama'),
(2, 'US', 'AK', 'Alaska'),
(3, 'US', 'AS', 'American Samoa'),
(4, 'US', 'AZ', 'Arizona'),
(5, 'US', 'AR', 'Arkansas'),
(6, 'US', 'AE', 'Armed Forces Africa'),
(7, 'US', 'AA', 'Armed Forces Americas'),
(8, 'US', 'AE', 'Armed Forces Canada'),
(9, 'US', 'AE', 'Armed Forces Europe'),
(10, 'US', 'AE', 'Armed Forces Middle East'),
(11, 'US', 'AP', 'Armed Forces Pacific'),
(12, 'US', 'CA', 'California'),
(13, 'US', 'CO', 'Colorado'),
(14, 'US', 'CT', 'Connecticut'),
(15, 'US', 'DE', 'Delaware'),
(16, 'US', 'DC', 'District of Columbia'),
(17, 'US', 'FM', 'Federated States Of Micronesia'),
(18, 'US', 'FL', 'Florida'),
(19, 'US', 'GA', 'Georgia'),
(20, 'US', 'GU', 'Guam'),
(21, 'US', 'HI', 'Hawaii'),
(22, 'US', 'ID', 'Idaho'),
(23, 'US', 'IL', 'Illinois'),
(24, 'US', 'IN', 'Indiana'),
(25, 'US', 'IA', 'Iowa'),
(26, 'US', 'KS', 'Kansas'),
(27, 'US', 'KY', 'Kentucky'),
(28, 'US', 'LA', 'Louisiana'),
(29, 'US', 'ME', 'Maine'),
(30, 'US', 'MH', 'Marshall Islands'),
(31, 'US', 'MD', 'Maryland'),
(32, 'US', 'MA', 'Massachusetts'),
(33, 'US', 'MI', 'Michigan'),
(34, 'US', 'MN', 'Minnesota'),
(35, 'US', 'MS', 'Mississippi'),
(36, 'US', 'MO', 'Missouri'),
(37, 'US', 'MT', 'Montana'),
(38, 'US', 'NE', 'Nebraska'),
(39, 'US', 'NV', 'Nevada'),
(40, 'US', 'NH', 'New Hampshire'),
(41, 'US', 'NJ', 'New Jersey'),
(42, 'US', 'NM', 'New Mexico'),
(43, 'US', 'NY', 'New York'),
(44, 'US', 'NC', 'North Carolina'),
(45, 'US', 'ND', 'North Dakota'),
(46, 'US', 'MP', 'Northern Mariana Islands'),
(47, 'US', 'OH', 'Ohio'),
(48, 'US', 'OK', 'Oklahoma'),
(49, 'US', 'OR', 'Oregon'),
(50, 'US', 'PW', 'Palau'),
(51, 'US', 'PA', 'Pennsylvania'),
(52, 'US', 'PR', 'Puerto Rico'),
(53, 'US', 'RI', 'Rhode Island'),
(54, 'US', 'SC', 'South Carolina'),
(55, 'US', 'SD', 'South Dakota'),
(56, 'US', 'TN', 'Tennessee'),
(57, 'US', 'TX', 'Texas'),
(58, 'US', 'UT', 'Utah'),
(59, 'US', 'VT', 'Vermont'),
(60, 'US', 'VI', 'Virgin Islands'),
(61, 'US', 'VA', 'Virginia'),
(62, 'US', 'WA', 'Washington'),
(63, 'US', 'WV', 'West Virginia'),
(64, 'US', 'WI', 'Wisconsin'),
(65, 'US', 'WY', 'Wyoming'),
(66, 'CA', 'AB', 'Alberta'),
(67, 'CA', 'BC', 'British Columbia'),
(68, 'CA', 'MB', 'Manitoba'),
(69, 'CA', 'NL', 'Newfoundland and Labrador'),
(70, 'CA', 'NB', 'New Brunswick'),
(71, 'CA', 'NS', 'Nova Scotia'),
(72, 'CA', 'NT', 'Northwest Territories'),
(73, 'CA', 'NU', 'Nunavut'),
(74, 'CA', 'ON', 'Ontario'),
(75, 'CA', 'PE', 'Prince Edward Island'),
(76, 'CA', 'QC', 'Quebec'),
(77, 'CA', 'SK', 'Saskatchewan'),
(78, 'CA', 'YT', 'Yukon Territory'),
(79, 'DE', 'NDS', 'Niedersachsen'),
(80, 'DE', 'BAW', 'Baden-Württemberg'),
(81, 'DE', 'BAY', 'Bayern'),
(82, 'DE', 'BER', 'Berlin'),
(83, 'DE', 'BRG', 'Brandenburg'),
(84, 'DE', 'BRE', 'Bremen'),
(85, 'DE', 'HAM', 'Hamburg'),
(86, 'DE', 'HES', 'Hessen'),
(87, 'DE', 'MEC', 'Mecklenburg-Vorpommern'),
(88, 'DE', 'NRW', 'Nordrhein-Westfalen'),
(89, 'DE', 'RHE', 'Rheinland-Pfalz'),
(90, 'DE', 'SAR', 'Saarland'),
(91, 'DE', 'SAS', 'Sachsen'),
(92, 'DE', 'SAC', 'Sachsen-Anhalt'),
(93, 'DE', 'SCN', 'Schleswig-Holstein'),
(94, 'DE', 'THE', 'Thüringen'),
(95, 'AT', 'WI', 'Wien'),
(96, 'AT', 'NO', 'Niederösterreich'),
(97, 'AT', 'OO', 'Oberösterreich'),
(98, 'AT', 'SB', 'Salzburg'),
(99, 'AT', 'KN', 'Kärnten'),
(100, 'AT', 'ST', 'Steiermark'),
(101, 'AT', 'TI', 'Tirol'),
(102, 'AT', 'BL', 'Burgenland'),
(103, 'AT', 'VB', 'Vorarlberg'),
(104, 'CH', 'AG', 'Aargau'),
(105, 'CH', 'AI', 'Appenzell Innerrhoden'),
(106, 'CH', 'AR', 'Appenzell Ausserrhoden'),
(107, 'CH', 'BE', 'Bern'),
(108, 'CH', 'BL', 'Basel-Landschaft'),
(109, 'CH', 'BS', 'Basel-Stadt'),
(110, 'CH', 'FR', 'Freiburg'),
(111, 'CH', 'GE', 'Genf'),
(112, 'CH', 'GL', 'Glarus'),
(113, 'CH', 'GR', 'Graubünden'),
(114, 'CH', 'JU', 'Jura'),
(115, 'CH', 'LU', 'Luzern'),
(116, 'CH', 'NE', 'Neuenburg'),
(117, 'CH', 'NW', 'Nidwalden'),
(118, 'CH', 'OW', 'Obwalden'),
(119, 'CH', 'SG', 'St. Gallen'),
(120, 'CH', 'SH', 'Schaffhausen'),
(121, 'CH', 'SO', 'Solothurn'),
(122, 'CH', 'SZ', 'Schwyz'),
(123, 'CH', 'TG', 'Thurgau'),
(124, 'CH', 'TI', 'Tessin'),
(125, 'CH', 'UR', 'Uri'),
(126, 'CH', 'VD', 'Waadt'),
(127, 'CH', 'VS', 'Wallis'),
(128, 'CH', 'ZG', 'Zug'),
(129, 'CH', 'ZH', 'Zürich'),
(130, 'ES', 'A Coruсa', 'A Coruña'),
(131, 'ES', 'Alava', 'Alava'),
(132, 'ES', 'Albacete', 'Albacete'),
(133, 'ES', 'Alicante', 'Alicante'),
(134, 'ES', 'Almeria', 'Almeria'),
(135, 'ES', 'Asturias', 'Asturias'),
(136, 'ES', 'Avila', 'Avila'),
(137, 'ES', 'Badajoz', 'Badajoz'),
(138, 'ES', 'Baleares', 'Baleares'),
(139, 'ES', 'Barcelona', 'Barcelona'),
(140, 'ES', 'Burgos', 'Burgos'),
(141, 'ES', 'Caceres', 'Caceres'),
(142, 'ES', 'Cadiz', 'Cadiz'),
(143, 'ES', 'Cantabria', 'Cantabria'),
(144, 'ES', 'Castellon', 'Castellon'),
(145, 'ES', 'Ceuta', 'Ceuta'),
(146, 'ES', 'Ciudad Real', 'Ciudad Real'),
(147, 'ES', 'Cordoba', 'Cordoba'),
(148, 'ES', 'Cuenca', 'Cuenca'),
(149, 'ES', 'Girona', 'Girona'),
(150, 'ES', 'Granada', 'Granada'),
(151, 'ES', 'Guadalajara', 'Guadalajara'),
(152, 'ES', 'Guipuzcoa', 'Guipuzcoa'),
(153, 'ES', 'Huelva', 'Huelva'),
(154, 'ES', 'Huesca', 'Huesca'),
(155, 'ES', 'Jaen', 'Jaen'),
(156, 'ES', 'La Rioja', 'La Rioja'),
(157, 'ES', 'Las Palmas', 'Las Palmas'),
(158, 'ES', 'Leon', 'Leon'),
(159, 'ES', 'Lleida', 'Lleida'),
(160, 'ES', 'Lugo', 'Lugo'),
(161, 'ES', 'Madrid', 'Madrid'),
(162, 'ES', 'Malaga', 'Malaga'),
(163, 'ES', 'Melilla', 'Melilla'),
(164, 'ES', 'Murcia', 'Murcia'),
(165, 'ES', 'Navarra', 'Navarra'),
(166, 'ES', 'Ourense', 'Ourense'),
(167, 'ES', 'Palencia', 'Palencia'),
(168, 'ES', 'Pontevedra', 'Pontevedra'),
(169, 'ES', 'Salamanca', 'Salamanca'),
(170, 'ES', 'Santa Cruz de Tenerife', 'Santa Cruz de Tenerife'),
(171, 'ES', 'Segovia', 'Segovia'),
(172, 'ES', 'Sevilla', 'Sevilla'),
(173, 'ES', 'Soria', 'Soria'),
(174, 'ES', 'Tarragona', 'Tarragona'),
(175, 'ES', 'Teruel', 'Teruel'),
(176, 'ES', 'Toledo', 'Toledo'),
(177, 'ES', 'Valencia', 'Valencia'),
(178, 'ES', 'Valladolid', 'Valladolid'),
(179, 'ES', 'Vizcaya', 'Vizcaya'),
(180, 'ES', 'Zamora', 'Zamora'),
(181, 'ES', 'Zaragoza', 'Zaragoza'),
(182, 'FR', '1', 'Ain'),
(183, 'FR', '2', 'Aisne'),
(184, 'FR', '3', 'Allier'),
(185, 'FR', '4', 'Alpes-de-Haute-Provence'),
(186, 'FR', '5', 'Hautes-Alpes'),
(187, 'FR', '6', 'Alpes-Maritimes'),
(188, 'FR', '7', 'Ardèche'),
(189, 'FR', '8', 'Ardennes'),
(190, 'FR', '9', 'Ariège'),
(191, 'FR', '10', 'Aube'),
(192, 'FR', '11', 'Aude'),
(193, 'FR', '12', 'Aveyron'),
(194, 'FR', '13', 'Bouches-du-Rhône'),
(195, 'FR', '14', 'Calvados'),
(196, 'FR', '15', 'Cantal'),
(197, 'FR', '16', 'Charente'),
(198, 'FR', '17', 'Charente-Maritime'),
(199, 'FR', '18', 'Cher'),
(200, 'FR', '19', 'Corrèze'),
(201, 'FR', '2A', 'Corse-du-Sud'),
(202, 'FR', '2B', 'Haute-Corse'),
(203, 'FR', '21', 'Côte-d\'Or'),
(204, 'FR', '22', 'Côtes-d\'Armor'),
(205, 'FR', '23', 'Creuse'),
(206, 'FR', '24', 'Dordogne'),
(207, 'FR', '25', 'Doubs'),
(208, 'FR', '26', 'Drôme'),
(209, 'FR', '27', 'Eure'),
(210, 'FR', '28', 'Eure-et-Loir'),
(211, 'FR', '29', 'Finistère'),
(212, 'FR', '30', 'Gard'),
(213, 'FR', '31', 'Haute-Garonne'),
(214, 'FR', '32', 'Gers'),
(215, 'FR', '33', 'Gironde'),
(216, 'FR', '34', 'Hérault'),
(217, 'FR', '35', 'Ille-et-Vilaine'),
(218, 'FR', '36', 'Indre'),
(219, 'FR', '37', 'Indre-et-Loire'),
(220, 'FR', '38', 'Isère'),
(221, 'FR', '39', 'Jura'),
(222, 'FR', '40', 'Landes'),
(223, 'FR', '41', 'Loir-et-Cher'),
(224, 'FR', '42', 'Loire'),
(225, 'FR', '43', 'Haute-Loire'),
(226, 'FR', '44', 'Loire-Atlantique'),
(227, 'FR', '45', 'Loiret'),
(228, 'FR', '46', 'Lot'),
(229, 'FR', '47', 'Lot-et-Garonne'),
(230, 'FR', '48', 'Lozère'),
(231, 'FR', '49', 'Maine-et-Loire'),
(232, 'FR', '50', 'Manche'),
(233, 'FR', '51', 'Marne'),
(234, 'FR', '52', 'Haute-Marne'),
(235, 'FR', '53', 'Mayenne'),
(236, 'FR', '54', 'Meurthe-et-Moselle'),
(237, 'FR', '55', 'Meuse'),
(238, 'FR', '56', 'Morbihan'),
(239, 'FR', '57', 'Moselle'),
(240, 'FR', '58', 'Nièvre'),
(241, 'FR', '59', 'Nord'),
(242, 'FR', '60', 'Oise'),
(243, 'FR', '61', 'Orne'),
(244, 'FR', '62', 'Pas-de-Calais'),
(245, 'FR', '63', 'Puy-de-Dôme'),
(246, 'FR', '64', 'Pyrénées-Atlantiques'),
(247, 'FR', '65', 'Hautes-Pyrénées'),
(248, 'FR', '66', 'Pyrénées-Orientales'),
(249, 'FR', '67', 'Bas-Rhin'),
(250, 'FR', '68', 'Haut-Rhin'),
(251, 'FR', '69', 'Rhône'),
(252, 'FR', '70', 'Haute-Saône'),
(253, 'FR', '71', 'Saône-et-Loire'),
(254, 'FR', '72', 'Sarthe'),
(255, 'FR', '73', 'Savoie'),
(256, 'FR', '74', 'Haute-Savoie'),
(257, 'FR', '75', 'Paris'),
(258, 'FR', '76', 'Seine-Maritime'),
(259, 'FR', '77', 'Seine-et-Marne'),
(260, 'FR', '78', 'Yvelines'),
(261, 'FR', '79', 'Deux-Sèvres'),
(262, 'FR', '80', 'Somme'),
(263, 'FR', '81', 'Tarn'),
(264, 'FR', '82', 'Tarn-et-Garonne'),
(265, 'FR', '83', 'Var'),
(266, 'FR', '84', 'Vaucluse'),
(267, 'FR', '85', 'Vendée'),
(268, 'FR', '86', 'Vienne'),
(269, 'FR', '87', 'Haute-Vienne'),
(270, 'FR', '88', 'Vosges'),
(271, 'FR', '89', 'Yonne'),
(272, 'FR', '90', 'Territoire-de-Belfort'),
(273, 'FR', '91', 'Essonne'),
(274, 'FR', '92', 'Hauts-de-Seine'),
(275, 'FR', '93', 'Seine-Saint-Denis'),
(276, 'FR', '94', 'Val-de-Marne'),
(277, 'FR', '95', 'Val-d\'Oise'),
(278, 'RO', 'AB', 'Alba'),
(279, 'RO', 'AR', 'Arad'),
(280, 'RO', 'AG', 'Argeş'),
(281, 'RO', 'BC', 'Bacău'),
(282, 'RO', 'BH', 'Bihor'),
(283, 'RO', 'BN', 'Bistriţa-Năsăud'),
(284, 'RO', 'BT', 'Botoşani'),
(285, 'RO', 'BV', 'Braşov'),
(286, 'RO', 'BR', 'Brăila'),
(287, 'RO', 'B', 'Bucureşti'),
(288, 'RO', 'BZ', 'Buzău'),
(289, 'RO', 'CS', 'Caraş-Severin'),
(290, 'RO', 'CL', 'Călăraşi'),
(291, 'RO', 'CJ', 'Cluj'),
(292, 'RO', 'CT', 'Constanţa'),
(293, 'RO', 'CV', 'Covasna'),
(294, 'RO', 'DB', 'Dâmboviţa'),
(295, 'RO', 'DJ', 'Dolj'),
(296, 'RO', 'GL', 'Galaţi'),
(297, 'RO', 'GR', 'Giurgiu'),
(298, 'RO', 'GJ', 'Gorj'),
(299, 'RO', 'HR', 'Harghita'),
(300, 'RO', 'HD', 'Hunedoara'),
(301, 'RO', 'IL', 'Ialomiţa'),
(302, 'RO', 'IS', 'Iaşi'),
(303, 'RO', 'IF', 'Ilfov'),
(304, 'RO', 'MM', 'Maramureş'),
(305, 'RO', 'MH', 'Mehedinţi'),
(306, 'RO', 'MS', 'Mureş'),
(307, 'RO', 'NT', 'Neamţ'),
(308, 'RO', 'OT', 'Olt'),
(309, 'RO', 'PH', 'Prahova'),
(310, 'RO', 'SM', 'Satu-Mare'),
(311, 'RO', 'SJ', 'Sălaj'),
(312, 'RO', 'SB', 'Sibiu'),
(313, 'RO', 'SV', 'Suceava'),
(314, 'RO', 'TR', 'Teleorman'),
(315, 'RO', 'TM', 'Timiş'),
(316, 'RO', 'TL', 'Tulcea'),
(317, 'RO', 'VS', 'Vaslui'),
(318, 'RO', 'VL', 'Vâlcea'),
(319, 'RO', 'VN', 'Vrancea'),
(320, 'FI', 'Lappi', 'Lappi'),
(321, 'FI', 'Pohjois-Pohjanmaa', 'Pohjois-Pohjanmaa'),
(322, 'FI', 'Kainuu', 'Kainuu'),
(323, 'FI', 'Pohjois-Karjala', 'Pohjois-Karjala'),
(324, 'FI', 'Pohjois-Savo', 'Pohjois-Savo'),
(325, 'FI', 'Etelä-Savo', 'Etelä-Savo'),
(326, 'FI', 'Etelä-Pohjanmaa', 'Etelä-Pohjanmaa'),
(327, 'FI', 'Pohjanmaa', 'Pohjanmaa'),
(328, 'FI', 'Pirkanmaa', 'Pirkanmaa'),
(329, 'FI', 'Satakunta', 'Satakunta'),
(330, 'FI', 'Keski-Pohjanmaa', 'Keski-Pohjanmaa'),
(331, 'FI', 'Keski-Suomi', 'Keski-Suomi'),
(332, 'FI', 'Varsinais-Suomi', 'Varsinais-Suomi'),
(333, 'FI', 'Etelä-Karjala', 'Etelä-Karjala'),
(334, 'FI', 'Päijät-Häme', 'Päijät-Häme'),
(335, 'FI', 'Kanta-Häme', 'Kanta-Häme'),
(336, 'FI', 'Uusimaa', 'Uusimaa'),
(337, 'FI', 'Itä-Uusimaa', 'Itä-Uusimaa'),
(338, 'FI', 'Kymenlaakso', 'Kymenlaakso'),
(339, 'FI', 'Ahvenanmaa', 'Ahvenanmaa'),
(340, 'EE', 'EE-37', 'Harjumaa'),
(341, 'EE', 'EE-39', 'Hiiumaa'),
(342, 'EE', 'EE-44', 'Ida-Virumaa'),
(343, 'EE', 'EE-49', 'Jõgevamaa'),
(344, 'EE', 'EE-51', 'Järvamaa'),
(345, 'EE', 'EE-57', 'Läänemaa'),
(346, 'EE', 'EE-59', 'Lääne-Virumaa'),
(347, 'EE', 'EE-65', 'Põlvamaa'),
(348, 'EE', 'EE-67', 'Pärnumaa'),
(349, 'EE', 'EE-70', 'Raplamaa'),
(350, 'EE', 'EE-74', 'Saaremaa'),
(351, 'EE', 'EE-78', 'Tartumaa'),
(352, 'EE', 'EE-82', 'Valgamaa'),
(353, 'EE', 'EE-84', 'Viljandimaa'),
(354, 'EE', 'EE-86', 'Võrumaa'),
(355, 'LV', 'LV-DGV', 'Daugavpils'),
(356, 'LV', 'LV-JEL', 'Jelgava'),
(357, 'LV', 'Jēkabpils', 'Jēkabpils'),
(358, 'LV', 'LV-JUR', 'Jūrmala'),
(359, 'LV', 'LV-LPX', 'Liepāja'),
(360, 'LV', 'LV-LE', 'Liepājas novads'),
(361, 'LV', 'LV-REZ', 'Rēzekne'),
(362, 'LV', 'LV-RIX', 'Rīga'),
(363, 'LV', 'LV-RI', 'Rīgas novads'),
(364, 'LV', 'Valmiera', 'Valmiera'),
(365, 'LV', 'LV-VEN', 'Ventspils'),
(366, 'LV', 'Aglonas novads', 'Aglonas novads'),
(367, 'LV', 'LV-AI', 'Aizkraukles novads'),
(368, 'LV', 'Aizputes novads', 'Aizputes novads'),
(369, 'LV', 'Aknīstes novads', 'Aknīstes novads'),
(370, 'LV', 'Alojas novads', 'Alojas novads'),
(371, 'LV', 'Alsungas novads', 'Alsungas novads'),
(372, 'LV', 'LV-AL', 'Alūksnes novads'),
(373, 'LV', 'Amatas novads', 'Amatas novads'),
(374, 'LV', 'Apes novads', 'Apes novads'),
(375, 'LV', 'Auces novads', 'Auces novads'),
(376, 'LV', 'Babītes novads', 'Babītes novads'),
(377, 'LV', 'Baldones novads', 'Baldones novads'),
(378, 'LV', 'Baltinavas novads', 'Baltinavas novads'),
(379, 'LV', 'LV-BL', 'Balvu novads'),
(380, 'LV', 'LV-BU', 'Bauskas novads'),
(381, 'LV', 'Beverīnas novads', 'Beverīnas novads'),
(382, 'LV', 'Brocēnu novads', 'Brocēnu novads'),
(383, 'LV', 'Burtnieku novads', 'Burtnieku novads'),
(384, 'LV', 'Carnikavas novads', 'Carnikavas novads'),
(385, 'LV', 'Cesvaines novads', 'Cesvaines novads'),
(386, 'LV', 'Ciblas novads', 'Ciblas novads'),
(387, 'LV', 'LV-CE', 'Cēsu novads'),
(388, 'LV', 'Dagdas novads', 'Dagdas novads'),
(389, 'LV', 'LV-DA', 'Daugavpils novads'),
(390, 'LV', 'LV-DO', 'Dobeles novads'),
(391, 'LV', 'Dundagas novads', 'Dundagas novads'),
(392, 'LV', 'Durbes novads', 'Durbes novads'),
(393, 'LV', 'Engures novads', 'Engures novads'),
(394, 'LV', 'Garkalnes novads', 'Garkalnes novads'),
(395, 'LV', 'Grobiņas novads', 'Grobiņas novads'),
(396, 'LV', 'LV-GU', 'Gulbenes novads'),
(397, 'LV', 'Iecavas novads', 'Iecavas novads'),
(398, 'LV', 'Ikšķiles novads', 'Ikšķiles novads'),
(399, 'LV', 'Ilūkstes novads', 'Ilūkstes novads'),
(400, 'LV', 'Inčukalna novads', 'Inčukalna novads'),
(401, 'LV', 'Jaunjelgavas novads', 'Jaunjelgavas novads'),
(402, 'LV', 'Jaunpiebalgas novads', 'Jaunpiebalgas novads'),
(403, 'LV', 'Jaunpils novads', 'Jaunpils novads'),
(404, 'LV', 'LV-JL', 'Jelgavas novads'),
(405, 'LV', 'LV-JK', 'Jēkabpils novads'),
(406, 'LV', 'Kandavas novads', 'Kandavas novads'),
(407, 'LV', 'Kokneses novads', 'Kokneses novads'),
(408, 'LV', 'Krimuldas novads', 'Krimuldas novads'),
(409, 'LV', 'Krustpils novads', 'Krustpils novads'),
(410, 'LV', 'LV-KR', 'Krāslavas novads'),
(411, 'LV', 'LV-KU', 'Kuldīgas novads'),
(412, 'LV', 'Kārsavas novads', 'Kārsavas novads'),
(413, 'LV', 'Lielvārdes novads', 'Lielvārdes novads'),
(414, 'LV', 'LV-LM', 'Limbažu novads'),
(415, 'LV', 'Lubānas novads', 'Lubānas novads'),
(416, 'LV', 'LV-LU', 'Ludzas novads'),
(417, 'LV', 'Līgatnes novads', 'Līgatnes novads'),
(418, 'LV', 'Līvānu novads', 'Līvānu novads'),
(419, 'LV', 'LV-MA', 'Madonas novads'),
(420, 'LV', 'Mazsalacas novads', 'Mazsalacas novads'),
(421, 'LV', 'Mālpils novads', 'Mālpils novads'),
(422, 'LV', 'Mārupes novads', 'Mārupes novads'),
(423, 'LV', 'Naukšēnu novads', 'Naukšēnu novads'),
(424, 'LV', 'Neretas novads', 'Neretas novads'),
(425, 'LV', 'Nīcas novads', 'Nīcas novads'),
(426, 'LV', 'LV-OG', 'Ogres novads'),
(427, 'LV', 'Olaines novads', 'Olaines novads'),
(428, 'LV', 'Ozolnieku novads', 'Ozolnieku novads'),
(429, 'LV', 'LV-PR', 'Preiļu novads'),
(430, 'LV', 'Priekules novads', 'Priekules novads'),
(431, 'LV', 'Priekuļu novads', 'Priekuļu novads'),
(432, 'LV', 'Pārgaujas novads', 'Pārgaujas novads'),
(433, 'LV', 'Pāvilostas novads', 'Pāvilostas novads'),
(434, 'LV', 'Pļaviņu novads', 'Pļaviņu novads'),
(435, 'LV', 'Raunas novads', 'Raunas novads'),
(436, 'LV', 'Riebiņu novads', 'Riebiņu novads'),
(437, 'LV', 'Rojas novads', 'Rojas novads'),
(438, 'LV', 'Ropažu novads', 'Ropažu novads'),
(439, 'LV', 'Rucavas novads', 'Rucavas novads'),
(440, 'LV', 'Rugāju novads', 'Rugāju novads'),
(441, 'LV', 'Rundāles novads', 'Rundāles novads'),
(442, 'LV', 'LV-RE', 'Rēzeknes novads'),
(443, 'LV', 'Rūjienas novads', 'Rūjienas novads'),
(444, 'LV', 'Salacgrīvas novads', 'Salacgrīvas novads'),
(445, 'LV', 'Salas novads', 'Salas novads'),
(446, 'LV', 'Salaspils novads', 'Salaspils novads'),
(447, 'LV', 'LV-SA', 'Saldus novads'),
(448, 'LV', 'Saulkrastu novads', 'Saulkrastu novads'),
(449, 'LV', 'Siguldas novads', 'Siguldas novads'),
(450, 'LV', 'Skrundas novads', 'Skrundas novads'),
(451, 'LV', 'Skrīveru novads', 'Skrīveru novads'),
(452, 'LV', 'Smiltenes novads', 'Smiltenes novads'),
(453, 'LV', 'Stopiņu novads', 'Stopiņu novads'),
(454, 'LV', 'Strenču novads', 'Strenču novads'),
(455, 'LV', 'Sējas novads', 'Sējas novads'),
(456, 'LV', 'LV-TA', 'Talsu novads'),
(457, 'LV', 'LV-TU', 'Tukuma novads'),
(458, 'LV', 'Tērvetes novads', 'Tērvetes novads'),
(459, 'LV', 'Vaiņodes novads', 'Vaiņodes novads'),
(460, 'LV', 'LV-VK', 'Valkas novads'),
(461, 'LV', 'LV-VM', 'Valmieras novads'),
(462, 'LV', 'Varakļānu novads', 'Varakļānu novads'),
(463, 'LV', 'Vecpiebalgas novads', 'Vecpiebalgas novads'),
(464, 'LV', 'Vecumnieku novads', 'Vecumnieku novads'),
(465, 'LV', 'LV-VE', 'Ventspils novads'),
(466, 'LV', 'Viesītes novads', 'Viesītes novads'),
(467, 'LV', 'Viļakas novads', 'Viļakas novads'),
(468, 'LV', 'Viļānu novads', 'Viļānu novads'),
(469, 'LV', 'Vārkavas novads', 'Vārkavas novads'),
(470, 'LV', 'Zilupes novads', 'Zilupes novads'),
(471, 'LV', 'Ādažu novads', 'Ādažu novads'),
(472, 'LV', 'Ērgļu novads', 'Ērgļu novads'),
(473, 'LV', 'Ķeguma novads', 'Ķeguma novads'),
(474, 'LV', 'Ķekavas novads', 'Ķekavas novads'),
(475, 'LT', 'LT-AL', 'Alytaus Apskritis'),
(476, 'LT', 'LT-KU', 'Kauno Apskritis'),
(477, 'LT', 'LT-KL', 'Klaipėdos Apskritis'),
(478, 'LT', 'LT-MR', 'Marijampolės Apskritis'),
(479, 'LT', 'LT-PN', 'Panevėžio Apskritis'),
(480, 'LT', 'LT-SA', 'Šiaulių Apskritis'),
(481, 'LT', 'LT-TA', 'Tauragės Apskritis'),
(482, 'LT', 'LT-TE', 'Telšių Apskritis'),
(483, 'LT', 'LT-UT', 'Utenos Apskritis'),
(484, 'LT', 'LT-VL', 'Vilniaus Apskritis'),
(485, 'BR', 'AC', 'Acre'),
(486, 'BR', 'AL', 'Alagoas'),
(487, 'BR', 'AP', 'Amapá'),
(488, 'BR', 'AM', 'Amazonas'),
(489, 'BR', 'BA', 'Bahia'),
(490, 'BR', 'CE', 'Ceará'),
(491, 'BR', 'ES', 'Espírito Santo'),
(492, 'BR', 'GO', 'Goiás'),
(493, 'BR', 'MA', 'Maranhão'),
(494, 'BR', 'MT', 'Mato Grosso'),
(495, 'BR', 'MS', 'Mato Grosso do Sul'),
(496, 'BR', 'MG', 'Minas Gerais'),
(497, 'BR', 'PA', 'Pará'),
(498, 'BR', 'PB', 'Paraíba'),
(499, 'BR', 'PR', 'Paraná'),
(500, 'BR', 'PE', 'Pernambuco'),
(501, 'BR', 'PI', 'Piauí'),
(502, 'BR', 'RJ', 'Rio de Janeiro'),
(503, 'BR', 'RN', 'Rio Grande do Norte'),
(504, 'BR', 'RS', 'Rio Grande do Sul'),
(505, 'BR', 'RO', 'Rondônia'),
(506, 'BR', 'RR', 'Roraima'),
(507, 'BR', 'SC', 'Santa Catarina'),
(508, 'BR', 'SP', 'São Paulo'),
(509, 'BR', 'SE', 'Sergipe'),
(510, 'BR', 'TO', 'Tocantins'),
(511, 'BR', 'DF', 'Distrito Federal'),
(512, 'HR', 'HR-01', 'Zagrebačka županija'),
(513, 'HR', 'HR-02', 'Krapinsko-zagorska županija'),
(514, 'HR', 'HR-03', 'Sisačko-moslavačka županija'),
(515, 'HR', 'HR-04', 'Karlovačka županija'),
(516, 'HR', 'HR-05', 'Varaždinska županija'),
(517, 'HR', 'HR-06', 'Koprivničko-križevačka županija'),
(518, 'HR', 'HR-07', 'Bjelovarsko-bilogorska županija'),
(519, 'HR', 'HR-08', 'Primorsko-goranska županija'),
(520, 'HR', 'HR-09', 'Ličko-senjska županija'),
(521, 'HR', 'HR-10', 'Virovitičko-podravska županija'),
(522, 'HR', 'HR-11', 'Požeško-slavonska županija'),
(523, 'HR', 'HR-12', 'Brodsko-posavska županija'),
(524, 'HR', 'HR-13', 'Zadarska županija'),
(525, 'HR', 'HR-14', 'Osječko-baranjska županija'),
(526, 'HR', 'HR-15', 'Šibensko-kninska županija'),
(527, 'HR', 'HR-16', 'Vukovarsko-srijemska županija'),
(528, 'HR', 'HR-17', 'Splitsko-dalmatinska županija'),
(529, 'HR', 'HR-18', 'Istarska županija'),
(530, 'HR', 'HR-19', 'Dubrovačko-neretvanska županija'),
(531, 'HR', 'HR-20', 'Međimurska županija'),
(532, 'HR', 'HR-21', 'Grad Zagreb'),
(533, 'IN', 'AN', 'Andaman and Nicobar Islands'),
(534, 'IN', 'AP', 'Andhra Pradesh'),
(535, 'IN', 'AR', 'Arunachal Pradesh'),
(536, 'IN', 'AS', 'Assam'),
(537, 'IN', 'BR', 'Bihar'),
(538, 'IN', 'CH', 'Chandigarh'),
(539, 'IN', 'CT', 'Chhattisgarh'),
(540, 'IN', 'DN', 'Dadra and Nagar Haveli'),
(541, 'IN', 'DD', 'Daman and Diu'),
(542, 'IN', 'DL', 'Delhi'),
(543, 'IN', 'GA', 'Goa'),
(544, 'IN', 'GJ', 'Gujarat'),
(545, 'IN', 'HR', 'Haryana'),
(546, 'IN', 'HP', 'Himachal Pradesh'),
(547, 'IN', 'JK', 'Jammu and Kashmir'),
(548, 'IN', 'JH', 'Jharkhand'),
(549, 'IN', 'KA', 'Karnataka'),
(550, 'IN', 'KL', 'Kerala'),
(551, 'IN', 'LD', 'Lakshadweep'),
(552, 'IN', 'MP', 'Madhya Pradesh'),
(553, 'IN', 'MH', 'Maharashtra'),
(554, 'IN', 'MN', 'Manipur'),
(555, 'IN', 'ML', 'Meghalaya'),
(556, 'IN', 'MZ', 'Mizoram'),
(557, 'IN', 'NL', 'Nagaland'),
(558, 'IN', 'OR', 'Odisha'),
(559, 'IN', 'PY', 'Puducherry'),
(560, 'IN', 'PB', 'Punjab'),
(561, 'IN', 'RJ', 'Rajasthan'),
(562, 'IN', 'SK', 'Sikkim'),
(563, 'IN', 'TN', 'Tamil Nadu'),
(564, 'IN', 'TG', 'Telangana'),
(565, 'IN', 'TR', 'Tripura'),
(566, 'IN', 'UP', 'Uttar Pradesh'),
(567, 'IN', 'UT', 'Uttarakhand'),
(568, 'IN', 'WB', 'West Bengal'),
(569, 'AU', 'ACT', 'Australian Capital Territory'),
(570, 'AU', 'NSW', 'New South Wales'),
(571, 'AU', 'VIC', 'Victoria'),
(572, 'AU', 'QLD', 'Queensland'),
(573, 'AU', 'SA', 'South Australia'),
(574, 'AU', 'TAS', 'Tasmania'),
(575, 'AU', 'WA', 'Western Australia'),
(576, 'AU', 'NT', 'Northern Territory'),
(577, 'MX', 'AGU', 'Aguascalientes'),
(578, 'MX', 'BCN', 'Baja California'),
(579, 'MX', 'BCS', 'Baja California Sur'),
(580, 'MX', 'CAM', 'Campeche'),
(581, 'MX', 'CHP', 'Chiapas'),
(582, 'MX', 'CHH', 'Chihuahua'),
(583, 'MX', 'CMX', 'Ciudad de México'),
(584, 'MX', 'COA', 'Coahuila'),
(585, 'MX', 'COL', 'Colima'),
(586, 'MX', 'DUR', 'Durango'),
(587, 'MX', 'MEX', 'Estado de México'),
(588, 'MX', 'GUA', 'Guanajuato'),
(589, 'MX', 'GRO', 'Guerrero'),
(590, 'MX', 'HID', 'Hidalgo'),
(591, 'MX', 'JAL', 'Jalisco'),
(592, 'MX', 'MIC', 'Michoacán'),
(593, 'MX', 'MOR', 'Morelos'),
(594, 'MX', 'NAY', 'Nayarit'),
(595, 'MX', 'NLE', 'Nuevo León'),
(596, 'MX', 'OAX', 'Oaxaca'),
(597, 'MX', 'PUE', 'Puebla'),
(598, 'MX', 'QUE', 'Querétaro'),
(599, 'MX', 'ROO', 'Quintana Roo'),
(600, 'MX', 'SLP', 'San Luis Potosí'),
(601, 'MX', 'SIN', 'Sinaloa'),
(602, 'MX', 'SON', 'Sonora'),
(603, 'MX', 'TAB', 'Tabasco'),
(604, 'MX', 'TAM', 'Tamaulipas'),
(605, 'MX', 'TLA', 'Tlaxcala'),
(606, 'MX', 'VER', 'Veracruz'),
(607, 'MX', 'YUC', 'Yucatán'),
(608, 'MX', 'ZAC', 'Zacatecas');

-- --------------------------------------------------------

--
-- Table structure for table `mg_directory_country_region_name`
--

CREATE TABLE `mg_directory_country_region_name` (
  `locale` varchar(8) NOT NULL COMMENT 'Locale',
  `region_id` int(10) UNSIGNED NOT NULL DEFAULT '0' COMMENT 'Region Id',
  `name` varchar(255) DEFAULT NULL COMMENT 'Region Name'
) ENGINE=InnoDB DEFAULT CHARSET=utf8 COMMENT='Directory Country Region Name';

--
-- Dumping data for table `mg_directory_country_region_name`
--

INSERT INTO `mg_directory_country_region_name` (`locale`, `region_id`, `name`) VALUES
('en_US', 1, 'Alabama'),
('en_US', 2, 'Alaska'),
('en_US', 3, 'American Samoa'),
('en_US', 4, 'Arizona'),
('en_US', 5, 'Arkansas'),
('en_US', 6, 'Armed Forces Africa'),
('en_US', 7, 'Armed Forces Americas'),
('en_US', 8, 'Armed Forces Canada'),
('en_US', 9, 'Armed Forces Europe'),
('en_US', 10, 'Armed Forces Middle East'),
('en_US', 11, 'Armed Forces Pacific'),
('en_US', 12, 'California'),
('en_US', 13, 'Colorado'),
('en_US', 14, 'Connecticut'),
('en_US', 15, 'Delaware'),
('en_US', 16, 'District of Columbia'),
('en_US', 17, 'Federated States Of Micronesia'),
('en_US', 18, 'Florida'),
('en_US', 19, 'Georgia'),
('en_US', 20, 'Guam'),
('en_US', 21, 'Hawaii'),
('en_US', 22, 'Idaho'),
('en_US', 23, 'Illinois'),
('en_US', 24, 'Indiana'),
('en_US', 25, 'Iowa'),
('en_US', 26, 'Kansas'),
('en_US', 27, 'Kentucky'),
('en_US', 28, 'Louisiana'),
('en_US', 29, 'Maine'),
('en_US', 30, 'Marshall Islands'),
('en_US', 31, 'Maryland'),
('en_US', 32, 'Massachusetts'),
('en_US', 33, 'Michigan'),
('en_US', 34, 'Minnesota'),
('en_US', 35, 'Mississippi'),
('en_US', 36, 'Missouri'),
('en_US', 37, 'Montana'),
('en_US', 38, 'Nebraska'),
('en_US', 39, 'Nevada'),
('en_US', 40, 'New Hampshire'),
('en_US', 41, 'New Jersey'),
('en_US', 42, 'New Mexico'),
('en_US', 43, 'New York'),
('en_US', 44, 'North Carolina'),
('en_US', 45, 'North Dakota'),
('en_US', 46, 'Northern Mariana Islands'),
('en_US', 47, 'Ohio'),
('en_US', 48, 'Oklahoma'),
('en_US', 49, 'Oregon'),
('en_US', 50, 'Palau'),
('en_US', 51, 'Pennsylvania'),
('en_US', 52, 'Puerto Rico'),
('en_US', 53, 'Rhode Island'),
('en_US', 54, 'South Carolina'),
('en_US', 55, 'South Dakota'),
('en_US', 56, 'Tennessee'),
('en_US', 57, 'Texas'),
('en_US', 58, 'Utah'),
('en_US', 59, 'Vermont'),
('en_US', 60, 'Virgin Islands'),
('en_US', 61, 'Virginia'),
('en_US', 62, 'Washington'),
('en_US', 63, 'West Virginia'),
('en_US', 64, 'Wisconsin'),
('en_US', 65, 'Wyoming'),
('en_US', 66, 'Alberta'),
('en_US', 67, 'British Columbia'),
('en_US', 68, 'Manitoba'),
('en_US', 69, 'Newfoundland and Labrador'),
('en_US', 70, 'New Brunswick'),
('en_US', 71, 'Nova Scotia'),
('en_US', 72, 'Northwest Territories'),
('en_US', 73, 'Nunavut'),
('en_US', 74, 'Ontario'),
('en_US', 75, 'Prince Edward Island'),
('en_US', 76, 'Quebec'),
('en_US', 77, 'Saskatchewan'),
('en_US', 78, 'Yukon Territory'),
('en_US', 79, 'Niedersachsen'),
('en_US', 80, 'Baden-Württemberg'),
('en_US', 81, 'Bayern'),
('en_US', 82, 'Berlin'),
('en_US', 83, 'Brandenburg'),
('en_US', 84, 'Bremen'),
('en_US', 85, 'Hamburg'),
('en_US', 86, 'Hessen'),
('en_US', 87, 'Mecklenburg-Vorpommern'),
('en_US', 88, 'Nordrhein-Westfalen'),
('en_US', 89, 'Rheinland-Pfalz'),
('en_US', 90, 'Saarland'),
('en_US', 91, 'Sachsen'),
('en_US', 92, 'Sachsen-Anhalt'),
('en_US', 93, 'Schleswig-Holstein'),
('en_US', 94, 'Thüringen'),
('en_US', 95, 'Wien'),
('en_US', 96, 'Niederösterreich'),
('en_US', 97, 'Oberösterreich'),
('en_US', 98, 'Salzburg'),
('en_US', 99, 'Kärnten'),
('en_US', 100, 'Steiermark'),
('en_US', 101, 'Tirol'),
('en_US', 102, 'Burgenland'),
('en_US', 103, 'Vorarlberg'),
('en_US', 104, 'Aargau'),
('en_US', 105, 'Appenzell Innerrhoden'),
('en_US', 106, 'Appenzell Ausserrhoden'),
('en_US', 107, 'Bern'),
('en_US', 108, 'Basel-Landschaft'),
('en_US', 109, 'Basel-Stadt'),
('en_US', 110, 'Freiburg'),
('en_US', 111, 'Genf'),
('en_US', 112, 'Glarus'),
('en_US', 113, 'Graubünden'),
('en_US', 114, 'Jura'),
('en_US', 115, 'Luzern'),
('en_US', 116, 'Neuenburg'),
('en_US', 117, 'Nidwalden'),
('en_US', 118, 'Obwalden'),
('en_US', 119, 'St. Gallen'),
('en_US', 120, 'Schaffhausen'),
('en_US', 121, 'Solothurn'),
('en_US', 122, 'Schwyz'),
('en_US', 123, 'Thurgau'),
('en_US', 124, 'Tessin'),
('en_US', 125, 'Uri'),
('en_US', 126, 'Waadt'),
('en_US', 127, 'Wallis'),
('en_US', 128, 'Zug'),
('en_US', 129, 'Zürich'),
('en_US', 130, 'A Coruña'),
('en_US', 131, 'Alava'),
('en_US', 132, 'Albacete'),
('en_US', 133, 'Alicante'),
('en_US', 134, 'Almeria'),
('en_US', 135, 'Asturias'),
('en_US', 136, 'Avila'),
('en_US', 137, 'Badajoz'),
('en_US', 138, 'Baleares'),
('en_US', 139, 'Barcelona'),
('en_US', 140, 'Burgos'),
('en_US', 141, 'Caceres'),
('en_US', 142, 'Cadiz'),
('en_US', 143, 'Cantabria'),
('en_US', 144, 'Castellon'),
('en_US', 145, 'Ceuta'),
('en_US', 146, 'Ciudad Real'),
('en_US', 147, 'Cordoba'),
('en_US', 148, 'Cuenca'),
('en_US', 149, 'Girona'),
('en_US', 150, 'Granada'),
('en_US', 151, 'Guadalajara'),
('en_US', 152, 'Guipuzcoa'),
('en_US', 153, 'Huelva'),
('en_US', 154, 'Huesca'),
('en_US', 155, 'Jaen'),
('en_US', 156, 'La Rioja'),
('en_US', 157, 'Las Palmas'),
('en_US', 158, 'Leon'),
('en_US', 159, 'Lleida'),
('en_US', 160, 'Lugo'),
('en_US', 161, 'Madrid'),
('en_US', 162, 'Malaga'),
('en_US', 163, 'Melilla'),
('en_US', 164, 'Murcia'),
('en_US', 165, 'Navarra'),
('en_US', 166, 'Ourense'),
('en_US', 167, 'Palencia'),
('en_US', 168, 'Pontevedra'),
('en_US', 169, 'Salamanca'),
('en_US', 170, 'Santa Cruz de Tenerife'),
('en_US', 171, 'Segovia'),
('en_US', 172, 'Sevilla'),
('en_US', 173, 'Soria'),
('en_US', 174, 'Tarragona'),
('en_US', 175, 'Teruel'),
('en_US', 176, 'Toledo'),
('en_US', 177, 'Valencia'),
('en_US', 178, 'Valladolid'),
('en_US', 179, 'Vizcaya'),
('en_US', 180, 'Zamora'),
('en_US', 181, 'Zaragoza'),
('en_US', 182, 'Ain'),
('en_US', 183, 'Aisne'),
('en_US', 184, 'Allier'),
('en_US', 185, 'Alpes-de-Haute-Provence'),
('en_US', 186, 'Hautes-Alpes'),
('en_US', 187, 'Alpes-Maritimes'),
('en_US', 188, 'Ardèche'),
('en_US', 189, 'Ardennes'),
('en_US', 190, 'Ariège'),
('en_US', 191, 'Aube'),
('en_US', 192, 'Aude'),
('en_US', 193, 'Aveyron'),
('en_US', 194, 'Bouches-du-Rhône'),
('en_US', 195, 'Calvados'),
('en_US', 196, 'Cantal'),
('en_US', 197, 'Charente'),
('en_US', 198, 'Charente-Maritime'),
('en_US', 199, 'Cher'),
('en_US', 200, 'Corrèze'),
('en_US', 201, 'Corse-du-Sud'),
('en_US', 202, 'Haute-Corse'),
('en_US', 203, 'Côte-d\'Or'),
('en_US', 204, 'Côtes-d\'Armor'),
('en_US', 205, 'Creuse'),
('en_US', 206, 'Dordogne'),
('en_US', 207, 'Doubs'),
('en_US', 208, 'Drôme'),
('en_US', 209, 'Eure'),
('en_US', 210, 'Eure-et-Loir'),
('en_US', 211, 'Finistère'),
('en_US', 212, 'Gard'),
('en_US', 213, 'Haute-Garonne'),
('en_US', 214, 'Gers'),
('en_US', 215, 'Gironde'),
('en_US', 216, 'Hérault'),
('en_US', 217, 'Ille-et-Vilaine'),
('en_US', 218, 'Indre'),
('en_US', 219, 'Indre-et-Loire'),
('en_US', 220, 'Isère'),
('en_US', 221, 'Jura'),
('en_US', 222, 'Landes'),
('en_US', 223, 'Loir-et-Cher'),
('en_US', 224, 'Loire'),
('en_US', 225, 'Haute-Loire'),
('en_US', 226, 'Loire-Atlantique'),
('en_US', 227, 'Loiret'),
('en_US', 228, 'Lot'),
('en_US', 229, 'Lot-et-Garonne'),
('en_US', 230, 'Lozère'),
('en_US', 231, 'Maine-et-Loire'),
('en_US', 232, 'Manche'),
('en_US', 233, 'Marne'),
('en_US', 234, 'Haute-Marne'),
('en_US', 235, 'Mayenne'),
('en_US', 236, 'Meurthe-et-Moselle'),
('en_US', 237, 'Meuse'),
('en_US', 238, 'Morbihan'),
('en_US', 239, 'Moselle'),
('en_US', 240, 'Nièvre'),
('en_US', 241, 'Nord'),
('en_US', 242, 'Oise'),
('en_US', 243, 'Orne'),
('en_US', 244, 'Pas-de-Calais'),
('en_US', 245, 'Puy-de-Dôme'),
('en_US', 246, 'Pyrénées-Atlantiques'),
('en_US', 247, 'Hautes-Pyrénées'),
('en_US', 248, 'Pyrénées-Orientales'),
('en_US', 249, 'Bas-Rhin'),
('en_US', 250, 'Haut-Rhin'),
('en_US', 251, 'Rhône'),
('en_US', 252, 'Haute-Saône'),
('en_US', 253, 'Saône-et-Loire'),
('en_US', 254, 'Sarthe'),
('en_US', 255, 'Savoie'),
('en_US', 256, 'Haute-Savoie'),
('en_US', 257, 'Paris'),
('en_US', 258, 'Seine-Maritime'),
('en_US', 259, 'Seine-et-Marne'),
('en_US', 260, 'Yvelines'),
('en_US', 261, 'Deux-Sèvres'),
('en_US', 262, 'Somme'),
('en_US', 263, 'Tarn'),
('en_US', 264, 'Tarn-et-Garonne'),
('en_US', 265, 'Var'),
('en_US', 266, 'Vaucluse'),
('en_US', 267, 'Vendée'),
('en_US', 268, 'Vienne'),
('en_US', 269, 'Haute-Vienne'),
('en_US', 270, 'Vosges'),
('en_US', 271, 'Yonne'),
('en_US', 272, 'Territoire-de-Belfort'),
('en_US', 273, 'Essonne'),
('en_US', 274, 'Hauts-de-Seine'),
('en_US', 275, 'Seine-Saint-Denis'),
('en_US', 276, 'Val-de-Marne'),
('en_US', 277, 'Val-d\'Oise'),
('en_US', 278, 'Alba'),
('en_US', 279, 'Arad'),
('en_US', 280, 'Argeş'),
('en_US', 281, 'Bacău'),
('en_US', 282, 'Bihor'),
('en_US', 283, 'Bistriţa-Năsăud'),
('en_US', 284, 'Botoşani'),
('en_US', 285, 'Braşov'),
('en_US', 286, 'Brăila'),
('en_US', 287, 'Bucureşti'),
('en_US', 288, 'Buzău'),
('en_US', 289, 'Caraş-Severin'),
('en_US', 290, 'Călăraşi'),
('en_US', 291, 'Cluj'),
('en_US', 292, 'Constanţa'),
('en_US', 293, 'Covasna'),
('en_US', 294, 'Dâmboviţa'),
('en_US', 295, 'Dolj'),
('en_US', 296, 'Galaţi'),
('en_US', 297, 'Giurgiu'),
('en_US', 298, 'Gorj'),
('en_US', 299, 'Harghita'),
('en_US', 300, 'Hunedoara'),
('en_US', 301, 'Ialomiţa'),
('en_US', 302, 'Iaşi'),
('en_US', 303, 'Ilfov'),
('en_US', 304, 'Maramureş'),
('en_US', 305, 'Mehedinţi'),
('en_US', 306, 'Mureş'),
('en_US', 307, 'Neamţ'),
('en_US', 308, 'Olt'),
('en_US', 309, 'Prahova'),
('en_US', 310, 'Satu-Mare'),
('en_US', 311, 'Sălaj'),
('en_US', 312, 'Sibiu'),
('en_US', 313, 'Suceava'),
('en_US', 314, 'Teleorman'),
('en_US', 315, 'Timiş'),
('en_US', 316, 'Tulcea'),
('en_US', 317, 'Vaslui'),
('en_US', 318, 'Vâlcea'),
('en_US', 319, 'Vrancea'),
('en_US', 320, 'Lappi'),
('en_US', 321, 'Pohjois-Pohjanmaa'),
('en_US', 322, 'Kainuu'),
('en_US', 323, 'Pohjois-Karjala'),
('en_US', 324, 'Pohjois-Savo'),
('en_US', 325, 'Etelä-Savo'),
('en_US', 326, 'Etelä-Pohjanmaa'),
('en_US', 327, 'Pohjanmaa'),
('en_US', 328, 'Pirkanmaa'),
('en_US', 329, 'Satakunta'),
('en_US', 330, 'Keski-Pohjanmaa'),
('en_US', 331, 'Keski-Suomi'),
('en_US', 332, 'Varsinais-Suomi'),
('en_US', 333, 'Etelä-Karjala'),
('en_US', 334, 'Päijät-Häme'),
('en_US', 335, 'Kanta-Häme'),
('en_US', 336, 'Uusimaa'),
('en_US', 337, 'Itä-Uusimaa'),
('en_US', 338, 'Kymenlaakso'),
('en_US', 339, 'Ahvenanmaa'),
('en_US', 340, 'Harjumaa'),
('en_US', 341, 'Hiiumaa'),
('en_US', 342, 'Ida-Virumaa'),
('en_US', 343, 'Jõgevamaa'),
('en_US', 344, 'Järvamaa'),
('en_US', 345, 'Läänemaa'),
('en_US', 346, 'Lääne-Virumaa'),
('en_US', 347, 'Põlvamaa'),
('en_US', 348, 'Pärnumaa'),
('en_US', 349, 'Raplamaa'),
('en_US', 350, 'Saaremaa'),
('en_US', 351, 'Tartumaa'),
('en_US', 352, 'Valgamaa'),
('en_US', 353, 'Viljandimaa'),
('en_US', 354, 'Võrumaa'),
('en_US', 355, 'Daugavpils'),
('en_US', 356, 'Jelgava'),
('en_US', 357, 'Jēkabpils'),
('en_US', 358, 'Jūrmala'),
('en_US', 359, 'Liepāja'),
('en_US', 360, 'Liepājas novads'),
('en_US', 361, 'Rēzekne'),
('en_US', 362, 'Rīga'),
('en_US', 363, 'Rīgas novads'),
('en_US', 364, 'Valmiera'),
('en_US', 365, 'Ventspils'),
('en_US', 366, 'Aglonas novads'),
('en_US', 367, 'Aizkraukles novads'),
('en_US', 368, 'Aizputes novads'),
('en_US', 369, 'Aknīstes novads'),
('en_US', 370, 'Alojas novads'),
('en_US', 371, 'Alsungas novads'),
('en_US', 372, 'Alūksnes novads'),
('en_US', 373, 'Amatas novads'),
('en_US', 374, 'Apes novads'),
('en_US', 375, 'Auces novads'),
('en_US', 376, 'Babītes novads'),
('en_US', 377, 'Baldones novads'),
('en_US', 378, 'Baltinavas novads'),
('en_US', 379, 'Balvu novads'),
('en_US', 380, 'Bauskas novads'),
('en_US', 381, 'Beverīnas novads'),
('en_US', 382, 'Brocēnu novads'),
('en_US', 383, 'Burtnieku novads'),
('en_US', 384, 'Carnikavas novads'),
('en_US', 385, 'Cesvaines novads'),
('en_US', 386, 'Ciblas novads'),
('en_US', 387, 'Cēsu novads'),
('en_US', 388, 'Dagdas novads'),
('en_US', 389, 'Daugavpils novads'),
('en_US', 390, 'Dobeles novads'),
('en_US', 391, 'Dundagas novads'),
('en_US', 392, 'Durbes novads'),
('en_US', 393, 'Engures novads'),
('en_US', 394, 'Garkalnes novads'),
('en_US', 395, 'Grobiņas novads'),
('en_US', 396, 'Gulbenes novads'),
('en_US', 397, 'Iecavas novads'),
('en_US', 398, 'Ikšķiles novads'),
('en_US', 399, 'Ilūkstes novads'),
('en_US', 400, 'Inčukalna novads'),
('en_US', 401, 'Jaunjelgavas novads'),
('en_US', 402, 'Jaunpiebalgas novads'),
('en_US', 403, 'Jaunpils novads'),
('en_US', 404, 'Jelgavas novads'),
('en_US', 405, 'Jēkabpils novads'),
('en_US', 406, 'Kandavas novads'),
('en_US', 407, 'Kokneses novads'),
('en_US', 408, 'Krimuldas novads'),
('en_US', 409, 'Krustpils novads'),
('en_US', 410, 'Krāslavas novads'),
('en_US', 411, 'Kuldīgas novads'),
('en_US', 412, 'Kārsavas novads'),
('en_US', 413, 'Lielvārdes novads'),
('en_US', 414, 'Limbažu novads'),
('en_US', 415, 'Lubānas novads'),
('en_US', 416, 'Ludzas novads'),
('en_US', 417, 'Līgatnes novads'),
('en_US', 418, 'Līvānu novads'),
('en_US', 419, 'Madonas novads'),
('en_US', 420, 'Mazsalacas novads'),
('en_US', 421, 'Mālpils novads'),
('en_US', 422, 'Mārupes novads'),
('en_US', 423, 'Naukšēnu novads'),
('en_US', 424, 'Neretas novads'),
('en_US', 425, 'Nīcas novads'),
('en_US', 426, 'Ogres novads'),
('en_US', 427, 'Olaines novads'),
('en_US', 428, 'Ozolnieku novads'),
('en_US', 429, 'Preiļu novads'),
('en_US', 430, 'Priekules novads'),
('en_US', 431, 'Priekuļu novads'),
('en_US', 432, 'Pārgaujas novads'),
('en_US', 433, 'Pāvilostas novads'),
('en_US', 434, 'Pļaviņu novads'),
('en_US', 435, 'Raunas novads'),
('en_US', 436, 'Riebiņu novads'),
('en_US', 437, 'Rojas novads'),
('en_US', 438, 'Ropažu novads'),
('en_US', 439, 'Rucavas novads'),
('en_US', 440, 'Rugāju novads'),
('en_US', 441, 'Rundāles novads'),
('en_US', 442, 'Rēzeknes novads'),
('en_US', 443, 'Rūjienas novads'),
('en_US', 444, 'Salacgrīvas novads'),
('en_US', 445, 'Salas novads'),
('en_US', 446, 'Salaspils novads'),
('en_US', 447, 'Saldus novads'),
('en_US', 448, 'Saulkrastu novads'),
('en_US', 449, 'Siguldas novads'),
('en_US', 450, 'Skrundas novads'),
('en_US', 451, 'Skrīveru novads'),
('en_US', 452, 'Smiltenes novads'),
('en_US', 453, 'Stopiņu novads'),
('en_US', 454, 'Strenču novads'),
('en_US', 455, 'Sējas novads'),
('en_US', 456, 'Talsu novads'),
('en_US', 457, 'Tukuma novads'),
('en_US', 458, 'Tērvetes novads'),
('en_US', 459, 'Vaiņodes novads'),
('en_US', 460, 'Valkas novads'),
('en_US', 461, 'Valmieras novads'),
('en_US', 462, 'Varakļānu novads'),
('en_US', 463, 'Vecpiebalgas novads'),
('en_US', 464, 'Vecumnieku novads'),
('en_US', 465, 'Ventspils novads'),
('en_US', 466, 'Viesītes novads'),
('en_US', 467, 'Viļakas novads'),
('en_US', 468, 'Viļānu novads'),
('en_US', 469, 'Vārkavas novads'),
('en_US', 470, 'Zilupes novads'),
('en_US', 471, 'Ādažu novads'),
('en_US', 472, 'Ērgļu novads'),
('en_US', 473, 'Ķeguma novads'),
('en_US', 474, 'Ķekavas novads'),
('en_US', 475, 'Alytaus Apskritis'),
('en_US', 476, 'Kauno Apskritis'),
('en_US', 477, 'Klaipėdos Apskritis'),
('en_US', 478, 'Marijampolės Apskritis'),
('en_US', 479, 'Panevėžio Apskritis'),
('en_US', 480, 'Šiaulių Apskritis'),
('en_US', 481, 'Tauragės Apskritis'),
('en_US', 482, 'Telšių Apskritis'),
('en_US', 483, 'Utenos Apskritis'),
('en_US', 484, 'Vilniaus Apskritis'),
('en_US', 485, 'Acre'),
('en_US', 486, 'Alagoas'),
('en_US', 487, 'Amapá'),
('en_US', 488, 'Amazonas'),
('en_US', 489, 'Bahia'),
('en_US', 490, 'Ceará'),
('en_US', 491, 'Espírito Santo'),
('en_US', 492, 'Goiás'),
('en_US', 493, 'Maranhão'),
('en_US', 494, 'Mato Grosso'),
('en_US', 495, 'Mato Grosso do Sul'),
('en_US', 496, 'Minas Gerais'),
('en_US', 497, 'Pará'),
('en_US', 498, 'Paraíba'),
('en_US', 499, 'Paraná'),
('en_US', 500, 'Pernambuco'),
('en_US', 501, 'Piauí'),
('en_US', 502, 'Rio de Janeiro'),
('en_US', 503, 'Rio Grande do Norte'),
('en_US', 504, 'Rio Grande do Sul'),
('en_US', 505, 'Rondônia'),
('en_US', 506, 'Roraima'),
('en_US', 507, 'Santa Catarina'),
('en_US', 508, 'São Paulo'),
('en_US', 509, 'Sergipe'),
('en_US', 510, 'Tocantins'),
('en_US', 511, 'Distrito Federal'),
('en_US', 512, 'Zagrebačka županija'),
('en_US', 513, 'Krapinsko-zagorska županija'),
('en_US', 514, 'Sisačko-moslavačka županija'),
('en_US', 515, 'Karlovačka županija'),
('en_US', 516, 'Varaždinska županija'),
('en_US', 517, 'Koprivničko-križevačka županija'),
('en_US', 518, 'Bjelovarsko-bilogorska županija'),
('en_US', 519, 'Primorsko-goranska županija'),
('en_US', 520, 'Ličko-senjska županija'),
('en_US', 521, 'Virovitičko-podravska županija'),
('en_US', 522, 'Požeško-slavonska županija'),
('en_US', 523, 'Brodsko-posavska županija'),
('en_US', 524, 'Zadarska županija'),
('en_US', 525, 'Osječko-baranjska županija'),
('en_US', 526, 'Šibensko-kninska županija'),
('en_US', 527, 'Vukovarsko-srijemska županija'),
('en_US', 528, 'Splitsko-dalmatinska županija'),
('en_US', 529, 'Istarska županija'),
('en_US', 530, 'Dubrovačko-neretvanska županija'),
('en_US', 531, 'Međimurska županija'),
('en_US', 532, 'Grad Zagreb'),
('en_US', 533, 'Andaman and Nicobar Islands'),
('en_US', 534, 'Andhra Pradesh'),
('en_US', 535, 'Arunachal Pradesh'),
('en_US', 536, 'Assam'),
('en_US', 537, 'Bihar'),
('en_US', 538, 'Chandigarh'),
('en_US', 539, 'Chhattisgarh'),
('en_US', 540, 'Dadra and Nagar Haveli'),
('en_US', 541, 'Daman and Diu'),
('en_US', 542, 'Delhi'),
('en_US', 543, 'Goa'),
('en_US', 544, 'Gujarat'),
('en_US', 545, 'Haryana'),
('en_US', 546, 'Himachal Pradesh'),
('en_US', 547, 'Jammu and Kashmir'),
('en_US', 548, 'Jharkhand'),
('en_US', 549, 'Karnataka'),
('en_US', 550, 'Kerala'),
('en_US', 551, 'Lakshadweep'),
('en_US', 552, 'Madhya Pradesh'),
('en_US', 553, 'Maharashtra'),
('en_US', 554, 'Manipur'),
('en_US', 555, 'Meghalaya'),
('en_US', 556, 'Mizoram'),
('en_US', 557, 'Nagaland'),
('en_US', 558, 'Odisha'),
('en_US', 559, 'Puducherry'),
('en_US', 560, 'Punjab'),
('en_US', 561, 'Rajasthan'),
('en_US', 562, 'Sikkim'),
('en_US', 563, 'Tamil Nadu'),
('en_US', 564, 'Telangana'),
('en_US', 565, 'Tripura'),
('en_US', 566, 'Uttar Pradesh'),
('en_US', 567, 'Uttarakhand'),
('en_US', 568, 'West Bengal'),
('en_US', 569, 'Australian Capital Territory'),
('en_US', 570, 'New South Wales'),
('en_US', 571, 'Victoria'),
('en_US', 572, 'Queensland'),
('en_US', 573, 'South Australia'),
('en_US', 574, 'Tasmania'),
('en_US', 575, 'Western Australia'),
('en_US', 576, 'Northern Territory'),
('en_US', 577, 'Aguascalientes'),
('en_US', 578, 'Baja California'),
('en_US', 579, 'Baja California Sur'),
('en_US', 580, 'Campeche'),
('en_US', 581, 'Chiapas'),
('en_US', 582, 'Chihuahua'),
('en_US', 583, 'Ciudad de México'),
('en_US', 584, 'Coahuila'),
('en_US', 585, 'Colima'),
('en_US', 586, 'Durango'),
('en_US', 587, 'Estado de México'),
('en_US', 588, 'Guanajuato'),
('en_US', 589, 'Guerrero'),
('en_US', 590, 'Hidalgo'),
('en_US', 591, 'Jalisco'),
('en_US', 592, 'Michoacán'),
('en_US', 593, 'Morelos'),
('en_US', 594, 'Nayarit'),
('en_US', 595, 'Nuevo León'),
('en_US', 596, 'Oaxaca'),
('en_US', 597, 'Puebla'),
('en_US', 598, 'Querétaro'),
('en_US', 599, 'Quintana Roo'),
('en_US', 600, 'San Luis Potosí'),
('en_US', 601, 'Sinaloa'),
('en_US', 602, 'Sonora'),
('en_US', 603, 'Tabasco'),
('en_US', 604, 'Tamaulipas'),
('en_US', 605, 'Tlaxcala'),
('en_US', 606, 'Veracruz'),
('en_US', 607, 'Yucatán'),
('en_US', 608, 'Zacatecas');

-- --------------------------------------------------------

--
-- Table structure for table `mg_directory_currency_rate`
--

CREATE TABLE `mg_directory_currency_rate` (
  `currency_from` varchar(3) NOT NULL COMMENT 'Currency Code Convert From',
  `currency_to` varchar(3) NOT NULL COMMENT 'Currency Code Convert To',
  `rate` decimal(24,12) NOT NULL DEFAULT '0.000000000000' COMMENT 'Currency Conversion Rate'
) ENGINE=InnoDB DEFAULT CHARSET=utf8 COMMENT='Directory Currency Rate';

--
-- Dumping data for table `mg_directory_currency_rate`
--

INSERT INTO `mg_directory_currency_rate` (`currency_from`, `currency_to`, `rate`) VALUES
('EUR', 'EUR', 1.000000000000),
('EUR', 'USD', 1.415000000000),
('INR', 'INR', 1.000000000000),
('USD', 'EUR', 0.706700000000),
('USD', 'USD', 1.000000000000);

-- --------------------------------------------------------

--
-- Table structure for table `mg_downloadable_link`
--

CREATE TABLE `mg_downloadable_link` (
  `link_id` int(10) UNSIGNED NOT NULL COMMENT 'Link ID',
  `product_id` int(10) UNSIGNED NOT NULL DEFAULT '0' COMMENT 'Product ID',
  `sort_order` int(10) UNSIGNED NOT NULL DEFAULT '0' COMMENT 'Sort order',
  `number_of_downloads` int(11) DEFAULT NULL COMMENT 'Number of downloads',
  `is_shareable` smallint(5) UNSIGNED NOT NULL DEFAULT '0' COMMENT 'Shareable flag',
  `link_url` varchar(255) DEFAULT NULL COMMENT 'Link Url',
  `link_file` varchar(255) DEFAULT NULL COMMENT 'Link File',
  `link_type` varchar(20) DEFAULT NULL COMMENT 'Link Type',
  `sample_url` varchar(255) DEFAULT NULL COMMENT 'Sample Url',
  `sample_file` varchar(255) DEFAULT NULL COMMENT 'Sample File',
  `sample_type` varchar(20) DEFAULT NULL COMMENT 'Sample Type'
) ENGINE=InnoDB DEFAULT CHARSET=utf8 COMMENT='Downloadable Link Table';

-- --------------------------------------------------------

--
-- Table structure for table `mg_downloadable_link_price`
--

CREATE TABLE `mg_downloadable_link_price` (
  `price_id` int(10) UNSIGNED NOT NULL COMMENT 'Price ID',
  `link_id` int(10) UNSIGNED NOT NULL DEFAULT '0' COMMENT 'Link ID',
  `website_id` smallint(5) UNSIGNED NOT NULL DEFAULT '0' COMMENT 'Website ID',
  `price` decimal(20,6) NOT NULL DEFAULT '0.000000' COMMENT 'Price'
) ENGINE=InnoDB DEFAULT CHARSET=utf8 COMMENT='Downloadable Link Price Table';

-- --------------------------------------------------------

--
-- Table structure for table `mg_downloadable_link_purchased`
--

CREATE TABLE `mg_downloadable_link_purchased` (
  `purchased_id` int(10) UNSIGNED NOT NULL COMMENT 'Purchased ID',
  `order_id` int(10) UNSIGNED DEFAULT '0' COMMENT 'Order ID',
  `order_increment_id` varchar(50) DEFAULT NULL COMMENT 'Order Increment ID',
  `order_item_id` int(10) UNSIGNED NOT NULL DEFAULT '0' COMMENT 'Order Item ID',
  `created_at` timestamp NOT NULL DEFAULT CURRENT_TIMESTAMP COMMENT 'Date of creation',
  `updated_at` timestamp NOT NULL DEFAULT CURRENT_TIMESTAMP ON UPDATE CURRENT_TIMESTAMP COMMENT 'Date of modification',
  `customer_id` int(10) UNSIGNED DEFAULT '0' COMMENT 'Customer ID',
  `product_name` varchar(255) DEFAULT NULL COMMENT 'Product name',
  `product_sku` varchar(255) DEFAULT NULL COMMENT 'Product sku',
  `link_section_title` varchar(255) DEFAULT NULL COMMENT 'Link_section_title'
) ENGINE=InnoDB DEFAULT CHARSET=utf8 COMMENT='Downloadable Link Purchased Table';

-- --------------------------------------------------------

--
-- Table structure for table `mg_downloadable_link_purchased_item`
--

CREATE TABLE `mg_downloadable_link_purchased_item` (
  `item_id` int(10) UNSIGNED NOT NULL COMMENT 'Item ID',
  `purchased_id` int(10) UNSIGNED NOT NULL DEFAULT '0' COMMENT 'Purchased ID',
  `order_item_id` int(10) UNSIGNED DEFAULT '0' COMMENT 'Order Item ID',
  `product_id` int(10) UNSIGNED DEFAULT '0' COMMENT 'Product ID',
  `link_hash` varchar(255) DEFAULT NULL COMMENT 'Link hash',
  `number_of_downloads_bought` int(10) UNSIGNED NOT NULL DEFAULT '0' COMMENT 'Number of downloads bought',
  `number_of_downloads_used` int(10) UNSIGNED NOT NULL DEFAULT '0' COMMENT 'Number of downloads used',
  `link_id` int(10) UNSIGNED NOT NULL DEFAULT '0' COMMENT 'Link ID',
  `link_title` varchar(255) DEFAULT NULL COMMENT 'Link Title',
  `is_shareable` smallint(5) UNSIGNED NOT NULL DEFAULT '0' COMMENT 'Shareable Flag',
  `link_url` varchar(255) DEFAULT NULL COMMENT 'Link Url',
  `link_file` varchar(255) DEFAULT NULL COMMENT 'Link File',
  `link_type` varchar(255) DEFAULT NULL COMMENT 'Link Type',
  `status` varchar(50) DEFAULT NULL COMMENT 'Status',
  `created_at` timestamp NOT NULL DEFAULT CURRENT_TIMESTAMP COMMENT 'Creation Time',
  `updated_at` timestamp NOT NULL DEFAULT CURRENT_TIMESTAMP ON UPDATE CURRENT_TIMESTAMP COMMENT 'Update Time'
) ENGINE=InnoDB DEFAULT CHARSET=utf8 COMMENT='Downloadable Link Purchased Item Table';

-- --------------------------------------------------------

--
-- Table structure for table `mg_downloadable_link_title`
--

CREATE TABLE `mg_downloadable_link_title` (
  `title_id` int(10) UNSIGNED NOT NULL COMMENT 'Title ID',
  `link_id` int(10) UNSIGNED NOT NULL DEFAULT '0' COMMENT 'Link ID',
  `store_id` smallint(5) UNSIGNED NOT NULL DEFAULT '0' COMMENT 'Store ID',
  `title` varchar(255) DEFAULT NULL COMMENT 'Title'
) ENGINE=InnoDB DEFAULT CHARSET=utf8 COMMENT='Link Title Table';

-- --------------------------------------------------------

--
-- Table structure for table `mg_downloadable_sample`
--

CREATE TABLE `mg_downloadable_sample` (
  `sample_id` int(10) UNSIGNED NOT NULL COMMENT 'Sample ID',
  `product_id` int(10) UNSIGNED NOT NULL DEFAULT '0' COMMENT 'Product ID',
  `sample_url` varchar(255) DEFAULT NULL COMMENT 'Sample URL',
  `sample_file` varchar(255) DEFAULT NULL COMMENT 'Sample file',
  `sample_type` varchar(20) DEFAULT NULL COMMENT 'Sample Type',
  `sort_order` int(10) UNSIGNED NOT NULL DEFAULT '0' COMMENT 'Sort Order'
) ENGINE=InnoDB DEFAULT CHARSET=utf8 COMMENT='Downloadable Sample Table';

-- --------------------------------------------------------

--
-- Table structure for table `mg_downloadable_sample_title`
--

CREATE TABLE `mg_downloadable_sample_title` (
  `title_id` int(10) UNSIGNED NOT NULL COMMENT 'Title ID',
  `sample_id` int(10) UNSIGNED NOT NULL DEFAULT '0' COMMENT 'Sample ID',
  `store_id` smallint(5) UNSIGNED NOT NULL DEFAULT '0' COMMENT 'Store ID',
  `title` varchar(255) DEFAULT NULL COMMENT 'Title'
) ENGINE=InnoDB DEFAULT CHARSET=utf8 COMMENT='Downloadable Sample Title Table';

-- --------------------------------------------------------

--
-- Table structure for table `mg_eav_attribute`
--

CREATE TABLE `mg_eav_attribute` (
  `attribute_id` smallint(5) UNSIGNED NOT NULL COMMENT 'Attribute Id',
  `entity_type_id` smallint(5) UNSIGNED NOT NULL DEFAULT '0' COMMENT 'Entity Type Id',
  `attribute_code` varchar(255) NOT NULL COMMENT 'Attribute Code',
  `attribute_model` varchar(255) DEFAULT NULL COMMENT 'Attribute Model',
  `backend_model` varchar(255) DEFAULT NULL COMMENT 'Backend Model',
  `backend_type` varchar(8) NOT NULL DEFAULT 'static' COMMENT 'Backend Type',
  `backend_table` varchar(255) DEFAULT NULL COMMENT 'Backend Table',
  `frontend_model` varchar(255) DEFAULT NULL COMMENT 'Frontend Model',
  `frontend_input` varchar(50) DEFAULT NULL COMMENT 'Frontend Input',
  `frontend_label` varchar(255) DEFAULT NULL COMMENT 'Frontend Label',
  `frontend_class` varchar(255) DEFAULT NULL COMMENT 'Frontend Class',
  `source_model` varchar(255) DEFAULT NULL COMMENT 'Source Model',
  `is_required` smallint(5) UNSIGNED NOT NULL DEFAULT '0' COMMENT 'Defines Is Required',
  `is_user_defined` smallint(5) UNSIGNED NOT NULL DEFAULT '0' COMMENT 'Defines Is User Defined',
  `default_value` text COMMENT 'Default Value',
  `is_unique` smallint(5) UNSIGNED NOT NULL DEFAULT '0' COMMENT 'Defines Is Unique',
  `note` varchar(255) DEFAULT NULL COMMENT 'Note'
) ENGINE=InnoDB DEFAULT CHARSET=utf8 COMMENT='Eav Attribute';

--
-- Dumping data for table `mg_eav_attribute`
--

INSERT INTO `mg_eav_attribute` (`attribute_id`, `entity_type_id`, `attribute_code`, `attribute_model`, `backend_model`, `backend_type`, `backend_table`, `frontend_model`, `frontend_input`, `frontend_label`, `frontend_class`, `source_model`, `is_required`, `is_user_defined`, `default_value`, `is_unique`, `note`) VALUES
(1, 1, 'website_id', NULL, 'Magento\\Customer\\Model\\Customer\\Attribute\\Backend\\Website', 'static', NULL, NULL, 'select', 'Associate to Website', NULL, 'Magento\\Customer\\Model\\Customer\\Attribute\\Source\\Website', 1, 0, NULL, 0, NULL),
(2, 1, 'store_id', NULL, 'Magento\\Customer\\Model\\Customer\\Attribute\\Backend\\Store', 'static', NULL, NULL, 'select', 'Create In', NULL, 'Magento\\Customer\\Model\\Customer\\Attribute\\Source\\Store', 1, 0, NULL, 0, NULL),
(3, 1, 'created_in', NULL, NULL, 'static', NULL, NULL, 'text', 'Created From', NULL, NULL, 0, 0, NULL, 0, NULL),
(4, 1, 'prefix', NULL, NULL, 'static', NULL, NULL, 'text', 'Name Prefix', NULL, NULL, 0, 0, NULL, 0, NULL),
(5, 1, 'firstname', NULL, NULL, 'static', NULL, NULL, 'text', 'First Name', NULL, NULL, 1, 0, NULL, 0, NULL),
(6, 1, 'middlename', NULL, NULL, 'static', NULL, NULL, 'text', 'Middle Name/Initial', NULL, NULL, 0, 0, NULL, 0, NULL),
(7, 1, 'lastname', NULL, NULL, 'static', NULL, NULL, 'text', 'Last Name', NULL, NULL, 1, 0, NULL, 0, NULL),
(8, 1, 'suffix', NULL, NULL, 'static', NULL, NULL, 'text', 'Name Suffix', NULL, NULL, 0, 0, NULL, 0, NULL),
(9, 1, 'email', NULL, NULL, 'static', NULL, NULL, 'text', 'Email', NULL, NULL, 1, 0, NULL, 0, NULL),
(10, 1, 'group_id', NULL, NULL, 'static', NULL, NULL, 'select', 'Group', NULL, 'Magento\\Customer\\Model\\Customer\\Attribute\\Source\\Group', 1, 0, NULL, 0, NULL),
(11, 1, 'dob', NULL, 'Magento\\Eav\\Model\\Entity\\Attribute\\Backend\\Datetime', 'static', NULL, 'Magento\\Eav\\Model\\Entity\\Attribute\\Frontend\\Datetime', 'date', 'Date of Birth', NULL, NULL, 0, 0, NULL, 0, NULL),
(12, 1, 'password_hash', NULL, 'Magento\\Customer\\Model\\Customer\\Attribute\\Backend\\Password', 'static', NULL, NULL, 'hidden', NULL, NULL, NULL, 0, 0, NULL, 0, NULL),
(13, 1, 'rp_token', NULL, NULL, 'static', NULL, NULL, 'hidden', NULL, NULL, NULL, 0, 0, NULL, 0, NULL),
(14, 1, 'rp_token_created_at', NULL, NULL, 'static', NULL, NULL, 'date', NULL, NULL, NULL, 0, 0, NULL, 0, NULL),
(15, 1, 'default_billing', NULL, 'Magento\\Customer\\Model\\Customer\\Attribute\\Backend\\Billing', 'static', NULL, NULL, 'text', 'Default Billing Address', NULL, NULL, 0, 0, NULL, 0, NULL),
(16, 1, 'default_shipping', NULL, 'Magento\\Customer\\Model\\Customer\\Attribute\\Backend\\Shipping', 'static', NULL, NULL, 'text', 'Default Shipping Address', NULL, NULL, 0, 0, NULL, 0, NULL),
(17, 1, 'taxvat', NULL, NULL, 'static', NULL, NULL, 'text', 'Tax/VAT Number', NULL, NULL, 0, 0, NULL, 0, NULL),
(18, 1, 'confirmation', NULL, NULL, 'static', NULL, NULL, 'text', 'Is Confirmed', NULL, NULL, 0, 0, NULL, 0, NULL),
(19, 1, 'created_at', NULL, NULL, 'static', NULL, NULL, 'date', 'Created At', NULL, NULL, 0, 0, NULL, 0, NULL),
(20, 1, 'gender', NULL, NULL, 'static', NULL, NULL, 'select', 'Gender', NULL, 'Magento\\Eav\\Model\\Entity\\Attribute\\Source\\Table', 0, 0, NULL, 0, NULL),
(21, 1, 'disable_auto_group_change', NULL, 'Magento\\Customer\\Model\\Attribute\\Backend\\Data\\Boolean', 'static', NULL, NULL, 'boolean', 'Disable Automatic Group Change Based on VAT ID', NULL, NULL, 0, 0, NULL, 0, NULL),
(22, 2, 'prefix', NULL, NULL, 'static', NULL, NULL, 'text', 'Name Prefix', NULL, NULL, 0, 0, NULL, 0, NULL),
(23, 2, 'firstname', NULL, NULL, 'static', NULL, NULL, 'text', 'First Name', NULL, NULL, 1, 0, NULL, 0, NULL),
(24, 2, 'middlename', NULL, NULL, 'static', NULL, NULL, 'text', 'Middle Name/Initial', NULL, NULL, 0, 0, NULL, 0, NULL),
(25, 2, 'lastname', NULL, NULL, 'static', NULL, NULL, 'text', 'Last Name', NULL, NULL, 1, 0, NULL, 0, NULL),
(26, 2, 'suffix', NULL, NULL, 'static', NULL, NULL, 'text', 'Name Suffix', NULL, NULL, 0, 0, NULL, 0, NULL),
(27, 2, 'company', NULL, NULL, 'static', NULL, NULL, 'text', 'Company', NULL, NULL, 0, 0, NULL, 0, NULL),
(28, 2, 'street', NULL, 'Magento\\Eav\\Model\\Entity\\Attribute\\Backend\\DefaultBackend', 'static', NULL, NULL, 'multiline', 'Street Address', NULL, NULL, 1, 0, NULL, 0, NULL),
(29, 2, 'city', NULL, NULL, 'static', NULL, NULL, 'text', 'City', NULL, NULL, 1, 0, NULL, 0, NULL),
(30, 2, 'country_id', NULL, NULL, 'static', NULL, NULL, 'select', 'Country', NULL, 'Magento\\Customer\\Model\\ResourceModel\\Address\\Attribute\\Source\\Country', 1, 0, NULL, 0, NULL),
(31, 2, 'region', NULL, 'Magento\\Customer\\Model\\ResourceModel\\Address\\Attribute\\Backend\\Region', 'static', NULL, NULL, 'text', 'State/Province', NULL, NULL, 0, 0, NULL, 0, NULL),
(32, 2, 'region_id', NULL, NULL, 'static', NULL, NULL, 'hidden', 'State/Province', NULL, 'Magento\\Customer\\Model\\ResourceModel\\Address\\Attribute\\Source\\Region', 0, 0, NULL, 0, NULL),
(33, 2, 'postcode', NULL, NULL, 'static', NULL, NULL, 'text', 'Zip/Postal Code', NULL, NULL, 0, 0, NULL, 0, NULL),
(34, 2, 'telephone', NULL, NULL, 'static', NULL, NULL, 'text', 'Phone Number', NULL, NULL, 1, 0, NULL, 0, NULL),
(35, 2, 'fax', NULL, NULL, 'static', NULL, NULL, 'text', 'Fax', NULL, NULL, 0, 0, NULL, 0, NULL),
(36, 2, 'vat_id', NULL, NULL, 'static', NULL, NULL, 'text', 'VAT Number', NULL, NULL, 0, 0, NULL, 0, NULL),
(37, 2, 'vat_is_valid', NULL, NULL, 'static', NULL, NULL, 'text', 'VAT number validity', NULL, NULL, 0, 0, NULL, 0, NULL),
(38, 2, 'vat_request_id', NULL, NULL, 'static', NULL, NULL, 'text', 'VAT number validation request ID', NULL, NULL, 0, 0, NULL, 0, NULL),
(39, 2, 'vat_request_date', NULL, NULL, 'static', NULL, NULL, 'text', 'VAT number validation request date', NULL, NULL, 0, 0, NULL, 0, NULL),
(40, 2, 'vat_request_success', NULL, NULL, 'static', NULL, NULL, 'text', 'VAT number validation request success', NULL, NULL, 0, 0, NULL, 0, NULL),
(41, 1, 'updated_at', NULL, NULL, 'static', NULL, NULL, 'date', 'Updated At', NULL, NULL, 0, 0, NULL, 0, NULL),
(42, 1, 'failures_num', NULL, NULL, 'static', NULL, NULL, 'hidden', 'Failures Number', NULL, NULL, 0, 0, NULL, 0, NULL),
(43, 1, 'first_failure', NULL, NULL, 'static', NULL, NULL, 'date', 'First Failure Date', NULL, NULL, 0, 0, NULL, 0, NULL),
(44, 1, 'lock_expires', NULL, NULL, 'static', NULL, NULL, 'date', 'Failures Number', NULL, NULL, 0, 0, NULL, 0, NULL),
(45, 3, 'name', NULL, NULL, 'varchar', NULL, NULL, 'text', 'Name', NULL, NULL, 1, 0, NULL, 0, NULL),
(46, 3, 'is_active', NULL, NULL, 'int', NULL, NULL, 'select', 'Is Active', NULL, 'Magento\\Eav\\Model\\Entity\\Attribute\\Source\\Boolean', 1, 0, NULL, 0, NULL),
(47, 3, 'description', NULL, NULL, 'text', NULL, NULL, 'textarea', 'Description', NULL, NULL, 0, 0, NULL, 0, NULL),
(48, 3, 'image', NULL, 'Magento\\Catalog\\Model\\Category\\Attribute\\Backend\\Image', 'varchar', NULL, NULL, 'image', 'Image', NULL, NULL, 0, 0, NULL, 0, NULL),
(49, 3, 'meta_title', NULL, NULL, 'varchar', NULL, NULL, 'text', 'Page Title', NULL, NULL, 0, 0, NULL, 0, NULL),
(50, 3, 'meta_keywords', NULL, NULL, 'text', NULL, NULL, 'textarea', 'Meta Keywords', NULL, NULL, 0, 0, NULL, 0, NULL),
(51, 3, 'meta_description', NULL, NULL, 'text', NULL, NULL, 'textarea', 'Meta Description', NULL, NULL, 0, 0, NULL, 0, NULL),
(52, 3, 'display_mode', NULL, NULL, 'varchar', NULL, NULL, 'select', 'Display Mode', NULL, 'Magento\\Catalog\\Model\\Category\\Attribute\\Source\\Mode', 0, 0, NULL, 0, NULL),
(53, 3, 'landing_page', NULL, NULL, 'int', NULL, NULL, 'select', 'CMS Block', NULL, 'Magento\\Catalog\\Model\\Category\\Attribute\\Source\\Page', 0, 0, NULL, 0, NULL),
(54, 3, 'is_anchor', NULL, NULL, 'int', NULL, NULL, 'select', 'Is Anchor', NULL, 'Magento\\Eav\\Model\\Entity\\Attribute\\Source\\Boolean', 0, 0, '1', 0, NULL),
(55, 3, 'path', NULL, NULL, 'static', NULL, NULL, 'text', 'Path', NULL, NULL, 0, 0, NULL, 0, NULL),
(56, 3, 'position', NULL, NULL, 'static', NULL, NULL, 'text', 'Position', NULL, NULL, 0, 0, NULL, 0, NULL),
(57, 3, 'all_children', NULL, NULL, 'text', NULL, NULL, 'text', NULL, NULL, NULL, 0, 0, NULL, 0, NULL),
(58, 3, 'path_in_store', NULL, NULL, 'text', NULL, NULL, 'text', NULL, NULL, NULL, 0, 0, NULL, 0, NULL),
(59, 3, 'children', NULL, NULL, 'text', NULL, NULL, 'text', NULL, NULL, NULL, 0, 0, NULL, 0, NULL),
(60, 3, 'custom_design', NULL, NULL, 'varchar', NULL, NULL, 'select', 'Custom Design', NULL, 'Magento\\Theme\\Model\\Theme\\Source\\Theme', 0, 0, NULL, 0, NULL),
(61, 3, 'custom_design_from', 'Magento\\Catalog\\Model\\ResourceModel\\Eav\\Attribute', 'Magento\\Catalog\\Model\\Attribute\\Backend\\Startdate', 'datetime', NULL, 'Magento\\Eav\\Model\\Entity\\Attribute\\Frontend\\Datetime', 'date', 'Active From', NULL, NULL, 0, 0, NULL, 0, NULL),
(62, 3, 'custom_design_to', NULL, 'Magento\\Eav\\Model\\Entity\\Attribute\\Backend\\Datetime', 'datetime', NULL, NULL, 'date', 'Active To', NULL, NULL, 0, 0, NULL, 0, NULL),
(63, 3, 'page_layout', NULL, NULL, 'varchar', NULL, NULL, 'select', 'Page Layout', NULL, 'Magento\\Catalog\\Model\\Category\\Attribute\\Source\\Layout', 0, 0, NULL, 0, NULL),
(64, 3, 'custom_layout_update', NULL, 'Magento\\Catalog\\Model\\Attribute\\Backend\\Customlayoutupdate', 'text', NULL, NULL, 'textarea', 'Custom Layout Update', NULL, NULL, 0, 0, NULL, 0, NULL),
(65, 3, 'level', NULL, NULL, 'static', NULL, NULL, 'text', 'Level', NULL, NULL, 0, 0, NULL, 0, NULL),
(66, 3, 'children_count', NULL, NULL, 'static', NULL, NULL, 'text', 'Children Count', NULL, NULL, 0, 0, NULL, 0, NULL),
(67, 3, 'available_sort_by', NULL, 'Magento\\Catalog\\Model\\Category\\Attribute\\Backend\\Sortby', 'text', NULL, NULL, 'multiselect', 'Available Product Listing Sort By', NULL, 'Magento\\Catalog\\Model\\Category\\Attribute\\Source\\Sortby', 1, 0, NULL, 0, NULL),
(68, 3, 'default_sort_by', NULL, 'Magento\\Catalog\\Model\\Category\\Attribute\\Backend\\Sortby', 'varchar', NULL, NULL, 'select', 'Default Product Listing Sort By', NULL, 'Magento\\Catalog\\Model\\Category\\Attribute\\Source\\Sortby', 1, 0, NULL, 0, NULL),
(69, 3, 'include_in_menu', NULL, NULL, 'int', NULL, NULL, 'select', 'Include in Navigation Menu', NULL, 'Magento\\Eav\\Model\\Entity\\Attribute\\Source\\Boolean', 1, 0, '1', 0, NULL),
(70, 3, 'custom_use_parent_settings', NULL, NULL, 'int', NULL, NULL, 'select', 'Use Parent Category Settings', NULL, 'Magento\\Eav\\Model\\Entity\\Attribute\\Source\\Boolean', 0, 0, NULL, 0, NULL),
(71, 3, 'custom_apply_to_products', NULL, NULL, 'int', NULL, NULL, 'select', 'Apply To Products', NULL, 'Magento\\Eav\\Model\\Entity\\Attribute\\Source\\Boolean', 0, 0, NULL, 0, NULL),
(72, 3, 'filter_price_range', NULL, NULL, 'decimal', NULL, NULL, 'text', 'Layered Navigation Price Step', NULL, NULL, 0, 0, NULL, 0, NULL),
(73, 4, 'name', NULL, NULL, 'varchar', NULL, NULL, 'text', 'Product Name', 'validate-length maximum-length-255', NULL, 1, 0, NULL, 0, NULL),
(74, 4, 'sku', NULL, 'Magento\\Catalog\\Model\\Product\\Attribute\\Backend\\Sku', 'static', NULL, NULL, 'text', 'SKU', 'validate-length maximum-length-64', NULL, 1, 0, NULL, 1, NULL),
(75, 4, 'description', NULL, NULL, 'text', NULL, NULL, 'textarea', 'Description', NULL, NULL, 0, 0, NULL, 0, NULL),
(76, 4, 'short_description', NULL, NULL, 'text', NULL, NULL, 'textarea', 'Short Description', NULL, NULL, 0, 0, NULL, 0, NULL),
(77, 4, 'price', NULL, 'Magento\\Catalog\\Model\\Product\\Attribute\\Backend\\Price', 'decimal', NULL, NULL, 'price', 'Price', NULL, NULL, 1, 0, NULL, 0, NULL),
(78, 4, 'special_price', NULL, 'Magento\\Catalog\\Model\\Product\\Attribute\\Backend\\Price', 'decimal', NULL, NULL, 'price', 'Special Price', NULL, NULL, 0, 0, NULL, 0, NULL),
(79, 4, 'special_from_date', NULL, 'Magento\\Catalog\\Model\\Attribute\\Backend\\Startdate', 'datetime', NULL, NULL, 'date', 'Special Price From Date', NULL, NULL, 0, 0, NULL, 0, NULL),
(80, 4, 'special_to_date', NULL, 'Magento\\Eav\\Model\\Entity\\Attribute\\Backend\\Datetime', 'datetime', NULL, NULL, 'date', 'Special Price To Date', NULL, NULL, 0, 0, NULL, 0, NULL),
(81, 4, 'cost', NULL, 'Magento\\Catalog\\Model\\Product\\Attribute\\Backend\\Price', 'decimal', NULL, NULL, 'price', 'Cost', NULL, NULL, 0, 1, NULL, 0, NULL),
(82, 4, 'weight', NULL, 'Magento\\Catalog\\Model\\Product\\Attribute\\Backend\\Weight', 'decimal', NULL, NULL, 'weight', 'Weight', NULL, NULL, 0, 0, NULL, 0, NULL),
(84, 4, 'meta_title', NULL, NULL, 'varchar', NULL, NULL, 'text', 'Meta Title', NULL, NULL, 0, 0, NULL, 0, NULL),
(85, 4, 'meta_keyword', NULL, NULL, 'text', NULL, NULL, 'textarea', 'Meta Keywords', NULL, NULL, 0, 0, NULL, 0, NULL),
(86, 4, 'meta_description', NULL, NULL, 'varchar', NULL, NULL, 'textarea', 'Meta Description', NULL, NULL, 0, 0, NULL, 0, 'Maximum 255 chars. Meta Description should optimally be between 150-160 characters'),
(87, 4, 'image', NULL, NULL, 'varchar', NULL, 'Magento\\Catalog\\Model\\Product\\Attribute\\Frontend\\Image', 'media_image', 'Base', NULL, NULL, 0, 0, NULL, 0, NULL),
(88, 4, 'small_image', NULL, NULL, 'varchar', NULL, 'Magento\\Catalog\\Model\\Product\\Attribute\\Frontend\\Image', 'media_image', 'Small', NULL, NULL, 0, 0, NULL, 0, NULL),
(89, 4, 'thumbnail', NULL, NULL, 'varchar', NULL, 'Magento\\Catalog\\Model\\Product\\Attribute\\Frontend\\Image', 'media_image', 'Thumbnail', NULL, NULL, 0, 0, NULL, 0, NULL),
(90, 4, 'media_gallery', NULL, NULL, 'static', NULL, NULL, 'gallery', 'Media Gallery', NULL, NULL, 0, 0, NULL, 0, NULL),
(91, 4, 'old_id', NULL, NULL, 'int', NULL, NULL, 'text', NULL, NULL, NULL, 0, 0, NULL, 0, NULL),
(92, 4, 'tier_price', NULL, 'Magento\\Catalog\\Model\\Product\\Attribute\\Backend\\Tierprice', 'decimal', NULL, NULL, 'text', 'Tier Price', NULL, NULL, 0, 0, NULL, 0, NULL),
(94, 4, 'news_from_date', NULL, 'Magento\\Catalog\\Model\\Attribute\\Backend\\Startdate', 'datetime', NULL, NULL, 'date', 'Set Product as New from Date', NULL, NULL, 0, 0, NULL, 0, NULL),
(95, 4, 'news_to_date', NULL, 'Magento\\Eav\\Model\\Entity\\Attribute\\Backend\\Datetime', 'datetime', NULL, NULL, 'date', 'Set Product as New to Date', NULL, NULL, 0, 0, NULL, 0, NULL),
(96, 4, 'gallery', NULL, NULL, 'varchar', NULL, NULL, 'gallery', 'Image Gallery', NULL, NULL, 0, 0, NULL, 0, NULL),
(97, 4, 'status', NULL, NULL, 'int', NULL, NULL, 'select', 'Enable Product', NULL, 'Magento\\Catalog\\Model\\Product\\Attribute\\Source\\Status', 0, 0, '1', 0, NULL),
(98, 4, 'minimal_price', NULL, 'Magento\\Catalog\\Model\\Product\\Attribute\\Backend\\Price', 'decimal', NULL, NULL, 'price', 'Minimal Price', NULL, NULL, 0, 0, NULL, 0, NULL),
(99, 4, 'visibility', NULL, NULL, 'int', NULL, NULL, 'select', 'Visibility', NULL, 'Magento\\Catalog\\Model\\Product\\Visibility', 0, 0, '4', 0, NULL),
(100, 4, 'custom_design', NULL, NULL, 'varchar', NULL, NULL, 'select', 'New Theme', NULL, 'Magento\\Theme\\Model\\Theme\\Source\\Theme', 0, 0, NULL, 0, NULL),
(101, 4, 'custom_design_from', NULL, 'Magento\\Catalog\\Model\\Attribute\\Backend\\Startdate', 'datetime', NULL, NULL, 'date', 'Active From', NULL, NULL, 0, 0, NULL, 0, NULL),
(102, 4, 'custom_design_to', NULL, 'Magento\\Eav\\Model\\Entity\\Attribute\\Backend\\Datetime', 'datetime', NULL, NULL, 'date', 'Active To', NULL, NULL, 0, 0, NULL, 0, NULL),
(103, 4, 'custom_layout_update', NULL, 'Magento\\Catalog\\Model\\Attribute\\Backend\\Customlayoutupdate', 'text', NULL, NULL, 'textarea', 'Layout Update XML', NULL, NULL, 0, 0, NULL, 0, NULL),
(104, 4, 'page_layout', NULL, NULL, 'varchar', NULL, NULL, 'select', 'Layout', NULL, 'Magento\\Catalog\\Model\\Product\\Attribute\\Source\\Layout', 0, 0, NULL, 0, NULL),
(105, 4, 'category_ids', NULL, 'Magento\\Catalog\\Model\\Product\\Attribute\\Backend\\Category', 'static', NULL, NULL, 'text', 'Categories', NULL, NULL, 0, 0, NULL, 0, NULL),
(106, 4, 'options_container', NULL, NULL, 'varchar', NULL, NULL, 'select', 'Display Product Options In', NULL, 'Magento\\Catalog\\Model\\Entity\\Product\\Attribute\\Design\\Options\\Container', 0, 0, 'container2', 0, NULL),
(107, 4, 'required_options', NULL, NULL, 'static', NULL, NULL, 'text', NULL, NULL, NULL, 0, 0, NULL, 0, NULL),
(108, 4, 'has_options', NULL, NULL, 'static', NULL, NULL, 'text', NULL, NULL, NULL, 0, 0, NULL, 0, NULL),
(109, 4, 'image_label', NULL, NULL, 'varchar', NULL, NULL, 'text', 'Image Label', NULL, NULL, 0, 0, NULL, 0, NULL),
(110, 4, 'small_image_label', NULL, NULL, 'varchar', NULL, NULL, 'text', 'Small Image Label', NULL, NULL, 0, 0, NULL, 0, NULL),
(111, 4, 'thumbnail_label', NULL, NULL, 'varchar', NULL, NULL, 'text', 'Thumbnail Label', NULL, NULL, 0, 0, NULL, 0, NULL),
(112, 4, 'created_at', NULL, NULL, 'static', NULL, NULL, 'date', NULL, NULL, NULL, 1, 0, NULL, 0, NULL),
(113, 4, 'updated_at', NULL, NULL, 'static', NULL, NULL, 'date', NULL, NULL, NULL, 1, 0, NULL, 0, NULL),
(114, 4, 'country_of_manufacture', NULL, NULL, 'varchar', NULL, NULL, 'select', 'Country of Manufacture', NULL, 'Magento\\Catalog\\Model\\Product\\Attribute\\Source\\Countryofmanufacture', 0, 0, NULL, 0, NULL),
(115, 4, 'quantity_and_stock_status', NULL, 'Magento\\Catalog\\Model\\Product\\Attribute\\Backend\\Stock', 'int', NULL, NULL, 'select', 'Quantity', NULL, 'Magento\\CatalogInventory\\Model\\Source\\Stock', 0, 0, '1', 0, NULL),
(116, 4, 'custom_layout', NULL, NULL, 'varchar', NULL, NULL, 'select', 'New Layout', NULL, 'Magento\\Catalog\\Model\\Product\\Attribute\\Source\\Layout', 0, 0, NULL, 0, NULL),
(117, 4, 'msrp', NULL, 'Magento\\Catalog\\Model\\Product\\Attribute\\Backend\\Price', 'decimal', NULL, NULL, 'price', 'Manufacturer\'s Suggested Retail Price', NULL, NULL, 0, 0, NULL, 0, NULL),
(118, 4, 'msrp_display_actual_price_type', NULL, 'Magento\\Catalog\\Model\\Product\\Attribute\\Backend\\Boolean', 'varchar', NULL, NULL, 'select', 'Display Actual Price', NULL, 'Magento\\Msrp\\Model\\Product\\Attribute\\Source\\Type\\Price', 0, 0, '0', 0, NULL),
(119, 3, 'url_key', NULL, NULL, 'varchar', NULL, NULL, 'text', 'URL Key', NULL, NULL, 0, 0, NULL, 0, NULL),
(120, 3, 'url_path', NULL, NULL, 'varchar', NULL, NULL, 'text', NULL, NULL, NULL, 0, 0, NULL, 0, NULL),
(121, 4, 'url_key', NULL, NULL, 'varchar', NULL, NULL, 'text', 'URL Key', NULL, NULL, 0, 0, NULL, 0, NULL),
(122, 4, 'url_path', NULL, NULL, 'varchar', NULL, NULL, 'text', NULL, NULL, NULL, 0, 0, NULL, 0, NULL),
(123, 4, 'links_purchased_separately', NULL, NULL, 'int', NULL, NULL, NULL, 'Links can be purchased separately', NULL, NULL, 1, 0, NULL, 0, NULL),
(124, 4, 'samples_title', NULL, NULL, 'varchar', NULL, NULL, NULL, 'Samples title', NULL, NULL, 1, 0, NULL, 0, NULL),
(125, 4, 'links_title', NULL, NULL, 'varchar', NULL, NULL, NULL, 'Links title', NULL, NULL, 1, 0, NULL, 0, NULL),
(126, 4, 'links_exist', NULL, NULL, 'int', NULL, NULL, NULL, NULL, NULL, NULL, 0, 0, NULL, 0, NULL),
(127, 4, 'price_type', NULL, NULL, 'int', NULL, NULL, 'boolean', 'Dynamic Price', NULL, NULL, 1, 0, '0', 0, NULL),
(128, 4, 'sku_type', NULL, NULL, 'int', NULL, NULL, 'boolean', 'Dynamic SKU', NULL, NULL, 1, 0, '0', 0, NULL),
(129, 4, 'weight_type', NULL, NULL, 'int', NULL, NULL, 'boolean', 'Dynamic Weight', NULL, NULL, 1, 0, '0', 0, NULL),
(130, 4, 'price_view', NULL, NULL, 'int', NULL, NULL, 'select', 'Price View', NULL, 'Magento\\Bundle\\Model\\Product\\Attribute\\Source\\Price\\View', 1, 0, NULL, 0, NULL),
(131, 4, 'shipment_type', NULL, NULL, 'int', NULL, NULL, 'select', 'Ship Bundle Items', NULL, 'Magento\\Bundle\\Model\\Product\\Attribute\\Source\\Shipment\\Type', 1, 0, '0', 0, NULL),
(132, 4, 'gift_message_available', NULL, 'Magento\\Catalog\\Model\\Product\\Attribute\\Backend\\Boolean', 'varchar', NULL, NULL, 'select', 'Allow Gift Message', NULL, 'Magento\\Catalog\\Model\\Product\\Attribute\\Source\\Boolean', 0, 0, NULL, 0, NULL),
(133, 4, 'swatch_image', NULL, NULL, 'varchar', NULL, 'Magento\\Catalog\\Model\\Product\\Attribute\\Frontend\\Image', 'media_image', 'Swatch', NULL, NULL, 0, 0, NULL, 0, NULL),
(134, 4, 'tax_class_id', NULL, NULL, 'int', NULL, NULL, 'select', 'Tax Class', NULL, 'Magento\\Tax\\Model\\TaxClass\\Source\\Product', 0, 0, '2', 0, NULL),
(135, 4, 'ts_dimensions_length', NULL, NULL, 'decimal', NULL, NULL, 'text', 'Length', NULL, NULL, 0, 0, NULL, 0, NULL),
(136, 4, 'ts_dimensions_width', NULL, NULL, 'decimal', NULL, NULL, 'text', 'Width', NULL, NULL, 0, 0, NULL, 0, NULL),
(137, 4, 'ts_dimensions_height', NULL, NULL, 'decimal', NULL, NULL, 'text', 'Height', NULL, NULL, 0, 0, NULL, 0, NULL),
(138, 4, 'hsn', NULL, NULL, 'varchar', NULL, NULL, 'text', 'HSN Code', NULL, NULL, 0, 1, NULL, 0, NULL),
(139, 4, 'gst_rate', NULL, NULL, 'varchar', NULL, NULL, 'select', 'GST Rate', NULL, 'Ced\\CsGst\\Model\\Config\\Source\\Rate', 0, 1, NULL, 0, NULL),
(140, 9, 'customer_id', NULL, NULL, 'int', NULL, NULL, 'select', 'Associated Customer', NULL, 'Ced\\CsMarketplace\\Model\\System\\Config\\Source\\Customers', 1, 0, NULL, 1, 'After selecting customer association can\'t be changed.'),
(141, 9, 'vendor_gstin', NULL, NULL, 'varchar', NULL, NULL, 'text', 'GSTIN No', NULL, NULL, 1, 0, NULL, 0, NULL),
(142, 9, 'created_at', NULL, NULL, 'datetime', NULL, NULL, 'label', 'Created At', 'validate-no-html-tags', NULL, 0, 0, NULL, 0, NULL),
(143, 9, 'shop_url', NULL, NULL, 'varchar', NULL, NULL, 'text', 'Shop Url', 'validate-shopurl', NULL, 1, 0, NULL, 0, NULL),
(144, 9, 'status', NULL, NULL, 'varchar', NULL, NULL, 'select', 'Status', 'validate-no-html-tags', 'Ced\\CsMarketplace\\Model\\System\\Config\\Source\\Status', 1, 0, NULL, 0, NULL),
(145, 9, 'group', NULL, NULL, 'varchar', NULL, NULL, 'select', 'Vendor Group', 'validate-no-html-tags', 'Ced\\CsMarketplace\\Model\\System\\Config\\Source\\Group', 1, 0, NULL, 0, NULL),
(146, 9, 'public_name', NULL, NULL, 'varchar', NULL, NULL, 'text', 'Public Name', 'validate-no-html-tags', NULL, 1, 0, NULL, 0, NULL),
(147, 9, 'website_id', NULL, NULL, 'static', NULL, NULL, 'text', 'Website ID', NULL, NULL, 0, 0, NULL, 0, NULL),
(148, 9, 'name', NULL, NULL, 'varchar', NULL, NULL, 'text', 'Name', 'validate-no-html-tags', NULL, 1, 0, NULL, 0, NULL),
(149, 9, 'gender', NULL, NULL, 'int', NULL, NULL, 'select', 'Gender', 'validate-no-html-tags', 'Ced\\CsMarketplace\\Model\\System\\Config\\Source\\Dob', 0, 0, NULL, 0, NULL),
(150, 9, 'profile_picture', NULL, NULL, 'varchar', NULL, NULL, 'image', 'Profile Picture', 'validate-no-html-tags', NULL, 0, 0, NULL, 0, NULL),
(151, 9, 'email', NULL, NULL, 'varchar', NULL, NULL, 'text', 'Email', 'validate-email', NULL, 1, 0, NULL, 1, NULL),
(152, 9, 'contact_number', NULL, NULL, 'varchar', NULL, NULL, 'text', 'Contact Number', 'validate-digits', NULL, 0, 0, NULL, 0, NULL),
(153, 9, 'company_name', NULL, NULL, 'varchar', NULL, NULL, 'text', 'Company Name', 'validate-no-html-tags', NULL, 0, 0, NULL, 0, NULL),
(154, 9, 'about', NULL, NULL, 'text', NULL, NULL, 'textarea', 'About', NULL, NULL, 0, 0, NULL, 0, NULL),
(155, 9, 'company_logo', NULL, NULL, 'varchar', NULL, NULL, 'image', 'Company Logo', NULL, NULL, 0, 0, NULL, 0, NULL),
(156, 9, 'company_banner', NULL, NULL, 'varchar', NULL, NULL, 'image', 'Company Banner', 'validate-no-html-tags', NULL, 0, 0, NULL, 0, NULL),
(157, 9, 'company_address', NULL, NULL, 'text', NULL, NULL, 'textarea', 'Company Address', 'validate-no-html-tags', NULL, 0, 0, NULL, 0, NULL),
(158, 9, 'support_number', NULL, NULL, 'varchar', NULL, NULL, 'text', 'Support Number', 'validate-digits', NULL, 0, 0, NULL, 0, NULL),
(159, 9, 'support_email', NULL, NULL, 'varchar', NULL, NULL, 'text', 'Support Email', 'validate-email', NULL, 0, 0, NULL, 0, NULL),
(160, 9, 'meta_keywords', NULL, NULL, 'text', NULL, NULL, 'textarea', 'Meta Keywords', NULL, NULL, 0, 0, NULL, 0, NULL),
(161, 9, 'meta_description', NULL, NULL, 'text', NULL, NULL, 'textarea', 'Meta Description', NULL, NULL, 0, 0, NULL, 0, NULL),
(162, 9, 'facebook_id', NULL, NULL, 'varchar', NULL, NULL, 'text', 'Facebook ID', NULL, NULL, 0, 0, NULL, 0, NULL),
(163, 9, 'twitter_id', NULL, NULL, 'varchar', NULL, NULL, 'text', 'Twitter ID', NULL, NULL, 0, 0, NULL, 0, NULL),
(164, 9, 'address', NULL, NULL, 'varchar', NULL, NULL, 'text', 'Address', NULL, NULL, 1, 0, NULL, 0, NULL),
(165, 9, 'city', NULL, NULL, 'varchar', NULL, NULL, 'text', 'City', NULL, NULL, 1, 0, NULL, 0, NULL),
(166, 9, 'zip_code', NULL, NULL, 'int', NULL, NULL, 'text', 'Zip/Postal Code', NULL, NULL, 1, 0, NULL, 0, NULL),
(167, 9, 'region', NULL, NULL, 'varchar', NULL, NULL, 'text', 'State', NULL, NULL, 0, 0, NULL, 0, NULL),
(168, 9, 'region_id', NULL, NULL, 'int', NULL, NULL, 'select', 'State', NULL, 'Ced\\CsMarketplace\\Model\\Vendor\\Address\\Source\\Region', 0, 0, NULL, 0, NULL),
(169, 9, 'country_id', NULL, NULL, 'varchar', NULL, NULL, 'select', 'Country', NULL, 'Magento\\Customer\\Model\\ResourceModel\\Address\\Attribute\\Source\\Country', 1, 0, NULL, 0, NULL),
(170, 9, 'reason', NULL, NULL, 'varchar', NULL, NULL, 'textarea', 'Disapproval Reason', NULL, NULL, 0, 0, NULL, 0, NULL),
(171, 1, 'ced_sociallogin_gid', NULL, NULL, 'text', NULL, NULL, 'text', 'ced Google id', NULL, NULL, 0, 0, NULL, 0, NULL),
(172, 1, 'ced_sociallogin_gtoken', NULL, NULL, 'text', NULL, NULL, 'text', 'ced Google token', NULL, NULL, 0, 0, NULL, 0, NULL),
(173, 1, 'ced_sociallogin_fid', NULL, NULL, 'text', NULL, NULL, 'text', 'ced Facebook id', NULL, NULL, 0, 0, NULL, 0, NULL),
(174, 1, 'ced_sociallogin_ftoken', NULL, NULL, 'text', NULL, NULL, 'text', 'ced Facebook token', NULL, NULL, 0, 0, NULL, 0, NULL),
(175, 1, 'ced_sociallogin_tid', NULL, NULL, 'text', NULL, NULL, 'text', 'ced Twitter id', NULL, NULL, 0, 0, NULL, 0, NULL),
(176, 1, 'ced_sociallogin_ttoken', NULL, NULL, 'text', NULL, NULL, 'text', 'ced Twitter token', NULL, NULL, 0, 0, NULL, 0, NULL),
(177, 1, 'ced_sociallogin_lid', NULL, NULL, 'text', NULL, NULL, 'text', 'ced Linkedin id', NULL, NULL, 0, 0, NULL, 0, NULL),
(178, 1, 'ced_sociallogin_ltoken', NULL, NULL, 'text', NULL, NULL, 'text', 'ced Linkedin token', NULL, NULL, 0, 0, NULL, 0, NULL),
(179, 4, 'sm_featured', NULL, NULL, 'int', NULL, NULL, 'boolean', 'Is Featured', NULL, 'Magento\\Eav\\Model\\Entity\\Attribute\\Source\\Boolean', 0, 1, NULL, 0, NULL),
(183, 4, 'type', NULL, NULL, 'int', NULL, NULL, 'select', 'Type', NULL, 'Magento\\Eav\\Model\\Entity\\Attribute\\Source\\Table', 0, 1, '', 0, NULL),
(184, 4, 'network', NULL, NULL, 'int', NULL, NULL, 'select', 'Network', NULL, 'Magento\\Eav\\Model\\Entity\\Attribute\\Source\\Table', 0, 1, '', 0, NULL),
(185, 4, 'size', NULL, NULL, 'int', NULL, NULL, 'select', 'Size', NULL, 'Magento\\Eav\\Model\\Entity\\Attribute\\Source\\Table', 0, 1, '', 0, NULL),
(186, 4, 'screen_size', NULL, NULL, 'int', NULL, NULL, 'select', 'Screen Size', NULL, 'Magento\\Eav\\Model\\Entity\\Attribute\\Source\\Table', 0, 1, '46', 0, NULL),
(187, 4, 'manufacturer', NULL, NULL, 'text', NULL, NULL, 'textarea', 'Manufacturer', NULL, NULL, 1, 1, 'Not Specified', 1, NULL),
(188, 4, 'material', NULL, 'Magento\\Eav\\Model\\Entity\\Attribute\\Backend\\ArrayBackend', 'varchar', NULL, NULL, 'multiselect', 'Material', NULL, NULL, 0, 1, '', 0, NULL),
(189, 4, 'compatible_vehicle_make', NULL, NULL, 'int', NULL, NULL, 'select', 'Compatible Vehicle Make', NULL, 'Magento\\Eav\\Model\\Entity\\Attribute\\Source\\Table', 0, 1, '', 0, NULL),
(190, 4, 'model_name', NULL, NULL, 'varchar', NULL, NULL, 'text', 'Model Name', NULL, NULL, 0, 1, NULL, 0, NULL),
(191, 4, 'compatible_vehicle_model', NULL, NULL, 'varchar', NULL, NULL, 'text', 'Compatible Vehicle Model', NULL, NULL, 0, 1, NULL, 0, NULL),
(192, 4, 'installation', NULL, 'Magento\\Eav\\Model\\Entity\\Attribute\\Backend\\ArrayBackend', 'varchar', NULL, NULL, 'multiselect', 'Installation', NULL, NULL, 0, 1, '', 0, NULL),
(193, 4, 'merchant_center_category', NULL, NULL, 'int', NULL, NULL, 'select', 'Google Merchant Center Category', NULL, 'Magento\\Eav\\Model\\Entity\\Attribute\\Source\\Table', 0, 1, NULL, 0, NULL),
(194, 4, 'ts_packaging_type', NULL, NULL, 'varchar', NULL, NULL, 'select', 'Packaging Type', NULL, 'Temando\\Shipping\\Model\\Source\\PackagingType', 0, 0, NULL, 0, NULL),
(195, 4, 'ts_packaging_id', NULL, NULL, 'varchar', NULL, NULL, 'select', 'Packaging Name', NULL, 'Temando\\Shipping\\Model\\Source\\Packaging', 0, 0, NULL, 0, NULL),
(196, 4, 'ts_hs_code', NULL, NULL, 'varchar', NULL, NULL, 'text', 'HS Code', NULL, NULL, 0, 0, NULL, 0, NULL),
(197, 4, 'ts_country_of_origin', NULL, NULL, 'varchar', NULL, NULL, 'select', 'Country of Origin', NULL, 'Temando\\Shipping\\Model\\ResourceModel\\Product\\Attribute\\Source\\Country', 0, 0, NULL, 0, NULL);

-- --------------------------------------------------------

--
-- Table structure for table `mg_eav_attribute_group`
--

CREATE TABLE `mg_eav_attribute_group` (
  `attribute_group_id` smallint(5) UNSIGNED NOT NULL COMMENT 'Attribute Group Id',
  `attribute_set_id` smallint(5) UNSIGNED NOT NULL DEFAULT '0' COMMENT 'Attribute Set Id',
  `attribute_group_name` varchar(255) DEFAULT NULL COMMENT 'Attribute Group Name',
  `sort_order` smallint(6) NOT NULL DEFAULT '0' COMMENT 'Sort Order',
  `default_id` smallint(5) UNSIGNED DEFAULT '0' COMMENT 'Default Id',
  `attribute_group_code` varchar(255) NOT NULL COMMENT 'Attribute Group Code',
  `tab_group_code` varchar(255) DEFAULT NULL COMMENT 'Tab Group Code'
) ENGINE=InnoDB DEFAULT CHARSET=utf8 COMMENT='Eav Attribute Group';

--
-- Dumping data for table `mg_eav_attribute_group`
--

INSERT INTO `mg_eav_attribute_group` (`attribute_group_id`, `attribute_set_id`, `attribute_group_name`, `sort_order`, `default_id`, `attribute_group_code`, `tab_group_code`) VALUES
(1, 1, 'General', 1, 1, 'general', NULL),
(2, 2, 'General', 1, 1, 'general', NULL),
(3, 3, 'General', 10, 1, 'general', NULL),
(4, 3, 'General Information', 2, 0, 'general-information', NULL),
(5, 3, 'Display Settings', 20, 0, 'display-settings', NULL),
(6, 3, 'Custom Design', 30, 0, 'custom-design', NULL),
(7, 4, 'Product Details', 10, 1, 'product-details', 'basic'),
(8, 4, 'Advanced Pricing', 40, 0, 'advanced-pricing', 'advanced'),
(9, 4, 'Search Engine Optimization', 30, 0, 'search-engine-optimization', 'basic'),
(10, 4, 'Images', 20, 0, 'image-management', 'basic'),
(11, 4, 'Design', 50, 0, 'design', 'advanced'),
(12, 4, 'Autosettings', 60, 0, 'autosettings', 'advanced'),
(13, 4, 'Content', 15, 0, 'content', 'basic'),
(14, 4, 'Schedule Design Update', 55, 0, 'schedule-design-update', 'advanced'),
(15, 5, 'General', 1, 1, 'general', NULL),
(16, 6, 'General', 1, 1, 'general', NULL),
(17, 7, 'General', 1, 1, 'general', NULL),
(18, 8, 'General', 1, 1, 'general', NULL),
(19, 4, 'Bundle Items', 16, 0, 'bundle-items', NULL),
(20, 4, 'Gift Options', 61, 0, 'gift-options', NULL),
(21, 9, 'General', 1, 1, 'general', NULL),
(22, 9, 'General Information', 2, 0, 'general-information', NULL),
(23, 9, 'Company Information', 3, 0, 'company-information', NULL),
(24, 9, 'Support Information', 4, 0, 'support-information', NULL),
(25, 9, 'SEO Information', 5, 0, 'seo-information', NULL),
(26, 9, 'Address Information', 6, 0, 'address-information', NULL),
(27, 4, 'Attributes', 62, 0, 'attributes', NULL),
(72, 14, 'Attributes', 11, 0, 'attributes', NULL),
(73, 14, 'Gift Options', 10, 0, 'gift-options', NULL),
(74, 14, 'Autosettings', 9, 0, 'autosettings', 'advanced'),
(75, 14, 'Schedule Design Update', 8, 0, 'schedule-design-update', 'advanced'),
(76, 14, 'Design', 7, 0, 'design', 'advanced'),
(77, 14, 'Advanced Pricing', 6, 0, 'advanced-pricing', 'advanced'),
(78, 14, 'Search Engine Optimization', 5, 0, 'search-engine-optimization', 'basic'),
(79, 14, 'Images', 4, 0, 'image-management', 'basic'),
(80, 14, 'Bundle Items', 3, 0, 'bundle-items', NULL),
(81, 14, 'Content', 2, 0, 'content', 'basic'),
(82, 14, 'Product Details', 1, 1, 'product-details', 'basic');

-- --------------------------------------------------------

--
-- Table structure for table `mg_eav_attribute_label`
--

CREATE TABLE `mg_eav_attribute_label` (
  `attribute_label_id` int(10) UNSIGNED NOT NULL COMMENT 'Attribute Label Id',
  `attribute_id` smallint(5) UNSIGNED NOT NULL DEFAULT '0' COMMENT 'Attribute Id',
  `store_id` smallint(5) UNSIGNED NOT NULL DEFAULT '0' COMMENT 'Store Id',
  `value` varchar(255) DEFAULT NULL COMMENT 'Value'
) ENGINE=InnoDB DEFAULT CHARSET=utf8 COMMENT='Eav Attribute Label';

-- --------------------------------------------------------

--
-- Table structure for table `mg_eav_attribute_option`
--

CREATE TABLE `mg_eav_attribute_option` (
  `option_id` int(10) UNSIGNED NOT NULL COMMENT 'Option Id',
  `attribute_id` smallint(5) UNSIGNED NOT NULL DEFAULT '0' COMMENT 'Attribute Id',
  `sort_order` smallint(5) UNSIGNED NOT NULL DEFAULT '0' COMMENT 'Sort Order'
) ENGINE=InnoDB DEFAULT CHARSET=utf8 COMMENT='Eav Attribute Option';

--
-- Dumping data for table `mg_eav_attribute_option`
--

INSERT INTO `mg_eav_attribute_option` (`option_id`, `attribute_id`, `sort_order`) VALUES
(1, 20, 0),
(2, 20, 1),
(3, 20, 3),
(31, 183, 1),
(32, 183, 2),
(33, 183, 3),
(34, 183, 4),
(35, 183, 5),
(36, 183, 6),
(37, 183, 7),
(38, 183, 8),
(39, 183, 9),
(40, 184, 1),
(41, 184, 2),
(42, 184, 3),
(43, 184, 4),
(44, 185, 1),
(45, 185, 2),
(46, 186, 1),
(47, 186, 2),
(48, 186, 3),
(49, 188, 1),
(50, 188, 2),
(51, 188, 3),
(52, 188, 4),
(53, 189, 1),
(54, 189, 2),
(55, 189, 3),
(56, 189, 4),
(57, 189, 5),
(58, 192, 1),
(59, 192, 2),
(60, 192, 3),
(61, 192, 4),
(62, 192, 5),
(63, 193, 0),
(64, 193, 1),
(65, 193, 2),
(66, 193, 3),
(67, 193, 4),
(68, 193, 5),
(69, 193, 6),
(70, 193, 7),
(71, 193, 8),
(72, 193, 9),
(73, 193, 10),
(74, 193, 11),
(75, 193, 12),
(76, 193, 13),
(77, 193, 14),
(78, 193, 15),
(79, 193, 16),
(80, 193, 17),
(81, 193, 18),
(82, 193, 19),
(83, 193, 20),
(84, 193, 21),
(85, 193, 22),
(86, 193, 23),
(87, 193, 24),
(88, 193, 25),
(89, 193, 26),
(90, 193, 27),
(91, 193, 28),
(92, 193, 29),
(93, 193, 30),
(94, 193, 31),
(95, 193, 32),
(96, 193, 33),
(97, 193, 34),
(98, 193, 35),
(99, 193, 36),
(100, 193, 37),
(101, 193, 38),
(102, 193, 39),
(103, 193, 40),
(104, 193, 41),
(105, 193, 42),
(106, 193, 43),
(107, 193, 44),
(108, 193, 45),
(109, 193, 46),
(110, 193, 47),
(111, 193, 48),
(112, 193, 49),
(113, 193, 50),
(114, 193, 51),
(115, 193, 52),
(116, 193, 53),
(117, 193, 54),
(118, 193, 55),
(119, 193, 56),
(120, 193, 57),
(121, 193, 58),
(122, 193, 59),
(123, 193, 60),
(124, 193, 61),
(125, 193, 62),
(126, 193, 63),
(127, 193, 64),
(128, 193, 65),
(129, 193, 66),
(130, 193, 67),
(131, 193, 68),
(132, 193, 69),
(133, 193, 70),
(134, 193, 71),
(135, 193, 72),
(136, 193, 73),
(137, 193, 74),
(138, 193, 75),
(139, 193, 76),
(140, 193, 77),
(141, 193, 78),
(142, 193, 79),
(143, 193, 80),
(144, 193, 81),
(145, 193, 82),
(146, 193, 83),
(147, 193, 84),
(148, 193, 85),
(149, 193, 86),
(150, 193, 87),
(151, 193, 88),
(152, 193, 89),
(153, 193, 90),
(154, 193, 91),
(155, 193, 92),
(156, 193, 93),
(157, 193, 94),
(158, 193, 95),
(159, 193, 96),
(160, 193, 97),
(161, 193, 98),
(162, 193, 99),
(163, 193, 100),
(164, 193, 101),
(165, 193, 102),
(166, 193, 103),
(167, 193, 104),
(168, 193, 105),
(169, 193, 106),
(170, 193, 107),
(171, 193, 108),
(172, 193, 109),
(173, 193, 110),
(174, 193, 111),
(175, 193, 112),
(176, 193, 113),
(177, 193, 114),
(178, 193, 115),
(179, 193, 116),
(180, 193, 117),
(181, 193, 118),
(182, 193, 119),
(183, 193, 120),
(184, 193, 121),
(185, 193, 122),
(186, 193, 123),
(187, 193, 124),
(188, 193, 125),
(189, 193, 126),
(190, 193, 127),
(191, 193, 128),
(192, 193, 129),
(193, 193, 130),
(194, 193, 131),
(195, 193, 132),
(196, 193, 133),
(197, 193, 134),
(198, 193, 135),
(199, 193, 136),
(200, 193, 137),
(201, 193, 138),
(202, 193, 139),
(203, 193, 140),
(204, 193, 141),
(205, 193, 142),
(206, 193, 143),
(207, 193, 144),
(208, 193, 145),
(209, 193, 146),
(210, 193, 147),
(211, 193, 148),
(212, 193, 149),
(213, 193, 150),
(214, 193, 151),
(215, 193, 152),
(216, 193, 153),
(217, 193, 154),
(218, 193, 155),
(219, 193, 156),
(220, 193, 157),
(221, 193, 158),
(222, 193, 159),
(223, 193, 160),
(224, 193, 161),
(225, 193, 162),
(226, 193, 163),
(227, 193, 164),
(228, 193, 165),
(229, 193, 166),
(230, 193, 167),
(231, 193, 168),
(232, 193, 169),
(233, 193, 170),
(234, 193, 171),
(235, 193, 172),
(236, 193, 173),
(237, 193, 174),
(238, 193, 175),
(239, 193, 176),
(240, 193, 177),
(241, 193, 178),
(242, 193, 179),
(243, 193, 180),
(244, 193, 181),
(245, 193, 182),
(246, 193, 183),
(247, 193, 184),
(248, 193, 185),
(249, 193, 186),
(250, 193, 187),
(251, 193, 188),
(252, 193, 189),
(253, 193, 190),
(254, 193, 191),
(255, 193, 192),
(256, 193, 193),
(257, 193, 194),
(258, 193, 195),
(259, 193, 196),
(260, 193, 197),
(261, 193, 198),
(262, 193, 199),
(263, 193, 200),
(264, 193, 201),
(265, 193, 202),
(266, 193, 203),
(267, 193, 204),
(268, 193, 205),
(269, 193, 206),
(270, 193, 207),
(271, 193, 208),
(272, 193, 209),
(273, 193, 210),
(274, 193, 211),
(275, 193, 212),
(276, 193, 213),
(277, 193, 214),
(278, 193, 215),
(279, 193, 216),
(280, 193, 217),
(281, 193, 218),
(282, 193, 219),
(283, 193, 220),
(284, 193, 221),
(285, 193, 222),
(286, 193, 223),
(287, 193, 224),
(288, 193, 225),
(289, 193, 226),
(290, 193, 227),
(291, 193, 228),
(292, 193, 229),
(293, 193, 230),
(294, 193, 231),
(295, 193, 232),
(296, 193, 233),
(297, 193, 234),
(298, 193, 235),
(299, 193, 236),
(300, 193, 237),
(301, 193, 238),
(302, 193, 239),
(303, 193, 240),
(304, 193, 241),
(305, 193, 242),
(306, 193, 243),
(307, 193, 244),
(308, 193, 245),
(309, 193, 246),
(310, 193, 247),
(311, 193, 248),
(312, 193, 249),
(313, 193, 250),
(314, 193, 251),
(315, 193, 252),
(316, 193, 253),
(317, 193, 254),
(318, 193, 255),
(319, 193, 256),
(320, 193, 257),
(321, 193, 258),
(322, 193, 259),
(323, 193, 260),
(324, 193, 261),
(325, 193, 262),
(326, 193, 263),
(327, 193, 264),
(328, 193, 265),
(329, 193, 266),
(330, 193, 267),
(331, 193, 268),
(332, 193, 269),
(333, 193, 270),
(334, 193, 271),
(335, 193, 272),
(336, 193, 273),
(337, 193, 274),
(338, 193, 275),
(339, 193, 276),
(340, 193, 277),
(341, 193, 278),
(342, 193, 279),
(343, 193, 280),
(344, 193, 281),
(345, 193, 282),
(346, 193, 283),
(347, 193, 284),
(348, 193, 285),
(349, 193, 286),
(350, 193, 287),
(351, 193, 288),
(352, 193, 289),
(353, 193, 290),
(354, 193, 291),
(355, 193, 292),
(356, 193, 293),
(357, 193, 294),
(358, 193, 295),
(359, 193, 296),
(360, 193, 297),
(361, 193, 298),
(362, 193, 299),
(363, 193, 300),
(364, 193, 301),
(365, 193, 302),
(366, 193, 303),
(367, 193, 304),
(368, 193, 305),
(369, 193, 306),
(370, 193, 307),
(371, 193, 308),
(372, 193, 309),
(373, 193, 310),
(374, 193, 311),
(375, 193, 312),
(376, 193, 313),
(377, 193, 314),
(378, 193, 315),
(379, 193, 316),
(380, 193, 317),
(381, 193, 318),
(382, 193, 319),
(383, 193, 320),
(384, 193, 321),
(385, 193, 322),
(386, 193, 323),
(387, 193, 324),
(388, 193, 325),
(389, 193, 326),
(390, 193, 327),
(391, 193, 328),
(392, 193, 329),
(393, 193, 330),
(394, 193, 331),
(395, 193, 332),
(396, 193, 333),
(397, 193, 334),
(398, 193, 335),
(399, 193, 336),
(400, 193, 337),
(401, 193, 338),
(402, 193, 339),
(403, 193, 340),
(404, 193, 341),
(405, 193, 342),
(406, 193, 343),
(407, 193, 344),
(408, 193, 345),
(409, 193, 346),
(410, 193, 347),
(411, 193, 348),
(412, 193, 349),
(413, 193, 350),
(414, 193, 351),
(415, 193, 352),
(416, 193, 353),
(417, 193, 354),
(418, 193, 355),
(419, 193, 356),
(420, 193, 357),
(421, 193, 358),
(422, 193, 359),
(423, 193, 360),
(424, 193, 361),
(425, 193, 362),
(426, 193, 363),
(427, 193, 364),
(428, 193, 365),
(429, 193, 366),
(430, 193, 367),
(431, 193, 368),
(432, 193, 369),
(433, 193, 370),
(434, 193, 371),
(435, 193, 372),
(436, 193, 373),
(437, 193, 374),
(438, 193, 375),
(439, 193, 376),
(440, 193, 377),
(441, 193, 378),
(442, 193, 379),
(443, 193, 380),
(444, 193, 381),
(445, 193, 382),
(446, 193, 383),
(447, 193, 384),
(448, 193, 385),
(449, 193, 386),
(450, 193, 387),
(451, 193, 388),
(452, 193, 389),
(453, 193, 390),
(454, 193, 391),
(455, 193, 392),
(456, 193, 393),
(457, 193, 394),
(458, 193, 395),
(459, 193, 396),
(460, 193, 397),
(461, 193, 398),
(462, 193, 399),
(463, 193, 400),
(464, 193, 401),
(465, 193, 402),
(466, 193, 403),
(467, 193, 404),
(468, 193, 405),
(469, 193, 406),
(470, 193, 407),
(471, 193, 408),
(472, 193, 409),
(473, 193, 410),
(474, 193, 411),
(475, 193, 412),
(476, 193, 413),
(477, 193, 414),
(478, 193, 415),
(479, 193, 416),
(480, 193, 417),
(481, 193, 418),
(482, 193, 419),
(483, 193, 420),
(484, 193, 421),
(485, 193, 422),
(486, 193, 423),
(487, 193, 424),
(488, 193, 425),
(489, 193, 426),
(490, 193, 427),
(491, 193, 428),
(492, 193, 429),
(493, 193, 430),
(494, 193, 431),
(495, 193, 432),
(496, 193, 433),
(497, 193, 434),
(498, 193, 435),
(499, 193, 436),
(500, 193, 437),
(501, 193, 438),
(502, 193, 439),
(503, 193, 440),
(504, 193, 441),
(505, 193, 442),
(506, 193, 443),
(507, 193, 444),
(508, 193, 445),
(509, 193, 446),
(510, 193, 447),
(511, 193, 448),
(512, 193, 449),
(513, 193, 450),
(514, 193, 451),
(515, 193, 452),
(516, 193, 453),
(517, 193, 454),
(518, 193, 455),
(519, 193, 456),
(520, 193, 457),
(521, 193, 458),
(522, 193, 459),
(523, 193, 460),
(524, 193, 461),
(525, 193, 462),
(526, 193, 463),
(527, 193, 464),
(528, 193, 465),
(529, 193, 466),
(530, 193, 467),
(531, 193, 468),
(532, 193, 469),
(533, 193, 470),
(534, 193, 471),
(535, 193, 472),
(536, 193, 473),
(537, 193, 474),
(538, 193, 475),
(539, 193, 476),
(540, 193, 477),
(541, 193, 478),
(542, 193, 479),
(543, 193, 480),
(544, 193, 481),
(545, 193, 482),
(546, 193, 483),
(547, 193, 484),
(548, 193, 485),
(549, 193, 486),
(550, 193, 487),
(551, 193, 488),
(552, 193, 489),
(553, 193, 490),
(554, 193, 491),
(555, 193, 492),
(556, 193, 493),
(557, 193, 494),
(558, 193, 495),
(559, 193, 496),
(560, 193, 497),
(561, 193, 498),
(562, 193, 499),
(563, 193, 500),
(564, 193, 501),
(565, 193, 502),
(566, 193, 503),
(567, 193, 504),
(568, 193, 505),
(569, 193, 506),
(570, 193, 507),
(571, 193, 508),
(572, 193, 509),
(573, 193, 510),
(574, 193, 511),
(575, 193, 512),
(576, 193, 513),
(577, 193, 514),
(578, 193, 515),
(579, 193, 516),
(580, 193, 517),
(581, 193, 518),
(582, 193, 519),
(583, 193, 520),
(584, 193, 521),
(585, 193, 522),
(586, 193, 523),
(587, 193, 524),
(588, 193, 525),
(589, 193, 526),
(590, 193, 527),
(591, 193, 528),
(592, 193, 529),
(593, 193, 530),
(594, 193, 531),
(595, 193, 532),
(596, 193, 533),
(597, 193, 534),
(598, 193, 535),
(599, 193, 536),
(600, 193, 537),
(601, 193, 538),
(602, 193, 539),
(603, 193, 540),
(604, 193, 541),
(605, 193, 542),
(606, 193, 543),
(607, 193, 544),
(608, 193, 545),
(609, 193, 546),
(610, 193, 547),
(611, 193, 548),
(612, 193, 549),
(613, 193, 550),
(614, 193, 551),
(615, 193, 552),
(616, 193, 553),
(617, 193, 554),
(618, 193, 555),
(619, 193, 556),
(620, 193, 557),
(621, 193, 558),
(622, 193, 559),
(623, 193, 560),
(624, 193, 561),
(625, 193, 562),
(626, 193, 563),
(627, 193, 564),
(628, 193, 565),
(629, 193, 566),
(630, 193, 567),
(631, 193, 568),
(632, 193, 569),
(633, 193, 570),
(634, 193, 571),
(635, 193, 572),
(636, 193, 573),
(637, 193, 574),
(638, 193, 575),
(639, 193, 576),
(640, 193, 577),
(641, 193, 578),
(642, 193, 579),
(643, 193, 580),
(644, 193, 581),
(645, 193, 582),
(646, 193, 583),
(647, 193, 584),
(648, 193, 585),
(649, 193, 586),
(650, 193, 587),
(651, 193, 588),
(652, 193, 589),
(653, 193, 590),
(654, 193, 591),
(655, 193, 592),
(656, 193, 593),
(657, 193, 594),
(658, 193, 595),
(659, 193, 596),
(660, 193, 597),
(661, 193, 598),
(662, 193, 599),
(663, 193, 600),
(664, 193, 601),
(665, 193, 602),
(666, 193, 603),
(667, 193, 604),
(668, 193, 605),
(669, 193, 606),
(670, 193, 607),
(671, 193, 608),
(672, 193, 609),
(673, 193, 610),
(674, 193, 611),
(675, 193, 612),
(676, 193, 613),
(677, 193, 614),
(678, 193, 615),
(679, 193, 616),
(680, 193, 617),
(681, 193, 618),
(682, 193, 619),
(683, 193, 620),
(684, 193, 621),
(685, 193, 622),
(686, 193, 623),
(687, 193, 624),
(688, 193, 625),
(689, 193, 626),
(690, 193, 627),
(691, 193, 628),
(692, 193, 629),
(693, 193, 630),
(694, 193, 631),
(695, 193, 632),
(696, 193, 633),
(697, 193, 634),
(698, 193, 635),
(699, 193, 636),
(700, 193, 637),
(701, 193, 638),
(702, 193, 639),
(703, 193, 640),
(704, 193, 641),
(705, 193, 642),
(706, 193, 643),
(707, 193, 644),
(708, 193, 645),
(709, 193, 646),
(710, 193, 647),
(711, 193, 648),
(712, 193, 649),
(713, 193, 650),
(714, 193, 651),
(715, 193, 652),
(716, 193, 653),
(717, 193, 654),
(718, 193, 655),
(719, 193, 656),
(720, 193, 657),
(721, 193, 658),
(722, 193, 659),
(723, 193, 660),
(724, 193, 661),
(725, 193, 662),
(726, 193, 663),
(727, 193, 664),
(728, 193, 665),
(729, 193, 666),
(730, 193, 667),
(731, 193, 668),
(732, 193, 669),
(733, 193, 670),
(734, 193, 671),
(735, 193, 672),
(736, 193, 673),
(737, 193, 674),
(738, 193, 675),
(739, 193, 676),
(740, 193, 677),
(741, 193, 678),
(742, 193, 679),
(743, 193, 680),
(744, 193, 681),
(745, 193, 682),
(746, 193, 683),
(747, 193, 684),
(748, 193, 685),
(749, 193, 686),
(750, 193, 687),
(751, 193, 688),
(752, 193, 689),
(753, 193, 690),
(754, 193, 691),
(755, 193, 692),
(756, 193, 693),
(757, 193, 694),
(758, 193, 695),
(759, 193, 696),
(760, 193, 697),
(761, 193, 698),
(762, 193, 699),
(763, 193, 700),
(764, 193, 701),
(765, 193, 702),
(766, 193, 703),
(767, 193, 704),
(768, 193, 705),
(769, 193, 706),
(770, 193, 707),
(771, 193, 708),
(772, 193, 709),
(773, 193, 710),
(774, 193, 711),
(775, 193, 712),
(776, 193, 713),
(777, 193, 714),
(778, 193, 715),
(779, 193, 716),
(780, 193, 717),
(781, 193, 718),
(782, 193, 719),
(783, 193, 720),
(784, 193, 721),
(785, 193, 722),
(786, 193, 723),
(787, 193, 724),
(788, 193, 725),
(789, 193, 726),
(790, 193, 727),
(791, 193, 728),
(792, 193, 729),
(793, 193, 730),
(794, 193, 731),
(795, 193, 732),
(796, 193, 733),
(797, 193, 734),
(798, 193, 735),
(799, 193, 736),
(800, 193, 737),
(801, 193, 738),
(802, 193, 739),
(803, 193, 740),
(804, 193, 741),
(805, 193, 742),
(806, 193, 743),
(807, 193, 744),
(808, 193, 745),
(809, 193, 746),
(810, 193, 747),
(811, 193, 748),
(812, 193, 749),
(813, 193, 750),
(814, 193, 751),
(815, 193, 752),
(816, 193, 753),
(817, 193, 754),
(818, 193, 755),
(819, 193, 756),
(820, 193, 757),
(821, 193, 758),
(822, 193, 759),
(823, 193, 760),
(824, 193, 761),
(825, 193, 762),
(826, 193, 763),
(827, 193, 764),
(828, 193, 765),
(829, 193, 766),
(830, 193, 767),
(831, 193, 768),
(832, 193, 769),
(833, 193, 770),
(834, 193, 771),
(835, 193, 772),
(836, 193, 773),
(837, 193, 774),
(838, 193, 775),
(839, 193, 776),
(840, 193, 777),
(841, 193, 778),
(842, 193, 779),
(843, 193, 780),
(844, 193, 781),
(845, 193, 782),
(846, 193, 783),
(847, 193, 784),
(848, 193, 785),
(849, 193, 786),
(850, 193, 787),
(851, 193, 788),
(852, 193, 789),
(853, 193, 790),
(854, 193, 791),
(855, 193, 792),
(856, 193, 793),
(857, 193, 794),
(858, 193, 795),
(859, 193, 796),
(860, 193, 797),
(861, 193, 798),
(862, 193, 799),
(863, 193, 800),
(864, 193, 801),
(865, 193, 802),
(866, 193, 803),
(867, 193, 804),
(868, 193, 805),
(869, 193, 806),
(870, 193, 807),
(871, 193, 808),
(872, 193, 809),
(873, 193, 810),
(874, 193, 811),
(875, 193, 812),
(876, 193, 813),
(877, 193, 814),
(878, 193, 815),
(879, 193, 816),
(880, 193, 817),
(881, 193, 818),
(882, 193, 819),
(883, 193, 820),
(884, 193, 821),
(885, 193, 822),
(886, 193, 823),
(887, 193, 824),
(888, 193, 825),
(889, 193, 826),
(890, 193, 827),
(891, 193, 828),
(892, 193, 829),
(893, 193, 830),
(894, 193, 831),
(895, 193, 832),
(896, 193, 833),
(897, 193, 834),
(898, 193, 835),
(899, 193, 836),
(900, 193, 837),
(901, 193, 838),
(902, 193, 839),
(903, 193, 840),
(904, 193, 841),
(905, 193, 842),
(906, 193, 843),
(907, 193, 844),
(908, 193, 845),
(909, 193, 846),
(910, 193, 847),
(911, 193, 848),
(912, 193, 849),
(913, 193, 850),
(914, 193, 851),
(915, 193, 852),
(916, 193, 853),
(917, 193, 854),
(918, 193, 855),
(919, 193, 856),
(920, 193, 857),
(921, 193, 858),
(922, 193, 859),
(923, 193, 860),
(924, 193, 861),
(925, 193, 862),
(926, 193, 863),
(927, 193, 864),
(928, 193, 865),
(929, 193, 866),
(930, 193, 867),
(931, 193, 868),
(932, 193, 869),
(933, 193, 870),
(934, 193, 871),
(935, 193, 872),
(936, 193, 873),
(937, 193, 874),
(938, 193, 875),
(939, 193, 876),
(940, 193, 877),
(941, 193, 878),
(942, 193, 879),
(943, 193, 880),
(944, 193, 881),
(945, 193, 882),
(946, 193, 883),
(947, 193, 884),
(948, 193, 885),
(949, 193, 886),
(950, 193, 887),
(951, 193, 888),
(952, 193, 889),
(953, 193, 890),
(954, 193, 891),
(955, 193, 892),
(956, 193, 893),
(957, 193, 894),
(958, 193, 895),
(959, 193, 896),
(960, 193, 897),
(961, 193, 898),
(962, 193, 899),
(963, 193, 900),
(964, 193, 901),
(965, 193, 902),
(966, 193, 903),
(967, 193, 904),
(968, 193, 905),
(969, 193, 906),
(970, 193, 907),
(971, 193, 908),
(972, 193, 909),
(973, 193, 910),
(974, 193, 911),
(975, 193, 912),
(976, 193, 913),
(977, 193, 914),
(978, 193, 915),
(979, 193, 916),
(980, 193, 917),
(981, 193, 918),
(982, 193, 919),
(983, 193, 920),
(984, 193, 921),
(985, 193, 922),
(986, 193, 923),
(987, 193, 924),
(988, 193, 925),
(989, 193, 926),
(990, 193, 927),
(991, 193, 928),
(992, 193, 929),
(993, 193, 930),
(994, 193, 931),
(995, 193, 932),
(996, 193, 933),
(997, 193, 934),
(998, 193, 935),
(999, 193, 936),
(1000, 193, 937),
(1001, 193, 938),
(1002, 193, 939),
(1003, 193, 940),
(1004, 193, 941),
(1005, 193, 942),
(1006, 193, 943),
(1007, 193, 944),
(1008, 193, 945),
(1009, 193, 946),
(1010, 193, 947),
(1011, 193, 948),
(1012, 193, 949),
(1013, 193, 950),
(1014, 193, 951),
(1015, 193, 952),
(1016, 193, 953),
(1017, 193, 954),
(1018, 193, 955),
(1019, 193, 956),
(1020, 193, 957),
(1021, 193, 958),
(1022, 193, 959),
(1023, 193, 960),
(1024, 193, 961),
(1025, 193, 962),
(1026, 193, 963),
(1027, 193, 964),
(1028, 193, 965),
(1029, 193, 966),
(1030, 193, 967),
(1031, 193, 968),
(1032, 193, 969),
(1033, 193, 970),
(1034, 193, 971),
(1035, 193, 972),
(1036, 193, 973),
(1037, 193, 974),
(1038, 193, 975),
(1039, 193, 976),
(1040, 193, 977),
(1041, 193, 978),
(1042, 193, 979),
(1043, 193, 980),
(1044, 193, 981),
(1045, 193, 982),
(1046, 193, 983),
(1047, 193, 984),
(1048, 193, 985),
(1049, 193, 986),
(1050, 193, 987),
(1051, 193, 988),
(1052, 193, 989),
(1053, 193, 990),
(1054, 193, 991),
(1055, 193, 992),
(1056, 193, 993),
(1057, 193, 994),
(1058, 193, 995),
(1059, 193, 996),
(1060, 193, 997),
(1061, 193, 998),
(1062, 193, 999),
(1063, 193, 1000),
(1064, 193, 1001),
(1065, 193, 1002),
(1066, 193, 1003),
(1067, 193, 1004),
(1068, 193, 1005),
(1069, 193, 1006),
(1070, 193, 1007),
(1071, 193, 1008),
(1072, 193, 1009),
(1073, 193, 1010),
(1074, 193, 1011),
(1075, 193, 1012),
(1076, 193, 1013),
(1077, 193, 1014),
(1078, 193, 1015),
(1079, 193, 1016),
(1080, 193, 1017),
(1081, 193, 1018),
(1082, 193, 1019),
(1083, 193, 1020),
(1084, 193, 1021),
(1085, 193, 1022),
(1086, 193, 1023),
(1087, 193, 1024),
(1088, 193, 1025),
(1089, 193, 1026),
(1090, 193, 1027),
(1091, 193, 1028),
(1092, 193, 1029),
(1093, 193, 1030),
(1094, 193, 1031),
(1095, 193, 1032),
(1096, 193, 1033),
(1097, 193, 1034),
(1098, 193, 1035),
(1099, 193, 1036),
(1100, 193, 1037),
(1101, 193, 1038),
(1102, 193, 1039),
(1103, 193, 1040),
(1104, 193, 1041),
(1105, 193, 1042),
(1106, 193, 1043),
(1107, 193, 1044),
(1108, 193, 1045),
(1109, 193, 1046),
(1110, 193, 1047),
(1111, 193, 1048),
(1112, 193, 1049),
(1113, 193, 1050),
(1114, 193, 1051),
(1115, 193, 1052),
(1116, 193, 1053),
(1117, 193, 1054),
(1118, 193, 1055),
(1119, 193, 1056),
(1120, 193, 1057),
(1121, 193, 1058),
(1122, 193, 1059),
(1123, 193, 1060),
(1124, 193, 1061),
(1125, 193, 1062),
(1126, 193, 1063),
(1127, 193, 1064),
(1128, 193, 1065),
(1129, 193, 1066),
(1130, 193, 1067),
(1131, 193, 1068),
(1132, 193, 1069),
(1133, 193, 1070),
(1134, 193, 1071),
(1135, 193, 1072),
(1136, 193, 1073),
(1137, 193, 1074),
(1138, 193, 1075),
(1139, 193, 1076),
(1140, 193, 1077),
(1141, 193, 1078),
(1142, 193, 1079),
(1143, 193, 1080),
(1144, 193, 1081),
(1145, 193, 1082),
(1146, 193, 1083),
(1147, 193, 1084),
(1148, 193, 1085),
(1149, 193, 1086),
(1150, 193, 1087),
(1151, 193, 1088),
(1152, 193, 1089),
(1153, 193, 1090),
(1154, 193, 1091),
(1155, 193, 1092),
(1156, 193, 1093),
(1157, 193, 1094),
(1158, 193, 1095),
(1159, 193, 1096),
(1160, 193, 1097),
(1161, 193, 1098),
(1162, 193, 1099),
(1163, 193, 1100),
(1164, 193, 1101),
(1165, 193, 1102),
(1166, 193, 1103),
(1167, 193, 1104),
(1168, 193, 1105),
(1169, 193, 1106),
(1170, 193, 1107),
(1171, 193, 1108),
(1172, 193, 1109),
(1173, 193, 1110),
(1174, 193, 1111),
(1175, 193, 1112),
(1176, 193, 1113),
(1177, 193, 1114),
(1178, 193, 1115),
(1179, 193, 1116),
(1180, 193, 1117),
(1181, 193, 1118),
(1182, 193, 1119),
(1183, 193, 1120),
(1184, 193, 1121),
(1185, 193, 1122),
(1186, 193, 1123),
(1187, 193, 1124),
(1188, 193, 1125),
(1189, 193, 1126),
(1190, 193, 1127),
(1191, 193, 1128),
(1192, 193, 1129),
(1193, 193, 1130),
(1194, 193, 1131),
(1195, 193, 1132),
(1196, 193, 1133),
(1197, 193, 1134),
(1198, 193, 1135),
(1199, 193, 1136),
(1200, 193, 1137),
(1201, 193, 1138),
(1202, 193, 1139),
(1203, 193, 1140),
(1204, 193, 1141),
(1205, 193, 1142),
(1206, 193, 1143),
(1207, 193, 1144),
(1208, 193, 1145),
(1209, 193, 1146),
(1210, 193, 1147),
(1211, 193, 1148),
(1212, 193, 1149),
(1213, 193, 1150),
(1214, 193, 1151),
(1215, 193, 1152),
(1216, 193, 1153),
(1217, 193, 1154),
(1218, 193, 1155),
(1219, 193, 1156),
(1220, 193, 1157),
(1221, 193, 1158),
(1222, 193, 1159),
(1223, 193, 1160),
(1224, 193, 1161),
(1225, 193, 1162),
(1226, 193, 1163),
(1227, 193, 1164),
(1228, 193, 1165),
(1229, 193, 1166),
(1230, 193, 1167),
(1231, 193, 1168),
(1232, 193, 1169),
(1233, 193, 1170),
(1234, 193, 1171),
(1235, 193, 1172),
(1236, 193, 1173),
(1237, 193, 1174),
(1238, 193, 1175),
(1239, 193, 1176),
(1240, 193, 1177),
(1241, 193, 1178),
(1242, 193, 1179),
(1243, 193, 1180),
(1244, 193, 1181),
(1245, 193, 1182),
(1246, 193, 1183),
(1247, 193, 1184),
(1248, 193, 1185),
(1249, 193, 1186),
(1250, 193, 1187),
(1251, 193, 1188),
(1252, 193, 1189),
(1253, 193, 1190),
(1254, 193, 1191),
(1255, 193, 1192),
(1256, 193, 1193),
(1257, 193, 1194),
(1258, 193, 1195),
(1259, 193, 1196),
(1260, 193, 1197),
(1261, 193, 1198),
(1262, 193, 1199),
(1263, 193, 1200),
(1264, 193, 1201),
(1265, 193, 1202),
(1266, 193, 1203),
(1267, 193, 1204),
(1268, 193, 1205),
(1269, 193, 1206),
(1270, 193, 1207),
(1271, 193, 1208),
(1272, 193, 1209),
(1273, 193, 1210),
(1274, 193, 1211),
(1275, 193, 1212),
(1276, 193, 1213),
(1277, 193, 1214),
(1278, 193, 1215),
(1279, 193, 1216),
(1280, 193, 1217),
(1281, 193, 1218),
(1282, 193, 1219),
(1283, 193, 1220),
(1284, 193, 1221),
(1285, 193, 1222),
(1286, 193, 1223),
(1287, 193, 1224),
(1288, 193, 1225),
(1289, 193, 1226),
(1290, 193, 1227),
(1291, 193, 1228),
(1292, 193, 1229),
(1293, 193, 1230),
(1294, 193, 1231),
(1295, 193, 1232),
(1296, 193, 1233),
(1297, 193, 1234),
(1298, 193, 1235),
(1299, 193, 1236),
(1300, 193, 1237),
(1301, 193, 1238),
(1302, 193, 1239),
(1303, 193, 1240),
(1304, 193, 1241),
(1305, 193, 1242),
(1306, 193, 1243),
(1307, 193, 1244),
(1308, 193, 1245),
(1309, 193, 1246),
(1310, 193, 1247),
(1311, 193, 1248),
(1312, 193, 1249),
(1313, 193, 1250),
(1314, 193, 1251),
(1315, 193, 1252),
(1316, 193, 1253),
(1317, 193, 1254),
(1318, 193, 1255),
(1319, 193, 1256),
(1320, 193, 1257),
(1321, 193, 1258),
(1322, 193, 1259),
(1323, 193, 1260),
(1324, 193, 1261),
(1325, 193, 1262),
(1326, 193, 1263),
(1327, 193, 1264),
(1328, 193, 1265),
(1329, 193, 1266),
(1330, 193, 1267),
(1331, 193, 1268),
(1332, 193, 1269),
(1333, 193, 1270),
(1334, 193, 1271),
(1335, 193, 1272),
(1336, 193, 1273),
(1337, 193, 1274),
(1338, 193, 1275),
(1339, 193, 1276),
(1340, 193, 1277),
(1341, 193, 1278),
(1342, 193, 1279),
(1343, 193, 1280),
(1344, 193, 1281),
(1345, 193, 1282),
(1346, 193, 1283),
(1347, 193, 1284),
(1348, 193, 1285),
(1349, 193, 1286),
(1350, 193, 1287),
(1351, 193, 1288),
(1352, 193, 1289),
(1353, 193, 1290),
(1354, 193, 1291),
(1355, 193, 1292),
(1356, 193, 1293),
(1357, 193, 1294),
(1358, 193, 1295),
(1359, 193, 1296),
(1360, 193, 1297),
(1361, 193, 1298),
(1362, 193, 1299),
(1363, 193, 1300),
(1364, 193, 1301),
(1365, 193, 1302),
(1366, 193, 1303),
(1367, 193, 1304),
(1368, 193, 1305),
(1369, 193, 1306),
(1370, 193, 1307),
(1371, 193, 1308),
(1372, 193, 1309),
(1373, 193, 1310),
(1374, 193, 1311),
(1375, 193, 1312),
(1376, 193, 1313),
(1377, 193, 1314),
(1378, 193, 1315),
(1379, 193, 1316),
(1380, 193, 1317),
(1381, 193, 1318),
(1382, 193, 1319),
(1383, 193, 1320),
(1384, 193, 1321),
(1385, 193, 1322),
(1386, 193, 1323),
(1387, 193, 1324),
(1388, 193, 1325),
(1389, 193, 1326),
(1390, 193, 1327),
(1391, 193, 1328),
(1392, 193, 1329),
(1393, 193, 1330),
(1394, 193, 1331),
(1395, 193, 1332),
(1396, 193, 1333),
(1397, 193, 1334),
(1398, 193, 1335),
(1399, 193, 1336),
(1400, 193, 1337),
(1401, 193, 1338),
(1402, 193, 1339),
(1403, 193, 1340),
(1404, 193, 1341),
(1405, 193, 1342),
(1406, 193, 1343),
(1407, 193, 1344),
(1408, 193, 1345),
(1409, 193, 1346),
(1410, 193, 1347),
(1411, 193, 1348),
(1412, 193, 1349),
(1413, 193, 1350),
(1414, 193, 1351),
(1415, 193, 1352),
(1416, 193, 1353),
(1417, 193, 1354),
(1418, 193, 1355),
(1419, 193, 1356),
(1420, 193, 1357),
(1421, 193, 1358),
(1422, 193, 1359),
(1423, 193, 1360),
(1424, 193, 1361),
(1425, 193, 1362),
(1426, 193, 1363),
(1427, 193, 1364),
(1428, 193, 1365),
(1429, 193, 1366),
(1430, 193, 1367),
(1431, 193, 1368),
(1432, 193, 1369),
(1433, 193, 1370),
(1434, 193, 1371),
(1435, 193, 1372),
(1436, 193, 1373),
(1437, 193, 1374),
(1438, 193, 1375),
(1439, 193, 1376),
(1440, 193, 1377),
(1441, 193, 1378),
(1442, 193, 1379),
(1443, 193, 1380),
(1444, 193, 1381),
(1445, 193, 1382),
(1446, 193, 1383),
(1447, 193, 1384),
(1448, 193, 1385),
(1449, 193, 1386),
(1450, 193, 1387),
(1451, 193, 1388),
(1452, 193, 1389),
(1453, 193, 1390),
(1454, 193, 1391),
(1455, 193, 1392),
(1456, 193, 1393),
(1457, 193, 1394),
(1458, 193, 1395),
(1459, 193, 1396),
(1460, 193, 1397),
(1461, 193, 1398),
(1462, 193, 1399),
(1463, 193, 1400),
(1464, 193, 1401),
(1465, 193, 1402),
(1466, 193, 1403),
(1467, 193, 1404),
(1468, 193, 1405),
(1469, 193, 1406),
(1470, 193, 1407),
(1471, 193, 1408),
(1472, 193, 1409),
(1473, 193, 1410),
(1474, 193, 1411),
(1475, 193, 1412),
(1476, 193, 1413),
(1477, 193, 1414),
(1478, 193, 1415),
(1479, 193, 1416),
(1480, 193, 1417),
(1481, 193, 1418),
(1482, 193, 1419),
(1483, 193, 1420),
(1484, 193, 1421),
(1485, 193, 1422),
(1486, 193, 1423),
(1487, 193, 1424),
(1488, 193, 1425),
(1489, 193, 1426),
(1490, 193, 1427),
(1491, 193, 1428),
(1492, 193, 1429),
(1493, 193, 1430),
(1494, 193, 1431),
(1495, 193, 1432),
(1496, 193, 1433),
(1497, 193, 1434),
(1498, 193, 1435),
(1499, 193, 1436),
(1500, 193, 1437),
(1501, 193, 1438),
(1502, 193, 1439),
(1503, 193, 1440),
(1504, 193, 1441),
(1505, 193, 1442),
(1506, 193, 1443),
(1507, 193, 1444),
(1508, 193, 1445),
(1509, 193, 1446),
(1510, 193, 1447),
(1511, 193, 1448),
(1512, 193, 1449),
(1513, 193, 1450),
(1514, 193, 1451),
(1515, 193, 1452),
(1516, 193, 1453),
(1517, 193, 1454),
(1518, 193, 1455),
(1519, 193, 1456),
(1520, 193, 1457),
(1521, 193, 1458),
(1522, 193, 1459),
(1523, 193, 1460),
(1524, 193, 1461),
(1525, 193, 1462),
(1526, 193, 1463),
(1527, 193, 1464),
(1528, 193, 1465),
(1529, 193, 1466),
(1530, 193, 1467),
(1531, 193, 1468),
(1532, 193, 1469),
(1533, 193, 1470),
(1534, 193, 1471),
(1535, 193, 1472),
(1536, 193, 1473),
(1537, 193, 1474),
(1538, 193, 1475),
(1539, 193, 1476),
(1540, 193, 1477),
(1541, 193, 1478),
(1542, 193, 1479),
(1543, 193, 1480),
(1544, 193, 1481),
(1545, 193, 1482),
(1546, 193, 1483),
(1547, 193, 1484),
(1548, 193, 1485),
(1549, 193, 1486),
(1550, 193, 1487),
(1551, 193, 1488),
(1552, 193, 1489),
(1553, 193, 1490),
(1554, 193, 1491),
(1555, 193, 1492),
(1556, 193, 1493),
(1557, 193, 1494),
(1558, 193, 1495),
(1559, 193, 1496),
(1560, 193, 1497),
(1561, 193, 1498),
(1562, 193, 1499),
(1563, 193, 1500),
(1564, 193, 1501),
(1565, 193, 1502),
(1566, 193, 1503),
(1567, 193, 1504),
(1568, 193, 1505),
(1569, 193, 1506),
(1570, 193, 1507),
(1571, 193, 1508),
(1572, 193, 1509),
(1573, 193, 1510),
(1574, 193, 1511),
(1575, 193, 1512),
(1576, 193, 1513),
(1577, 193, 1514),
(1578, 193, 1515),
(1579, 193, 1516),
(1580, 193, 1517),
(1581, 193, 1518),
(1582, 193, 1519),
(1583, 193, 1520),
(1584, 193, 1521),
(1585, 193, 1522),
(1586, 193, 1523),
(1587, 193, 1524),
(1588, 193, 1525),
(1589, 193, 1526),
(1590, 193, 1527),
(1591, 193, 1528),
(1592, 193, 1529),
(1593, 193, 1530),
(1594, 193, 1531),
(1595, 193, 1532),
(1596, 193, 1533),
(1597, 193, 1534),
(1598, 193, 1535),
(1599, 193, 1536),
(1600, 193, 1537),
(1601, 193, 1538),
(1602, 193, 1539),
(1603, 193, 1540),
(1604, 193, 1541),
(1605, 193, 1542),
(1606, 193, 1543),
(1607, 193, 1544),
(1608, 193, 1545),
(1609, 193, 1546),
(1610, 193, 1547),
(1611, 193, 1548),
(1612, 193, 1549),
(1613, 193, 1550),
(1614, 193, 1551),
(1615, 193, 1552),
(1616, 193, 1553),
(1617, 193, 1554),
(1618, 193, 1555),
(1619, 193, 1556),
(1620, 193, 1557),
(1621, 193, 1558),
(1622, 193, 1559),
(1623, 193, 1560),
(1624, 193, 1561),
(1625, 193, 1562),
(1626, 193, 1563),
(1627, 193, 1564),
(1628, 193, 1565),
(1629, 193, 1566),
(1630, 193, 1567),
(1631, 193, 1568),
(1632, 193, 1569),
(1633, 193, 1570),
(1634, 193, 1571),
(1635, 193, 1572),
(1636, 193, 1573),
(1637, 193, 1574),
(1638, 193, 1575),
(1639, 193, 1576),
(1640, 193, 1577),
(1641, 193, 1578),
(1642, 193, 1579),
(1643, 193, 1580),
(1644, 193, 1581),
(1645, 193, 1582),
(1646, 193, 1583),
(1647, 193, 1584),
(1648, 193, 1585),
(1649, 193, 1586),
(1650, 193, 1587),
(1651, 193, 1588),
(1652, 193, 1589),
(1653, 193, 1590),
(1654, 193, 1591),
(1655, 193, 1592),
(1656, 193, 1593),
(1657, 193, 1594),
(1658, 193, 1595),
(1659, 193, 1596),
(1660, 193, 1597),
(1661, 193, 1598),
(1662, 193, 1599),
(1663, 193, 1600),
(1664, 193, 1601),
(1665, 193, 1602),
(1666, 193, 1603),
(1667, 193, 1604),
(1668, 193, 1605),
(1669, 193, 1606),
(1670, 193, 1607),
(1671, 193, 1608),
(1672, 193, 1609),
(1673, 193, 1610),
(1674, 193, 1611),
(1675, 193, 1612),
(1676, 193, 1613),
(1677, 193, 1614),
(1678, 193, 1615),
(1679, 193, 1616),
(1680, 193, 1617),
(1681, 193, 1618),
(1682, 193, 1619),
(1683, 193, 1620),
(1684, 193, 1621),
(1685, 193, 1622),
(1686, 193, 1623),
(1687, 193, 1624),
(1688, 193, 1625),
(1689, 193, 1626),
(1690, 193, 1627),
(1691, 193, 1628),
(1692, 193, 1629),
(1693, 193, 1630),
(1694, 193, 1631),
(1695, 193, 1632),
(1696, 193, 1633),
(1697, 193, 1634),
(1698, 193, 1635),
(1699, 193, 1636),
(1700, 193, 1637),
(1701, 193, 1638),
(1702, 193, 1639),
(1703, 193, 1640),
(1704, 193, 1641),
(1705, 193, 1642),
(1706, 193, 1643),
(1707, 193, 1644),
(1708, 193, 1645),
(1709, 193, 1646),
(1710, 193, 1647),
(1711, 193, 1648),
(1712, 193, 1649),
(1713, 193, 1650),
(1714, 193, 1651),
(1715, 193, 1652),
(1716, 193, 1653),
(1717, 193, 1654),
(1718, 193, 1655),
(1719, 193, 1656),
(1720, 193, 1657),
(1721, 193, 1658),
(1722, 193, 1659),
(1723, 193, 1660),
(1724, 193, 1661),
(1725, 193, 1662),
(1726, 193, 1663),
(1727, 193, 1664),
(1728, 193, 1665),
(1729, 193, 1666),
(1730, 193, 1667),
(1731, 193, 1668),
(1732, 193, 1669),
(1733, 193, 1670),
(1734, 193, 1671),
(1735, 193, 1672),
(1736, 193, 1673),
(1737, 193, 1674),
(1738, 193, 1675),
(1739, 193, 1676),
(1740, 193, 1677),
(1741, 193, 1678),
(1742, 193, 1679),
(1743, 193, 1680),
(1744, 193, 1681),
(1745, 193, 1682),
(1746, 193, 1683),
(1747, 193, 1684),
(1748, 193, 1685),
(1749, 193, 1686),
(1750, 193, 1687),
(1751, 193, 1688),
(1752, 193, 1689),
(1753, 193, 1690),
(1754, 193, 1691),
(1755, 193, 1692),
(1756, 193, 1693),
(1757, 193, 1694),
(1758, 193, 1695),
(1759, 193, 1696),
(1760, 193, 1697),
(1761, 193, 1698),
(1762, 193, 1699),
(1763, 193, 1700),
(1764, 193, 1701),
(1765, 193, 1702),
(1766, 193, 1703),
(1767, 193, 1704),
(1768, 193, 1705),
(1769, 193, 1706),
(1770, 193, 1707),
(1771, 193, 1708),
(1772, 193, 1709),
(1773, 193, 1710),
(1774, 193, 1711),
(1775, 193, 1712),
(1776, 193, 1713),
(1777, 193, 1714),
(1778, 193, 1715),
(1779, 193, 1716),
(1780, 193, 1717),
(1781, 193, 1718),
(1782, 193, 1719),
(1783, 193, 1720),
(1784, 193, 1721),
(1785, 193, 1722),
(1786, 193, 1723),
(1787, 193, 1724),
(1788, 193, 1725),
(1789, 193, 1726),
(1790, 193, 1727),
(1791, 193, 1728),
(1792, 193, 1729),
(1793, 193, 1730),
(1794, 193, 1731),
(1795, 193, 1732),
(1796, 193, 1733),
(1797, 193, 1734),
(1798, 193, 1735),
(1799, 193, 1736),
(1800, 193, 1737),
(1801, 193, 1738),
(1802, 193, 1739),
(1803, 193, 1740),
(1804, 193, 1741),
(1805, 193, 1742),
(1806, 193, 1743),
(1807, 193, 1744),
(1808, 193, 1745),
(1809, 193, 1746),
(1810, 193, 1747),
(1811, 193, 1748),
(1812, 193, 1749),
(1813, 193, 1750),
(1814, 193, 1751),
(1815, 193, 1752),
(1816, 193, 1753),
(1817, 193, 1754),
(1818, 193, 1755),
(1819, 193, 1756),
(1820, 193, 1757),
(1821, 193, 1758),
(1822, 193, 1759),
(1823, 193, 1760),
(1824, 193, 1761),
(1825, 193, 1762),
(1826, 193, 1763),
(1827, 193, 1764),
(1828, 193, 1765),
(1829, 193, 1766),
(1830, 193, 1767),
(1831, 193, 1768),
(1832, 193, 1769),
(1833, 193, 1770),
(1834, 193, 1771),
(1835, 193, 1772),
(1836, 193, 1773),
(1837, 193, 1774),
(1838, 193, 1775),
(1839, 193, 1776),
(1840, 193, 1777),
(1841, 193, 1778),
(1842, 193, 1779),
(1843, 193, 1780),
(1844, 193, 1781),
(1845, 193, 1782),
(1846, 193, 1783),
(1847, 193, 1784),
(1848, 193, 1785),
(1849, 193, 1786),
(1850, 193, 1787),
(1851, 193, 1788),
(1852, 193, 1789),
(1853, 193, 1790),
(1854, 193, 1791),
(1855, 193, 1792),
(1856, 193, 1793),
(1857, 193, 1794),
(1858, 193, 1795),
(1859, 193, 1796),
(1860, 193, 1797),
(1861, 193, 1798),
(1862, 193, 1799),
(1863, 193, 1800),
(1864, 193, 1801),
(1865, 193, 1802),
(1866, 193, 1803),
(1867, 193, 1804),
(1868, 193, 1805),
(1869, 193, 1806),
(1870, 193, 1807),
(1871, 193, 1808),
(1872, 193, 1809),
(1873, 193, 1810),
(1874, 193, 1811),
(1875, 193, 1812),
(1876, 193, 1813),
(1877, 193, 1814),
(1878, 193, 1815),
(1879, 193, 1816),
(1880, 193, 1817),
(1881, 193, 1818),
(1882, 193, 1819),
(1883, 193, 1820),
(1884, 193, 1821),
(1885, 193, 1822),
(1886, 193, 1823),
(1887, 193, 1824),
(1888, 193, 1825),
(1889, 193, 1826),
(1890, 193, 1827),
(1891, 193, 1828),
(1892, 193, 1829),
(1893, 193, 1830),
(1894, 193, 1831),
(1895, 193, 1832),
(1896, 193, 1833),
(1897, 193, 1834),
(1898, 193, 1835),
(1899, 193, 1836),
(1900, 193, 1837),
(1901, 193, 1838),
(1902, 193, 1839),
(1903, 193, 1840),
(1904, 193, 1841),
(1905, 193, 1842),
(1906, 193, 1843),
(1907, 193, 1844),
(1908, 193, 1845),
(1909, 193, 1846),
(1910, 193, 1847),
(1911, 193, 1848),
(1912, 193, 1849),
(1913, 193, 1850),
(1914, 193, 1851),
(1915, 193, 1852),
(1916, 193, 1853),
(1917, 193, 1854),
(1918, 193, 1855),
(1919, 193, 1856),
(1920, 193, 1857),
(1921, 193, 1858),
(1922, 193, 1859),
(1923, 193, 1860),
(1924, 193, 1861),
(1925, 193, 1862),
(1926, 193, 1863),
(1927, 193, 1864),
(1928, 193, 1865),
(1929, 193, 1866),
(1930, 193, 1867),
(1931, 193, 1868),
(1932, 193, 1869),
(1933, 193, 1870),
(1934, 193, 1871),
(1935, 193, 1872),
(1936, 193, 1873),
(1937, 193, 1874),
(1938, 193, 1875),
(1939, 193, 1876),
(1940, 193, 1877),
(1941, 193, 1878),
(1942, 193, 1879),
(1943, 193, 1880),
(1944, 193, 1881),
(1945, 193, 1882),
(1946, 193, 1883),
(1947, 193, 1884),
(1948, 193, 1885),
(1949, 193, 1886),
(1950, 193, 1887),
(1951, 193, 1888),
(1952, 193, 1889),
(1953, 193, 1890),
(1954, 193, 1891),
(1955, 193, 1892),
(1956, 193, 1893),
(1957, 193, 1894),
(1958, 193, 1895),
(1959, 193, 1896),
(1960, 193, 1897),
(1961, 193, 1898),
(1962, 193, 1899),
(1963, 193, 1900),
(1964, 193, 1901),
(1965, 193, 1902),
(1966, 193, 1903),
(1967, 193, 1904),
(1968, 193, 1905),
(1969, 193, 1906),
(1970, 193, 1907),
(1971, 193, 1908),
(1972, 193, 1909),
(1973, 193, 1910),
(1974, 193, 1911),
(1975, 193, 1912),
(1976, 193, 1913),
(1977, 193, 1914),
(1978, 193, 1915),
(1979, 193, 1916),
(1980, 193, 1917),
(1981, 193, 1918),
(1982, 193, 1919),
(1983, 193, 1920),
(1984, 193, 1921),
(1985, 193, 1922),
(1986, 193, 1923),
(1987, 193, 1924),
(1988, 193, 1925),
(1989, 193, 1926),
(1990, 193, 1927),
(1991, 193, 1928),
(1992, 193, 1929),
(1993, 193, 1930),
(1994, 193, 1931),
(1995, 193, 1932),
(1996, 193, 1933),
(1997, 193, 1934),
(1998, 193, 1935),
(1999, 193, 1936),
(2000, 193, 1937),
(2001, 193, 1938),
(2002, 193, 1939),
(2003, 193, 1940),
(2004, 193, 1941),
(2005, 193, 1942),
(2006, 193, 1943),
(2007, 193, 1944),
(2008, 193, 1945),
(2009, 193, 1946),
(2010, 193, 1947),
(2011, 193, 1948),
(2012, 193, 1949),
(2013, 193, 1950),
(2014, 193, 1951),
(2015, 193, 1952),
(2016, 193, 1953),
(2017, 193, 1954),
(2018, 193, 1955),
(2019, 193, 1956),
(2020, 193, 1957),
(2021, 193, 1958),
(2022, 193, 1959),
(2023, 193, 1960),
(2024, 193, 1961),
(2025, 193, 1962),
(2026, 193, 1963),
(2027, 193, 1964),
(2028, 193, 1965),
(2029, 193, 1966),
(2030, 193, 1967),
(2031, 193, 1968),
(2032, 193, 1969),
(2033, 193, 1970),
(2034, 193, 1971),
(2035, 193, 1972),
(2036, 193, 1973),
(2037, 193, 1974),
(2038, 193, 1975),
(2039, 193, 1976),
(2040, 193, 1977),
(2041, 193, 1978),
(2042, 193, 1979),
(2043, 193, 1980),
(2044, 193, 1981),
(2045, 193, 1982),
(2046, 193, 1983),
(2047, 193, 1984),
(2048, 193, 1985),
(2049, 193, 1986),
(2050, 193, 1987),
(2051, 193, 1988),
(2052, 193, 1989),
(2053, 193, 1990),
(2054, 193, 1991),
(2055, 193, 1992),
(2056, 193, 1993),
(2057, 193, 1994),
(2058, 193, 1995),
(2059, 193, 1996),
(2060, 193, 1997),
(2061, 193, 1998),
(2062, 193, 1999),
(2063, 193, 2000),
(2064, 193, 2001),
(2065, 193, 2002),
(2066, 193, 2003),
(2067, 193, 2004),
(2068, 193, 2005),
(2069, 193, 2006),
(2070, 193, 2007),
(2071, 193, 2008),
(2072, 193, 2009),
(2073, 193, 2010),
(2074, 193, 2011),
(2075, 193, 2012),
(2076, 193, 2013),
(2077, 193, 2014),
(2078, 193, 2015),
(2079, 193, 2016),
(2080, 193, 2017),
(2081, 193, 2018),
(2082, 193, 2019),
(2083, 193, 2020),
(2084, 193, 2021),
(2085, 193, 2022),
(2086, 193, 2023),
(2087, 193, 2024),
(2088, 193, 2025),
(2089, 193, 2026),
(2090, 193, 2027),
(2091, 193, 2028),
(2092, 193, 2029),
(2093, 193, 2030),
(2094, 193, 2031),
(2095, 193, 2032),
(2096, 193, 2033),
(2097, 193, 2034),
(2098, 193, 2035),
(2099, 193, 2036),
(2100, 193, 2037),
(2101, 193, 2038),
(2102, 193, 2039),
(2103, 193, 2040),
(2104, 193, 2041),
(2105, 193, 2042),
(2106, 193, 2043),
(2107, 193, 2044),
(2108, 193, 2045),
(2109, 193, 2046),
(2110, 193, 2047),
(2111, 193, 2048),
(2112, 193, 2049),
(2113, 193, 2050),
(2114, 193, 2051),
(2115, 193, 2052),
(2116, 193, 2053),
(2117, 193, 2054),
(2118, 193, 2055),
(2119, 193, 2056),
(2120, 193, 2057),
(2121, 193, 2058),
(2122, 193, 2059),
(2123, 193, 2060),
(2124, 193, 2061),
(2125, 193, 2062),
(2126, 193, 2063),
(2127, 193, 2064),
(2128, 193, 2065),
(2129, 193, 2066),
(2130, 193, 2067),
(2131, 193, 2068),
(2132, 193, 2069),
(2133, 193, 2070),
(2134, 193, 2071),
(2135, 193, 2072),
(2136, 193, 2073),
(2137, 193, 2074),
(2138, 193, 2075),
(2139, 193, 2076),
(2140, 193, 2077),
(2141, 193, 2078),
(2142, 193, 2079),
(2143, 193, 2080),
(2144, 193, 2081),
(2145, 193, 2082),
(2146, 193, 2083),
(2147, 193, 2084),
(2148, 193, 2085),
(2149, 193, 2086),
(2150, 193, 2087),
(2151, 193, 2088),
(2152, 193, 2089),
(2153, 193, 2090),
(2154, 193, 2091),
(2155, 193, 2092),
(2156, 193, 2093),
(2157, 193, 2094),
(2158, 193, 2095),
(2159, 193, 2096),
(2160, 193, 2097),
(2161, 193, 2098),
(2162, 193, 2099),
(2163, 193, 2100),
(2164, 193, 2101),
(2165, 193, 2102),
(2166, 193, 2103),
(2167, 193, 2104),
(2168, 193, 2105),
(2169, 193, 2106),
(2170, 193, 2107),
(2171, 193, 2108),
(2172, 193, 2109),
(2173, 193, 2110),
(2174, 193, 2111),
(2175, 193, 2112),
(2176, 193, 2113),
(2177, 193, 2114),
(2178, 193, 2115),
(2179, 193, 2116),
(2180, 193, 2117),
(2181, 193, 2118),
(2182, 193, 2119),
(2183, 193, 2120),
(2184, 193, 2121),
(2185, 193, 2122),
(2186, 193, 2123),
(2187, 193, 2124),
(2188, 193, 2125),
(2189, 193, 2126),
(2190, 193, 2127),
(2191, 193, 2128),
(2192, 193, 2129),
(2193, 193, 2130),
(2194, 193, 2131),
(2195, 193, 2132),
(2196, 193, 2133),
(2197, 193, 2134),
(2198, 193, 2135),
(2199, 193, 2136),
(2200, 193, 2137),
(2201, 193, 2138),
(2202, 193, 2139),
(2203, 193, 2140),
(2204, 193, 2141),
(2205, 193, 2142),
(2206, 193, 2143),
(2207, 193, 2144),
(2208, 193, 2145),
(2209, 193, 2146),
(2210, 193, 2147),
(2211, 193, 2148),
(2212, 193, 2149),
(2213, 193, 2150),
(2214, 193, 2151),
(2215, 193, 2152),
(2216, 193, 2153),
(2217, 193, 2154),
(2218, 193, 2155),
(2219, 193, 2156),
(2220, 193, 2157),
(2221, 193, 2158),
(2222, 193, 2159),
(2223, 193, 2160),
(2224, 193, 2161),
(2225, 193, 2162),
(2226, 193, 2163),
(2227, 193, 2164),
(2228, 193, 2165),
(2229, 193, 2166),
(2230, 193, 2167),
(2231, 193, 2168),
(2232, 193, 2169),
(2233, 193, 2170),
(2234, 193, 2171),
(2235, 193, 2172),
(2236, 193, 2173),
(2237, 193, 2174),
(2238, 193, 2175),
(2239, 193, 2176),
(2240, 193, 2177),
(2241, 193, 2178),
(2242, 193, 2179),
(2243, 193, 2180),
(2244, 193, 2181),
(2245, 193, 2182),
(2246, 193, 2183),
(2247, 193, 2184),
(2248, 193, 2185),
(2249, 193, 2186),
(2250, 193, 2187),
(2251, 193, 2188),
(2252, 193, 2189),
(2253, 193, 2190),
(2254, 193, 2191),
(2255, 193, 2192),
(2256, 193, 2193),
(2257, 193, 2194),
(2258, 193, 2195),
(2259, 193, 2196),
(2260, 193, 2197),
(2261, 193, 2198),
(2262, 193, 2199),
(2263, 193, 2200),
(2264, 193, 2201),
(2265, 193, 2202),
(2266, 193, 2203),
(2267, 193, 2204),
(2268, 193, 2205),
(2269, 193, 2206),
(2270, 193, 2207),
(2271, 193, 2208),
(2272, 193, 2209),
(2273, 193, 2210),
(2274, 193, 2211),
(2275, 193, 2212),
(2276, 193, 2213),
(2277, 193, 2214),
(2278, 193, 2215),
(2279, 193, 2216),
(2280, 193, 2217),
(2281, 193, 2218),
(2282, 193, 2219),
(2283, 193, 2220),
(2284, 193, 2221),
(2285, 193, 2222),
(2286, 193, 2223),
(2287, 193, 2224),
(2288, 193, 2225),
(2289, 193, 2226),
(2290, 193, 2227),
(2291, 193, 2228),
(2292, 193, 2229),
(2293, 193, 2230),
(2294, 193, 2231),
(2295, 193, 2232),
(2296, 193, 2233),
(2297, 193, 2234),
(2298, 193, 2235),
(2299, 193, 2236),
(2300, 193, 2237),
(2301, 193, 2238),
(2302, 193, 2239),
(2303, 193, 2240),
(2304, 193, 2241),
(2305, 193, 2242),
(2306, 193, 2243),
(2307, 193, 2244),
(2308, 193, 2245),
(2309, 193, 2246),
(2310, 193, 2247),
(2311, 193, 2248),
(2312, 193, 2249),
(2313, 193, 2250),
(2314, 193, 2251),
(2315, 193, 2252),
(2316, 193, 2253),
(2317, 193, 2254),
(2318, 193, 2255),
(2319, 193, 2256),
(2320, 193, 2257),
(2321, 193, 2258),
(2322, 193, 2259),
(2323, 193, 2260),
(2324, 193, 2261),
(2325, 193, 2262),
(2326, 193, 2263),
(2327, 193, 2264),
(2328, 193, 2265),
(2329, 193, 2266),
(2330, 193, 2267),
(2331, 193, 2268),
(2332, 193, 2269),
(2333, 193, 2270),
(2334, 193, 2271),
(2335, 193, 2272),
(2336, 193, 2273),
(2337, 193, 2274),
(2338, 193, 2275),
(2339, 193, 2276),
(2340, 193, 2277),
(2341, 193, 2278),
(2342, 193, 2279),
(2343, 193, 2280),
(2344, 193, 2281),
(2345, 193, 2282),
(2346, 193, 2283),
(2347, 193, 2284),
(2348, 193, 2285),
(2349, 193, 2286),
(2350, 193, 2287),
(2351, 193, 2288),
(2352, 193, 2289),
(2353, 193, 2290),
(2354, 193, 2291),
(2355, 193, 2292),
(2356, 193, 2293),
(2357, 193, 2294),
(2358, 193, 2295),
(2359, 193, 2296),
(2360, 193, 2297),
(2361, 193, 2298),
(2362, 193, 2299),
(2363, 193, 2300),
(2364, 193, 2301),
(2365, 193, 2302),
(2366, 193, 2303),
(2367, 193, 2304),
(2368, 193, 2305),
(2369, 193, 2306),
(2370, 193, 2307),
(2371, 193, 2308),
(2372, 193, 2309),
(2373, 193, 2310),
(2374, 193, 2311),
(2375, 193, 2312),
(2376, 193, 2313),
(2377, 193, 2314),
(2378, 193, 2315),
(2379, 193, 2316),
(2380, 193, 2317),
(2381, 193, 2318),
(2382, 193, 2319),
(2383, 193, 2320),
(2384, 193, 2321),
(2385, 193, 2322),
(2386, 193, 2323),
(2387, 193, 2324),
(2388, 193, 2325),
(2389, 193, 2326),
(2390, 193, 2327),
(2391, 193, 2328),
(2392, 193, 2329),
(2393, 193, 2330),
(2394, 193, 2331),
(2395, 193, 2332),
(2396, 193, 2333),
(2397, 193, 2334),
(2398, 193, 2335),
(2399, 193, 2336),
(2400, 193, 2337),
(2401, 193, 2338),
(2402, 193, 2339),
(2403, 193, 2340),
(2404, 193, 2341),
(2405, 193, 2342),
(2406, 193, 2343),
(2407, 193, 2344),
(2408, 193, 2345),
(2409, 193, 2346),
(2410, 193, 2347),
(2411, 193, 2348),
(2412, 193, 2349),
(2413, 193, 2350),
(2414, 193, 2351),
(2415, 193, 2352),
(2416, 193, 2353),
(2417, 193, 2354),
(2418, 193, 2355),
(2419, 193, 2356),
(2420, 193, 2357),
(2421, 193, 2358),
(2422, 193, 2359),
(2423, 193, 2360),
(2424, 193, 2361),
(2425, 193, 2362),
(2426, 193, 2363),
(2427, 193, 2364),
(2428, 193, 2365),
(2429, 193, 2366),
(2430, 193, 2367),
(2431, 193, 2368),
(2432, 193, 2369),
(2433, 193, 2370),
(2434, 193, 2371),
(2435, 193, 2372),
(2436, 193, 2373),
(2437, 193, 2374),
(2438, 193, 2375),
(2439, 193, 2376),
(2440, 193, 2377),
(2441, 193, 2378),
(2442, 193, 2379),
(2443, 193, 2380),
(2444, 193, 2381),
(2445, 193, 2382),
(2446, 193, 2383),
(2447, 193, 2384),
(2448, 193, 2385),
(2449, 193, 2386),
(2450, 193, 2387),
(2451, 193, 2388),
(2452, 193, 2389),
(2453, 193, 2390),
(2454, 193, 2391),
(2455, 193, 2392),
(2456, 193, 2393),
(2457, 193, 2394),
(2458, 193, 2395),
(2459, 193, 2396),
(2460, 193, 2397),
(2461, 193, 2398),
(2462, 193, 2399),
(2463, 193, 2400),
(2464, 193, 2401),
(2465, 193, 2402),
(2466, 193, 2403),
(2467, 193, 2404),
(2468, 193, 2405),
(2469, 193, 2406),
(2470, 193, 2407),
(2471, 193, 2408),
(2472, 193, 2409),
(2473, 193, 2410),
(2474, 193, 2411),
(2475, 193, 2412),
(2476, 193, 2413),
(2477, 193, 2414),
(2478, 193, 2415),
(2479, 193, 2416),
(2480, 193, 2417),
(2481, 193, 2418),
(2482, 193, 2419),
(2483, 193, 2420),
(2484, 193, 2421),
(2485, 193, 2422),
(2486, 193, 2423),
(2487, 193, 2424),
(2488, 193, 2425),
(2489, 193, 2426),
(2490, 193, 2427),
(2491, 193, 2428),
(2492, 193, 2429),
(2493, 193, 2430),
(2494, 193, 2431),
(2495, 193, 2432),
(2496, 193, 2433),
(2497, 193, 2434),
(2498, 193, 2435),
(2499, 193, 2436),
(2500, 193, 2437),
(2501, 193, 2438),
(2502, 193, 2439),
(2503, 193, 2440),
(2504, 193, 2441),
(2505, 193, 2442),
(2506, 193, 2443),
(2507, 193, 2444),
(2508, 193, 2445),
(2509, 193, 2446),
(2510, 193, 2447),
(2511, 193, 2448),
(2512, 193, 2449),
(2513, 193, 2450),
(2514, 193, 2451),
(2515, 193, 2452),
(2516, 193, 2453),
(2517, 193, 2454),
(2518, 193, 2455),
(2519, 193, 2456),
(2520, 193, 2457),
(2521, 193, 2458),
(2522, 193, 2459),
(2523, 193, 2460),
(2524, 193, 2461),
(2525, 193, 2462),
(2526, 193, 2463),
(2527, 193, 2464),
(2528, 193, 2465),
(2529, 193, 2466),
(2530, 193, 2467),
(2531, 193, 2468),
(2532, 193, 2469),
(2533, 193, 2470),
(2534, 193, 2471),
(2535, 193, 2472),
(2536, 193, 2473),
(2537, 193, 2474),
(2538, 193, 2475),
(2539, 193, 2476),
(2540, 193, 2477),
(2541, 193, 2478),
(2542, 193, 2479),
(2543, 193, 2480),
(2544, 193, 2481),
(2545, 193, 2482),
(2546, 193, 2483),
(2547, 193, 2484),
(2548, 193, 2485),
(2549, 193, 2486),
(2550, 193, 2487),
(2551, 193, 2488),
(2552, 193, 2489),
(2553, 193, 2490),
(2554, 193, 2491),
(2555, 193, 2492),
(2556, 193, 2493),
(2557, 193, 2494),
(2558, 193, 2495),
(2559, 193, 2496),
(2560, 193, 2497),
(2561, 193, 2498),
(2562, 193, 2499),
(2563, 193, 2500),
(2564, 193, 2501),
(2565, 193, 2502),
(2566, 193, 2503),
(2567, 193, 2504),
(2568, 193, 2505),
(2569, 193, 2506),
(2570, 193, 2507),
(2571, 193, 2508),
(2572, 193, 2509),
(2573, 193, 2510),
(2574, 193, 2511),
(2575, 193, 2512),
(2576, 193, 2513),
(2577, 193, 2514),
(2578, 193, 2515),
(2579, 193, 2516),
(2580, 193, 2517),
(2581, 193, 2518),
(2582, 193, 2519),
(2583, 193, 2520),
(2584, 193, 2521),
(2585, 193, 2522),
(2586, 193, 2523),
(2587, 193, 2524),
(2588, 193, 2525),
(2589, 193, 2526),
(2590, 193, 2527),
(2591, 193, 2528),
(2592, 193, 2529),
(2593, 193, 2530),
(2594, 193, 2531),
(2595, 193, 2532),
(2596, 193, 2533),
(2597, 193, 2534),
(2598, 193, 2535),
(2599, 193, 2536),
(2600, 193, 2537),
(2601, 193, 2538),
(2602, 193, 2539),
(2603, 193, 2540),
(2604, 193, 2541),
(2605, 193, 2542),
(2606, 193, 2543),
(2607, 193, 2544),
(2608, 193, 2545),
(2609, 193, 2546),
(2610, 193, 2547),
(2611, 193, 2548),
(2612, 193, 2549),
(2613, 193, 2550),
(2614, 193, 2551),
(2615, 193, 2552),
(2616, 193, 2553),
(2617, 193, 2554),
(2618, 193, 2555),
(2619, 193, 2556),
(2620, 193, 2557),
(2621, 193, 2558),
(2622, 193, 2559),
(2623, 193, 2560),
(2624, 193, 2561),
(2625, 193, 2562),
(2626, 193, 2563),
(2627, 193, 2564),
(2628, 193, 2565),
(2629, 193, 2566),
(2630, 193, 2567),
(2631, 193, 2568),
(2632, 193, 2569),
(2633, 193, 2570),
(2634, 193, 2571),
(2635, 193, 2572),
(2636, 193, 2573),
(2637, 193, 2574),
(2638, 193, 2575),
(2639, 193, 2576),
(2640, 193, 2577),
(2641, 193, 2578),
(2642, 193, 2579),
(2643, 193, 2580),
(2644, 193, 2581),
(2645, 193, 2582),
(2646, 193, 2583),
(2647, 193, 2584),
(2648, 193, 2585),
(2649, 193, 2586),
(2650, 193, 2587),
(2651, 193, 2588),
(2652, 193, 2589),
(2653, 193, 2590),
(2654, 193, 2591),
(2655, 193, 2592),
(2656, 193, 2593),
(2657, 193, 2594),
(2658, 193, 2595),
(2659, 193, 2596),
(2660, 193, 2597),
(2661, 193, 2598),
(2662, 193, 2599),
(2663, 193, 2600),
(2664, 193, 2601),
(2665, 193, 2602),
(2666, 193, 2603),
(2667, 193, 2604),
(2668, 193, 2605),
(2669, 193, 2606),
(2670, 193, 2607),
(2671, 193, 2608),
(2672, 193, 2609),
(2673, 193, 2610),
(2674, 193, 2611),
(2675, 193, 2612),
(2676, 193, 2613),
(2677, 193, 2614),
(2678, 193, 2615),
(2679, 193, 2616),
(2680, 193, 2617),
(2681, 193, 2618),
(2682, 193, 2619),
(2683, 193, 2620),
(2684, 193, 2621),
(2685, 193, 2622),
(2686, 193, 2623),
(2687, 193, 2624),
(2688, 193, 2625),
(2689, 193, 2626),
(2690, 193, 2627),
(2691, 193, 2628),
(2692, 193, 2629),
(2693, 193, 2630),
(2694, 193, 2631),
(2695, 193, 2632),
(2696, 193, 2633),
(2697, 193, 2634),
(2698, 193, 2635),
(2699, 193, 2636),
(2700, 193, 2637),
(2701, 193, 2638),
(2702, 193, 2639),
(2703, 193, 2640),
(2704, 193, 2641),
(2705, 193, 2642),
(2706, 193, 2643),
(2707, 193, 2644),
(2708, 193, 2645),
(2709, 193, 2646),
(2710, 193, 2647),
(2711, 193, 2648),
(2712, 193, 2649),
(2713, 193, 2650),
(2714, 193, 2651),
(2715, 193, 2652),
(2716, 193, 2653),
(2717, 193, 2654),
(2718, 193, 2655),
(2719, 193, 2656),
(2720, 193, 2657),
(2721, 193, 2658),
(2722, 193, 2659),
(2723, 193, 2660),
(2724, 193, 2661),
(2725, 193, 2662),
(2726, 193, 2663),
(2727, 193, 2664),
(2728, 193, 2665),
(2729, 193, 2666),
(2730, 193, 2667),
(2731, 193, 2668),
(2732, 193, 2669),
(2733, 193, 2670),
(2734, 193, 2671),
(2735, 193, 2672),
(2736, 193, 2673),
(2737, 193, 2674),
(2738, 193, 2675),
(2739, 193, 2676),
(2740, 193, 2677),
(2741, 193, 2678),
(2742, 193, 2679),
(2743, 193, 2680),
(2744, 193, 2681),
(2745, 193, 2682),
(2746, 193, 2683),
(2747, 193, 2684),
(2748, 193, 2685),
(2749, 193, 2686),
(2750, 193, 2687),
(2751, 193, 2688),
(2752, 193, 2689),
(2753, 193, 2690),
(2754, 193, 2691),
(2755, 193, 2692),
(2756, 193, 2693),
(2757, 193, 2694),
(2758, 193, 2695),
(2759, 193, 2696),
(2760, 193, 2697),
(2761, 193, 2698),
(2762, 193, 2699),
(2763, 193, 2700),
(2764, 193, 2701),
(2765, 193, 2702),
(2766, 193, 2703),
(2767, 193, 2704),
(2768, 193, 2705),
(2769, 193, 2706),
(2770, 193, 2707),
(2771, 193, 2708),
(2772, 193, 2709),
(2773, 193, 2710),
(2774, 193, 2711),
(2775, 193, 2712),
(2776, 193, 2713),
(2777, 193, 2714),
(2778, 193, 2715),
(2779, 193, 2716),
(2780, 193, 2717),
(2781, 193, 2718),
(2782, 193, 2719),
(2783, 193, 2720),
(2784, 193, 2721),
(2785, 193, 2722),
(2786, 193, 2723),
(2787, 193, 2724),
(2788, 193, 2725),
(2789, 193, 2726),
(2790, 193, 2727),
(2791, 193, 2728),
(2792, 193, 2729),
(2793, 193, 2730),
(2794, 193, 2731),
(2795, 193, 2732),
(2796, 193, 2733),
(2797, 193, 2734),
(2798, 193, 2735),
(2799, 193, 2736),
(2800, 193, 2737),
(2801, 193, 2738),
(2802, 193, 2739),
(2803, 193, 2740),
(2804, 193, 2741),
(2805, 193, 2742),
(2806, 193, 2743),
(2807, 193, 2744),
(2808, 193, 2745),
(2809, 193, 2746),
(2810, 193, 2747),
(2811, 193, 2748),
(2812, 193, 2749),
(2813, 193, 2750),
(2814, 193, 2751),
(2815, 193, 2752),
(2816, 193, 2753),
(2817, 193, 2754),
(2818, 193, 2755),
(2819, 193, 2756),
(2820, 193, 2757),
(2821, 193, 2758),
(2822, 193, 2759),
(2823, 193, 2760),
(2824, 193, 2761),
(2825, 193, 2762),
(2826, 193, 2763),
(2827, 193, 2764),
(2828, 193, 2765),
(2829, 193, 2766),
(2830, 193, 2767),
(2831, 193, 2768),
(2832, 193, 2769),
(2833, 193, 2770),
(2834, 193, 2771),
(2835, 193, 2772),
(2836, 193, 2773),
(2837, 193, 2774),
(2838, 193, 2775),
(2839, 193, 2776),
(2840, 193, 2777),
(2841, 193, 2778),
(2842, 193, 2779),
(2843, 193, 2780),
(2844, 193, 2781),
(2845, 193, 2782),
(2846, 193, 2783),
(2847, 193, 2784),
(2848, 193, 2785),
(2849, 193, 2786),
(2850, 193, 2787),
(2851, 193, 2788),
(2852, 193, 2789),
(2853, 193, 2790),
(2854, 193, 2791),
(2855, 193, 2792),
(2856, 193, 2793),
(2857, 193, 2794),
(2858, 193, 2795),
(2859, 193, 2796),
(2860, 193, 2797),
(2861, 193, 2798),
(2862, 193, 2799),
(2863, 193, 2800),
(2864, 193, 2801),
(2865, 193, 2802),
(2866, 193, 2803),
(2867, 193, 2804),
(2868, 193, 2805),
(2869, 193, 2806),
(2870, 193, 2807),
(2871, 193, 2808),
(2872, 193, 2809),
(2873, 193, 2810),
(2874, 193, 2811),
(2875, 193, 2812),
(2876, 193, 2813),
(2877, 193, 2814),
(2878, 193, 2815),
(2879, 193, 2816),
(2880, 193, 2817),
(2881, 193, 2818),
(2882, 193, 2819),
(2883, 193, 2820),
(2884, 193, 2821),
(2885, 193, 2822),
(2886, 193, 2823),
(2887, 193, 2824),
(2888, 193, 2825),
(2889, 193, 2826),
(2890, 193, 2827),
(2891, 193, 2828),
(2892, 193, 2829),
(2893, 193, 2830),
(2894, 193, 2831),
(2895, 193, 2832),
(2896, 193, 2833),
(2897, 193, 2834),
(2898, 193, 2835),
(2899, 193, 2836),
(2900, 193, 2837),
(2901, 193, 2838),
(2902, 193, 2839),
(2903, 193, 2840),
(2904, 193, 2841),
(2905, 193, 2842),
(2906, 193, 2843),
(2907, 193, 2844),
(2908, 193, 2845),
(2909, 193, 2846),
(2910, 193, 2847),
(2911, 193, 2848),
(2912, 193, 2849),
(2913, 193, 2850),
(2914, 193, 2851),
(2915, 193, 2852),
(2916, 193, 2853),
(2917, 193, 2854),
(2918, 193, 2855),
(2919, 193, 2856),
(2920, 193, 2857),
(2921, 193, 2858),
(2922, 193, 2859),
(2923, 193, 2860),
(2924, 193, 2861),
(2925, 193, 2862),
(2926, 193, 2863),
(2927, 193, 2864),
(2928, 193, 2865),
(2929, 193, 2866),
(2930, 193, 2867),
(2931, 193, 2868),
(2932, 193, 2869),
(2933, 193, 2870),
(2934, 193, 2871),
(2935, 193, 2872),
(2936, 193, 2873),
(2937, 193, 2874),
(2938, 193, 2875),
(2939, 193, 2876),
(2940, 193, 2877),
(2941, 193, 2878),
(2942, 193, 2879),
(2943, 193, 2880),
(2944, 193, 2881),
(2945, 193, 2882),
(2946, 193, 2883),
(2947, 193, 2884),
(2948, 193, 2885),
(2949, 193, 2886),
(2950, 193, 2887),
(2951, 193, 2888),
(2952, 193, 2889),
(2953, 193, 2890),
(2954, 193, 2891),
(2955, 193, 2892),
(2956, 193, 2893),
(2957, 193, 2894),
(2958, 193, 2895),
(2959, 193, 2896),
(2960, 193, 2897),
(2961, 193, 2898),
(2962, 193, 2899),
(2963, 193, 2900),
(2964, 193, 2901),
(2965, 193, 2902),
(2966, 193, 2903),
(2967, 193, 2904),
(2968, 193, 2905),
(2969, 193, 2906),
(2970, 193, 2907),
(2971, 193, 2908),
(2972, 193, 2909),
(2973, 193, 2910),
(2974, 193, 2911),
(2975, 193, 2912),
(2976, 193, 2913),
(2977, 193, 2914),
(2978, 193, 2915),
(2979, 193, 2916),
(2980, 193, 2917),
(2981, 193, 2918),
(2982, 193, 2919),
(2983, 193, 2920),
(2984, 193, 2921),
(2985, 193, 2922),
(2986, 193, 2923),
(2987, 193, 2924),
(2988, 193, 2925),
(2989, 193, 2926),
(2990, 193, 2927),
(2991, 193, 2928),
(2992, 193, 2929),
(2993, 193, 2930),
(2994, 193, 2931),
(2995, 193, 2932),
(2996, 193, 2933),
(2997, 193, 2934),
(2998, 193, 2935),
(2999, 193, 2936),
(3000, 193, 2937),
(3001, 193, 2938),
(3002, 193, 2939),
(3003, 193, 2940),
(3004, 193, 2941),
(3005, 193, 2942),
(3006, 193, 2943),
(3007, 193, 2944),
(3008, 193, 2945),
(3009, 193, 2946),
(3010, 193, 2947),
(3011, 193, 2948),
(3012, 193, 2949),
(3013, 193, 2950),
(3014, 193, 2951),
(3015, 193, 2952),
(3016, 193, 2953),
(3017, 193, 2954),
(3018, 193, 2955),
(3019, 193, 2956),
(3020, 193, 2957),
(3021, 193, 2958),
(3022, 193, 2959),
(3023, 193, 2960),
(3024, 193, 2961),
(3025, 193, 2962),
(3026, 193, 2963),
(3027, 193, 2964),
(3028, 193, 2965),
(3029, 193, 2966),
(3030, 193, 2967),
(3031, 193, 2968),
(3032, 193, 2969),
(3033, 193, 2970),
(3034, 193, 2971),
(3035, 193, 2972),
(3036, 193, 2973),
(3037, 193, 2974),
(3038, 193, 2975),
(3039, 193, 2976),
(3040, 193, 2977),
(3041, 193, 2978),
(3042, 193, 2979),
(3043, 193, 2980),
(3044, 193, 2981),
(3045, 193, 2982),
(3046, 193, 2983),
(3047, 193, 2984),
(3048, 193, 2985),
(3049, 193, 2986),
(3050, 193, 2987),
(3051, 193, 2988),
(3052, 193, 2989),
(3053, 193, 2990),
(3054, 193, 2991),
(3055, 193, 2992),
(3056, 193, 2993),
(3057, 193, 2994),
(3058, 193, 2995),
(3059, 193, 2996),
(3060, 193, 2997),
(3061, 193, 2998),
(3062, 193, 2999),
(3063, 193, 3000),
(3064, 193, 3001),
(3065, 193, 3002),
(3066, 193, 3003),
(3067, 193, 3004),
(3068, 193, 3005),
(3069, 193, 3006),
(3070, 193, 3007),
(3071, 193, 3008),
(3072, 193, 3009),
(3073, 193, 3010),
(3074, 193, 3011),
(3075, 193, 3012),
(3076, 193, 3013),
(3077, 193, 3014),
(3078, 193, 3015),
(3079, 193, 3016),
(3080, 193, 3017),
(3081, 193, 3018),
(3082, 193, 3019),
(3083, 193, 3020),
(3084, 193, 3021),
(3085, 193, 3022),
(3086, 193, 3023),
(3087, 193, 3024),
(3088, 193, 3025),
(3089, 193, 3026),
(3090, 193, 3027),
(3091, 193, 3028),
(3092, 193, 3029),
(3093, 193, 3030),
(3094, 193, 3031),
(3095, 193, 3032),
(3096, 193, 3033);
INSERT INTO `mg_eav_attribute_option` (`option_id`, `attribute_id`, `sort_order`) VALUES
(3097, 193, 3034),
(3098, 193, 3035),
(3099, 193, 3036),
(3100, 193, 3037),
(3101, 193, 3038),
(3102, 193, 3039),
(3103, 193, 3040),
(3104, 193, 3041),
(3105, 193, 3042),
(3106, 193, 3043),
(3107, 193, 3044),
(3108, 193, 3045),
(3109, 193, 3046),
(3110, 193, 3047),
(3111, 193, 3048),
(3112, 193, 3049),
(3113, 193, 3050),
(3114, 193, 3051),
(3115, 193, 3052),
(3116, 193, 3053),
(3117, 193, 3054),
(3118, 193, 3055),
(3119, 193, 3056),
(3120, 193, 3057),
(3121, 193, 3058),
(3122, 193, 3059),
(3123, 193, 3060),
(3124, 193, 3061),
(3125, 193, 3062),
(3126, 193, 3063),
(3127, 193, 3064),
(3128, 193, 3065),
(3129, 193, 3066),
(3130, 193, 3067),
(3131, 193, 3068),
(3132, 193, 3069),
(3133, 193, 3070),
(3134, 193, 3071),
(3135, 193, 3072),
(3136, 193, 3073),
(3137, 193, 3074),
(3138, 193, 3075),
(3139, 193, 3076),
(3140, 193, 3077),
(3141, 193, 3078),
(3142, 193, 3079),
(3143, 193, 3080),
(3144, 193, 3081),
(3145, 193, 3082),
(3146, 193, 3083),
(3147, 193, 3084),
(3148, 193, 3085),
(3149, 193, 3086),
(3150, 193, 3087),
(3151, 193, 3088),
(3152, 193, 3089),
(3153, 193, 3090),
(3154, 193, 3091),
(3155, 193, 3092),
(3156, 193, 3093),
(3157, 193, 3094),
(3158, 193, 3095),
(3159, 193, 3096),
(3160, 193, 3097),
(3161, 193, 3098),
(3162, 193, 3099),
(3163, 193, 3100),
(3164, 193, 3101),
(3165, 193, 3102),
(3166, 193, 3103),
(3167, 193, 3104),
(3168, 193, 3105),
(3169, 193, 3106),
(3170, 193, 3107),
(3171, 193, 3108),
(3172, 193, 3109),
(3173, 193, 3110),
(3174, 193, 3111),
(3175, 193, 3112),
(3176, 193, 3113),
(3177, 193, 3114),
(3178, 193, 3115),
(3179, 193, 3116),
(3180, 193, 3117),
(3181, 193, 3118),
(3182, 193, 3119),
(3183, 193, 3120),
(3184, 193, 3121),
(3185, 193, 3122),
(3186, 193, 3123),
(3187, 193, 3124),
(3188, 193, 3125),
(3189, 193, 3126),
(3190, 193, 3127),
(3191, 193, 3128),
(3192, 193, 3129),
(3193, 193, 3130),
(3194, 193, 3131),
(3195, 193, 3132),
(3196, 193, 3133),
(3197, 193, 3134),
(3198, 193, 3135),
(3199, 193, 3136),
(3200, 193, 3137),
(3201, 193, 3138),
(3202, 193, 3139),
(3203, 193, 3140),
(3204, 193, 3141),
(3205, 193, 3142),
(3206, 193, 3143),
(3207, 193, 3144),
(3208, 193, 3145),
(3209, 193, 3146),
(3210, 193, 3147),
(3211, 193, 3148),
(3212, 193, 3149),
(3213, 193, 3150),
(3214, 193, 3151),
(3215, 193, 3152),
(3216, 193, 3153),
(3217, 193, 3154),
(3218, 193, 3155),
(3219, 193, 3156),
(3220, 193, 3157),
(3221, 193, 3158),
(3222, 193, 3159),
(3223, 193, 3160),
(3224, 193, 3161),
(3225, 193, 3162),
(3226, 193, 3163),
(3227, 193, 3164),
(3228, 193, 3165),
(3229, 193, 3166),
(3230, 193, 3167),
(3231, 193, 3168),
(3232, 193, 3169),
(3233, 193, 3170),
(3234, 193, 3171),
(3235, 193, 3172),
(3236, 193, 3173),
(3237, 193, 3174),
(3238, 193, 3175),
(3239, 193, 3176),
(3240, 193, 3177),
(3241, 193, 3178),
(3242, 193, 3179),
(3243, 193, 3180),
(3244, 193, 3181),
(3245, 193, 3182),
(3246, 193, 3183),
(3247, 193, 3184),
(3248, 193, 3185),
(3249, 193, 3186),
(3250, 193, 3187),
(3251, 193, 3188),
(3252, 193, 3189),
(3253, 193, 3190),
(3254, 193, 3191),
(3255, 193, 3192),
(3256, 193, 3193),
(3257, 193, 3194),
(3258, 193, 3195),
(3259, 193, 3196),
(3260, 193, 3197),
(3261, 193, 3198),
(3262, 193, 3199),
(3263, 193, 3200),
(3264, 193, 3201),
(3265, 193, 3202),
(3266, 193, 3203),
(3267, 193, 3204),
(3268, 193, 3205),
(3269, 193, 3206),
(3270, 193, 3207),
(3271, 193, 3208),
(3272, 193, 3209),
(3273, 193, 3210),
(3274, 193, 3211),
(3275, 193, 3212),
(3276, 193, 3213),
(3277, 193, 3214),
(3278, 193, 3215),
(3279, 193, 3216),
(3280, 193, 3217),
(3281, 193, 3218),
(3282, 193, 3219),
(3283, 193, 3220),
(3284, 193, 3221),
(3285, 193, 3222),
(3286, 193, 3223),
(3287, 193, 3224),
(3288, 193, 3225),
(3289, 193, 3226),
(3290, 193, 3227),
(3291, 193, 3228),
(3292, 193, 3229),
(3293, 193, 3230),
(3294, 193, 3231),
(3295, 193, 3232),
(3296, 193, 3233),
(3297, 193, 3234),
(3298, 193, 3235),
(3299, 193, 3236),
(3300, 193, 3237),
(3301, 193, 3238),
(3302, 193, 3239),
(3303, 193, 3240),
(3304, 193, 3241),
(3305, 193, 3242),
(3306, 193, 3243),
(3307, 193, 3244),
(3308, 193, 3245),
(3309, 193, 3246),
(3310, 193, 3247),
(3311, 193, 3248),
(3312, 193, 3249),
(3313, 193, 3250),
(3314, 193, 3251),
(3315, 193, 3252),
(3316, 193, 3253),
(3317, 193, 3254),
(3318, 193, 3255),
(3319, 193, 3256),
(3320, 193, 3257),
(3321, 193, 3258),
(3322, 193, 3259),
(3323, 193, 3260),
(3324, 193, 3261),
(3325, 193, 3262),
(3326, 193, 3263),
(3327, 193, 3264),
(3328, 193, 3265),
(3329, 193, 3266),
(3330, 193, 3267),
(3331, 193, 3268),
(3332, 193, 3269),
(3333, 193, 3270),
(3334, 193, 3271),
(3335, 193, 3272),
(3336, 193, 3273),
(3337, 193, 3274),
(3338, 193, 3275),
(3339, 193, 3276),
(3340, 193, 3277),
(3341, 193, 3278),
(3342, 193, 3279),
(3343, 193, 3280),
(3344, 193, 3281),
(3345, 193, 3282),
(3346, 193, 3283),
(3347, 193, 3284),
(3348, 193, 3285),
(3349, 193, 3286),
(3350, 193, 3287),
(3351, 193, 3288),
(3352, 193, 3289),
(3353, 193, 3290),
(3354, 193, 3291),
(3355, 193, 3292),
(3356, 193, 3293),
(3357, 193, 3294),
(3358, 193, 3295),
(3359, 193, 3296),
(3360, 193, 3297),
(3361, 193, 3298),
(3362, 193, 3299),
(3363, 193, 3300),
(3364, 193, 3301),
(3365, 193, 3302),
(3366, 193, 3303),
(3367, 193, 3304),
(3368, 193, 3305),
(3369, 193, 3306),
(3370, 193, 3307),
(3371, 193, 3308),
(3372, 193, 3309),
(3373, 193, 3310),
(3374, 193, 3311),
(3375, 193, 3312),
(3376, 193, 3313),
(3377, 193, 3314),
(3378, 193, 3315),
(3379, 193, 3316),
(3380, 193, 3317),
(3381, 193, 3318),
(3382, 193, 3319),
(3383, 193, 3320),
(3384, 193, 3321),
(3385, 193, 3322),
(3386, 193, 3323),
(3387, 193, 3324),
(3388, 193, 3325),
(3389, 193, 3326),
(3390, 193, 3327),
(3391, 193, 3328),
(3392, 193, 3329),
(3393, 193, 3330),
(3394, 193, 3331),
(3395, 193, 3332),
(3396, 193, 3333),
(3397, 193, 3334),
(3398, 193, 3335),
(3399, 193, 3336),
(3400, 193, 3337),
(3401, 193, 3338),
(3402, 193, 3339),
(3403, 193, 3340),
(3404, 193, 3341),
(3405, 193, 3342),
(3406, 193, 3343),
(3407, 193, 3344),
(3408, 193, 3345),
(3409, 193, 3346),
(3410, 193, 3347),
(3411, 193, 3348),
(3412, 193, 3349),
(3413, 193, 3350),
(3414, 193, 3351),
(3415, 193, 3352),
(3416, 193, 3353),
(3417, 193, 3354),
(3418, 193, 3355),
(3419, 193, 3356),
(3420, 193, 3357),
(3421, 193, 3358),
(3422, 193, 3359),
(3423, 193, 3360),
(3424, 193, 3361),
(3425, 193, 3362),
(3426, 193, 3363),
(3427, 193, 3364),
(3428, 193, 3365),
(3429, 193, 3366),
(3430, 193, 3367),
(3431, 193, 3368),
(3432, 193, 3369),
(3433, 193, 3370),
(3434, 193, 3371),
(3435, 193, 3372),
(3436, 193, 3373),
(3437, 193, 3374),
(3438, 193, 3375),
(3439, 193, 3376),
(3440, 193, 3377),
(3441, 193, 3378),
(3442, 193, 3379),
(3443, 193, 3380),
(3444, 193, 3381),
(3445, 193, 3382),
(3446, 193, 3383),
(3447, 193, 3384),
(3448, 193, 3385),
(3449, 193, 3386),
(3450, 193, 3387),
(3451, 193, 3388),
(3452, 193, 3389),
(3453, 193, 3390),
(3454, 193, 3391),
(3455, 193, 3392),
(3456, 193, 3393),
(3457, 193, 3394),
(3458, 193, 3395),
(3459, 193, 3396),
(3460, 193, 3397),
(3461, 193, 3398),
(3462, 193, 3399),
(3463, 193, 3400),
(3464, 193, 3401),
(3465, 193, 3402),
(3466, 193, 3403),
(3467, 193, 3404),
(3468, 193, 3405),
(3469, 193, 3406),
(3470, 193, 3407),
(3471, 193, 3408),
(3472, 193, 3409),
(3473, 193, 3410),
(3474, 193, 3411),
(3475, 193, 3412),
(3476, 193, 3413),
(3477, 193, 3414),
(3478, 193, 3415),
(3479, 193, 3416),
(3480, 193, 3417),
(3481, 193, 3418),
(3482, 193, 3419),
(3483, 193, 3420),
(3484, 193, 3421),
(3485, 193, 3422),
(3486, 193, 3423),
(3487, 193, 3424),
(3488, 193, 3425),
(3489, 193, 3426),
(3490, 193, 3427),
(3491, 193, 3428),
(3492, 193, 3429),
(3493, 193, 3430),
(3494, 193, 3431),
(3495, 193, 3432),
(3496, 193, 3433),
(3497, 193, 3434),
(3498, 193, 3435),
(3499, 193, 3436),
(3500, 193, 3437),
(3501, 193, 3438),
(3502, 193, 3439),
(3503, 193, 3440),
(3504, 193, 3441),
(3505, 193, 3442),
(3506, 193, 3443),
(3507, 193, 3444),
(3508, 193, 3445),
(3509, 193, 3446),
(3510, 193, 3447),
(3511, 193, 3448),
(3512, 193, 3449),
(3513, 193, 3450),
(3514, 193, 3451),
(3515, 193, 3452),
(3516, 193, 3453),
(3517, 193, 3454),
(3518, 193, 3455),
(3519, 193, 3456),
(3520, 193, 3457),
(3521, 193, 3458),
(3522, 193, 3459),
(3523, 193, 3460),
(3524, 193, 3461),
(3525, 193, 3462),
(3526, 193, 3463),
(3527, 193, 3464),
(3528, 193, 3465),
(3529, 193, 3466),
(3530, 193, 3467),
(3531, 193, 3468),
(3532, 193, 3469),
(3533, 193, 3470),
(3534, 193, 3471),
(3535, 193, 3472),
(3536, 193, 3473),
(3537, 193, 3474),
(3538, 193, 3475),
(3539, 193, 3476),
(3540, 193, 3477),
(3541, 193, 3478),
(3542, 193, 3479),
(3543, 193, 3480),
(3544, 193, 3481),
(3545, 193, 3482),
(3546, 193, 3483),
(3547, 193, 3484),
(3548, 193, 3485),
(3549, 193, 3486),
(3550, 193, 3487),
(3551, 193, 3488),
(3552, 193, 3489),
(3553, 193, 3490),
(3554, 193, 3491),
(3555, 193, 3492),
(3556, 193, 3493),
(3557, 193, 3494),
(3558, 193, 3495),
(3559, 193, 3496),
(3560, 193, 3497),
(3561, 193, 3498),
(3562, 193, 3499),
(3563, 193, 3500),
(3564, 193, 3501),
(3565, 193, 3502),
(3566, 193, 3503),
(3567, 193, 3504),
(3568, 193, 3505),
(3569, 193, 3506),
(3570, 193, 3507),
(3571, 193, 3508),
(3572, 193, 3509),
(3573, 193, 3510),
(3574, 193, 3511),
(3575, 193, 3512),
(3576, 193, 3513),
(3577, 193, 3514),
(3578, 193, 3515),
(3579, 193, 3516),
(3580, 193, 3517),
(3581, 193, 3518),
(3582, 193, 3519),
(3583, 193, 3520),
(3584, 193, 3521),
(3585, 193, 3522),
(3586, 193, 3523),
(3587, 193, 3524),
(3588, 193, 3525),
(3589, 193, 3526),
(3590, 193, 3527),
(3591, 193, 3528),
(3592, 193, 3529),
(3593, 193, 3530),
(3594, 193, 3531),
(3595, 193, 3532),
(3596, 193, 3533),
(3597, 193, 3534),
(3598, 193, 3535),
(3599, 193, 3536),
(3600, 193, 3537),
(3601, 193, 3538),
(3602, 193, 3539),
(3603, 193, 3540),
(3604, 193, 3541),
(3605, 193, 3542),
(3606, 193, 3543),
(3607, 193, 3544),
(3608, 193, 3545),
(3609, 193, 3546),
(3610, 193, 3547),
(3611, 193, 3548),
(3612, 193, 3549),
(3613, 193, 3550),
(3614, 193, 3551),
(3615, 193, 3552),
(3616, 193, 3553),
(3617, 193, 3554),
(3618, 193, 3555),
(3619, 193, 3556),
(3620, 193, 3557),
(3621, 193, 3558),
(3622, 193, 3559),
(3623, 193, 3560),
(3624, 193, 3561),
(3625, 193, 3562),
(3626, 193, 3563),
(3627, 193, 3564),
(3628, 193, 3565),
(3629, 193, 3566),
(3630, 193, 3567),
(3631, 193, 3568),
(3632, 193, 3569),
(3633, 193, 3570),
(3634, 193, 3571),
(3635, 193, 3572),
(3636, 193, 3573),
(3637, 193, 3574),
(3638, 193, 3575),
(3639, 193, 3576),
(3640, 193, 3577),
(3641, 193, 3578),
(3642, 193, 3579),
(3643, 193, 3580),
(3644, 193, 3581),
(3645, 193, 3582),
(3646, 193, 3583),
(3647, 193, 3584),
(3648, 193, 3585),
(3649, 193, 3586),
(3650, 193, 3587),
(3651, 193, 3588),
(3652, 193, 3589),
(3653, 193, 3590),
(3654, 193, 3591),
(3655, 193, 3592),
(3656, 193, 3593),
(3657, 193, 3594),
(3658, 193, 3595),
(3659, 193, 3596),
(3660, 193, 3597),
(3661, 193, 3598),
(3662, 193, 3599),
(3663, 193, 3600),
(3664, 193, 3601),
(3665, 193, 3602),
(3666, 193, 3603),
(3667, 193, 3604),
(3668, 193, 3605),
(3669, 193, 3606),
(3670, 193, 3607),
(3671, 193, 3608),
(3672, 193, 3609),
(3673, 193, 3610),
(3674, 193, 3611),
(3675, 193, 3612),
(3676, 193, 3613),
(3677, 193, 3614),
(3678, 193, 3615),
(3679, 193, 3616),
(3680, 193, 3617),
(3681, 193, 3618),
(3682, 193, 3619),
(3683, 193, 3620),
(3684, 193, 3621),
(3685, 193, 3622),
(3686, 193, 3623),
(3687, 193, 3624),
(3688, 193, 3625),
(3689, 193, 3626),
(3690, 193, 3627),
(3691, 193, 3628),
(3692, 193, 3629),
(3693, 193, 3630),
(3694, 193, 3631),
(3695, 193, 3632),
(3696, 193, 3633),
(3697, 193, 3634),
(3698, 193, 3635),
(3699, 193, 3636),
(3700, 193, 3637),
(3701, 193, 3638),
(3702, 193, 3639),
(3703, 193, 3640),
(3704, 193, 3641),
(3705, 193, 3642),
(3706, 193, 3643),
(3707, 193, 3644),
(3708, 193, 3645),
(3709, 193, 3646),
(3710, 193, 3647),
(3711, 193, 3648),
(3712, 193, 3649),
(3713, 193, 3650),
(3714, 193, 3651),
(3715, 193, 3652),
(3716, 193, 3653),
(3717, 193, 3654),
(3718, 193, 3655),
(3719, 193, 3656),
(3720, 193, 3657),
(3721, 193, 3658),
(3722, 193, 3659),
(3723, 193, 3660),
(3724, 193, 3661),
(3725, 193, 3662),
(3726, 193, 3663),
(3727, 193, 3664),
(3728, 193, 3665),
(3729, 193, 3666),
(3730, 193, 3667),
(3731, 193, 3668),
(3732, 193, 3669),
(3733, 193, 3670),
(3734, 193, 3671),
(3735, 193, 3672),
(3736, 193, 3673),
(3737, 193, 3674),
(3738, 193, 3675),
(3739, 193, 3676),
(3740, 193, 3677),
(3741, 193, 3678),
(3742, 193, 3679),
(3743, 193, 3680),
(3744, 193, 3681),
(3745, 193, 3682),
(3746, 193, 3683),
(3747, 193, 3684),
(3748, 193, 3685),
(3749, 193, 3686),
(3750, 193, 3687),
(3751, 193, 3688),
(3752, 193, 3689),
(3753, 193, 3690),
(3754, 193, 3691),
(3755, 193, 3692),
(3756, 193, 3693),
(3757, 193, 3694),
(3758, 193, 3695),
(3759, 193, 3696),
(3760, 193, 3697),
(3761, 193, 3698),
(3762, 193, 3699),
(3763, 193, 3700),
(3764, 193, 3701),
(3765, 193, 3702),
(3766, 193, 3703),
(3767, 193, 3704),
(3768, 193, 3705),
(3769, 193, 3706),
(3770, 193, 3707),
(3771, 193, 3708),
(3772, 193, 3709),
(3773, 193, 3710),
(3774, 193, 3711),
(3775, 193, 3712),
(3776, 193, 3713),
(3777, 193, 3714),
(3778, 193, 3715),
(3779, 193, 3716),
(3780, 193, 3717),
(3781, 193, 3718),
(3782, 193, 3719),
(3783, 193, 3720),
(3784, 193, 3721),
(3785, 193, 3722),
(3786, 193, 3723),
(3787, 193, 3724),
(3788, 193, 3725),
(3789, 193, 3726),
(3790, 193, 3727),
(3791, 193, 3728),
(3792, 193, 3729),
(3793, 193, 3730),
(3794, 193, 3731),
(3795, 193, 3732),
(3796, 193, 3733),
(3797, 193, 3734),
(3798, 193, 3735),
(3799, 193, 3736),
(3800, 193, 3737),
(3801, 193, 3738),
(3802, 193, 3739),
(3803, 193, 3740),
(3804, 193, 3741),
(3805, 193, 3742),
(3806, 193, 3743),
(3807, 193, 3744),
(3808, 193, 3745),
(3809, 193, 3746),
(3810, 193, 3747),
(3811, 193, 3748),
(3812, 193, 3749),
(3813, 193, 3750),
(3814, 193, 3751),
(3815, 193, 3752),
(3816, 193, 3753),
(3817, 193, 3754),
(3818, 193, 3755),
(3819, 193, 3756),
(3820, 193, 3757),
(3821, 193, 3758),
(3822, 193, 3759),
(3823, 193, 3760),
(3824, 193, 3761),
(3825, 193, 3762),
(3826, 193, 3763),
(3827, 193, 3764),
(3828, 193, 3765),
(3829, 193, 3766),
(3830, 193, 3767),
(3831, 193, 3768),
(3832, 193, 3769),
(3833, 193, 3770),
(3834, 193, 3771),
(3835, 193, 3772),
(3836, 193, 3773),
(3837, 193, 3774),
(3838, 193, 3775),
(3839, 193, 3776),
(3840, 193, 3777),
(3841, 193, 3778),
(3842, 193, 3779),
(3843, 193, 3780),
(3844, 193, 3781),
(3845, 193, 3782),
(3846, 193, 3783),
(3847, 193, 3784),
(3848, 193, 3785),
(3849, 193, 3786),
(3850, 193, 3787),
(3851, 193, 3788),
(3852, 193, 3789),
(3853, 193, 3790),
(3854, 193, 3791),
(3855, 193, 3792),
(3856, 193, 3793),
(3857, 193, 3794),
(3858, 193, 3795),
(3859, 193, 3796),
(3860, 193, 3797),
(3861, 193, 3798),
(3862, 193, 3799),
(3863, 193, 3800),
(3864, 193, 3801),
(3865, 193, 3802),
(3866, 193, 3803),
(3867, 193, 3804),
(3868, 193, 3805),
(3869, 193, 3806),
(3870, 193, 3807),
(3871, 193, 3808),
(3872, 193, 3809),
(3873, 193, 3810),
(3874, 193, 3811),
(3875, 193, 3812),
(3876, 193, 3813),
(3877, 193, 3814),
(3878, 193, 3815),
(3879, 193, 3816),
(3880, 193, 3817),
(3881, 193, 3818),
(3882, 193, 3819),
(3883, 193, 3820),
(3884, 193, 3821),
(3885, 193, 3822),
(3886, 193, 3823),
(3887, 193, 3824),
(3888, 193, 3825),
(3889, 193, 3826),
(3890, 193, 3827),
(3891, 193, 3828),
(3892, 193, 3829),
(3893, 193, 3830),
(3894, 193, 3831),
(3895, 193, 3832),
(3896, 193, 3833),
(3897, 193, 3834),
(3898, 193, 3835),
(3899, 193, 3836),
(3900, 193, 3837),
(3901, 193, 3838),
(3902, 193, 3839),
(3903, 193, 3840),
(3904, 193, 3841),
(3905, 193, 3842),
(3906, 193, 3843),
(3907, 193, 3844),
(3908, 193, 3845),
(3909, 193, 3846),
(3910, 193, 3847),
(3911, 193, 3848),
(3912, 193, 3849),
(3913, 193, 3850),
(3914, 193, 3851),
(3915, 193, 3852),
(3916, 193, 3853),
(3917, 193, 3854),
(3918, 193, 3855),
(3919, 193, 3856),
(3920, 193, 3857),
(3921, 193, 3858),
(3922, 193, 3859),
(3923, 193, 3860),
(3924, 193, 3861),
(3925, 193, 3862),
(3926, 193, 3863),
(3927, 193, 3864),
(3928, 193, 3865),
(3929, 193, 3866),
(3930, 193, 3867),
(3931, 193, 3868),
(3932, 193, 3869),
(3933, 193, 3870),
(3934, 193, 3871),
(3935, 193, 3872),
(3936, 193, 3873),
(3937, 193, 3874),
(3938, 193, 3875),
(3939, 193, 3876),
(3940, 193, 3877),
(3941, 193, 3878),
(3942, 193, 3879),
(3943, 193, 3880),
(3944, 193, 3881),
(3945, 193, 3882),
(3946, 193, 3883),
(3947, 193, 3884),
(3948, 193, 3885),
(3949, 193, 3886),
(3950, 193, 3887),
(3951, 193, 3888),
(3952, 193, 3889),
(3953, 193, 3890),
(3954, 193, 3891),
(3955, 193, 3892),
(3956, 193, 3893),
(3957, 193, 3894),
(3958, 193, 3895),
(3959, 193, 3896),
(3960, 193, 3897),
(3961, 193, 3898),
(3962, 193, 3899),
(3963, 193, 3900),
(3964, 193, 3901),
(3965, 193, 3902),
(3966, 193, 3903),
(3967, 193, 3904),
(3968, 193, 3905),
(3969, 193, 3906),
(3970, 193, 3907),
(3971, 193, 3908),
(3972, 193, 3909),
(3973, 193, 3910),
(3974, 193, 3911),
(3975, 193, 3912),
(3976, 193, 3913),
(3977, 193, 3914),
(3978, 193, 3915),
(3979, 193, 3916),
(3980, 193, 3917),
(3981, 193, 3918),
(3982, 193, 3919),
(3983, 193, 3920),
(3984, 193, 3921),
(3985, 193, 3922),
(3986, 193, 3923),
(3987, 193, 3924),
(3988, 193, 3925),
(3989, 193, 3926),
(3990, 193, 3927),
(3991, 193, 3928),
(3992, 193, 3929),
(3993, 193, 3930),
(3994, 193, 3931),
(3995, 193, 3932),
(3996, 193, 3933),
(3997, 193, 3934),
(3998, 193, 3935),
(3999, 193, 3936),
(4000, 193, 3937),
(4001, 193, 3938),
(4002, 193, 3939),
(4003, 193, 3940),
(4004, 193, 3941),
(4005, 193, 3942),
(4006, 193, 3943),
(4007, 193, 3944),
(4008, 193, 3945),
(4009, 193, 3946),
(4010, 193, 3947),
(4011, 193, 3948),
(4012, 193, 3949),
(4013, 193, 3950),
(4014, 193, 3951),
(4015, 193, 3952),
(4016, 193, 3953),
(4017, 193, 3954),
(4018, 193, 3955),
(4019, 193, 3956),
(4020, 193, 3957),
(4021, 193, 3958),
(4022, 193, 3959),
(4023, 193, 3960),
(4024, 193, 3961),
(4025, 193, 3962),
(4026, 193, 3963),
(4027, 193, 3964),
(4028, 193, 3965),
(4029, 193, 3966),
(4030, 193, 3967),
(4031, 193, 3968),
(4032, 193, 3969),
(4033, 193, 3970),
(4034, 193, 3971),
(4035, 193, 3972),
(4036, 193, 3973),
(4037, 193, 3974),
(4038, 193, 3975),
(4039, 193, 3976),
(4040, 193, 3977),
(4041, 193, 3978),
(4042, 193, 3979),
(4043, 193, 3980),
(4044, 193, 3981),
(4045, 193, 3982),
(4046, 193, 3983),
(4047, 193, 3984),
(4048, 193, 3985),
(4049, 193, 3986),
(4050, 193, 3987),
(4051, 193, 3988),
(4052, 193, 3989),
(4053, 193, 3990),
(4054, 193, 3991),
(4055, 193, 3992),
(4056, 193, 3993),
(4057, 193, 3994),
(4058, 193, 3995),
(4059, 193, 3996),
(4060, 193, 3997),
(4061, 193, 3998),
(4062, 193, 3999),
(4063, 193, 4000),
(4064, 193, 4001),
(4065, 193, 4002),
(4066, 193, 4003),
(4067, 193, 4004),
(4068, 193, 4005),
(4069, 193, 4006),
(4070, 193, 4007),
(4071, 193, 4008),
(4072, 193, 4009),
(4073, 193, 4010),
(4074, 193, 4011),
(4075, 193, 4012),
(4076, 193, 4013),
(4077, 193, 4014),
(4078, 193, 4015),
(4079, 193, 4016),
(4080, 193, 4017),
(4081, 193, 4018),
(4082, 193, 4019),
(4083, 193, 4020),
(4084, 193, 4021),
(4085, 193, 4022),
(4086, 193, 4023),
(4087, 193, 4024),
(4088, 193, 4025),
(4089, 193, 4026),
(4090, 193, 4027),
(4091, 193, 4028),
(4092, 193, 4029),
(4093, 193, 4030),
(4094, 193, 4031),
(4095, 193, 4032),
(4096, 193, 4033),
(4097, 193, 4034),
(4098, 193, 4035),
(4099, 193, 4036),
(4100, 193, 4037),
(4101, 193, 4038),
(4102, 193, 4039),
(4103, 193, 4040),
(4104, 193, 4041),
(4105, 193, 4042),
(4106, 193, 4043),
(4107, 193, 4044),
(4108, 193, 4045),
(4109, 193, 4046),
(4110, 193, 4047),
(4111, 193, 4048),
(4112, 193, 4049),
(4113, 193, 4050),
(4114, 193, 4051),
(4115, 193, 4052),
(4116, 193, 4053),
(4117, 193, 4054),
(4118, 193, 4055),
(4119, 193, 4056),
(4120, 193, 4057),
(4121, 193, 4058),
(4122, 193, 4059),
(4123, 193, 4060),
(4124, 193, 4061),
(4125, 193, 4062),
(4126, 193, 4063),
(4127, 193, 4064),
(4128, 193, 4065),
(4129, 193, 4066),
(4130, 193, 4067),
(4131, 193, 4068),
(4132, 193, 4069),
(4133, 193, 4070),
(4134, 193, 4071),
(4135, 193, 4072),
(4136, 193, 4073),
(4137, 193, 4074),
(4138, 193, 4075),
(4139, 193, 4076),
(4140, 193, 4077),
(4141, 193, 4078),
(4142, 193, 4079),
(4143, 193, 4080),
(4144, 193, 4081),
(4145, 193, 4082),
(4146, 193, 4083),
(4147, 193, 4084),
(4148, 193, 4085),
(4149, 193, 4086),
(4150, 193, 4087),
(4151, 193, 4088),
(4152, 193, 4089),
(4153, 193, 4090),
(4154, 193, 4091),
(4155, 193, 4092),
(4156, 193, 4093),
(4157, 193, 4094),
(4158, 193, 4095),
(4159, 193, 4096),
(4160, 193, 4097),
(4161, 193, 4098),
(4162, 193, 4099),
(4163, 193, 4100),
(4164, 193, 4101),
(4165, 193, 4102),
(4166, 193, 4103),
(4167, 193, 4104),
(4168, 193, 4105),
(4169, 193, 4106),
(4170, 193, 4107),
(4171, 193, 4108),
(4172, 193, 4109),
(4173, 193, 4110),
(4174, 193, 4111),
(4175, 193, 4112),
(4176, 193, 4113),
(4177, 193, 4114),
(4178, 193, 4115),
(4179, 193, 4116),
(4180, 193, 4117),
(4181, 193, 4118),
(4182, 193, 4119),
(4183, 193, 4120),
(4184, 193, 4121),
(4185, 193, 4122),
(4186, 193, 4123),
(4187, 193, 4124),
(4188, 193, 4125),
(4189, 193, 4126),
(4190, 193, 4127),
(4191, 193, 4128),
(4192, 193, 4129),
(4193, 193, 4130),
(4194, 193, 4131),
(4195, 193, 4132),
(4196, 193, 4133),
(4197, 193, 4134),
(4198, 193, 4135),
(4199, 193, 4136),
(4200, 193, 4137),
(4201, 193, 4138),
(4202, 193, 4139),
(4203, 193, 4140),
(4204, 193, 4141),
(4205, 193, 4142),
(4206, 193, 4143),
(4207, 193, 4144),
(4208, 193, 4145),
(4209, 193, 4146),
(4210, 193, 4147),
(4211, 193, 4148),
(4212, 193, 4149),
(4213, 193, 4150),
(4214, 193, 4151),
(4215, 193, 4152),
(4216, 193, 4153),
(4217, 193, 4154),
(4218, 193, 4155),
(4219, 193, 4156),
(4220, 193, 4157),
(4221, 193, 4158),
(4222, 193, 4159),
(4223, 193, 4160),
(4224, 193, 4161),
(4225, 193, 4162),
(4226, 193, 4163),
(4227, 193, 4164),
(4228, 193, 4165),
(4229, 193, 4166),
(4230, 193, 4167),
(4231, 193, 4168),
(4232, 193, 4169),
(4233, 193, 4170),
(4234, 193, 4171),
(4235, 193, 4172),
(4236, 193, 4173),
(4237, 193, 4174),
(4238, 193, 4175),
(4239, 193, 4176),
(4240, 193, 4177),
(4241, 193, 4178),
(4242, 193, 4179),
(4243, 193, 4180),
(4244, 193, 4181),
(4245, 193, 4182),
(4246, 193, 4183),
(4247, 193, 4184),
(4248, 193, 4185),
(4249, 193, 4186),
(4250, 193, 4187),
(4251, 193, 4188),
(4252, 193, 4189),
(4253, 193, 4190),
(4254, 193, 4191),
(4255, 193, 4192),
(4256, 193, 4193),
(4257, 193, 4194),
(4258, 193, 4195),
(4259, 193, 4196),
(4260, 193, 4197),
(4261, 193, 4198),
(4262, 193, 4199),
(4263, 193, 4200),
(4264, 193, 4201),
(4265, 193, 4202),
(4266, 193, 4203),
(4267, 193, 4204),
(4268, 193, 4205),
(4269, 193, 4206),
(4270, 193, 4207),
(4271, 193, 4208),
(4272, 193, 4209),
(4273, 193, 4210),
(4274, 193, 4211),
(4275, 193, 4212),
(4276, 193, 4213),
(4277, 193, 4214),
(4278, 193, 4215),
(4279, 193, 4216),
(4280, 193, 4217),
(4281, 193, 4218),
(4282, 193, 4219),
(4283, 193, 4220),
(4284, 193, 4221),
(4285, 193, 4222),
(4286, 193, 4223),
(4287, 193, 4224),
(4288, 193, 4225),
(4289, 193, 4226),
(4290, 193, 4227),
(4291, 193, 4228),
(4292, 193, 4229),
(4293, 193, 4230),
(4294, 193, 4231),
(4295, 193, 4232),
(4296, 193, 4233),
(4297, 193, 4234),
(4298, 193, 4235),
(4299, 193, 4236),
(4300, 193, 4237),
(4301, 193, 4238),
(4302, 193, 4239),
(4303, 193, 4240),
(4304, 193, 4241),
(4305, 193, 4242),
(4306, 193, 4243),
(4307, 193, 4244),
(4308, 193, 4245),
(4309, 193, 4246),
(4310, 193, 4247),
(4311, 193, 4248),
(4312, 193, 4249),
(4313, 193, 4250),
(4314, 193, 4251),
(4315, 193, 4252),
(4316, 193, 4253),
(4317, 193, 4254),
(4318, 193, 4255),
(4319, 193, 4256),
(4320, 193, 4257),
(4321, 193, 4258),
(4322, 193, 4259),
(4323, 193, 4260),
(4324, 193, 4261),
(4325, 193, 4262),
(4326, 193, 4263),
(4327, 193, 4264),
(4328, 193, 4265),
(4329, 193, 4266),
(4330, 193, 4267),
(4331, 193, 4268),
(4332, 193, 4269),
(4333, 193, 4270),
(4334, 193, 4271),
(4335, 193, 4272),
(4336, 193, 4273),
(4337, 193, 4274),
(4338, 193, 4275),
(4339, 193, 4276),
(4340, 193, 4277),
(4341, 193, 4278),
(4342, 193, 4279),
(4343, 193, 4280),
(4344, 193, 4281),
(4345, 193, 4282),
(4346, 193, 4283),
(4347, 193, 4284),
(4348, 193, 4285),
(4349, 193, 4286),
(4350, 193, 4287),
(4351, 193, 4288),
(4352, 193, 4289),
(4353, 193, 4290),
(4354, 193, 4291),
(4355, 193, 4292),
(4356, 193, 4293),
(4357, 193, 4294),
(4358, 193, 4295),
(4359, 193, 4296),
(4360, 193, 4297),
(4361, 193, 4298),
(4362, 193, 4299),
(4363, 193, 4300),
(4364, 193, 4301),
(4365, 193, 4302),
(4366, 193, 4303),
(4367, 193, 4304),
(4368, 193, 4305),
(4369, 193, 4306),
(4370, 193, 4307),
(4371, 193, 4308),
(4372, 193, 4309),
(4373, 193, 4310),
(4374, 193, 4311),
(4375, 193, 4312),
(4376, 193, 4313),
(4377, 193, 4314),
(4378, 193, 4315),
(4379, 193, 4316),
(4380, 193, 4317),
(4381, 193, 4318),
(4382, 193, 4319),
(4383, 193, 4320),
(4384, 193, 4321),
(4385, 193, 4322),
(4386, 193, 4323),
(4387, 193, 4324),
(4388, 193, 4325),
(4389, 193, 4326),
(4390, 193, 4327),
(4391, 193, 4328),
(4392, 193, 4329),
(4393, 193, 4330),
(4394, 193, 4331),
(4395, 193, 4332),
(4396, 193, 4333),
(4397, 193, 4334),
(4398, 193, 4335),
(4399, 193, 4336),
(4400, 193, 4337),
(4401, 193, 4338),
(4402, 193, 4339),
(4403, 193, 4340),
(4404, 193, 4341),
(4405, 193, 4342),
(4406, 193, 4343),
(4407, 193, 4344),
(4408, 193, 4345),
(4409, 193, 4346),
(4410, 193, 4347),
(4411, 193, 4348),
(4412, 193, 4349),
(4413, 193, 4350),
(4414, 193, 4351),
(4415, 193, 4352),
(4416, 193, 4353),
(4417, 193, 4354),
(4418, 193, 4355),
(4419, 193, 4356),
(4420, 193, 4357),
(4421, 193, 4358),
(4422, 193, 4359),
(4423, 193, 4360),
(4424, 193, 4361),
(4425, 193, 4362),
(4426, 193, 4363),
(4427, 193, 4364),
(4428, 193, 4365),
(4429, 193, 4366),
(4430, 193, 4367),
(4431, 193, 4368),
(4432, 193, 4369),
(4433, 193, 4370),
(4434, 193, 4371),
(4435, 193, 4372),
(4436, 193, 4373),
(4437, 193, 4374),
(4438, 193, 4375),
(4439, 193, 4376),
(4440, 193, 4377),
(4441, 193, 4378),
(4442, 193, 4379),
(4443, 193, 4380),
(4444, 193, 4381),
(4445, 193, 4382),
(4446, 193, 4383),
(4447, 193, 4384),
(4448, 193, 4385),
(4449, 193, 4386),
(4450, 193, 4387),
(4451, 193, 4388),
(4452, 193, 4389),
(4453, 193, 4390),
(4454, 193, 4391),
(4455, 193, 4392),
(4456, 193, 4393),
(4457, 193, 4394),
(4458, 193, 4395),
(4459, 193, 4396),
(4460, 193, 4397),
(4461, 193, 4398),
(4462, 193, 4399),
(4463, 193, 4400),
(4464, 193, 4401),
(4465, 193, 4402),
(4466, 193, 4403),
(4467, 193, 4404),
(4468, 193, 4405),
(4469, 193, 4406),
(4470, 193, 4407),
(4471, 193, 4408),
(4472, 193, 4409),
(4473, 193, 4410),
(4474, 193, 4411),
(4475, 193, 4412),
(4476, 193, 4413),
(4477, 193, 4414),
(4478, 193, 4415),
(4479, 193, 4416),
(4480, 193, 4417),
(4481, 193, 4418),
(4482, 193, 4419),
(4483, 193, 4420),
(4484, 193, 4421),
(4485, 193, 4422),
(4486, 193, 4423),
(4487, 193, 4424),
(4488, 193, 4425),
(4489, 193, 4426),
(4490, 193, 4427),
(4491, 193, 4428),
(4492, 193, 4429),
(4493, 193, 4430),
(4494, 193, 4431),
(4495, 193, 4432),
(4496, 193, 4433),
(4497, 193, 4434),
(4498, 193, 4435),
(4499, 193, 4436),
(4500, 193, 4437),
(4501, 193, 4438),
(4502, 193, 4439),
(4503, 193, 4440),
(4504, 193, 4441),
(4505, 193, 4442),
(4506, 193, 4443),
(4507, 193, 4444),
(4508, 193, 4445),
(4509, 193, 4446),
(4510, 193, 4447),
(4511, 193, 4448),
(4512, 193, 4449),
(4513, 193, 4450),
(4514, 193, 4451),
(4515, 193, 4452),
(4516, 193, 4453),
(4517, 193, 4454),
(4518, 193, 4455),
(4519, 193, 4456),
(4520, 193, 4457),
(4521, 193, 4458),
(4522, 193, 4459),
(4523, 193, 4460),
(4524, 193, 4461),
(4525, 193, 4462),
(4526, 193, 4463),
(4527, 193, 4464),
(4528, 193, 4465),
(4529, 193, 4466),
(4530, 193, 4467),
(4531, 193, 4468),
(4532, 193, 4469),
(4533, 193, 4470),
(4534, 193, 4471),
(4535, 193, 4472),
(4536, 193, 4473),
(4537, 193, 4474),
(4538, 193, 4475),
(4539, 193, 4476),
(4540, 193, 4477),
(4541, 193, 4478),
(4542, 193, 4479),
(4543, 193, 4480),
(4544, 193, 4481),
(4545, 193, 4482),
(4546, 193, 4483),
(4547, 193, 4484),
(4548, 193, 4485),
(4549, 193, 4486),
(4550, 193, 4487),
(4551, 193, 4488),
(4552, 193, 4489),
(4553, 193, 4490),
(4554, 193, 4491),
(4555, 193, 4492),
(4556, 193, 4493),
(4557, 193, 4494),
(4558, 193, 4495),
(4559, 193, 4496),
(4560, 193, 4497),
(4561, 193, 4498),
(4562, 193, 4499),
(4563, 193, 4500),
(4564, 193, 4501),
(4565, 193, 4502),
(4566, 193, 4503),
(4567, 193, 4504),
(4568, 193, 4505),
(4569, 193, 4506),
(4570, 193, 4507),
(4571, 193, 4508),
(4572, 193, 4509),
(4573, 193, 4510),
(4574, 193, 4511),
(4575, 193, 4512),
(4576, 193, 4513),
(4577, 193, 4514),
(4578, 193, 4515),
(4579, 193, 4516),
(4580, 193, 4517),
(4581, 193, 4518),
(4582, 193, 4519),
(4583, 193, 4520),
(4584, 193, 4521),
(4585, 193, 4522),
(4586, 193, 4523),
(4587, 193, 4524),
(4588, 193, 4525),
(4589, 193, 4526),
(4590, 193, 4527),
(4591, 193, 4528),
(4592, 193, 4529),
(4593, 193, 4530),
(4594, 193, 4531),
(4595, 193, 4532),
(4596, 193, 4533),
(4597, 193, 4534),
(4598, 193, 4535),
(4599, 193, 4536),
(4600, 193, 4537),
(4601, 193, 4538),
(4602, 193, 4539),
(4603, 193, 4540),
(4604, 193, 4541),
(4605, 193, 4542),
(4606, 193, 4543),
(4607, 193, 4544),
(4608, 193, 4545),
(4609, 193, 4546),
(4610, 193, 4547),
(4611, 193, 4548),
(4612, 193, 4549),
(4613, 193, 4550),
(4614, 193, 4551),
(4615, 193, 4552),
(4616, 193, 4553),
(4617, 193, 4554),
(4618, 193, 4555),
(4619, 193, 4556),
(4620, 193, 4557),
(4621, 193, 4558),
(4622, 193, 4559),
(4623, 193, 4560),
(4624, 193, 4561),
(4625, 193, 4562),
(4626, 193, 4563),
(4627, 193, 4564),
(4628, 193, 4565),
(4629, 193, 4566),
(4630, 193, 4567),
(4631, 193, 4568),
(4632, 193, 4569),
(4633, 193, 4570),
(4634, 193, 4571),
(4635, 193, 4572),
(4636, 193, 4573),
(4637, 193, 4574),
(4638, 193, 4575),
(4639, 193, 4576),
(4640, 193, 4577),
(4641, 193, 4578),
(4642, 193, 4579),
(4643, 193, 4580),
(4644, 193, 4581),
(4645, 193, 4582),
(4646, 193, 4583),
(4647, 193, 4584),
(4648, 193, 4585),
(4649, 193, 4586),
(4650, 193, 4587),
(4651, 193, 4588),
(4652, 193, 4589),
(4653, 193, 4590),
(4654, 193, 4591),
(4655, 193, 4592),
(4656, 193, 4593),
(4657, 193, 4594),
(4658, 193, 4595),
(4659, 193, 4596),
(4660, 193, 4597),
(4661, 193, 4598),
(4662, 193, 4599),
(4663, 193, 4600),
(4664, 193, 4601),
(4665, 193, 4602),
(4666, 193, 4603),
(4667, 193, 4604),
(4668, 193, 4605),
(4669, 193, 4606),
(4670, 193, 4607),
(4671, 193, 4608),
(4672, 193, 4609),
(4673, 193, 4610),
(4674, 193, 4611),
(4675, 193, 4612),
(4676, 193, 4613),
(4677, 193, 4614),
(4678, 193, 4615),
(4679, 193, 4616),
(4680, 193, 4617),
(4681, 193, 4618),
(4682, 193, 4619),
(4683, 193, 4620),
(4684, 193, 4621),
(4685, 193, 4622),
(4686, 193, 4623),
(4687, 193, 4624),
(4688, 193, 4625),
(4689, 193, 4626),
(4690, 193, 4627),
(4691, 193, 4628),
(4692, 193, 4629),
(4693, 193, 4630),
(4694, 193, 4631),
(4695, 193, 4632),
(4696, 193, 4633),
(4697, 193, 4634),
(4698, 193, 4635),
(4699, 193, 4636),
(4700, 193, 4637),
(4701, 193, 4638),
(4702, 193, 4639),
(4703, 193, 4640),
(4704, 193, 4641),
(4705, 193, 4642),
(4706, 193, 4643),
(4707, 193, 4644),
(4708, 193, 4645),
(4709, 193, 4646),
(4710, 193, 4647),
(4711, 193, 4648),
(4712, 193, 4649),
(4713, 193, 4650),
(4714, 193, 4651),
(4715, 193, 4652),
(4716, 193, 4653),
(4717, 193, 4654),
(4718, 193, 4655),
(4719, 193, 4656),
(4720, 193, 4657),
(4721, 193, 4658),
(4722, 193, 4659),
(4723, 193, 4660),
(4724, 193, 4661),
(4725, 193, 4662),
(4726, 193, 4663),
(4727, 193, 4664),
(4728, 193, 4665),
(4729, 193, 4666),
(4730, 193, 4667),
(4731, 193, 4668),
(4732, 193, 4669),
(4733, 193, 4670),
(4734, 193, 4671),
(4735, 193, 4672),
(4736, 193, 4673),
(4737, 193, 4674),
(4738, 193, 4675),
(4739, 193, 4676),
(4740, 193, 4677),
(4741, 193, 4678),
(4742, 193, 4679),
(4743, 193, 4680),
(4744, 193, 4681),
(4745, 193, 4682),
(4746, 193, 4683),
(4747, 193, 4684),
(4748, 193, 4685),
(4749, 193, 4686),
(4750, 193, 4687),
(4751, 193, 4688),
(4752, 193, 4689),
(4753, 193, 4690),
(4754, 193, 4691),
(4755, 193, 4692),
(4756, 193, 4693),
(4757, 193, 4694),
(4758, 193, 4695),
(4759, 193, 4696),
(4760, 193, 4697),
(4761, 193, 4698),
(4762, 193, 4699),
(4763, 193, 4700),
(4764, 193, 4701),
(4765, 193, 4702),
(4766, 193, 4703),
(4767, 193, 4704),
(4768, 193, 4705),
(4769, 193, 4706),
(4770, 193, 4707),
(4771, 193, 4708),
(4772, 193, 4709),
(4773, 193, 4710),
(4774, 193, 4711),
(4775, 193, 4712),
(4776, 193, 4713),
(4777, 193, 4714),
(4778, 193, 4715),
(4779, 193, 4716),
(4780, 193, 4717),
(4781, 193, 4718),
(4782, 193, 4719),
(4783, 193, 4720),
(4784, 193, 4721),
(4785, 193, 4722),
(4786, 193, 4723),
(4787, 193, 4724),
(4788, 193, 4725),
(4789, 193, 4726),
(4790, 193, 4727),
(4791, 193, 4728),
(4792, 193, 4729),
(4793, 193, 4730),
(4794, 193, 4731),
(4795, 193, 4732),
(4796, 193, 4733),
(4797, 193, 4734),
(4798, 193, 4735),
(4799, 193, 4736),
(4800, 193, 4737),
(4801, 193, 4738),
(4802, 193, 4739),
(4803, 193, 4740),
(4804, 193, 4741),
(4805, 193, 4742),
(4806, 193, 4743),
(4807, 193, 4744),
(4808, 193, 4745),
(4809, 193, 4746),
(4810, 193, 4747),
(4811, 193, 4748),
(4812, 193, 4749),
(4813, 193, 4750),
(4814, 193, 4751),
(4815, 193, 4752),
(4816, 193, 4753),
(4817, 193, 4754),
(4818, 193, 4755),
(4819, 193, 4756),
(4820, 193, 4757),
(4821, 193, 4758),
(4822, 193, 4759),
(4823, 193, 4760),
(4824, 193, 4761),
(4825, 193, 4762),
(4826, 193, 4763),
(4827, 193, 4764),
(4828, 193, 4765),
(4829, 193, 4766),
(4830, 193, 4767),
(4831, 193, 4768),
(4832, 193, 4769),
(4833, 193, 4770),
(4834, 193, 4771),
(4835, 193, 4772),
(4836, 193, 4773),
(4837, 193, 4774),
(4838, 193, 4775),
(4839, 193, 4776),
(4840, 193, 4777),
(4841, 193, 4778),
(4842, 193, 4779),
(4843, 193, 4780),
(4844, 193, 4781),
(4845, 193, 4782),
(4846, 193, 4783),
(4847, 193, 4784),
(4848, 193, 4785),
(4849, 193, 4786),
(4850, 193, 4787),
(4851, 193, 4788),
(4852, 193, 4789),
(4853, 193, 4790),
(4854, 193, 4791),
(4855, 193, 4792),
(4856, 193, 4793),
(4857, 193, 4794),
(4858, 193, 4795),
(4859, 193, 4796),
(4860, 193, 4797),
(4861, 193, 4798),
(4862, 193, 4799),
(4863, 193, 4800),
(4864, 193, 4801),
(4865, 193, 4802),
(4866, 193, 4803),
(4867, 193, 4804),
(4868, 193, 4805),
(4869, 193, 4806),
(4870, 193, 4807),
(4871, 193, 4808),
(4872, 193, 4809),
(4873, 193, 4810),
(4874, 193, 4811),
(4875, 193, 4812),
(4876, 193, 4813),
(4877, 193, 4814),
(4878, 193, 4815),
(4879, 193, 4816),
(4880, 193, 4817),
(4881, 193, 4818),
(4882, 193, 4819),
(4883, 193, 4820),
(4884, 193, 4821),
(4885, 193, 4822),
(4886, 193, 4823),
(4887, 193, 4824),
(4888, 193, 4825),
(4889, 193, 4826),
(4890, 193, 4827),
(4891, 193, 4828),
(4892, 193, 4829),
(4893, 193, 4830),
(4894, 193, 4831),
(4895, 193, 4832),
(4896, 193, 4833),
(4897, 193, 4834),
(4898, 193, 4835),
(4899, 193, 4836),
(4900, 193, 4837),
(4901, 193, 4838),
(4902, 193, 4839),
(4903, 193, 4840),
(4904, 193, 4841),
(4905, 193, 4842),
(4906, 193, 4843),
(4907, 193, 4844),
(4908, 193, 4845),
(4909, 193, 4846),
(4910, 193, 4847),
(4911, 193, 4848),
(4912, 193, 4849),
(4913, 193, 4850),
(4914, 193, 4851),
(4915, 193, 4852),
(4916, 193, 4853),
(4917, 193, 4854),
(4918, 193, 4855),
(4919, 193, 4856),
(4920, 193, 4857),
(4921, 193, 4858),
(4922, 193, 4859),
(4923, 193, 4860),
(4924, 193, 4861),
(4925, 193, 4862),
(4926, 193, 4863),
(4927, 193, 4864),
(4928, 193, 4865),
(4929, 193, 4866),
(4930, 193, 4867),
(4931, 193, 4868),
(4932, 193, 4869),
(4933, 193, 4870),
(4934, 193, 4871),
(4935, 193, 4872),
(4936, 193, 4873),
(4937, 193, 4874),
(4938, 193, 4875),
(4939, 193, 4876),
(4940, 193, 4877),
(4941, 193, 4878),
(4942, 193, 4879),
(4943, 193, 4880),
(4944, 193, 4881),
(4945, 193, 4882),
(4946, 193, 4883),
(4947, 193, 4884),
(4948, 193, 4885),
(4949, 193, 4886),
(4950, 193, 4887),
(4951, 193, 4888),
(4952, 193, 4889),
(4953, 193, 4890),
(4954, 193, 4891),
(4955, 193, 4892),
(4956, 193, 4893),
(4957, 193, 4894),
(4958, 193, 4895),
(4959, 193, 4896),
(4960, 193, 4897),
(4961, 193, 4898),
(4962, 193, 4899),
(4963, 193, 4900),
(4964, 193, 4901),
(4965, 193, 4902),
(4966, 193, 4903),
(4967, 193, 4904),
(4968, 193, 4905),
(4969, 193, 4906),
(4970, 193, 4907),
(4971, 193, 4908),
(4972, 193, 4909),
(4973, 193, 4910),
(4974, 193, 4911),
(4975, 193, 4912),
(4976, 193, 4913),
(4977, 193, 4914),
(4978, 193, 4915),
(4979, 193, 4916),
(4980, 193, 4917),
(4981, 193, 4918),
(4982, 193, 4919),
(4983, 193, 4920),
(4984, 193, 4921),
(4985, 193, 4922),
(4986, 193, 4923),
(4987, 193, 4924),
(4988, 193, 4925),
(4989, 193, 4926),
(4990, 193, 4927),
(4991, 193, 4928),
(4992, 193, 4929),
(4993, 193, 4930),
(4994, 193, 4931),
(4995, 193, 4932),
(4996, 193, 4933),
(4997, 193, 4934),
(4998, 193, 4935),
(4999, 193, 4936),
(5000, 193, 4937),
(5001, 193, 4938),
(5002, 193, 4939),
(5003, 193, 4940),
(5004, 193, 4941),
(5005, 193, 4942),
(5006, 193, 4943),
(5007, 193, 4944),
(5008, 193, 4945),
(5009, 193, 4946),
(5010, 193, 4947),
(5011, 193, 4948),
(5012, 193, 4949),
(5013, 193, 4950),
(5014, 193, 4951),
(5015, 193, 4952),
(5016, 193, 4953),
(5017, 193, 4954),
(5018, 193, 4955),
(5019, 193, 4956),
(5020, 193, 4957),
(5021, 193, 4958),
(5022, 193, 4959),
(5023, 193, 4960),
(5024, 193, 4961),
(5025, 193, 4962),
(5026, 193, 4963),
(5027, 193, 4964),
(5028, 193, 4965),
(5029, 193, 4966),
(5030, 193, 4967),
(5031, 193, 4968),
(5032, 193, 4969),
(5033, 193, 4970),
(5034, 193, 4971),
(5035, 193, 4972),
(5036, 193, 4973),
(5037, 193, 4974),
(5038, 193, 4975),
(5039, 193, 4976),
(5040, 193, 4977),
(5041, 193, 4978),
(5042, 193, 4979),
(5043, 193, 4980),
(5044, 193, 4981),
(5045, 193, 4982),
(5046, 193, 4983),
(5047, 193, 4984),
(5048, 193, 4985),
(5049, 193, 4986),
(5050, 193, 4987),
(5051, 193, 4988),
(5052, 193, 4989),
(5053, 193, 4990),
(5054, 193, 4991),
(5055, 193, 4992),
(5056, 193, 4993),
(5057, 193, 4994),
(5058, 193, 4995),
(5059, 193, 4996),
(5060, 193, 4997),
(5061, 193, 4998),
(5062, 193, 4999),
(5063, 193, 5000),
(5064, 193, 5001),
(5065, 193, 5002),
(5066, 193, 5003),
(5067, 193, 5004),
(5068, 193, 5005),
(5069, 193, 5006),
(5070, 193, 5007),
(5071, 193, 5008),
(5072, 193, 5009),
(5073, 193, 5010),
(5074, 193, 5011),
(5075, 193, 5012),
(5076, 193, 5013),
(5077, 193, 5014),
(5078, 193, 5015),
(5079, 193, 5016),
(5080, 193, 5017),
(5081, 193, 5018),
(5082, 193, 5019),
(5083, 193, 5020),
(5084, 193, 5021),
(5085, 193, 5022),
(5086, 193, 5023),
(5087, 193, 5024),
(5088, 193, 5025),
(5089, 193, 5026),
(5090, 193, 5027),
(5091, 193, 5028),
(5092, 193, 5029),
(5093, 193, 5030),
(5094, 193, 5031),
(5095, 193, 5032),
(5096, 193, 5033),
(5097, 193, 5034),
(5098, 193, 5035),
(5099, 193, 5036),
(5100, 193, 5037),
(5101, 193, 5038),
(5102, 193, 5039),
(5103, 193, 5040),
(5104, 193, 5041),
(5105, 193, 5042),
(5106, 193, 5043),
(5107, 193, 5044),
(5108, 193, 5045),
(5109, 193, 5046),
(5110, 193, 5047),
(5111, 193, 5048),
(5112, 193, 5049),
(5113, 193, 5050),
(5114, 193, 5051),
(5115, 193, 5052),
(5116, 193, 5053),
(5117, 193, 5054),
(5118, 193, 5055),
(5119, 193, 5056),
(5120, 193, 5057),
(5121, 193, 5058),
(5122, 193, 5059),
(5123, 193, 5060),
(5124, 193, 5061),
(5125, 193, 5062),
(5126, 193, 5063),
(5127, 193, 5064),
(5128, 193, 5065),
(5129, 193, 5066),
(5130, 193, 5067),
(5131, 193, 5068),
(5132, 193, 5069),
(5133, 193, 5070),
(5134, 193, 5071),
(5135, 193, 5072),
(5136, 193, 5073),
(5137, 193, 5074),
(5138, 193, 5075),
(5139, 193, 5076),
(5140, 193, 5077),
(5141, 193, 5078),
(5142, 193, 5079),
(5143, 193, 5080),
(5144, 193, 5081),
(5145, 193, 5082),
(5146, 193, 5083),
(5147, 193, 5084),
(5148, 193, 5085),
(5149, 193, 5086),
(5150, 193, 5087),
(5151, 193, 5088),
(5152, 193, 5089),
(5153, 193, 5090),
(5154, 193, 5091),
(5155, 193, 5092),
(5156, 193, 5093),
(5157, 193, 5094),
(5158, 193, 5095),
(5159, 193, 5096),
(5160, 193, 5097),
(5161, 193, 5098),
(5162, 193, 5099),
(5163, 193, 5100),
(5164, 193, 5101),
(5165, 193, 5102),
(5166, 193, 5103),
(5167, 193, 5104),
(5168, 193, 5105),
(5169, 193, 5106),
(5170, 193, 5107),
(5171, 193, 5108),
(5172, 193, 5109),
(5173, 193, 5110),
(5174, 193, 5111),
(5175, 193, 5112),
(5176, 193, 5113),
(5177, 193, 5114),
(5178, 193, 5115),
(5179, 193, 5116),
(5180, 193, 5117),
(5181, 193, 5118),
(5182, 193, 5119),
(5183, 193, 5120),
(5184, 193, 5121),
(5185, 193, 5122),
(5186, 193, 5123),
(5187, 193, 5124),
(5188, 193, 5125),
(5189, 193, 5126),
(5190, 193, 5127),
(5191, 193, 5128),
(5192, 193, 5129),
(5193, 193, 5130),
(5194, 193, 5131),
(5195, 193, 5132),
(5196, 193, 5133),
(5197, 193, 5134),
(5198, 193, 5135),
(5199, 193, 5136),
(5200, 193, 5137),
(5201, 193, 5138),
(5202, 193, 5139),
(5203, 193, 5140),
(5204, 193, 5141),
(5205, 193, 5142),
(5206, 193, 5143),
(5207, 193, 5144),
(5208, 193, 5145),
(5209, 193, 5146),
(5210, 193, 5147),
(5211, 193, 5148),
(5212, 193, 5149),
(5213, 193, 5150),
(5214, 193, 5151),
(5215, 193, 5152),
(5216, 193, 5153),
(5217, 193, 5154),
(5218, 193, 5155),
(5219, 193, 5156),
(5220, 193, 5157),
(5221, 193, 5158),
(5222, 193, 5159),
(5223, 193, 5160),
(5224, 193, 5161),
(5225, 193, 5162),
(5226, 193, 5163),
(5227, 193, 5164),
(5228, 193, 5165),
(5229, 193, 5166),
(5230, 193, 5167),
(5231, 193, 5168),
(5232, 193, 5169),
(5233, 193, 5170),
(5234, 193, 5171),
(5235, 193, 5172),
(5236, 193, 5173),
(5237, 193, 5174),
(5238, 193, 5175),
(5239, 193, 5176),
(5240, 193, 5177),
(5241, 193, 5178),
(5242, 193, 5179),
(5243, 193, 5180),
(5244, 193, 5181),
(5245, 193, 5182),
(5246, 193, 5183),
(5247, 193, 5184),
(5248, 193, 5185),
(5249, 193, 5186),
(5250, 193, 5187),
(5251, 193, 5188),
(5252, 193, 5189),
(5253, 193, 5190),
(5254, 193, 5191),
(5255, 193, 5192),
(5256, 193, 5193),
(5257, 193, 5194),
(5258, 193, 5195),
(5259, 193, 5196),
(5260, 193, 5197),
(5261, 193, 5198),
(5262, 193, 5199),
(5263, 193, 5200),
(5264, 193, 5201),
(5265, 193, 5202),
(5266, 193, 5203),
(5267, 193, 5204),
(5268, 193, 5205),
(5269, 193, 5206),
(5270, 193, 5207),
(5271, 193, 5208),
(5272, 193, 5209),
(5273, 193, 5210),
(5274, 193, 5211),
(5275, 193, 5212),
(5276, 193, 5213),
(5277, 193, 5214),
(5278, 193, 5215),
(5279, 193, 5216),
(5280, 193, 5217),
(5281, 193, 5218),
(5282, 193, 5219),
(5283, 193, 5220),
(5284, 193, 5221),
(5285, 193, 5222),
(5286, 193, 5223),
(5287, 193, 5224),
(5288, 193, 5225),
(5289, 193, 5226),
(5290, 193, 5227),
(5291, 193, 5228),
(5292, 193, 5229),
(5293, 193, 5230),
(5294, 193, 5231),
(5295, 193, 5232),
(5296, 193, 5233),
(5297, 193, 5234),
(5298, 193, 5235),
(5299, 193, 5236),
(5300, 193, 5237),
(5301, 193, 5238),
(5302, 193, 5239),
(5303, 193, 5240),
(5304, 193, 5241),
(5305, 193, 5242),
(5306, 193, 5243),
(5307, 193, 5244),
(5308, 193, 5245),
(5309, 193, 5246),
(5310, 193, 5247),
(5311, 193, 5248),
(5312, 193, 5249),
(5313, 193, 5250),
(5314, 193, 5251),
(5315, 193, 5252),
(5316, 193, 5253),
(5317, 193, 5254),
(5318, 193, 5255),
(5319, 193, 5256),
(5320, 193, 5257),
(5321, 193, 5258),
(5322, 193, 5259),
(5323, 193, 5260),
(5324, 193, 5261),
(5325, 193, 5262),
(5326, 193, 5263),
(5327, 193, 5264),
(5328, 193, 5265),
(5329, 193, 5266),
(5330, 193, 5267),
(5331, 193, 5268),
(5332, 193, 5269),
(5333, 193, 5270),
(5334, 193, 5271),
(5335, 193, 5272),
(5336, 193, 5273),
(5337, 193, 5274),
(5338, 193, 5275),
(5339, 193, 5276),
(5340, 193, 5277),
(5341, 193, 5278),
(5342, 193, 5279),
(5343, 193, 5280),
(5344, 193, 5281),
(5345, 193, 5282),
(5346, 193, 5283),
(5347, 193, 5284),
(5348, 193, 5285),
(5349, 193, 5286),
(5350, 193, 5287),
(5351, 193, 5288),
(5352, 193, 5289),
(5353, 193, 5290),
(5354, 193, 5291),
(5355, 193, 5292),
(5356, 193, 5293),
(5357, 193, 5294),
(5358, 193, 5295),
(5359, 193, 5296),
(5360, 193, 5297),
(5361, 193, 5298),
(5362, 193, 5299),
(5363, 193, 5300),
(5364, 193, 5301),
(5365, 193, 5302),
(5366, 193, 5303),
(5367, 193, 5304),
(5368, 193, 5305),
(5369, 193, 5306),
(5370, 193, 5307),
(5371, 193, 5308),
(5372, 193, 5309),
(5373, 193, 5310),
(5374, 193, 5311),
(5375, 193, 5312),
(5376, 193, 5313),
(5377, 193, 5314),
(5378, 193, 5315),
(5379, 193, 5316),
(5380, 193, 5317),
(5381, 193, 5318),
(5382, 193, 5319),
(5383, 193, 5320),
(5384, 193, 5321),
(5385, 193, 5322),
(5386, 193, 5323),
(5387, 193, 5324),
(5388, 193, 5325),
(5389, 193, 5326),
(5390, 193, 5327),
(5391, 193, 5328),
(5392, 193, 5329),
(5393, 193, 5330),
(5394, 193, 5331),
(5395, 193, 5332),
(5396, 193, 5333),
(5397, 193, 5334),
(5398, 193, 5335),
(5399, 193, 5336),
(5400, 193, 5337),
(5401, 193, 5338),
(5402, 193, 5339),
(5403, 193, 5340),
(5404, 193, 5341),
(5405, 193, 5342),
(5406, 193, 5343),
(5407, 193, 5344),
(5408, 193, 5345),
(5409, 193, 5346),
(5410, 193, 5347),
(5411, 193, 5348),
(5412, 193, 5349),
(5413, 193, 5350),
(5414, 193, 5351),
(5415, 193, 5352),
(5416, 193, 5353),
(5417, 193, 5354),
(5418, 193, 5355),
(5419, 193, 5356),
(5420, 193, 5357),
(5421, 193, 5358),
(5422, 193, 5359),
(5423, 193, 5360),
(5424, 193, 5361),
(5425, 193, 5362),
(5426, 193, 5363),
(5427, 193, 5364),
(5428, 193, 5365),
(5429, 193, 5366),
(5430, 193, 5367),
(5431, 193, 5368),
(5432, 193, 5369),
(5433, 193, 5370),
(5434, 193, 5371),
(5435, 193, 5372),
(5436, 193, 5373),
(5437, 193, 5374),
(5438, 193, 5375),
(5439, 193, 5376),
(5440, 193, 5377),
(5441, 193, 5378),
(5442, 193, 5379),
(5443, 193, 5380),
(5444, 193, 5381),
(5445, 193, 5382),
(5446, 193, 5383),
(5447, 193, 5384),
(5448, 193, 5385),
(5449, 193, 5386),
(5450, 193, 5387),
(5451, 193, 5388),
(5452, 193, 5389),
(5453, 193, 5390),
(5454, 193, 5391),
(5455, 193, 5392),
(5456, 193, 5393),
(5457, 193, 5394),
(5458, 193, 5395),
(5459, 193, 5396),
(5460, 193, 5397),
(5461, 193, 5398),
(5462, 193, 5399),
(5463, 193, 5400),
(5464, 193, 5401),
(5465, 193, 5402),
(5466, 193, 5403),
(5467, 193, 5404),
(5468, 193, 5405),
(5469, 193, 5406),
(5470, 193, 5407),
(5471, 193, 5408),
(5472, 193, 5409),
(5473, 193, 5410),
(5474, 193, 5411),
(5475, 193, 5412),
(5476, 193, 5413),
(5477, 193, 5414),
(5478, 193, 5415),
(5479, 193, 5416),
(5480, 193, 5417),
(5481, 193, 5418),
(5482, 193, 5419),
(5483, 193, 5420),
(5484, 193, 5421),
(5485, 193, 5422),
(5486, 193, 5423),
(5487, 193, 5424),
(5488, 193, 5425),
(5489, 193, 5426);

-- --------------------------------------------------------

--
