-- https://www.phpmyadmin.net/
--

START TRANSACTION;



--
-- Database: `getfastd_mg1`
--

-- --------------------------------------------------------

--
-- Table structure for table `mg_adminnotification_inbox`
--

CREATE TABLE `mg_adminnotification_inbox` (
  `notification_id` int(10) UNSIGNED NOT NULL COMMENT 'Notification id',
  `severity` smallint(5) UNSIGNED NOT NULL DEFAULT '0' COMMENT 'Problem type',
  `date_added` timestamp NOT NULL DEFAULT CURRENT_TIMESTAMP COMMENT 'Create date',
  `title` varchar(255) NOT NULL COMMENT 'Title',
  `description` text COMMENT 'Description',
  `url` varchar(255) DEFAULT NULL COMMENT 'Url',
  `is_read` smallint(5) UNSIGNED NOT NULL DEFAULT '0' COMMENT 'Flag if notification read',
  `is_remove` smallint(5) UNSIGNED NOT NULL DEFAULT '0' COMMENT 'Flag if notification might be removed'
) ENGINE=InnoDB DEFAULT CHARSET=utf8 COMMENT='Adminnotification Inbox';

--
-- Dumping data for table `mg_adminnotification_inbox`
--

INSERT INTO `mg_adminnotification_inbox` (`notification_id`, `severity`, `date_added`, `title`, `description`, `url`, `is_read`, `is_remove`) VALUES
(1, 4, '2019-09-05 10:33:52', 'Deprecation Notice', 'Catalog Search is currently configured to use the MySQL engine, which has been deprecated. Consider migrating to one of\nthe Elasticsearch engines now to ensure there are no service interruptions during your next upgrade.', '', 0, 0),
(2, 3, '2019-09-05 11:06:20', 'New version 2.9.0 of Magefan Magento 2 Blog Extension is now available.', ' You can download the new version from Magefan Store or update it via composer. Get us in touch if you need our help with an update or you have any questions.\n                                https://magefan.com/magento2-blog-extension?version=2.9.0\n                             ', 'https://magefan.com/magento2-blog-extension?version=2.9.0', 0, 0),
(3, 4, '2019-09-05 11:06:20', 'FAQ: How to configure &quot;read more&quot; in your Magento 2 blog post', ' If you still don\'t know how to configure read more functionality in your magento 2 blog post, please read this article.\n                Online documentation for Magento 2 blog extension is also available on our website. http://goo.gl/XOEdpy ', 'http://magefan.com/blog/add-read-more-tag-to-blog-post-content/?from=notification1', 0, 0),
(4, 4, '2019-09-23 04:48:11', 'Magento 2 Zero Downtime Deployment Script', ' Do you hate to see when your store is broken while running Magento 2 deployment commands? In the next 5 minutes, we\'ll help you with this issue. ', 'https://magefan.com/blog/magento-2-zero-downtime-deployment', 0, 0),
(5, 4, '2019-10-01 16:15:34', 'It’s time to take your operations in a new direction by diversifying your revenue streams. ', 'We’ve got five ways you can effortlessly boost sales while reaching a wider audience. Download this informative guide and start fast-tracking your revenue growth today. Link: http://bit.ly/2m6svAN', 'http://bit.ly/2m6svAN', 0, 0),
(6, 4, '2019-10-08 18:50:49', 'It’s time to get your digital business out of the slow lane. ', 'Accelerate your revenue growth and drive customer satisfaction with these 5 must-have eCommerce features. Download this informative guide: http://bit.ly/2lLFOX6', 'http://bit.ly/2lLFOX6', 0, 0),
(7, 1, '2019-10-09 19:59:13', 'Magento Open Source 2.3.3 delivers important security updates along with performance and functionality enhancements – 10/9/2019 ', 'The latest release of Magento Open Source 2.3.3, Magento Open Source 2.2.10 and our new security-only patch 2.3.2-p2 are now available. Magento Open Source 2.3.3 includes important security enhancements along with new features, improved performance, and quality. With these important updates we strongly recommend that you upgrade to ensure your sites maintain the highest level of security. You can review the release notes for more information about all of the enhancements. For more information about security updates included in these versions of Magento please see our Security Center: https://magento.com/security/', 'https://devdocs.magento.com/guides/v2.3/release-notes/bk-release-notes.html', 0, 0),
(8, 4, '2019-10-10 10:40:57', 'NEW Magento 2 Alternate Hreflang Tags Extension with Better Store Switcher\n', ' Do you manage Magento multi-language store without using Hreflang tags? You should definitely enable them. ', 'https://magefan.com/magento2-alternate-hreflang-extension', 0, 0),
(9, 1, '2019-10-14 15:58:01', 'Important hotfix for Magento Open Source 2.3.3', 'A hotfix for Magento Open Source 2.3.3 has been published to address an issue related to Elasticsearch that may present itself during or after upgrading to our latest 2.3.3 release. We strongly recommend that everyone upgrading to 2.3.3, download and apply this hotfix prior to deployment. For more information please visit our release notes. https://devdocs.magento.com/guides/v2.3/release-notes/bk-release-notes.html ', 'https://devdocs.magento.com/guides/v2.3/release-notes/bk-release-notes.html', 0, 0),
(10, 4, '2019-10-16 13:53:12', 'You are invited: The True Cost Savings of Magento Commerce Webinar', 'Join other Magento Open Source customers for a live webinar on October 30th with commerce experts Matthew Boland and John Glasgow from Adobe to learn how upgrading from Open Source to Magento Commerce can trim your costs and deliver major ROI. Register today: http://bit.ly/2BcYK5A', 'http://bit.ly/2BcYK5A', 0, 0),
(11, 4, '2019-10-23 12:49:48', 'eBook: Advanced Strategies for Fast-Tracking Revenue Growth', 'Take your business in a new direction by selling more to a larger audience. Our guide explains 5 ways you can quickly add new revenue streams to your business. Link here: http://bit.ly/2m6svAN', 'http://bit.ly/2m6svAN', 0, 0),
(12, 3, '2019-10-30 11:09:51', 'New version 2.9.1 of Magefan Magento 2 Blog Extension is now available.', ' You can download the new version from Magefan Store or update it via composer. Get us in touch if you need our help with an update or you have any questions.\n                                https://magefan.com/magento2-blog-extension?version=2.9.1\n                             ', 'https://magefan.com/magento2-blog-extension?version=2.9.1', 0, 0);

-- --------------------------------------------------------

--
-- Table structure for table `mg_admin_analytics_usage_version_log`
--

CREATE TABLE `mg_admin_analytics_usage_version_log` (
  `id` int(10) UNSIGNED NOT NULL COMMENT 'Log ID',
  `last_viewed_in_version` varchar(50) NOT NULL COMMENT 'Viewer last viewed on product version'
) ENGINE=InnoDB DEFAULT CHARSET=utf8 COMMENT='Admin Notification Viewer Log Table';

--
-- Dumping data for table `mg_admin_analytics_usage_version_log`
--

INSERT INTO `mg_admin_analytics_usage_version_log` (`id`, `last_viewed_in_version`) VALUES
(1, '2.3.3');

-- --------------------------------------------------------

--
-- Table structure for table `mg_admin_system_messages`
--

CREATE TABLE `mg_admin_system_messages` (
  `identity` varchar(100) NOT NULL COMMENT 'Message id',
  `severity` smallint(5) UNSIGNED NOT NULL DEFAULT '0' COMMENT 'Problem type',
  `created_at` timestamp NOT NULL DEFAULT CURRENT_TIMESTAMP COMMENT 'Create date'
) ENGINE=InnoDB DEFAULT CHARSET=utf8 COMMENT='Admin System Messages';

-- --------------------------------------------------------

--
-- Table structure for table `mg_amazon_customer`
--

CREATE TABLE `mg_amazon_customer` (
  `entity_id` int(10) UNSIGNED NOT NULL COMMENT 'Entity_id',
  `customer_id` int(10) UNSIGNED NOT NULL COMMENT 'Customer_id',
  `amazon_id` varchar(255) NOT NULL COMMENT 'Amazon_id'
) ENGINE=InnoDB DEFAULT CHARSET=utf8 COMMENT='mg_amazon_customer';

-- --------------------------------------------------------

--
-- Table structure for table `mg_amazon_pending_authorization`
--

CREATE TABLE `mg_amazon_pending_authorization` (
  `entity_id` int(10) UNSIGNED NOT NULL COMMENT 'Entity_id',
  `order_id` int(10) UNSIGNED NOT NULL COMMENT 'Order_id',
  `payment_id` int(10) UNSIGNED NOT NULL COMMENT 'Payment_id',
  `authorization_id` varchar(255) DEFAULT NULL COMMENT 'Authorization_id',
  `created_at` datetime NOT NULL COMMENT 'Created_at',
  `updated_at` datetime DEFAULT NULL COMMENT 'Updated_at',
  `processed` smallint(5) UNSIGNED DEFAULT '0' COMMENT 'Initial authorization processed',
  `capture` smallint(5) UNSIGNED DEFAULT '0' COMMENT 'Initial authorization has capture',
  `capture_id` varchar(255) DEFAULT NULL COMMENT 'Initial authorization capture id'
) ENGINE=InnoDB DEFAULT CHARSET=utf8 COMMENT='mg_amazon_pending_authorization';

-- --------------------------------------------------------

--
-- Table structure for table `mg_amazon_pending_capture`
--

CREATE TABLE `mg_amazon_pending_capture` (
  `entity_id` int(10) UNSIGNED NOT NULL COMMENT 'Entity_id',
  `capture_id` varchar(255) NOT NULL COMMENT 'Capture_id',
  `created_at` datetime NOT NULL COMMENT 'Created_at',
  `order_id` int(10) UNSIGNED NOT NULL COMMENT 'order id',
  `payment_id` int(10) UNSIGNED NOT NULL COMMENT 'payment id'
) ENGINE=InnoDB DEFAULT CHARSET=utf8 COMMENT='mg_amazon_pending_capture';

-- --------------------------------------------------------

--
-- Table structure for table `mg_amazon_pending_refund`
--

CREATE TABLE `mg_amazon_pending_refund` (
  `entity_id` int(10) UNSIGNED NOT NULL COMMENT 'Entity_id',
  `refund_id` varchar(255) NOT NULL COMMENT 'Refund_id',
  `created_at` datetime NOT NULL COMMENT 'Created_at',
  `order_id` int(10) UNSIGNED NOT NULL COMMENT 'Order_id',
  `payment_id` int(10) UNSIGNED NOT NULL COMMENT 'Payment_id'
) ENGINE=InnoDB DEFAULT CHARSET=utf8 COMMENT='mg_amazon_pending_refund';

-- --------------------------------------------------------

--
-- Table structure for table `mg_amazon_quote`
--

CREATE TABLE `mg_amazon_quote` (
  `entity_id` int(10) UNSIGNED NOT NULL COMMENT 'Entity ID',
  `quote_id` int(10) UNSIGNED NOT NULL COMMENT 'Quote ID',
  `amazon_order_reference_id` varchar(255) NOT NULL COMMENT 'Amazon Order Reference ID',
  `sandbox_simulation_reference` varchar(255) DEFAULT NULL COMMENT 'Sandbox simulation reference',
  `confirmed` smallint(5) UNSIGNED NOT NULL DEFAULT '0' COMMENT 'Quote confirmed with Amazon'
) ENGINE=InnoDB DEFAULT CHARSET=utf8 COMMENT='amazon_quote';

-- --------------------------------------------------------

--
-- Table structure for table `mg_amazon_sales_order`
--

CREATE TABLE `mg_amazon_sales_order` (
  `entity_id` int(10) UNSIGNED NOT NULL COMMENT 'Entity ID',
  `order_id` int(10) UNSIGNED NOT NULL COMMENT 'Order ID',
  `amazon_order_reference_id` varchar(255) NOT NULL COMMENT 'Amazon Order Reference ID'
) ENGINE=InnoDB DEFAULT CHARSET=utf8 COMMENT='amazon_sales_order';

-- --------------------------------------------------------

--
-- Table structure for table `mg_authorization_role`
--

CREATE TABLE `mg_authorization_role` (
  `role_id` int(10) UNSIGNED NOT NULL COMMENT 'Role ID',
  `parent_id` int(10) UNSIGNED NOT NULL DEFAULT '0' COMMENT 'Parent Role ID',
  `tree_level` smallint(5) UNSIGNED NOT NULL DEFAULT '0' COMMENT 'Role Tree Level',
  `sort_order` smallint(5) UNSIGNED NOT NULL DEFAULT '0' COMMENT 'Role Sort Order',
  `role_type` varchar(1) NOT NULL DEFAULT '0' COMMENT 'Role Type',
  `user_id` int(10) UNSIGNED NOT NULL DEFAULT '0' COMMENT 'User ID',
  `user_type` varchar(16) DEFAULT NULL COMMENT 'User Type',
  `role_name` varchar(50) DEFAULT NULL COMMENT 'Role Name'
) ENGINE=InnoDB DEFAULT CHARSET=utf8 COMMENT='Admin Role Table';

--
-- Dumping data for table `mg_authorization_role`
--

INSERT INTO `mg_authorization_role` (`role_id`, `parent_id`, `tree_level`, `sort_order`, `role_type`, `user_id`, `user_type`, `role_name`) VALUES
(1, 0, 1, 1, 'G', 0, '2', 'Administrators'),
(2, 1, 2, 0, 'U', 1, '2', 'admin');

-- --------------------------------------------------------

--
-- Table structure for table `mg_authorization_rule`
--

CREATE TABLE `mg_authorization_rule` (
  `rule_id` int(10) UNSIGNED NOT NULL COMMENT 'Rule ID',
  `role_id` int(10) UNSIGNED NOT NULL DEFAULT '0' COMMENT 'Role ID',
  `resource_id` varchar(255) DEFAULT NULL COMMENT 'Resource ID',
  `privileges` varchar(20) DEFAULT NULL COMMENT 'Privileges',
  `permission` varchar(10) DEFAULT NULL COMMENT 'Permission'
) ENGINE=InnoDB DEFAULT CHARSET=utf8 COMMENT='Admin Rule Table';

--
-- Dumping data for table `mg_authorization_rule`
--

INSERT INTO `mg_authorization_rule` (`rule_id`, `role_id`, `resource_id`, `privileges`, `permission`) VALUES
(1, 1, 'Magento_Backend::all', NULL, 'allow');

-- --------------------------------------------------------

--
-- Table structure for table `mg_cache`
--

CREATE TABLE `mg_cache` (
  `id` varchar(200) NOT NULL COMMENT 'Cache Id',
  `data` mediumblob COMMENT 'Cache Data',
  `create_time` int(11) DEFAULT NULL COMMENT 'Cache Creation Time',
  `update_time` int(11) DEFAULT NULL COMMENT 'Time of Cache Updating',
  `expire_time` int(11) DEFAULT NULL COMMENT 'Cache Expiration Time'
) ENGINE=InnoDB DEFAULT CHARSET=utf8 COMMENT='Caches';

-- --------------------------------------------------------

--
-- Table structure for table `mg_cache_tag`
--

CREATE TABLE `mg_cache_tag` (
  `tag` varchar(100) NOT NULL COMMENT 'Tag',
  `cache_id` varchar(200) NOT NULL COMMENT 'Cache Id'
) ENGINE=InnoDB DEFAULT CHARSET=utf8 COMMENT='Tag Caches';

-- --------------------------------------------------------

--
-- Table structure for table `mg_captcha_log`
--

CREATE TABLE `mg_captcha_log` (
  `type` varchar(32) NOT NULL COMMENT 'Type',
  `value` varchar(255) NOT NULL COMMENT 'Value',
  `count` int(10) UNSIGNED NOT NULL DEFAULT '0' COMMENT 'Count',
  `updated_at` timestamp NULL DEFAULT NULL COMMENT 'Update Time'
) ENGINE=InnoDB DEFAULT CHARSET=utf8 COMMENT='Count Login Attempts';

--
-- Dumping data for table `mg_captcha_log`
--

INSERT INTO `mg_captcha_log` (`type`, `value`, `count`, `updated_at`) VALUES
('2', 'getfastdeal', 6, '2019-10-09 13:18:41'),
('2', 'mrsinha240860@gmail.com', 1, '2019-10-11 08:21:31');

-- --------------------------------------------------------

--
-- Table structure for table `mg_cataloginventory_stock`
--

CREATE TABLE `mg_cataloginventory_stock` (
  `stock_id` smallint(5) UNSIGNED NOT NULL COMMENT 'Stock Id',
  `website_id` smallint(5) UNSIGNED NOT NULL COMMENT 'Website Id',
  `stock_name` varchar(255) DEFAULT NULL COMMENT 'Stock Name'
) ENGINE=InnoDB DEFAULT CHARSET=utf8 COMMENT='Cataloginventory Stock';

--
-- Dumping data for table `mg_cataloginventory_stock`
--

INSERT INTO `mg_cataloginventory_stock` (`stock_id`, `website_id`, `stock_name`) VALUES
(1, 0, 'Default');

-- --------------------------------------------------------

--
-- Table structure for table `mg_cataloginventory_stock_item`
--

CREATE TABLE `mg_cataloginventory_stock_item` (
  `item_id` int(10) UNSIGNED NOT NULL COMMENT 'Item Id',
  `product_id` int(10) UNSIGNED NOT NULL DEFAULT '0' COMMENT 'Product Id',
  `stock_id` smallint(5) UNSIGNED NOT NULL DEFAULT '0' COMMENT 'Stock Id',
  `qty` decimal(12,4) DEFAULT NULL COMMENT 'Qty',
  `min_qty` decimal(12,4) NOT NULL DEFAULT '0.0000' COMMENT 'Min Qty',
  `use_config_min_qty` smallint(5) UNSIGNED NOT NULL DEFAULT '1' COMMENT 'Use Config Min Qty',
  `is_qty_decimal` smallint(5) UNSIGNED NOT NULL DEFAULT '0' COMMENT 'Is Qty Decimal',
  `backorders` smallint(5) UNSIGNED NOT NULL DEFAULT '0' COMMENT 'Backorders',
  `use_config_backorders` smallint(5) UNSIGNED NOT NULL DEFAULT '1' COMMENT 'Use Config Backorders',
  `min_sale_qty` decimal(12,4) NOT NULL DEFAULT '1.0000' COMMENT 'Min Sale Qty',
  `use_config_min_sale_qty` smallint(5) UNSIGNED NOT NULL DEFAULT '1' COMMENT 'Use Config Min Sale Qty',
  `max_sale_qty` decimal(12,4) NOT NULL DEFAULT '0.0000' COMMENT 'Max Sale Qty',
  `use_config_max_sale_qty` smallint(5) UNSIGNED NOT NULL DEFAULT '1' COMMENT 'Use Config Max Sale Qty',
  `is_in_stock` smallint(5) UNSIGNED NOT NULL DEFAULT '0' COMMENT 'Is In Stock',
  `low_stock_date` timestamp NULL DEFAULT NULL COMMENT 'Low Stock Date',
  `notify_stock_qty` decimal(12,4) DEFAULT NULL COMMENT 'Notify Stock Qty',
  `use_config_notify_stock_qty` smallint(5) UNSIGNED NOT NULL DEFAULT '1' COMMENT 'Use Config Notify Stock Qty',
  `manage_stock` smallint(5) UNSIGNED NOT NULL DEFAULT '0' COMMENT 'Manage Stock',
  `use_config_manage_stock` smallint(5) UNSIGNED NOT NULL DEFAULT '1' COMMENT 'Use Config Manage Stock',
  `stock_status_changed_auto` smallint(5) UNSIGNED NOT NULL DEFAULT '0' COMMENT 'Stock Status Changed Automatically',
  `use_config_qty_increments` smallint(5) UNSIGNED NOT NULL DEFAULT '1' COMMENT 'Use Config Qty Increments',
  `qty_increments` decimal(12,4) NOT NULL DEFAULT '0.0000' COMMENT 'Qty Increments',
  `use_config_enable_qty_inc` smallint(5) UNSIGNED NOT NULL DEFAULT '1' COMMENT 'Use Config Enable Qty Increments',
  `enable_qty_increments` smallint(5) UNSIGNED NOT NULL DEFAULT '0' COMMENT 'Enable Qty Increments',
  `is_decimal_divided` smallint(5) UNSIGNED NOT NULL DEFAULT '0' COMMENT 'Is Divided into Multiple Boxes for Shipping',
  `website_id` smallint(5) UNSIGNED NOT NULL DEFAULT '0' COMMENT 'Website ID'
) ENGINE=InnoDB DEFAULT CHARSET=utf8 COMMENT='Cataloginventory Stock Item';

--
-- Dumping data for table `mg_cataloginventory_stock_item`
--

INSERT INTO `mg_cataloginventory_stock_item` (`item_id`, `product_id`, `stock_id`, `qty`, `min_qty`, `use_config_min_qty`, `is_qty_decimal`, `backorders`, `use_config_backorders`, `min_sale_qty`, `use_config_min_sale_qty`, `max_sale_qty`, `use_config_max_sale_qty`, `is_in_stock`, `low_stock_date`, `notify_stock_qty`, `use_config_notify_stock_qty`, `manage_stock`, `use_config_manage_stock`, `stock_status_changed_auto`, `use_config_qty_increments`, `qty_increments`, `use_config_enable_qty_inc`, `enable_qty_increments`, `is_decimal_divided`, `website_id`) VALUES
(1, 1, 1, 25.0000, 0.0000, 1, 0, 0, 1, 1.0000, 1, 10000.0000, 1, 1, NULL, 1.0000, 1, 1, 1, 0, 1, 1.0000, 1, 0, 0, 0),
(2, 2, 1, 25.0000, 0.0000, 1, 0, 0, 1, 1.0000, 1, 10000.0000, 1, 1, NULL, 1.0000, 1, 1, 1, 0, 1, 1.0000, 1, 0, 0, 0),
(3, 3, 1, 25.0000, 0.0000, 1, 0, 0, 1, 1.0000, 1, 10000.0000, 1, 1, NULL, 1.0000, 1, 1, 1, 0, 1, 1.0000, 1, 0, 0, 0),
(4, 4, 1, 25.0000, 0.0000, 1, 0, 0, 1, 1.0000, 1, 10000.0000, 1, 1, NULL, 1.0000, 1, 1, 1, 0, 1, 1.0000, 1, 0, 0, 0),
(5, 5, 1, 25.0000, 0.0000, 1, 0, 0, 1, 1.0000, 1, 10000.0000, 1, 1, NULL, 1.0000, 1, 1, 1, 0, 1, 1.0000, 1, 0, 0, 0),
(6, 6, 1, 25.0000, 0.0000, 1, 0, 0, 1, 1.0000, 1, 10000.0000, 1, 1, NULL, 1.0000, 1, 1, 1, 0, 1, 1.0000, 1, 0, 0, 0),
(7, 7, 1, 25.0000, 0.0000, 1, 0, 0, 1, 1.0000, 1, 10000.0000, 1, 1, NULL, 1.0000, 1, 1, 1, 0, 1, 1.0000, 1, 0, 0, 0),
(8, 8, 1, 25.0000, 0.0000, 1, 0, 0, 1, 1.0000, 1, 10000.0000, 1, 1, NULL, 1.0000, 1, 1, 1, 0, 1, 1.0000, 1, 0, 0, 0),
(9, 9, 1, 25.0000, 0.0000, 1, 0, 0, 1, 1.0000, 1, 10000.0000, 1, 1, NULL, 1.0000, 1, 1, 1, 0, 1, 1.0000, 1, 0, 0, 0),
(10, 10, 1, 0.0000, 0.0000, 1, 0, 0, 1, 1.0000, 1, 10000.0000, 1, 0, '2019-09-06 06:01:49', 1.0000, 1, 1, 1, 1, 1, 1.0000, 1, 0, 0, 0),
(11, 11, 1, 25.0000, 0.0000, 1, 0, 0, 1, 1.0000, 1, 10000.0000, 1, 1, NULL, 1.0000, 1, 1, 1, 0, 1, 1.0000, 1, 0, 0, 0),
(12, 12, 1, 10.0000, 0.0000, 1, 0, 0, 1, 1.0000, 1, 10000.0000, 1, 1, NULL, 1.0000, 1, 1, 1, 0, 1, 1.0000, 1, 0, 0, 0),
(13, 13, 1, 111.0000, 0.0000, 1, 0, 0, 1, 1.0000, 1, 10000.0000, 1, 1, NULL, 1.0000, 1, 1, 1, 0, 1, 1.0000, 1, 0, 0, 0),
(14, 14, 1, 111.0000, 0.0000, 1, 0, 0, 1, 1.0000, 1, 10000.0000, 1, 1, NULL, 1.0000, 1, 1, 1, 0, 1, 1.0000, 1, 0, 0, 0),
(22, 17, 1, 100.0000, 0.0000, 1, 0, 0, 1, 1.0000, 0, 0.0000, 1, 1, NULL, NULL, 1, 0, 1, 0, 1, 0.0000, 1, 0, 0, 0),
(32, 24, 1, 100.0000, 0.0000, 1, 0, 0, 1, 1.0000, 0, 0.0000, 1, 1, NULL, NULL, 1, 0, 1, 0, 1, 0.0000, 1, 0, 0, 0),
(33, 25, 1, 100.0000, 0.0000, 1, 0, 0, 1, 1.0000, 0, 0.0000, 1, 1, NULL, NULL, 1, 0, 1, 0, 1, 0.0000, 1, 0, 0, 0),
(34, 26, 1, 0.0000, 0.0000, 1, 0, 0, 1, 1.0000, 0, 0.0000, 1, 1, NULL, NULL, 1, 1, 1, 0, 1, 0.0000, 1, 0, 0, 0),
(35, 27, 1, 111.0000, 0.0000, 1, 0, 0, 1, 1.0000, 1, 10000.0000, 1, 1, NULL, 1.0000, 1, 1, 1, 0, 1, 1.0000, 1, 0, 0, 0),
(36, 28, 1, 100.0000, 0.0000, 1, 0, 0, 1, 1.0000, 1, 10000.0000, 1, 1, NULL, 1.0000, 1, 1, 1, 0, 1, 1.0000, 1, 0, 0, 0);

--
-- Triggers `mg_cataloginventory_stock_item`
--
DELIMITER $$
CREATE TRIGGER `trg_mg_cataloginventory_stock_item_after_delete` AFTER DELETE ON `mg_cataloginventory_stock_item` FOR EACH ROW BEGIN
INSERT IGNORE INTO `mg_scconnector_google_feed_cl` (`entity_id`) VALUES (OLD.`product_id`);
END
$$
DELIMITER ;
DELIMITER $$
CREATE TRIGGER `trg_mg_cataloginventory_stock_item_after_insert` AFTER INSERT ON `mg_cataloginventory_stock_item` FOR EACH ROW BEGIN
INSERT IGNORE INTO `mg_scconnector_google_feed_cl` (`entity_id`) VALUES (NEW.`product_id`);
END
$$
DELIMITER ;
DELIMITER $$
CREATE TRIGGER `trg_mg_cataloginventory_stock_item_after_update` AFTER UPDATE ON `mg_cataloginventory_stock_item` FOR EACH ROW BEGIN
IF (NEW.`item_id` <=> OLD.`item_id` OR NEW.`product_id` <=> OLD.`product_id` OR NEW.`stock_id` <=> OLD.`stock_id` OR NEW.`qty` <=> OLD.`qty` OR NEW.`min_qty` <=> OLD.`min_qty` OR NEW.`use_config_min_qty` <=> OLD.`use_config_min_qty` OR NEW.`is_qty_decimal` <=> OLD.`is_qty_decimal` OR NEW.`backorders` <=> OLD.`backorders` OR NEW.`use_config_backorders` <=> OLD.`use_config_backorders` OR NEW.`min_sale_qty` <=> OLD.`min_sale_qty` OR NEW.`use_config_min_sale_qty` <=> OLD.`use_config_min_sale_qty` OR NEW.`max_sale_qty` <=> OLD.`max_sale_qty` OR NEW.`use_config_max_sale_qty` <=> OLD.`use_config_max_sale_qty` OR NEW.`is_in_stock` <=> OLD.`is_in_stock` OR NEW.`low_stock_date` <=> OLD.`low_stock_date` OR NEW.`notify_stock_qty` <=> OLD.`notify_stock_qty` OR NEW.`use_config_notify_stock_qty` <=> OLD.`use_config_notify_stock_qty` OR NEW.`manage_stock` <=> OLD.`manage_stock` OR NEW.`use_config_manage_stock` <=> OLD.`use_config_manage_stock` OR NEW.`stock_status_changed_auto` <=> OLD.`stock_status_changed_auto` OR NEW.`use_config_qty_increments` <=> OLD.`use_config_qty_increments` OR NEW.`qty_increments` <=> OLD.`qty_increments` OR NEW.`use_config_enable_qty_inc` <=> OLD.`use_config_enable_qty_inc` OR NEW.`enable_qty_increments` <=> OLD.`enable_qty_increments` OR NEW.`is_decimal_divided` <=> OLD.`is_decimal_divided` OR NEW.`website_id` <=> OLD.`website_id`) THEN INSERT IGNORE INTO `mg_scconnector_google_feed_cl` (`entity_id`) VALUES (NEW.`product_id`); END IF;
END
$$
DELIMITER ;

-- --------------------------------------------------------

--
-- Table structure for table `mg_cataloginventory_stock_status`
--

CREATE TABLE `mg_cataloginventory_stock_status` (
  `product_id` int(10) UNSIGNED NOT NULL COMMENT 'Product Id',
  `website_id` smallint(5) UNSIGNED NOT NULL COMMENT 'Website Id',
  `stock_id` smallint(5) UNSIGNED NOT NULL COMMENT 'Stock Id',
  `qty` decimal(12,4) NOT NULL DEFAULT '0.0000' COMMENT 'Qty',
  `stock_status` smallint(5) UNSIGNED NOT NULL COMMENT 'Stock Status'
) ENGINE=InnoDB DEFAULT CHARSET=utf8 COMMENT='Cataloginventory Stock Status';

--
-- Dumping data for table `mg_cataloginventory_stock_status`
--

INSERT INTO `mg_cataloginventory_stock_status` (`product_id`, `website_id`, `stock_id`, `qty`, `stock_status`) VALUES
(1, 0, 1, 25.0000, 1),
(2, 0, 1, 25.0000, 1),
(3, 0, 1, 25.0000, 1),
(4, 0, 1, 25.0000, 1),
(5, 0, 1, 25.0000, 1),
(6, 0, 1, 25.0000, 1),
(7, 0, 1, 25.0000, 1),
(8, 0, 1, 25.0000, 1),
(9, 0, 1, 25.0000, 1),
(10, 0, 1, 0.0000, 0),
(11, 0, 1, 25.0000, 1),
(24, 0, 1, 100.0000, 1),
(25, 0, 1, 100.0000, 1),
(26, 0, 1, 0.0000, 1),
(27, 0, 1, 111.0000, 1),
(28, 0, 1, 100.0000, 1);

-- --------------------------------------------------------

--
-- Table structure for table `mg_cataloginventory_stock_status_idx`
--

CREATE TABLE `mg_cataloginventory_stock_status_idx` (
  `product_id` int(10) UNSIGNED NOT NULL COMMENT 'Product Id',
  `website_id` smallint(5) UNSIGNED NOT NULL COMMENT 'Website Id',
  `stock_id` smallint(5) UNSIGNED NOT NULL COMMENT 'Stock Id',
  `qty` decimal(12,4) NOT NULL DEFAULT '0.0000' COMMENT 'Qty',
  `stock_status` smallint(5) UNSIGNED NOT NULL COMMENT 'Stock Status'
) ENGINE=InnoDB DEFAULT CHARSET=utf8 COMMENT='Cataloginventory Stock Status Indexer Idx';

-- --------------------------------------------------------

--
-- Table structure for table `mg_cataloginventory_stock_status_replica`
--

CREATE TABLE `mg_cataloginventory_stock_status_replica` (
  `product_id` int(10) UNSIGNED NOT NULL COMMENT 'Product Id',
  `website_id` smallint(5) UNSIGNED NOT NULL COMMENT 'Website Id',
  `stock_id` smallint(5) UNSIGNED NOT NULL COMMENT 'Stock Id',
  `qty` decimal(12,4) NOT NULL DEFAULT '0.0000' COMMENT 'Qty',
  `stock_status` smallint(5) UNSIGNED NOT NULL COMMENT 'Stock Status'
) ENGINE=InnoDB DEFAULT CHARSET=utf8 COMMENT='Cataloginventory Stock Status';

--
-- Dumping data for table `mg_cataloginventory_stock_status_replica`
--

INSERT INTO `mg_cataloginventory_stock_status_replica` (`product_id`, `website_id`, `stock_id`, `qty`, `stock_status`) VALUES
(1, 0, 1, 25.0000, 1),
(2, 0, 1, 25.0000, 1),
(3, 0, 1, 25.0000, 1),
(4, 0, 1, 25.0000, 1),
(5, 0, 1, 25.0000, 1),
(6, 0, 1, 25.0000, 1),
(7, 0, 1, 25.0000, 1),
(8, 0, 1, 25.0000, 1),
(9, 0, 1, 25.0000, 1),
(10, 0, 1, 0.0000, 0),
(11, 0, 1, 25.0000, 1),
(24, 0, 1, 100.0000, 1),
(25, 0, 1, 100.0000, 1),
(26, 0, 1, 0.0000, 1),
(27, 0, 1, 111.0000, 1),
(28, 0, 1, 100.0000, 1);

-- --------------------------------------------------------

--
-- Table structure for table `mg_cataloginventory_stock_status_tmp`
--

CREATE TABLE `mg_cataloginventory_stock_status_tmp` (
  `product_id` int(10) UNSIGNED NOT NULL COMMENT 'Product Id',
  `website_id` smallint(5) UNSIGNED NOT NULL COMMENT 'Website Id',
  `stock_id` smallint(5) UNSIGNED NOT NULL COMMENT 'Stock Id',
  `qty` decimal(12,4) NOT NULL DEFAULT '0.0000' COMMENT 'Qty',
  `stock_status` smallint(5) UNSIGNED NOT NULL COMMENT 'Stock Status'
) ENGINE=InnoDB DEFAULT CHARSET=utf8 COMMENT='Cataloginventory Stock Status Indexer Tmp';

--
-- Dumping data for table `mg_cataloginventory_stock_status_tmp`
--

INSERT INTO `mg_cataloginventory_stock_status_tmp` (`product_id`, `website_id`, `stock_id`, `qty`, `stock_status`) VALUES
(26, 0, 1, 0.0000, 1);

-- --------------------------------------------------------

--
-- Table structure for table `mg_catalogrule`
--

CREATE TABLE `mg_catalogrule` (
  `rule_id` int(10) UNSIGNED NOT NULL COMMENT 'Entity ID',
  `name` varchar(255) DEFAULT NULL COMMENT 'Name',
  `description` text COMMENT 'Description',
  `from_date` date DEFAULT NULL COMMENT 'From',
  `to_date` date DEFAULT NULL COMMENT 'To',
  `is_active` smallint(6) NOT NULL DEFAULT '0' COMMENT 'Is Active',
  `conditions_serialized` mediumtext COMMENT 'Conditions Serialized',
  `actions_serialized` mediumtext COMMENT 'Actions Serialized',
  `stop_rules_processing` smallint(6) NOT NULL DEFAULT '1' COMMENT 'Stop Rules Processing',
  `sort_order` int(10) UNSIGNED NOT NULL DEFAULT '0' COMMENT 'Sort Order',
  `simple_action` varchar(32) DEFAULT NULL COMMENT 'Simple Action',
  `discount_amount` decimal(20,6) NOT NULL DEFAULT '0.000000' COMMENT 'Discount Amount'
) ENGINE=InnoDB DEFAULT CHARSET=utf8 COMMENT='CatalogRule';

-- --------------------------------------------------------

--
-- Table structure for table `mg_catalogrule_customer_group`
--

CREATE TABLE `mg_catalogrule_customer_group` (
  `rule_id` int(10) UNSIGNED NOT NULL COMMENT 'Rule ID',
  `customer_group_id` int(10) UNSIGNED NOT NULL COMMENT 'Customer Group Id'
) ENGINE=InnoDB DEFAULT CHARSET=utf8 COMMENT='Catalog Rules To Customer Groups Relations';

-- --------------------------------------------------------

--
-- Table structure for table `mg_catalogrule_group_website`
--

CREATE TABLE `mg_catalogrule_group_website` (
  `rule_id` int(10) UNSIGNED NOT NULL DEFAULT '0' COMMENT 'Rule ID',
  `customer_group_id` int(10) UNSIGNED NOT NULL DEFAULT '0' COMMENT 'Customer Group Id',
  `website_id` smallint(5) UNSIGNED NOT NULL DEFAULT '0' COMMENT 'Website Id'
) ENGINE=InnoDB DEFAULT CHARSET=utf8 COMMENT='CatalogRule Group Website';

-- --------------------------------------------------------

--
-- Table structure for table `mg_catalogrule_group_website_replica`
--

CREATE TABLE `mg_catalogrule_group_website_replica` (
  `rule_id` int(10) UNSIGNED NOT NULL DEFAULT '0' COMMENT 'Rule ID',
  `customer_group_id` int(10) UNSIGNED NOT NULL DEFAULT '0' COMMENT 'Customer Group Id',
  `website_id` smallint(5) UNSIGNED NOT NULL DEFAULT '0' COMMENT 'Website Id'
) ENGINE=InnoDB DEFAULT CHARSET=utf8 COMMENT='CatalogRule Group Website';

-- --------------------------------------------------------

--
-- Table structure for table `mg_catalogrule_product`
--

CREATE TABLE `mg_catalogrule_product` (
  `rule_product_id` int(10) UNSIGNED NOT NULL COMMENT 'Rule Product Id',
  `rule_id` int(10) UNSIGNED NOT NULL DEFAULT '0' COMMENT 'Rule ID',
  `from_time` int(10) UNSIGNED NOT NULL DEFAULT '0' COMMENT 'From Time',
  `to_time` int(10) UNSIGNED NOT NULL DEFAULT '0' COMMENT 'To time',
  `customer_group_id` int(11) DEFAULT NULL,
  `product_id` int(10) UNSIGNED NOT NULL DEFAULT '0' COMMENT 'Product Id',
  `action_operator` varchar(10) DEFAULT 'to_fixed' COMMENT 'Action Operator',
  `action_amount` decimal(20,6) NOT NULL DEFAULT '0.000000' COMMENT 'Action Amount',
  `action_stop` smallint(6) NOT NULL DEFAULT '0' COMMENT 'Action Stop',
  `sort_order` int(10) UNSIGNED NOT NULL DEFAULT '0' COMMENT 'Sort Order',
  `website_id` smallint(5) UNSIGNED NOT NULL COMMENT 'Website Id'
) ENGINE=InnoDB DEFAULT CHARSET=utf8 COMMENT='CatalogRule Product';

-- --------------------------------------------------------

--
-- Table structure for table `mg_catalogrule_product_price`
--

CREATE TABLE `mg_catalogrule_product_price` (
  `rule_product_price_id` int(10) UNSIGNED NOT NULL COMMENT 'Rule Product PriceId',
  `rule_date` date NOT NULL COMMENT 'Rule Date',
  `customer_group_id` int(11) DEFAULT NULL,
  `product_id` int(10) UNSIGNED NOT NULL DEFAULT '0' COMMENT 'Product Id',
  `rule_price` decimal(20,6) NOT NULL DEFAULT '0.000000' COMMENT 'Rule Price',
  `website_id` smallint(5) UNSIGNED NOT NULL COMMENT 'Website Id',
  `latest_start_date` date DEFAULT NULL COMMENT 'Latest StartDate',
  `earliest_end_date` date DEFAULT NULL COMMENT 'Earliest EndDate'
) ENGINE=InnoDB DEFAULT CHARSET=utf8 COMMENT='CatalogRule Product Price';

-- --------------------------------------------------------

--
-- Table structure for table `mg_catalogrule_product_price_replica`
--

CREATE TABLE `mg_catalogrule_product_price_replica` (
  `rule_product_price_id` int(10) UNSIGNED NOT NULL COMMENT 'Rule Product PriceId',
  `rule_date` date NOT NULL COMMENT 'Rule Date',
  `customer_group_id` int(11) DEFAULT NULL,
  `product_id` int(10) UNSIGNED NOT NULL DEFAULT '0' COMMENT 'Product Id',
  `rule_price` decimal(20,6) NOT NULL DEFAULT '0.000000' COMMENT 'Rule Price',
  `website_id` smallint(5) UNSIGNED NOT NULL COMMENT 'Website Id',
  `latest_start_date` date DEFAULT NULL COMMENT 'Latest StartDate',
  `earliest_end_date` date DEFAULT NULL COMMENT 'Earliest EndDate'
) ENGINE=InnoDB DEFAULT CHARSET=utf8 COMMENT='CatalogRule Product Price';

-- --------------------------------------------------------

--
-- Table structure for table `mg_catalogrule_product_replica`
--

CREATE TABLE `mg_catalogrule_product_replica` (
  `rule_product_id` int(10) UNSIGNED NOT NULL COMMENT 'Rule Product Id',
  `rule_id` int(10) UNSIGNED NOT NULL DEFAULT '0' COMMENT 'Rule ID',
  `from_time` int(10) UNSIGNED NOT NULL DEFAULT '0' COMMENT 'From Time',
  `to_time` int(10) UNSIGNED NOT NULL DEFAULT '0' COMMENT 'To time',
  `customer_group_id` int(11) DEFAULT NULL,
  `product_id` int(10) UNSIGNED NOT NULL DEFAULT '0' COMMENT 'Product Id',
  `action_operator` varchar(10) DEFAULT 'to_fixed' COMMENT 'Action Operator',
  `action_amount` decimal(20,6) NOT NULL DEFAULT '0.000000' COMMENT 'Action Amount',
  `action_stop` smallint(6) NOT NULL DEFAULT '0' COMMENT 'Action Stop',
  `sort_order` int(10) UNSIGNED NOT NULL DEFAULT '0' COMMENT 'Sort Order',
  `website_id` smallint(5) UNSIGNED NOT NULL COMMENT 'Website Id'
) ENGINE=InnoDB DEFAULT CHARSET=utf8 COMMENT='CatalogRule Product';

-- --------------------------------------------------------

--
-- Table structure for table `mg_catalogrule_website`
--

CREATE TABLE `mg_catalogrule_website` (
  `rule_id` int(10) UNSIGNED NOT NULL COMMENT 'Rule ID',
  `website_id` smallint(5) UNSIGNED NOT NULL COMMENT 'Website Id'
) ENGINE=InnoDB DEFAULT CHARSET=utf8 COMMENT='Catalog Rules To Websites Relations';

-- --------------------------------------------------------

--
-- Table structure for table `mg_catalogsearch_fulltext_scope1`
--

CREATE TABLE `mg_catalogsearch_fulltext_scope1` (
  `entity_id` int(10) UNSIGNED NOT NULL COMMENT 'Entity ID',
  `attribute_id` int(10) UNSIGNED NOT NULL COMMENT 'Attribute_id',
  `data_index` longtext COMMENT 'Data index'
) ENGINE=InnoDB DEFAULT CHARSET=utf8 COMMENT='mg_catalogsearch_fulltext_scope1';

--
-- Dumping data for table `mg_catalogsearch_fulltext_scope1`
--

INSERT INTO `mg_catalogsearch_fulltext_scope1` (`entity_id`, `attribute_id`, `data_index`) VALUES
(1, 73, 'Philips HR1861 Whole Fruit Juicer'),
(1, 74, 'Philips HR1861 Whole Fruit Juicer'),
(1, 75, 'Lorem ipsum dolor sit amet, an munere tibique consequat mel, congue albucius no qui, at everti meliore erroribus sea. Vero graeco cotidieque ea duo, in eirmod insolens interpretaris nam. Pro at nostrud percipit definitiones, eu tale porro cum. Sea ne accusata voluptatibus. Ne cum falli dolor voluptua, duo ei sonet choro facilisis, labores officiis torquatos cum ei. Cum altera mandamus in, mea verear disputationi et. Vel regione discere ut, legere expetenda ut eos. In nam nibh invenire similique. Atqui mollis ea his, ius graecis accommodare te. No eam tota nostrum cotidieque. Est cu nibh clita. Sed an nominavi maiestatis, et duo corrumpit constituto, duo id rebum lucilius. Te eam iisque deseruisse, ipsum euismod his at. Eu putent habemus voluptua sit, sit cu rationibus scripserit, modus voluptaria ex per. Aeque dicam consulatu eu his, probatus neglegentur disputationi sit et. Ei nec ludus epicuri petentium, vis appetere maluisset ad. Et hinc exerci utinam cum. Sonet saperet nominavi est at, vel eu sumo tritani. Cum ex minim legere. Eos cu utroque inermis invenire, eu pri alterum antiopam. Nisl erroribus definitiones nec an, ne mutat scripserit est. Eros veri ad pri. An soleat maluisset per. Has eu idque similique, et blandit scriptorem necessitatibus mea. Vis quaeque ocurreret ea.'),
(1, 76, 'Dolore eu feugiat nulla facilisis at vero eros et accumsan et iusto odio dignissim qui blandit praesent luptatum zzril delenit augue duis dolore te feugait nulla facilisi. Nam liber tempor cum soluta nobis eleifend option into nihil imperdiet doming id quod mazim placerat facer possim assum est notare.'),
(1, 97, 'Enabled'),
(1, 134, 'None'),
(2, 73, 'Samsung Vacuum Cleaner Power'),
(2, 74, 'Samsung Vacuum Cleaner Power'),
(2, 75, 'Lorem ipsum dolor sit amet, an munere tibique consequat mel, congue albucius no qui, at everti meliore erroribus sea. Vero graeco cotidieque ea duo, in eirmod insolens interpretaris nam. Pro at nostrud percipit definitiones, eu tale porro cum. Sea ne accusata voluptatibus. Ne cum falli dolor voluptua, duo ei sonet choro facilisis, labores officiis torquatos cum ei. Cum altera mandamus in, mea verear disputationi et. Vel regione discere ut, legere expetenda ut eos. In nam nibh invenire similique. Atqui mollis ea his, ius graecis accommodare te. No eam tota nostrum cotidieque. Est cu nibh clita. Sed an nominavi maiestatis, et duo corrumpit constituto, duo id rebum lucilius. Te eam iisque deseruisse, ipsum euismod his at. Eu putent habemus voluptua sit, sit cu rationibus scripserit, modus voluptaria ex per. Aeque dicam consulatu eu his, probatus neglegentur disputationi sit et. Ei nec ludus epicuri petentium, vis appetere maluisset ad. Et hinc exerci utinam cum. Sonet saperet nominavi est at, vel eu sumo tritani. Cum ex minim legere. Eos cu utroque inermis invenire, eu pri alterum antiopam. Nisl erroribus definitiones nec an, ne mutat scripserit est. Eros veri ad pri. An soleat maluisset per. Has eu idque similique, et blandit scriptorem necessitatibus mea. Vis quaeque ocurreret ea.'),
(2, 76, 'Dolore eu feugiat nulla facilisis at vero eros et accumsan et iusto odio dignissim qui blandit praesent luptatum zzril delenit augue duis dolore te feugait nulla facilisi. Nam liber tempor cum soluta nobis eleifend option into nihil imperdiet doming id quod mazim placerat facer possim assum est notare.'),
(2, 97, 'Enabled'),
(2, 134, 'None'),
(3, 73, 'Fuhlen Mouse for Gamer'),
(3, 74, 'Fuhlen Mouse for Gamer'),
(3, 75, 'Lorem ipsum dolor sit amet, an munere tibique consequat mel, congue albucius no qui, at everti meliore erroribus sea. Vero graeco cotidieque ea duo, in eirmod insolens interpretaris nam. Pro at nostrud percipit definitiones, eu tale porro cum. Sea ne accusata voluptatibus. Ne cum falli dolor voluptua, duo ei sonet choro facilisis, labores officiis torquatos cum ei. Cum altera mandamus in, mea verear disputationi et. Vel regione discere ut, legere expetenda ut eos. In nam nibh invenire similique. Atqui mollis ea his, ius graecis accommodare te. No eam tota nostrum cotidieque. Est cu nibh clita. Sed an nominavi maiestatis, et duo corrumpit constituto, duo id rebum lucilius. Te eam iisque deseruisse, ipsum euismod his at. Eu putent habemus voluptua sit, sit cu rationibus scripserit, modus voluptaria ex per. Aeque dicam consulatu eu his, probatus neglegentur disputationi sit et. Ei nec ludus epicuri petentium, vis appetere maluisset ad. Et hinc exerci utinam cum. Sonet saperet nominavi est at, vel eu sumo tritani. Cum ex minim legere. Eos cu utroque inermis invenire, eu pri alterum antiopam. Nisl erroribus definitiones nec an, ne mutat scripserit est. Eros veri ad pri. An soleat maluisset per. Has eu idque similique, et blandit scriptorem necessitatibus mea. Vis quaeque ocurreret ea.'),
(3, 76, 'Dolore eu feugiat nulla facilisis at vero eros et accumsan et iusto odio dignissim qui blandit praesent luptatum zzril delenit augue duis dolore te feugait nulla facilisi. Nam liber tempor cum soluta nobis eleifend option into nihil imperdiet doming id quod mazim placerat facer possim assum est notare.'),
(3, 97, 'Enabled'),
(3, 134, 'None'),
(4, 73, 'Acer Aspire S24 All In One PC'),
(4, 74, 'Acer Aspire S24 All In One PC'),
(4, 75, 'Lorem ipsum dolor sit amet, an munere tibique consequat mel, congue albucius no qui, at everti meliore erroribus sea. Vero graeco cotidieque ea duo, in eirmod insolens interpretaris nam. Pro at nostrud percipit definitiones, eu tale porro cum. Sea ne accusata voluptatibus. Ne cum falli dolor voluptua, duo ei sonet choro facilisis, labores officiis torquatos cum ei. Cum altera mandamus in, mea verear disputationi et. Vel regione discere ut, legere expetenda ut eos. In nam nibh invenire similique. Atqui mollis ea his, ius graecis accommodare te. No eam tota nostrum cotidieque. Est cu nibh clita. Sed an nominavi maiestatis, et duo corrumpit constituto, duo id rebum lucilius. Te eam iisque deseruisse, ipsum euismod his at. Eu putent habemus voluptua sit, sit cu rationibus scripserit, modus voluptaria ex per. Aeque dicam consulatu eu his, probatus neglegentur disputationi sit et. Ei nec ludus epicuri petentium, vis appetere maluisset ad. Et hinc exerci utinam cum. Sonet saperet nominavi est at, vel eu sumo tritani. Cum ex minim legere. Eos cu utroque inermis invenire, eu pri alterum antiopam. Nisl erroribus definitiones nec an, ne mutat scripserit est. Eros veri ad pri. An soleat maluisset per. Has eu idque similique, et blandit scriptorem necessitatibus mea. Vis quaeque ocurreret ea.'),
(4, 76, 'Dolore eu feugiat nulla facilisis at vero eros et accumsan et iusto odio dignissim qui blandit praesent luptatum zzril delenit augue duis dolore te feugait nulla facilisi. Nam liber tempor cum soluta nobis eleifend option into nihil imperdiet doming id quod mazim placerat facer possim assum est notare.'),
(4, 97, 'Enabled'),
(4, 134, 'None'),
(5, 73, 'Washing Machines Elextrolux'),
(5, 74, 'Washing Machines Elextrolux'),
(5, 75, 'Lorem ipsum dolor sit amet, an munere tibique consequat mel, congue albucius no qui, at everti meliore erroribus sea. Vero graeco cotidieque ea duo, in eirmod insolens interpretaris nam. Pro at nostrud percipit definitiones, eu tale porro cum. Sea ne accusata voluptatibus. Ne cum falli dolor voluptua, duo ei sonet choro facilisis, labores officiis torquatos cum ei. Cum altera mandamus in, mea verear disputationi et. Vel regione discere ut, legere expetenda ut eos. In nam nibh invenire similique. Atqui mollis ea his, ius graecis accommodare te. No eam tota nostrum cotidieque. Est cu nibh clita. Sed an nominavi maiestatis, et duo corrumpit constituto, duo id rebum lucilius. Te eam iisque deseruisse, ipsum euismod his at. Eu putent habemus voluptua sit, sit cu rationibus scripserit, modus voluptaria ex per. Aeque dicam consulatu eu his, probatus neglegentur disputationi sit et. Ei nec ludus epicuri petentium, vis appetere maluisset ad. Et hinc exerci utinam cum. Sonet saperet nominavi est at, vel eu sumo tritani. Cum ex minim legere. Eos cu utroque inermis invenire, eu pri alterum antiopam. Nisl erroribus definitiones nec an, ne mutat scripserit est. Eros veri ad pri. An soleat maluisset per. Has eu idque similique, et blandit scriptorem necessitatibus mea. Vis quaeque ocurreret ea.'),
(5, 76, 'Dolore eu feugiat nulla facilisis at vero eros et accumsan et iusto odio dignissim qui blandit praesent luptatum zzril delenit augue duis dolore te feugait nulla facilisi. Nam liber tempor cum soluta nobis eleifend option into nihil imperdiet doming id quod mazim placerat facer possim assum est notare.'),
(5, 97, 'Enabled'),
(5, 134, 'None'),
(6, 73, 'Apple iMac 2017 21.5-inch Retina 4K'),
(6, 74, 'Apple iMac 2017 21.5-inch Retina 4K'),
(6, 75, 'Lorem ipsum dolor sit amet, an munere tibique consequat mel, congue albucius no qui, at everti meliore erroribus sea. Vero graeco cotidieque ea duo, in eirmod insolens interpretaris nam. Pro at nostrud percipit definitiones, eu tale porro cum. Sea ne accusata voluptatibus. Ne cum falli dolor voluptua, duo ei sonet choro facilisis, labores officiis torquatos cum ei. Cum altera mandamus in, mea verear disputationi et. Vel regione discere ut, legere expetenda ut eos. In nam nibh invenire similique. Atqui mollis ea his, ius graecis accommodare te. No eam tota nostrum cotidieque. Est cu nibh clita. Sed an nominavi maiestatis, et duo corrumpit constituto, duo id rebum lucilius. Te eam iisque deseruisse, ipsum euismod his at. Eu putent habemus voluptua sit, sit cu rationibus scripserit, modus voluptaria ex per. Aeque dicam consulatu eu his, probatus neglegentur disputationi sit et. Ei nec ludus epicuri petentium, vis appetere maluisset ad. Et hinc exerci utinam cum. Sonet saperet nominavi est at, vel eu sumo tritani. Cum ex minim legere. Eos cu utroque inermis invenire, eu pri alterum antiopam. Nisl erroribus definitiones nec an, ne mutat scripserit est. Eros veri ad pri. An soleat maluisset per. Has eu idque similique, et blandit scriptorem necessitatibus mea. Vis quaeque ocurreret ea.'),
(6, 76, 'Dolore eu feugiat nulla facilisis at vero eros et accumsan et iusto odio dignissim qui blandit praesent luptatum zzril delenit augue duis dolore te feugait nulla facilisi. Nam liber tempor cum soluta nobis eleifend option into nihil imperdiet doming id quod mazim placerat facer possim assum est notare.'),
(6, 97, 'Enabled'),
(6, 134, 'None'),
(7, 73, 'Beat Crossfade 2 Wireless Headphone'),
(7, 74, 'Beat Crossfade 2 Wireless Headphone'),
(7, 75, 'Lorem ipsum dolor sit amet, an munere tibique consequat mel, congue albucius no qui, at everti meliore erroribus sea. Vero graeco cotidieque ea duo, in eirmod insolens interpretaris nam. Pro at nostrud percipit definitiones, eu tale porro cum. Sea ne accusata voluptatibus. Ne cum falli dolor voluptua, duo ei sonet choro facilisis, labores officiis torquatos cum ei. Cum altera mandamus in, mea verear disputationi et. Vel regione discere ut, legere expetenda ut eos. In nam nibh invenire similique. Atqui mollis ea his, ius graecis accommodare te. No eam tota nostrum cotidieque. Est cu nibh clita. Sed an nominavi maiestatis, et duo corrumpit constituto, duo id rebum lucilius. Te eam iisque deseruisse, ipsum euismod his at. Eu putent habemus voluptua sit, sit cu rationibus scripserit, modus voluptaria ex per. Aeque dicam consulatu eu his, probatus neglegentur disputationi sit et. Ei nec ludus epicuri petentium, vis appetere maluisset ad. Et hinc exerci utinam cum. Sonet saperet nominavi est at, vel eu sumo tritani. Cum ex minim legere. Eos cu utroque inermis invenire, eu pri alterum antiopam. Nisl erroribus definitiones nec an, ne mutat scripserit est. Eros veri ad pri. An soleat maluisset per. Has eu idque similique, et blandit scriptorem necessitatibus mea. Vis quaeque ocurreret ea.'),
(7, 76, 'Dolore eu feugiat nulla facilisis at vero eros et accumsan et iusto odio dignissim qui blandit praesent luptatum zzril delenit augue duis dolore te feugait nulla facilisi. Nam liber tempor cum soluta nobis eleifend option into nihil imperdiet doming id quod mazim placerat facer possim assum est notare.'),
(7, 97, 'Enabled'),
(7, 134, 'None'),
(8, 73, 'Navy Skinny Fit Suit With Wool'),
(8, 74, 'Navy Skinny Fit Suit With Wool'),
(8, 75, 'Lorem ipsum dolor sit amet, an munere tibique consequat mel, congue albucius no qui, at everti meliore erroribus sea. Vero graeco cotidieque ea duo, in eirmod insolens interpretaris nam. Pro at nostrud percipit definitiones, eu tale porro cum. Sea ne accusata voluptatibus. Ne cum falli dolor voluptua, duo ei sonet choro facilisis, labores officiis torquatos cum ei. Cum altera mandamus in, mea verear disputationi et. Vel regione discere ut, legere expetenda ut eos. In nam nibh invenire similique. Atqui mollis ea his, ius graecis accommodare te. No eam tota nostrum cotidieque. Est cu nibh clita. Sed an nominavi maiestatis, et duo corrumpit constituto, duo id rebum lucilius. Te eam iisque deseruisse, ipsum euismod his at. Eu putent habemus voluptua sit, sit cu rationibus scripserit, modus voluptaria ex per. Aeque dicam consulatu eu his, probatus neglegentur disputationi sit et. Ei nec ludus epicuri petentium, vis appetere maluisset ad. Et hinc exerci utinam cum. Sonet saperet nominavi est at, vel eu sumo tritani. Cum ex minim legere. Eos cu utroque inermis invenire, eu pri alterum antiopam. Nisl erroribus definitiones nec an, ne mutat scripserit est. Eros veri ad pri. An soleat maluisset per. Has eu idque similique, et blandit scriptorem necessitatibus mea. Vis quaeque ocurreret ea.'),
(8, 76, 'Dolore eu feugiat nulla facilisis at vero eros et accumsan et iusto odio dignissim qui blandit praesent luptatum zzril delenit augue duis dolore te feugait nulla facilisi. Nam liber tempor cum soluta nobis eleifend option into nihil imperdiet doming id quod mazim placerat facer possim assum est notare.'),
(8, 97, 'Enabled'),
(8, 134, 'None'),
(9, 73, 'Outdoor Crossbody Bag'),
(9, 74, 'Outdoor Crossbody Bag'),
(9, 75, 'Lorem ipsum dolor sit amet, an munere tibique consequat mel, congue albucius no qui, at everti meliore erroribus sea. Vero graeco cotidieque ea duo, in eirmod insolens interpretaris nam. Pro at nostrud percipit definitiones, eu tale porro cum. Sea ne accusata voluptatibus. Ne cum falli dolor voluptua, duo ei sonet choro facilisis, labores officiis torquatos cum ei. Cum altera mandamus in, mea verear disputationi et. Vel regione discere ut, legere expetenda ut eos. In nam nibh invenire similique. Atqui mollis ea his, ius graecis accommodare te. No eam tota nostrum cotidieque. Est cu nibh clita. Sed an nominavi maiestatis, et duo corrumpit constituto, duo id rebum lucilius. Te eam iisque deseruisse, ipsum euismod his at. Eu putent habemus voluptua sit, sit cu rationibus scripserit, modus voluptaria ex per. Aeque dicam consulatu eu his, probatus neglegentur disputationi sit et. Ei nec ludus epicuri petentium, vis appetere maluisset ad. Et hinc exerci utinam cum. Sonet saperet nominavi est at, vel eu sumo tritani. Cum ex minim legere. Eos cu utroque inermis invenire, eu pri alterum antiopam. Nisl erroribus definitiones nec an, ne mutat scripserit est. Eros veri ad pri. An soleat maluisset per. Has eu idque similique, et blandit scriptorem necessitatibus mea. Vis quaeque ocurreret ea.'),
(9, 76, 'Dolore eu feugiat nulla facilisis at vero eros et accumsan et iusto odio dignissim qui blandit praesent luptatum zzril delenit augue duis dolore te feugait nulla facilisi. Nam liber tempor cum soluta nobis eleifend option into nihil imperdiet doming id quod mazim placerat facer possim assum est notare.'),
(9, 97, 'Enabled'),
(9, 134, 'None'),
(10, 73, 'Zara Women Leather Bag'),
(10, 74, 'Zara Women Leather Bag'),
(10, 75, 'Lorem ipsum dolor sit amet, an munere tibique consequat mel, congue albucius no qui, at everti meliore erroribus sea. Vero graeco cotidieque ea duo, in eirmod insolens interpretaris nam. Pro at nostrud percipit definitiones, eu tale porro cum. Sea ne accusata voluptatibus. Ne cum falli dolor voluptua, duo ei sonet choro facilisis, labores officiis torquatos cum ei. Cum altera mandamus in, mea verear disputationi et. Vel regione discere ut, legere expetenda ut eos. In nam nibh invenire similique. Atqui mollis ea his, ius graecis accommodare te. No eam tota nostrum cotidieque. Est cu nibh clita. Sed an nominavi maiestatis, et duo corrumpit constituto, duo id rebum lucilius. Te eam iisque deseruisse, ipsum euismod his at. Eu putent habemus voluptua sit, sit cu rationibus scripserit, modus voluptaria ex per. Aeque dicam consulatu eu his, probatus neglegentur disputationi sit et. Ei nec ludus epicuri petentium, vis appetere maluisset ad. Et hinc exerci utinam cum. Sonet saperet nominavi est at, vel eu sumo tritani. Cum ex minim legere. Eos cu utroque inermis invenire, eu pri alterum antiopam. Nisl erroribus definitiones nec an, ne mutat scripserit est. Eros veri ad pri. An soleat maluisset per. Has eu idque similique, et blandit scriptorem necessitatibus mea. Vis quaeque ocurreret ea.'),
(10, 76, 'Dolore eu feugiat nulla facilisis at vero eros et accumsan et iusto odio dignissim qui blandit praesent luptatum zzril delenit augue duis dolore te feugait nulla facilisi. Nam liber tempor cum soluta nobis eleifend option into nihil imperdiet doming id quod mazim placerat facer possim assum est notare.'),
(10, 97, 'Enabled'),
(10, 134, 'None'),
(11, 73, 'Printed & Cold Shoulder T Shirts'),
(11, 74, 'Printed & Cold Shoulder T Shirts'),
(11, 75, 'Lorem ipsum dolor sit amet, an munere tibique consequat mel, congue albucius no qui, at everti meliore erroribus sea. Vero graeco cotidieque ea duo, in eirmod insolens interpretaris nam. Pro at nostrud percipit definitiones, eu tale porro cum. Sea ne accusata voluptatibus. Ne cum falli dolor voluptua, duo ei sonet choro facilisis, labores officiis torquatos cum ei. Cum altera mandamus in, mea verear disputationi et. Vel regione discere ut, legere expetenda ut eos. In nam nibh invenire similique. Atqui mollis ea his, ius graecis accommodare te. No eam tota nostrum cotidieque. Est cu nibh clita. Sed an nominavi maiestatis, et duo corrumpit constituto, duo id rebum lucilius. Te eam iisque deseruisse, ipsum euismod his at. Eu putent habemus voluptua sit, sit cu rationibus scripserit, modus voluptaria ex per. Aeque dicam consulatu eu his, probatus neglegentur disputationi sit et. Ei nec ludus epicuri petentium, vis appetere maluisset ad. Et hinc exerci utinam cum. Sonet saperet nominavi est at, vel eu sumo tritani. Cum ex minim legere. Eos cu utroque inermis invenire, eu pri alterum antiopam. Nisl erroribus definitiones nec an, ne mutat scripserit est. Eros veri ad pri. An soleat maluisset per. Has eu idque similique, et blandit scriptorem necessitatibus mea. Vis quaeque ocurreret ea.'),
(11, 76, 'Dolore eu feugiat nulla facilisis at vero eros et accumsan et iusto odio dignissim qui blandit praesent luptatum zzril delenit augue duis dolore te feugait nulla facilisi. Nam liber tempor cum soluta nobis eleifend option into nihil imperdiet doming id quod mazim placerat facer possim assum est notare.'),
(11, 97, 'Enabled'),
(11, 134, 'None'),
(24, 73, 'Sprite Yoga Strap 6 foot'),
(24, 74, '24-WG085'),
(24, 75, 'The Sprite Yoga Strap is your untiring partner in demanding stretches, holds and alignment routines. The strap\'s 100% organic cotton fabric is woven tightly to form a soft, textured yet non-slip surface. The plastic clasp buckle is easily adjustable, lightweight and urable under strain.100% soft and durable cotton.Plastic cinch buckle is easy to use.Three natural colors made from phthalate and heavy metal free dyes.'),
(24, 97, 'Enabled'),
(24, 134, 'Taxable Goods'),
(25, 73, 'Sprite Yoga Strap 10 foot'),
(25, 74, '24-WG087'),
(25, 75, 'The Sprite Yoga Strap is your untiring partner in demanding stretches, holds and alignment routines. The strap\'s 100% organic cotton fabric is woven tightly to form a soft, textured yet non-slip surface. The plastic clasp buckle is easily adjustable, lightweight and durable under strain.10\' long x 1.0\" wide.100% soft and durable cotton.Plastic cinch buckle is easy to use.Three natural colors made from phthalate and heavy metal free dyes.'),
(25, 97, 'Enabled'),
(25, 134, 'Taxable Goods'),
(26, 73, 'Set of Sprite Yoga Straps | Sprite Yoga Strap 6 foot'),
(26, 74, '24-WG085_Group'),
(26, 75, 'Great set of Sprite Yoga Straps for every stretch and hold you need. There are three straps in this set: 6\', 8\' and 10\'.100% soft and durable cotton.Plastic cinch buckle is easy to use.Choice of three natural colors made from phthalate and heavy metal free dyes. | The Sprite Yoga Strap is your untiring partner in demanding stretches, holds and alignment routines. The strap\'s 100% organic cotton fabric is woven tightly to form a soft, textured yet non-slip surface. The plastic clasp buckle is easily adjustable, lightweight and urable under strain.100% soft and durable cotton.Plastic cinch buckle is easy to use.Three natural colors made from phthalate and heavy metal free dyes.'),
(26, 97, 'Enabled | Enabled'),
(26, 134, 'Taxable Goods'),
(27, 73, 'qqq'),
(27, 74, 'qqq'),
(27, 97, 'Enabled'),
(27, 134, 'Taxable Goods'),
(28, 73, 'admin'),
(28, 74, 'admin'),
(28, 97, 'Enabled'),
(28, 134, 'Taxable Goods');

-- --------------------------------------------------------

--
-- Table structure for table `mg_catalogsearch_recommendations`
--

CREATE TABLE `mg_catalogsearch_recommendations` (
  `id` int(10) UNSIGNED NOT NULL COMMENT 'Id',
  `query_id` int(10) UNSIGNED NOT NULL DEFAULT '0' COMMENT 'Query Id',
  `relation_id` int(10) UNSIGNED NOT NULL DEFAULT '0' COMMENT 'Relation Id'
) ENGINE=InnoDB DEFAULT CHARSET=utf8 COMMENT='Advanced Search Recommendations';

-- --------------------------------------------------------

--
-- Table structure for table `mg_catalog_category_entity`
--

CREATE TABLE `mg_catalog_category_entity` (
  `entity_id` int(10) UNSIGNED NOT NULL COMMENT 'Entity ID',
  `attribute_set_id` smallint(5) UNSIGNED NOT NULL DEFAULT '0' COMMENT 'Attribute Set ID',
  `parent_id` int(10) UNSIGNED NOT NULL DEFAULT '0' COMMENT 'Parent Category ID',
  `created_at` timestamp NOT NULL DEFAULT CURRENT_TIMESTAMP COMMENT 'Creation Time',
  `updated_at` timestamp NOT NULL DEFAULT CURRENT_TIMESTAMP ON UPDATE CURRENT_TIMESTAMP COMMENT 'Update Time',
  `path` varchar(255) NOT NULL COMMENT 'Tree Path',
  `position` int(11) NOT NULL COMMENT 'Position',
  `level` int(11) NOT NULL DEFAULT '0' COMMENT 'Tree Level',
  `children_count` int(11) NOT NULL COMMENT 'Child Count'
) ENGINE=InnoDB DEFAULT CHARSET=utf8 COMMENT='Catalog Category Table';

--
-- Dumping data for table `mg_catalog_category_entity`
--

INSERT INTO `mg_catalog_category_entity` (`entity_id`, `attribute_set_id`, `parent_id`, `created_at`, `updated_at`, `path`, `position`, `level`, `children_count`) VALUES
(1, 3, 0, '2019-09-05 10:33:52', '2019-09-17 11:06:56', '1', 0, 0, 41),
(2, 3, 1, '2019-09-05 10:33:52', '2019-09-17 11:06:56', '1/2', 1, 1, 40),
(3, 3, 2, '2019-09-05 11:58:17', '2019-09-05 11:58:17', '1/2/3', 1, 2, 0),
(4, 3, 2, '2019-09-05 11:59:05', '2019-09-17 09:36:58', '1/2/4', 2, 2, 25),
(5, 3, 4, '2019-09-05 11:59:42', '2019-09-17 09:37:27', '1/2/4/5', 1, 3, 9),
(6, 3, 5, '2019-09-05 12:00:15', '2019-09-17 09:37:56', '1/2/4/5/6', 1, 4, 2),
(7, 3, 5, '2019-09-05 12:00:54', '2019-09-17 05:52:34', '1/2/4/5/7', 2, 4, 0),
(8, 3, 5, '2019-09-05 12:01:21', '2019-09-17 05:52:59', '1/2/4/5/8', 3, 4, 0),
(9, 3, 5, '2019-09-05 12:01:43', '2019-09-17 05:53:15', '1/2/4/5/9', 4, 4, 0),
(10, 3, 5, '2019-09-05 12:02:16', '2019-09-17 05:53:36', '1/2/4/5/10', 5, 4, 0),
(11, 3, 4, '2019-09-05 12:02:51', '2019-09-05 12:06:49', '1/2/4/11', 2, 3, 8),
(12, 3, 11, '2019-09-05 12:03:14', '2019-09-05 12:03:14', '1/2/4/11/12', 1, 4, 0),
(13, 3, 11, '2019-09-05 12:03:37', '2019-09-05 12:03:37', '1/2/4/11/13', 2, 4, 0),
(14, 3, 11, '2019-09-05 12:04:18', '2019-09-05 12:04:18', '1/2/4/11/14', 3, 4, 0),
(15, 3, 11, '2019-09-05 12:04:45', '2019-09-05 12:04:45', '1/2/4/11/15', 4, 4, 0),
(16, 3, 11, '2019-09-05 12:05:09', '2019-09-05 12:05:09', '1/2/4/11/16', 5, 4, 0),
(17, 3, 11, '2019-09-05 12:06:00', '2019-09-05 12:06:00', '1/2/4/11/17', 6, 4, 0),
(18, 3, 11, '2019-09-05 12:06:25', '2019-09-05 12:06:25', '1/2/4/11/18', 7, 4, 0),
(19, 3, 11, '2019-09-05 12:06:49', '2019-09-05 12:06:49', '1/2/4/11/19', 8, 4, 0),
(20, 3, 4, '2019-09-05 12:07:47', '2019-09-05 12:10:57', '1/2/4/20', 3, 3, 5),
(21, 3, 20, '2019-09-05 12:08:11', '2019-09-05 12:08:11', '1/2/4/20/21', 1, 4, 0),
(22, 3, 20, '2019-09-05 12:08:39', '2019-09-05 12:08:39', '1/2/4/20/22', 2, 4, 0),
(23, 3, 20, '2019-09-05 12:09:04', '2019-09-05 12:09:04', '1/2/4/20/23', 3, 4, 0),
(24, 3, 20, '2019-09-05 12:10:36', '2019-09-05 12:10:36', '1/2/4/20/24', 4, 4, 0),
(25, 3, 20, '2019-09-05 12:10:57', '2019-09-05 12:10:57', '1/2/4/20/25', 5, 4, 0),
(26, 3, 2, '2019-09-05 12:11:30', '2019-09-05 12:11:30', '1/2/26', 3, 2, 0),
(27, 3, 2, '2019-09-05 12:12:14', '2019-09-05 12:12:48', '1/2/27', 4, 2, 0),
(29, 3, 2, '2019-09-05 12:13:11', '2019-09-05 12:13:11', '1/2/29', 5, 2, 0),
(30, 3, 2, '2019-09-05 12:13:44', '2019-09-05 12:13:44', '1/2/30', 6, 2, 0),
(31, 3, 2, '2019-09-05 12:14:13', '2019-09-05 12:14:13', '1/2/31', 7, 2, 0),
(32, 3, 2, '2019-09-05 12:14:38', '2019-09-05 12:14:38', '1/2/32', 8, 2, 0),
(33, 3, 2, '2019-09-05 12:15:07', '2019-09-05 12:15:07', '1/2/33', 9, 2, 0),
(34, 3, 2, '2019-09-05 12:15:39', '2019-09-05 12:15:39', '1/2/34', 10, 2, 0),
(35, 3, 2, '2019-09-05 12:16:08', '2019-09-05 12:16:08', '1/2/35', 11, 2, 0),
(36, 3, 2, '2019-09-05 12:16:37', '2019-09-05 12:16:37', '1/2/36', 12, 2, 0),
(37, 3, 2, '2019-09-05 12:17:03', '2019-09-05 12:17:03', '1/2/37', 13, 2, 0),
(38, 3, 5, '2019-09-17 05:54:17', '2019-09-17 05:54:17', '1/2/4/5/38', 6, 4, 0),
(39, 3, 5, '2019-09-17 05:54:45', '2019-09-17 05:54:45', '1/2/4/5/39', 7, 4, 0),
(40, 3, 6, '2019-09-17 07:30:40', '2019-09-17 09:38:27', '1/2/4/5/6/40', 1, 5, 1),
(41, 3, 40, '2019-09-17 07:47:46', '2019-09-17 09:51:59', '1/2/4/5/6/40/41', 1, 6, 0),
(44, 3, 2, '2019-09-17 11:06:56', '2019-09-17 11:06:56', '1/2/44', 14, 2, 1),
(45, 3, 44, '2019-09-17 11:06:56', '2019-09-17 11:06:56', '1/2/44/45', 1, 3, 0);

-- --------------------------------------------------------

--
-- Table structure for table `mg_catalog_category_entity_datetime`
--

CREATE TABLE `mg_catalog_category_entity_datetime` (
  `value_id` int(11) NOT NULL COMMENT 'Value ID',
  `attribute_id` smallint(5) UNSIGNED NOT NULL DEFAULT '0' COMMENT 'Attribute ID',
  `store_id` smallint(5) UNSIGNED NOT NULL DEFAULT '0' COMMENT 'Store ID',
  `entity_id` int(10) UNSIGNED NOT NULL DEFAULT '0' COMMENT 'Entity ID',
  `value` datetime DEFAULT NULL COMMENT 'Value'
) ENGINE=InnoDB DEFAULT CHARSET=utf8 COMMENT='Catalog Category Datetime Attribute Backend Table';

--
-- Dumping data for table `mg_catalog_category_entity_datetime`
--

INSERT INTO `mg_catalog_category_entity_datetime` (`value_id`, `attribute_id`, `store_id`, `entity_id`, `value`) VALUES
(1, 61, 0, 4, NULL),
(2, 62, 0, 4, NULL),
(3, 61, 0, 5, NULL),
(4, 62, 0, 5, NULL),
(5, 61, 0, 6, NULL),
(6, 62, 0, 6, NULL),
(7, 61, 0, 7, NULL),
(8, 62, 0, 7, NULL),
(9, 61, 0, 8, NULL),
(10, 62, 0, 8, NULL),
(11, 61, 0, 9, NULL),
(12, 62, 0, 9, NULL),
(13, 61, 0, 10, NULL),
(14, 62, 0, 10, NULL),
(15, 61, 0, 40, NULL),
(16, 62, 0, 40, NULL),
(17, 61, 0, 41, NULL),
(18, 62, 0, 41, NULL);

-- --------------------------------------------------------

--
-- Table structure for table `mg_catalog_category_entity_decimal`
--

CREATE TABLE `mg_catalog_category_entity_decimal` (
  `value_id` int(11) NOT NULL COMMENT 'Value ID',
  `attribute_id` smallint(5) UNSIGNED NOT NULL DEFAULT '0' COMMENT 'Attribute ID',
  `store_id` smallint(5) UNSIGNED NOT NULL DEFAULT '0' COMMENT 'Store ID',
  `entity_id` int(10) UNSIGNED NOT NULL DEFAULT '0' COMMENT 'Entity ID',
  `value` decimal(20,6) DEFAULT NULL COMMENT 'Value'
) ENGINE=InnoDB DEFAULT CHARSET=utf8 COMMENT='Catalog Category Decimal Attribute Backend Table';

-- --------------------------------------------------------

--
-- Table structure for table `mg_catalog_category_entity_int`
--

CREATE TABLE `mg_catalog_category_entity_int` (
  `value_id` int(11) NOT NULL COMMENT 'Value ID',
  `attribute_id` smallint(5) UNSIGNED NOT NULL DEFAULT '0' COMMENT 'Attribute ID',
  `store_id` smallint(5) UNSIGNED NOT NULL DEFAULT '0' COMMENT 'Store ID',
  `entity_id` int(10) UNSIGNED NOT NULL DEFAULT '0' COMMENT 'Entity ID',
  `value` int(11) DEFAULT NULL COMMENT 'Value'
) ENGINE=InnoDB DEFAULT CHARSET=utf8 COMMENT='Catalog Category Integer Attribute Backend Table';

--
-- Dumping data for table `mg_catalog_category_entity_int`
--

INSERT INTO `mg_catalog_category_entity_int` (`value_id`, `attribute_id`, `store_id`, `entity_id`, `value`) VALUES
(1, 69, 0, 1, 1),
(2, 46, 0, 2, 1),
(3, 69, 0, 2, 1),
(4, 46, 0, 3, 1),
(5, 54, 0, 3, 1),
(6, 69, 0, 3, 1),
(7, 70, 0, 3, 0),
(8, 71, 0, 3, 0),
(9, 46, 0, 4, 1),
(10, 54, 0, 4, 1),
(11, 69, 0, 4, 1),
(12, 70, 0, 4, 0),
(13, 71, 0, 4, 0),
(14, 46, 0, 5, 1),
(15, 54, 0, 5, 1),
(16, 69, 0, 5, 1),
(17, 70, 0, 5, 0),
(18, 71, 0, 5, 0),
(19, 46, 0, 6, 1),
(20, 54, 0, 6, 1),
(21, 69, 0, 6, 1),
(22, 70, 0, 6, 0),
(23, 71, 0, 6, 0),
(24, 46, 0, 7, 1),
(25, 54, 0, 7, 1),
(26, 69, 0, 7, 1),
(27, 70, 0, 7, 0),
(28, 71, 0, 7, 0),
(29, 46, 0, 8, 1),
(30, 54, 0, 8, 1),
(31, 69, 0, 8, 1),
(32, 70, 0, 8, 0),
(33, 71, 0, 8, 0),
(34, 46, 0, 9, 1),
(35, 54, 0, 9, 1),
(36, 69, 0, 9, 1),
(37, 70, 0, 9, 0),
(38, 71, 0, 9, 0),
(39, 46, 0, 10, 1),
(40, 54, 0, 10, 1),
(41, 69, 0, 10, 1),
(42, 70, 0, 10, 0),
(43, 71, 0, 10, 0),
(44, 46, 0, 11, 1),
(45, 54, 0, 11, 1),
(46, 69, 0, 11, 1),
(47, 70, 0, 11, 0),
(48, 71, 0, 11, 0),
(49, 46, 0, 12, 1),
(50, 54, 0, 12, 1),
(51, 69, 0, 12, 1),
(52, 70, 0, 12, 0),
(53, 71, 0, 12, 0),
(54, 46, 0, 13, 1),
(55, 54, 0, 13, 1),
(56, 69, 0, 13, 1),
(57, 70, 0, 13, 0),
(58, 71, 0, 13, 0),
(59, 46, 0, 14, 1),
(60, 54, 0, 14, 1),
(61, 69, 0, 14, 1),
(62, 70, 0, 14, 0),
(63, 71, 0, 14, 0),
(64, 46, 0, 15, 1),
(65, 54, 0, 15, 1),
(66, 69, 0, 15, 1),
(67, 70, 0, 15, 0),
(68, 71, 0, 15, 0),
(69, 46, 0, 16, 1),
(70, 54, 0, 16, 1),
(71, 69, 0, 16, 1),
(72, 70, 0, 16, 0),
(73, 71, 0, 16, 0),
(74, 46, 0, 17, 1),
(75, 54, 0, 17, 1),
(76, 69, 0, 17, 1),
(77, 70, 0, 17, 0),
(78, 71, 0, 17, 0),
(79, 46, 0, 18, 1),
(80, 54, 0, 18, 1),
(81, 69, 0, 18, 1),
(82, 70, 0, 18, 0),
(83, 71, 0, 18, 0),
(84, 46, 0, 19, 1),
(85, 54, 0, 19, 1),
(86, 69, 0, 19, 1),
(87, 70, 0, 19, 0),
(88, 71, 0, 19, 0),
(89, 46, 0, 20, 1),
(90, 54, 0, 20, 1),
(91, 69, 0, 20, 1),
(92, 70, 0, 20, 0),
(93, 71, 0, 20, 0),
(94, 46, 0, 21, 1),
(95, 54, 0, 21, 1),
(96, 69, 0, 21, 1),
(97, 70, 0, 21, 0),
(98, 71, 0, 21, 0),
(99, 46, 0, 22, 1),
(100, 54, 0, 22, 1),
(101, 69, 0, 22, 1),
(102, 70, 0, 22, 0),
(103, 71, 0, 22, 0),
(104, 46, 0, 23, 1),
(105, 54, 0, 23, 1),
(106, 69, 0, 23, 1),
(107, 70, 0, 23, 0),
(108, 71, 0, 23, 0),
(109, 46, 0, 24, 1),
(110, 54, 0, 24, 1),
(111, 69, 0, 24, 1),
(112, 70, 0, 24, 0),
(113, 71, 0, 24, 0),
(114, 46, 0, 25, 1),
(115, 54, 0, 25, 1),
(116, 69, 0, 25, 1),
(117, 70, 0, 25, 0),
(118, 71, 0, 25, 0),
(119, 46, 0, 26, 1),
(120, 54, 0, 26, 1),
(121, 69, 0, 26, 1),
(122, 70, 0, 26, 0),
(123, 71, 0, 26, 0),
(124, 46, 0, 27, 1),
(125, 54, 0, 27, 1),
(126, 69, 0, 27, 1),
(127, 70, 0, 27, 0),
(128, 71, 0, 27, 0),
(134, 46, 0, 29, 1),
(135, 54, 0, 29, 1),
(136, 69, 0, 29, 1),
(137, 70, 0, 29, 0),
(138, 71, 0, 29, 0),
(139, 46, 0, 30, 1),
(140, 54, 0, 30, 1),
(141, 69, 0, 30, 1),
(142, 70, 0, 30, 0),
(143, 71, 0, 30, 0),
(144, 46, 0, 31, 1),
(145, 54, 0, 31, 1),
(146, 69, 0, 31, 1),
(147, 70, 0, 31, 0),
(148, 71, 0, 31, 0),
(149, 46, 0, 32, 1),
(150, 54, 0, 32, 1),
(151, 69, 0, 32, 1),
(152, 70, 0, 32, 0),
(153, 71, 0, 32, 0),
(154, 46, 0, 33, 1),
(155, 54, 0, 33, 1),
(156, 69, 0, 33, 1),
(157, 70, 0, 33, 0),
(158, 71, 0, 33, 0),
(159, 46, 0, 34, 1),
(160, 54, 0, 34, 1),
(161, 69, 0, 34, 1),
(162, 70, 0, 34, 0),
(163, 71, 0, 34, 0),
(164, 46, 0, 35, 1),
(165, 54, 0, 35, 1),
(166, 69, 0, 35, 1),
(167, 70, 0, 35, 0),
(168, 71, 0, 35, 0),
(169, 46, 0, 36, 1),
(170, 54, 0, 36, 1),
(171, 69, 0, 36, 1),
(172, 70, 0, 36, 0),
(173, 71, 0, 36, 0),
(174, 46, 0, 37, 1),
(175, 54, 0, 37, 1),
(176, 69, 0, 37, 1),
(177, 70, 0, 37, 0),
(178, 71, 0, 37, 0),
(179, 53, 0, 4, NULL),
(180, 53, 0, 5, NULL),
(181, 53, 0, 6, NULL),
(182, 53, 0, 7, NULL),
(183, 53, 0, 8, NULL),
(184, 53, 0, 9, NULL),
(185, 53, 0, 10, NULL),
(186, 46, 0, 38, 1),
(187, 54, 0, 38, 1),
(188, 69, 0, 38, 1),
(189, 70, 0, 38, 0),
(190, 71, 0, 38, 0),
(191, 46, 0, 39, 1),
(192, 54, 0, 39, 1),
(193, 69, 0, 39, 1),
(194, 70, 0, 39, 0),
(195, 71, 0, 39, 0),
(196, 46, 0, 40, 1),
(197, 54, 0, 40, 1),
(198, 69, 0, 40, 1),
(199, 70, 0, 40, 0),
(200, 71, 0, 40, 0),
(201, 53, 0, 40, NULL),
(202, 46, 0, 41, 1),
(203, 54, 0, 41, 1),
(204, 69, 0, 41, 1),
(205, 70, 0, 41, 0),
(206, 71, 0, 41, 0),
(207, 53, 0, 41, NULL),
(214, 46, 0, 44, 1),
(215, 54, 0, 44, 1),
(216, 69, 0, 44, 1),
(217, 46, 0, 45, 1),
(218, 54, 0, 45, 1),
(219, 69, 0, 45, 1);

-- --------------------------------------------------------

--
-- Table structure for table `mg_catalog_category_entity_text`
--

CREATE TABLE `mg_catalog_category_entity_text` (
  `value_id` int(11) NOT NULL COMMENT 'Value ID',
  `attribute_id` smallint(5) UNSIGNED NOT NULL DEFAULT '0' COMMENT 'Attribute ID',
  `store_id` smallint(5) UNSIGNED NOT NULL DEFAULT '0' COMMENT 'Store ID',
  `entity_id` int(10) UNSIGNED NOT NULL DEFAULT '0' COMMENT 'Entity ID',
  `value` text COMMENT 'Value'
) ENGINE=InnoDB DEFAULT CHARSET=utf8 COMMENT='Catalog Category Text Attribute Backend Table';

--
-- Dumping data for table `mg_catalog_category_entity_text`
--

INSERT INTO `mg_catalog_category_entity_text` (`value_id`, `attribute_id`, `store_id`, `entity_id`, `value`) VALUES
(1, 47, 0, 4, NULL),
(2, 50, 0, 4, NULL),
(3, 51, 0, 4, NULL),
(4, 64, 0, 4, NULL),
(5, 47, 0, 5, NULL),
(6, 50, 0, 5, NULL),
(7, 51, 0, 5, NULL),
(8, 64, 0, 5, NULL),
(9, 47, 0, 6, NULL),
(10, 50, 0, 6, NULL),
(11, 51, 0, 6, NULL),
(12, 64, 0, 6, NULL),
(13, 47, 0, 7, NULL),
(14, 50, 0, 7, NULL),
(15, 51, 0, 7, NULL),
(16, 64, 0, 7, NULL),
(17, 47, 0, 8, NULL),
(18, 50, 0, 8, NULL),
(19, 51, 0, 8, NULL),
(20, 64, 0, 8, NULL),
(21, 47, 0, 9, NULL),
(22, 50, 0, 9, NULL),
(23, 51, 0, 9, NULL),
(24, 64, 0, 9, NULL),
(25, 47, 0, 10, NULL),
(26, 50, 0, 10, NULL),
(27, 51, 0, 10, NULL),
(28, 64, 0, 10, NULL),
(29, 47, 0, 40, NULL),
(30, 50, 0, 40, NULL),
(31, 51, 0, 40, NULL),
(32, 64, 0, 40, NULL),
(33, 47, 0, 41, NULL),
(34, 50, 0, 41, NULL),
(35, 51, 0, 41, NULL),
(36, 64, 0, 41, NULL);

-- --------------------------------------------------------

--
-- Table structure for table `mg_catalog_category_entity_varchar`
--

CREATE TABLE `mg_catalog_category_entity_varchar` (
  `value_id` int(11) NOT NULL COMMENT 'Value ID',
  `attribute_id` smallint(5) UNSIGNED NOT NULL DEFAULT '0' COMMENT 'Attribute ID',
  `store_id` smallint(5) UNSIGNED NOT NULL DEFAULT '0' COMMENT 'Store ID',
  `entity_id` int(10) UNSIGNED NOT NULL DEFAULT '0' COMMENT 'Entity ID',
  `value` varchar(255) DEFAULT NULL COMMENT 'Value'
) ENGINE=InnoDB DEFAULT CHARSET=utf8 COMMENT='Catalog Category Varchar Attribute Backend Table';

--
-- Dumping data for table `mg_catalog_category_entity_varchar`
--

INSERT INTO `mg_catalog_category_entity_varchar` (`value_id`, `attribute_id`, `store_id`, `entity_id`, `value`) VALUES
(1, 45, 0, 1, 'Root Catalog'),
(2, 45, 0, 2, 'Default Category'),
(3, 52, 0, 2, 'PRODUCTS'),
(4, 45, 0, 3, 'Electronics'),
(5, 52, 0, 3, 'PRODUCTS'),
(6, 119, 0, 3, 'electronics'),
(7, 120, 0, 3, 'electronics'),
(8, 45, 0, 4, 'PERSON SECURITY'),
(9, 52, 0, 4, 'PRODUCTS'),
(10, 119, 0, 4, 'person-security'),
(11, 120, 0, 4, 'person-security'),
(12, 45, 0, 5, 'TRACKING DEVICES'),
(13, 52, 0, 5, 'PRODUCTS'),
(14, 119, 0, 5, 'tracking-devices'),
(15, 120, 0, 5, 'person-security/tracking-devices'),
(16, 45, 0, 6, 'Child Security'),
(17, 52, 0, 6, 'PRODUCTS'),
(18, 119, 0, 6, 'child-security'),
(19, 120, 0, 6, 'person-security/tracking-devices/child-security'),
(20, 45, 0, 7, 'Sr. Citizen Security'),
(21, 52, 0, 7, 'PRODUCTS'),
(22, 119, 0, 7, 'telescope'),
(23, 120, 0, 7, 'person-security/tracking-devices/telescope'),
(24, 45, 0, 8, 'Keys Security'),
(25, 52, 0, 8, 'PRODUCTS'),
(26, 119, 0, 8, 'hat'),
(27, 120, 0, 8, 'person-security/tracking-devices/hat'),
(28, 45, 0, 9, 'Specific Item Security'),
(29, 52, 0, 9, 'PRODUCTS'),
(30, 119, 0, 9, 'tent'),
(31, 120, 0, 9, 'person-security/tracking-devices/tent'),
(32, 45, 0, 10, 'General Security'),
(33, 52, 0, 10, 'PRODUCTS'),
(34, 119, 0, 10, 'sleeping-bag'),
(35, 120, 0, 10, 'person-security/tracking-devices/sleeping-bag'),
(36, 45, 0, 11, 'Swim Gear'),
(37, 52, 0, 11, 'PRODUCTS'),
(38, 119, 0, 11, 'swim-gear'),
(39, 120, 0, 11, 'person-security/swim-gear'),
(40, 45, 0, 12, 'Women\'s Swimwear'),
(41, 52, 0, 12, 'PRODUCTS'),
(42, 119, 0, 12, 'women-s-swimwear'),
(43, 120, 0, 12, 'person-security/swim-gear/women-s-swimwear'),
(44, 45, 0, 13, 'Men\'s Swimwear'),
(45, 52, 0, 13, 'PRODUCTS'),
(46, 119, 0, 13, 'men-s-swimwear'),
(47, 120, 0, 13, 'person-security/swim-gear/men-s-swimwear'),
(48, 45, 0, 14, 'Kid\'s Swimwear'),
(49, 52, 0, 14, 'PRODUCTS'),
(50, 119, 0, 14, 'kid-s-swimwear'),
(51, 120, 0, 14, 'person-security/swim-gear/kid-s-swimwear'),
(52, 45, 0, 15, 'Swim Accessories'),
(53, 52, 0, 15, 'PRODUCTS'),
(54, 119, 0, 15, 'swim-accessories'),
(55, 120, 0, 15, 'person-security/swim-gear/swim-accessories'),
(56, 45, 0, 16, 'Umbrella & Raincoat'),
(57, 52, 0, 16, 'PRODUCTS'),
(58, 119, 0, 16, 'umbrella-raincoat'),
(59, 120, 0, 16, 'person-security/swim-gear/umbrella-raincoat'),
(60, 45, 0, 17, 'Other Outdoor Gear'),
(61, 52, 0, 17, 'PRODUCTS'),
(62, 119, 0, 17, 'other-outdoor-gear'),
(63, 120, 0, 17, 'person-security/swim-gear/other-outdoor-gear'),
(64, 45, 0, 18, 'Camping Lights'),
(65, 52, 0, 18, 'PRODUCTS'),
(66, 119, 0, 18, 'camping-lights'),
(67, 120, 0, 18, 'person-security/swim-gear/camping-lights'),
(68, 45, 0, 19, 'Bicycle Lights'),
(69, 52, 0, 19, 'PRODUCTS'),
(70, 119, 0, 19, 'bicycle-lights'),
(71, 120, 0, 19, 'person-security/swim-gear/bicycle-lights'),
(72, 45, 0, 20, 'Cycling Gear'),
(73, 52, 0, 20, 'PRODUCTS'),
(74, 119, 0, 20, 'cycling-gear'),
(75, 120, 0, 20, 'person-security/cycling-gear'),
(76, 45, 0, 21, 'Cycling Protective Gears'),
(77, 52, 0, 21, 'PRODUCTS'),
(78, 119, 0, 21, 'cycling-protective-gears'),
(79, 120, 0, 21, 'person-security/cycling-gear/cycling-protective-gears'),
(80, 45, 0, 22, 'Cycling Accessories'),
(81, 52, 0, 22, 'PRODUCTS'),
(82, 119, 0, 22, 'cycling-accessories'),
(83, 120, 0, 22, 'person-security/cycling-gear/cycling-accessories'),
(84, 45, 0, 23, 'Cycling Clothing'),
(85, 52, 0, 23, 'PRODUCTS'),
(86, 119, 0, 23, 'cycling-clothing'),
(87, 120, 0, 23, 'person-security/cycling-gear/cycling-clothing'),
(88, 45, 0, 24, 'Bicycles Frames'),
(89, 52, 0, 24, 'PRODUCTS'),
(90, 119, 0, 24, 'bicycles-frames'),
(91, 120, 0, 24, 'person-security/cycling-gear/bicycles-frames'),
(92, 45, 0, 25, 'Bicycle Lights'),
(93, 52, 0, 25, 'PRODUCTS'),
(94, 119, 0, 25, 'bicycle-lights'),
(95, 120, 0, 25, 'person-security/cycling-gear/bicycle-lights'),
(96, 45, 0, 26, 'Health & Beauty'),
(97, 52, 0, 26, 'PRODUCTS'),
(98, 119, 0, 26, 'health-beauty'),
(99, 120, 0, 26, 'health-beauty'),
(100, 45, 0, 27, 'Toys & Hobbies'),
(101, 52, 0, 27, 'PRODUCTS'),
(102, 119, 0, 27, 'toys-hobbies'),
(103, 120, 0, 27, 'toys-hobbies'),
(108, 45, 0, 29, 'Sports & Outdoors'),
(109, 52, 0, 29, 'PRODUCTS'),
(110, 119, 0, 29, 'sports-outdoors'),
(111, 120, 0, 29, 'sports-outdoors'),
(112, 45, 0, 30, 'Furniture'),
(113, 52, 0, 30, 'PRODUCTS'),
(114, 119, 0, 30, 'furniture'),
(115, 120, 0, 30, 'furniture'),
(116, 45, 0, 31, 'Automotive & Motorcycle'),
(117, 52, 0, 31, 'PRODUCTS'),
(118, 119, 0, 31, 'automotive-motorcycle'),
(119, 120, 0, 31, 'automotive-motorcycle'),
(120, 45, 0, 32, 'Laptops & Accessories'),
(121, 52, 0, 32, 'PRODUCTS'),
(122, 119, 0, 32, 'laptops-accessories'),
(123, 120, 0, 32, 'laptops-accessories'),
(124, 45, 0, 33, 'Jewelry & Watches'),
(125, 52, 0, 33, 'PRODUCTS'),
(126, 119, 0, 33, 'jewelry-watches'),
(127, 120, 0, 33, 'jewelry-watches'),
(128, 45, 0, 34, 'Flashlights & Lamps'),
(129, 52, 0, 34, 'PRODUCTS'),
(130, 119, 0, 34, 'flashlights-lamps'),
(131, 120, 0, 34, 'flashlights-lamps'),
(132, 45, 0, 35, 'Bags, Shoes & Accessories'),
(133, 52, 0, 35, 'PRODUCTS'),
(134, 119, 0, 35, 'bags-shoes-accessories'),
(135, 120, 0, 35, 'bags-shoes-accessories'),
(136, 45, 0, 36, 'Cameras & Photo'),
(137, 52, 0, 36, 'PRODUCTS'),
(138, 119, 0, 36, 'cameras-photo'),
(139, 120, 0, 36, 'cameras-photo'),
(140, 45, 0, 37, 'Holiday Supplies & Gifts'),
(141, 52, 0, 37, 'PRODUCTS'),
(142, 119, 0, 37, 'holiday-supplies-gifts'),
(143, 120, 0, 37, 'holiday-supplies-gifts'),
(145, 48, 0, 4, NULL),
(146, 49, 0, 4, NULL),
(147, 60, 0, 4, NULL),
(148, 63, 0, 4, NULL),
(150, 48, 0, 5, NULL),
(151, 49, 0, 5, NULL),
(152, 60, 0, 5, NULL),
(153, 63, 0, 5, NULL),
(155, 48, 0, 6, NULL),
(156, 49, 0, 6, NULL),
(157, 60, 0, 6, NULL),
(158, 63, 0, 6, NULL),
(160, 48, 0, 7, NULL),
(161, 49, 0, 7, NULL),
(162, 60, 0, 7, NULL),
(163, 63, 0, 7, NULL),
(165, 48, 0, 8, NULL),
(166, 49, 0, 8, NULL),
(167, 60, 0, 8, NULL),
(168, 63, 0, 8, NULL),
(170, 48, 0, 9, NULL),
(171, 49, 0, 9, NULL),
(172, 60, 0, 9, NULL),
(173, 63, 0, 9, NULL),
(175, 48, 0, 10, NULL),
(176, 49, 0, 10, NULL),
(177, 60, 0, 10, NULL),
(178, 63, 0, 10, NULL),
(179, 45, 0, 38, 'Anti-Tracking Jammer'),
(180, 52, 0, 38, 'PRODUCTS'),
(181, 119, 0, 38, 'anti-tracking-jammer'),
(182, 120, 0, 38, 'person-security/tracking-devices/anti-tracking-jammer'),
(183, 45, 0, 39, 'Accessories & Parts'),
(184, 52, 0, 39, 'PRODUCTS'),
(185, 119, 0, 39, 'accessories-parts'),
(186, 120, 0, 39, 'person-security/tracking-devices/accessories-parts'),
(187, 45, 0, 40, '>Handheld'),
(188, 52, 0, 40, 'PRODUCTS'),
(189, 119, 0, 40, 'handheld'),
(190, 120, 0, 40, 'person-security/tracking-devices/child-security/handheld'),
(192, 48, 0, 40, NULL),
(193, 49, 0, 40, NULL),
(194, 60, 0, 40, NULL),
(195, 63, 0, 40, NULL),
(196, 45, 0, 41, '>>GPS'),
(197, 52, 0, 41, 'PRODUCTS'),
(198, 119, 0, 41, 'gps'),
(199, 120, 0, 41, 'person-security/tracking-devices/child-security/handheld/gps'),
(241, 48, 0, 41, NULL),
(242, 49, 0, 41, NULL),
(243, 60, 0, 41, NULL),
(244, 63, 0, 41, NULL),
(251, 45, 0, 44, 'Gear'),
(252, 119, 0, 44, 'gear'),
(253, 120, 0, 44, 'gear'),
(254, 45, 0, 45, 'Fitness Equipment'),
(255, 119, 0, 45, 'fitness-equipment'),
(256, 120, 0, 45, 'gear/fitness-equipment');

-- --------------------------------------------------------

--
-- Table structure for table `mg_catalog_category_product`
--

CREATE TABLE `mg_catalog_category_product` (
  `entity_id` int(11) NOT NULL COMMENT 'Entity ID',
  `category_id` int(10) UNSIGNED NOT NULL DEFAULT '0' COMMENT 'Category ID',
  `product_id` int(10) UNSIGNED NOT NULL DEFAULT '0' COMMENT 'Product ID',
  `position` int(11) NOT NULL DEFAULT '0' COMMENT 'Position'
) ENGINE=InnoDB DEFAULT CHARSET=utf8 COMMENT='Catalog Product To Category Linkage Table';

--
-- Dumping data for table `mg_catalog_category_product`
--

INSERT INTO `mg_catalog_category_product` (`entity_id`, `category_id`, `product_id`, `position`) VALUES
(1, 3, 1, 0),
(2, 3, 2, 0),
(3, 3, 3, 0),
(4, 4, 3, 0),
(5, 3, 4, 0),
(6, 4, 4, 0),
(7, 3, 5, 0),
(8, 3, 6, 0),
(9, 4, 6, 0),
(10, 3, 7, 0),
(11, 4, 7, 0),
(12, 33, 8, 0),
(13, 33, 9, 0),
(14, 33, 10, 0),
(15, 33, 11, 0),
(16, 2, 12, 0),
(17, 3, 12, 0),
(20, 4, 1, 0),
(21, 5, 1, 0),
(22, 6, 1, 0),
(23, 40, 1, 0),
(24, 41, 1, 0),
(25, 2, 1, 0),
(31, 41, 17, 0),
(53, 41, 24, 0),
(54, 41, 25, 0),
(55, 41, 26, 0),
(56, 3, 28, 0);

-- --------------------------------------------------------

--
-- Table structure for table `mg_catalog_category_product_index`
--

CREATE TABLE `mg_catalog_category_product_index` (
  `category_id` int(10) UNSIGNED NOT NULL DEFAULT '0' COMMENT 'Category ID',
  `product_id` int(10) UNSIGNED NOT NULL DEFAULT '0' COMMENT 'Product ID',
  `position` int(11) DEFAULT NULL COMMENT 'Position',
  `is_parent` smallint(5) UNSIGNED NOT NULL DEFAULT '0' COMMENT 'Is Parent',
  `store_id` smallint(5) UNSIGNED NOT NULL DEFAULT '0' COMMENT 'Store ID',
  `visibility` smallint(5) UNSIGNED NOT NULL COMMENT 'Visibility'
) ENGINE=InnoDB DEFAULT CHARSET=utf8 COMMENT='Catalog Category Product Index';

-- --------------------------------------------------------

--
-- Table structure for table `mg_catalog_category_product_index_replica`
--

CREATE TABLE `mg_catalog_category_product_index_replica` (
  `category_id` int(10) UNSIGNED NOT NULL DEFAULT '0' COMMENT 'Category ID',
  `product_id` int(10) UNSIGNED NOT NULL DEFAULT '0' COMMENT 'Product ID',
  `position` int(11) DEFAULT NULL COMMENT 'Position',
  `is_parent` smallint(5) UNSIGNED NOT NULL DEFAULT '0' COMMENT 'Is Parent',
  `store_id` smallint(5) UNSIGNED NOT NULL DEFAULT '0' COMMENT 'Store ID',
  `visibility` smallint(5) UNSIGNED NOT NULL COMMENT 'Visibility'
) ENGINE=InnoDB DEFAULT CHARSET=utf8 COMMENT='Catalog Category Product Index';

-- --------------------------------------------------------

--
-- Table structure for table `mg_catalog_category_product_index_store1`
--

CREATE TABLE `mg_catalog_category_product_index_store1` (
  `category_id` int(10) UNSIGNED NOT NULL DEFAULT '0' COMMENT 'Category Id',
  `product_id` int(10) UNSIGNED NOT NULL DEFAULT '0' COMMENT 'Product Id',
  `position` int(11) DEFAULT NULL COMMENT 'Position',
  `is_parent` smallint(5) UNSIGNED NOT NULL DEFAULT '0' COMMENT 'Is Parent',
  `store_id` smallint(5) UNSIGNED NOT NULL DEFAULT '0' COMMENT 'Store Id',
  `visibility` smallint(5) UNSIGNED NOT NULL COMMENT 'Visibility'
) ENGINE=InnoDB DEFAULT CHARSET=utf8 COMMENT='Mg Catalog Category Product Index Store1 Replica';

--
-- Dumping data for table `mg_catalog_category_product_index_store1`
--

INSERT INTO `mg_catalog_category_product_index_store1` (`category_id`, `product_id`, `position`, `is_parent`, `store_id`, `visibility`) VALUES
(2, 27, 0, 0, 1, 4),
(2, 1, 0, 1, 1, 4),
(2, 2, 0, 1, 1, 4),
(2, 3, 0, 1, 1, 4),
(2, 4, 0, 1, 1, 4),
(2, 5, 0, 1, 1, 4),
(2, 6, 0, 1, 1, 4),
(2, 7, 0, 1, 1, 4),
(2, 8, 0, 1, 1, 4),
(2, 9, 0, 1, 1, 4),
(2, 10, 0, 1, 1, 4),
(2, 11, 0, 1, 1, 4),
(2, 24, 0, 1, 1, 4),
(2, 25, 0, 1, 1, 4),
(2, 26, 0, 1, 1, 4),
(2, 28, 0, 1, 1, 4),
(3, 1, 0, 1, 1, 4),
(3, 2, 0, 1, 1, 4),
(3, 3, 0, 1, 1, 4),
(3, 4, 0, 1, 1, 4),
(3, 5, 0, 1, 1, 4),
(3, 6, 0, 1, 1, 4),
(3, 7, 0, 1, 1, 4),
(3, 28, 0, 1, 1, 4),
(4, 24, 10000, 0, 1, 4),
(4, 25, 10000, 0, 1, 4),
(4, 26, 10000, 0, 1, 4),
(4, 1, 0, 1, 1, 4),
(4, 3, 0, 1, 1, 4),
(4, 4, 0, 1, 1, 4),
(4, 6, 0, 1, 1, 4),
(4, 7, 0, 1, 1, 4),
(5, 24, 10000, 0, 1, 4),
(5, 25, 10000, 0, 1, 4),
(5, 26, 10000, 0, 1, 4),
(5, 1, 0, 1, 1, 4),
(6, 24, 10000, 0, 1, 4),
(6, 25, 10000, 0, 1, 4),
(6, 26, 10000, 0, 1, 4),
(6, 1, 0, 1, 1, 4),
(33, 8, 0, 1, 1, 4),
(33, 9, 0, 1, 1, 4),
(33, 10, 0, 1, 1, 4),
(33, 11, 0, 1, 1, 4),
(40, 24, 10000, 0, 1, 4),
(40, 25, 10000, 0, 1, 4),
(40, 26, 10000, 0, 1, 4),
(40, 1, 0, 1, 1, 4),
(41, 1, 0, 1, 1, 4),
(41, 24, 0, 1, 1, 4),
(41, 25, 0, 1, 1, 4),
(41, 26, 0, 1, 1, 4);

-- --------------------------------------------------------

--
-- Table structure for table `mg_catalog_category_product_index_store1_replica`
--

CREATE TABLE `mg_catalog_category_product_index_store1_replica` (
  `category_id` int(10) UNSIGNED NOT NULL DEFAULT '0' COMMENT 'Category Id',
  `product_id` int(10) UNSIGNED NOT NULL DEFAULT '0' COMMENT 'Product Id',
  `position` int(11) DEFAULT NULL COMMENT 'Position',
  `is_parent` smallint(5) UNSIGNED NOT NULL DEFAULT '0' COMMENT 'Is Parent',
  `store_id` smallint(5) UNSIGNED NOT NULL DEFAULT '0' COMMENT 'Store Id',
  `visibility` smallint(5) UNSIGNED NOT NULL COMMENT 'Visibility'
) ENGINE=InnoDB DEFAULT CHARSET=utf8 COMMENT='Mg Catalog Category Product Index Store1';

--
-- Dumping data for table `mg_catalog_category_product_index_store1_replica`
--

INSERT INTO `mg_catalog_category_product_index_store1_replica` (`category_id`, `product_id`, `position`, `is_parent`, `store_id`, `visibility`) VALUES
(2, 27, 0, 0, 1, 4),
(2, 1, 0, 1, 1, 4),
(2, 2, 0, 1, 1, 4),
(2, 3, 0, 1, 1, 4),
(2, 4, 0, 1, 1, 4),
(2, 5, 0, 1, 1, 4),
(2, 6, 0, 1, 1, 4),
(2, 7, 0, 1, 1, 4),
(2, 8, 0, 1, 1, 4),
(2, 9, 0, 1, 1, 4),
(2, 10, 0, 1, 1, 4),
(2, 11, 0, 1, 1, 4),
(2, 24, 0, 1, 1, 4),
(2, 25, 0, 1, 1, 4),
(2, 26, 0, 1, 1, 4),
(2, 28, 0, 1, 1, 4),
(3, 1, 0, 1, 1, 4),
(3, 2, 0, 1, 1, 4),
(3, 3, 0, 1, 1, 4),
(3, 4, 0, 1, 1, 4),
(3, 5, 0, 1, 1, 4),
(3, 6, 0, 1, 1, 4),
(3, 7, 0, 1, 1, 4),
(3, 28, 0, 1, 1, 4),
(4, 24, 10000, 0, 1, 4),
(4, 25, 10000, 0, 1, 4),
(4, 26, 10000, 0, 1, 4),
(4, 1, 0, 1, 1, 4),
(4, 3, 0, 1, 1, 4),
(4, 4, 0, 1, 1, 4),
(4, 6, 0, 1, 1, 4),
(4, 7, 0, 1, 1, 4),
(5, 24, 10000, 0, 1, 4),
(5, 25, 10000, 0, 1, 4),
(5, 26, 10000, 0, 1, 4),
(5, 1, 0, 1, 1, 4),
(6, 24, 10000, 0, 1, 4),
(6, 25, 10000, 0, 1, 4),
(6, 26, 10000, 0, 1, 4),
(6, 1, 0, 1, 1, 4),
(33, 8, 0, 1, 1, 4),
(33, 9, 0, 1, 1, 4),
(33, 10, 0, 1, 1, 4),
(33, 11, 0, 1, 1, 4),
(40, 24, 10000, 0, 1, 4),
(40, 25, 10000, 0, 1, 4),
(40, 26, 10000, 0, 1, 4),
(40, 1, 0, 1, 1, 4),
(41, 1, 0, 1, 1, 4),
(41, 24, 0, 1, 1, 4),
(41, 25, 0, 1, 1, 4),
(41, 26, 0, 1, 1, 4);

-- --------------------------------------------------------

--
-- Table structure for table `mg_catalog_category_product_index_tmp`
--

CREATE TABLE `mg_catalog_category_product_index_tmp` (
  `category_id` int(10) UNSIGNED NOT NULL DEFAULT '0' COMMENT 'Category ID',
  `product_id` int(10) UNSIGNED NOT NULL DEFAULT '0' COMMENT 'Product ID',
  `position` int(11) NOT NULL DEFAULT '0' COMMENT 'Position',
  `is_parent` smallint(5) UNSIGNED NOT NULL DEFAULT '0' COMMENT 'Is Parent',
  `store_id` smallint(5) UNSIGNED NOT NULL DEFAULT '0' COMMENT 'Store ID',
  `visibility` smallint(5) UNSIGNED NOT NULL COMMENT 'Visibility'
) ENGINE=InnoDB DEFAULT CHARSET=utf8 COMMENT='Catalog Category Product Indexer temporary table';

-- --------------------------------------------------------

--
-- Table structure for table `mg_catalog_compare_item`
--

CREATE TABLE `mg_catalog_compare_item` (
  `catalog_compare_item_id` int(10) UNSIGNED NOT NULL COMMENT 'Compare Item ID',
  `visitor_id` int(10) UNSIGNED NOT NULL DEFAULT '0' COMMENT 'Visitor ID',
  `customer_id` int(10) UNSIGNED DEFAULT NULL COMMENT 'Customer ID',
  `product_id` int(10) UNSIGNED NOT NULL DEFAULT '0' COMMENT 'Product ID',
  `store_id` smallint(5) UNSIGNED DEFAULT NULL COMMENT 'Store ID'
) ENGINE=InnoDB DEFAULT CHARSET=utf8 COMMENT='Catalog Compare Table';

-- --------------------------------------------------------

--
-- Table structure for table `mg_catalog_eav_attribute`
--

CREATE TABLE `mg_catalog_eav_attribute` (
  `attribute_id` smallint(5) UNSIGNED NOT NULL COMMENT 'Attribute ID',
  `frontend_input_renderer` varchar(255) DEFAULT NULL COMMENT 'Frontend Input Renderer',
  `is_global` smallint(5) UNSIGNED NOT NULL DEFAULT '1' COMMENT 'Is Global',
  `is_visible` smallint(5) UNSIGNED NOT NULL DEFAULT '1' COMMENT 'Is Visible',
  `is_searchable` smallint(5) UNSIGNED NOT NULL DEFAULT '0' COMMENT 'Is Searchable',
  `is_filterable` smallint(5) UNSIGNED NOT NULL DEFAULT '0' COMMENT 'Is Filterable',
  `is_comparable` smallint(5) UNSIGNED NOT NULL DEFAULT '0' COMMENT 'Is Comparable',
  `is_visible_on_front` smallint(5) UNSIGNED NOT NULL DEFAULT '0' COMMENT 'Is Visible On Front',
  `is_html_allowed_on_front` smallint(5) UNSIGNED NOT NULL DEFAULT '0' COMMENT 'Is HTML Allowed On Front',
  `is_used_for_price_rules` smallint(5) UNSIGNED NOT NULL DEFAULT '0' COMMENT 'Is Used For Price Rules',
  `is_filterable_in_search` smallint(5) UNSIGNED NOT NULL DEFAULT '0' COMMENT 'Is Filterable In Search',
  `used_in_product_listing` smallint(5) UNSIGNED NOT NULL DEFAULT '0' COMMENT 'Is Used In Product Listing',
  `used_for_sort_by` smallint(5) UNSIGNED NOT NULL DEFAULT '0' COMMENT 'Is Used For Sorting',
  `apply_to` varchar(255) DEFAULT NULL COMMENT 'Apply To',
  `is_visible_in_advanced_search` smallint(5) UNSIGNED NOT NULL DEFAULT '0' COMMENT 'Is Visible In Advanced Search',
  `position` int(11) NOT NULL DEFAULT '0' COMMENT 'Position',
  `is_wysiwyg_enabled` smallint(5) UNSIGNED NOT NULL DEFAULT '0' COMMENT 'Is WYSIWYG Enabled',
  `is_used_for_promo_rules` smallint(5) UNSIGNED NOT NULL DEFAULT '0' COMMENT 'Is Used For Promo Rules',
  `is_required_in_admin_store` smallint(5) UNSIGNED NOT NULL DEFAULT '0' COMMENT 'Is Required In Admin Store',
  `is_used_in_grid` smallint(5) UNSIGNED NOT NULL DEFAULT '0' COMMENT 'Is Used in Grid',
  `is_visible_in_grid` smallint(5) UNSIGNED NOT NULL DEFAULT '0' COMMENT 'Is Visible in Grid',
  `is_filterable_in_grid` smallint(5) UNSIGNED NOT NULL DEFAULT '0' COMMENT 'Is Filterable in Grid',
  `search_weight` float NOT NULL DEFAULT '1' COMMENT 'Search Weight',
  `additional_data` text COMMENT 'Additional swatch attributes data',
  `attribute_set_ids` varchar(255) NOT NULL COMMENT 'Attribute Set Ids'
) ENGINE=InnoDB DEFAULT CHARSET=utf8 COMMENT='Catalog EAV Attribute Table';

--
-- Dumping data for table `mg_catalog_eav_attribute`
--

INSERT INTO `mg_catalog_eav_attribute` (`attribute_id`, `frontend_input_renderer`, `is_global`, `is_visible`, `is_searchable`, `is_filterable`, `is_comparable`, `is_visible_on_front`, `is_html_allowed_on_front`, `is_used_for_price_rules`, `is_filterable_in_search`, `used_in_product_listing`, `used_for_sort_by`, `apply_to`, `is_visible_in_advanced_search`, `position`, `is_wysiwyg_enabled`, `is_used_for_promo_rules`, `is_required_in_admin_store`, `is_used_in_grid`, `is_visible_in_grid`, `is_filterable_in_grid`, `search_weight`, `additional_data`, `attribute_set_ids`) VALUES
(45, NULL, 0, 1, 0, 0, 0, 0, 0, 0, 0, 0, 0, NULL, 0, 0, 0, 0, 0, 0, 0, 0, 1, NULL, ''),
(46, NULL, 0, 1, 0, 0, 0, 0, 0, 0, 0, 0, 0, NULL, 0, 0, 0, 0, 0, 0, 0, 0, 1, NULL, ''),
(47, NULL, 0, 1, 0, 0, 0, 0, 1, 0, 0, 0, 0, NULL, 0, 0, 1, 0, 0, 0, 0, 0, 1, NULL, ''),
(48, NULL, 0, 1, 0, 0, 0, 0, 0, 0, 0, 0, 0, NULL, 0, 0, 0, 0, 0, 0, 0, 0, 1, NULL, ''),
(49, NULL, 0, 1, 0, 0, 0, 0, 0, 0, 0, 0, 0, NULL, 0, 0, 0, 0, 0, 0, 0, 0, 1, NULL, ''),
(50, NULL, 0, 1, 0, 0, 0, 0, 0, 0, 0, 0, 0, NULL, 0, 0, 0, 0, 0, 0, 0, 0, 1, NULL, ''),
(51, NULL, 0, 1, 0, 0, 0, 0, 0, 0, 0, 0, 0, NULL, 0, 0, 0, 0, 0, 0, 0, 0, 1, NULL, ''),
(52, NULL, 0, 1, 0, 0, 0, 0, 0, 0, 0, 0, 0, NULL, 0, 0, 0, 0, 0, 0, 0, 0, 1, NULL, ''),
(53, NULL, 0, 1, 0, 0, 0, 0, 0, 0, 0, 0, 0, NULL, 0, 0, 0, 0, 0, 0, 0, 0, 1, NULL, ''),
(54, NULL, 1, 1, 0, 0, 0, 0, 0, 0, 0, 0, 0, NULL, 0, 0, 0, 0, 0, 0, 0, 0, 1, NULL, ''),
(55, NULL, 1, 0, 0, 0, 0, 0, 0, 0, 0, 0, 0, NULL, 0, 0, 0, 0, 0, 0, 0, 0, 1, NULL, ''),
(56, NULL, 1, 0, 0, 0, 0, 0, 0, 0, 0, 0, 0, NULL, 0, 0, 0, 0, 0, 0, 0, 0, 1, NULL, ''),
(57, NULL, 1, 0, 0, 0, 0, 0, 0, 0, 0, 0, 0, NULL, 0, 0, 0, 0, 0, 0, 0, 0, 1, NULL, ''),
(58, NULL, 1, 0, 0, 0, 0, 0, 0, 0, 0, 0, 0, NULL, 0, 0, 0, 0, 0, 0, 0, 0, 1, NULL, ''),
(59, NULL, 1, 0, 0, 0, 0, 0, 0, 0, 0, 0, 0, NULL, 0, 0, 0, 0, 0, 0, 0, 0, 1, NULL, ''),
(60, NULL, 0, 1, 0, 0, 0, 0, 0, 0, 0, 0, 0, NULL, 0, 0, 0, 0, 0, 0, 0, 0, 1, NULL, ''),
(61, NULL, 0, 1, 0, 0, 0, 0, 0, 0, 0, 0, 0, NULL, 0, 0, 0, 0, 0, 0, 0, 0, 1, NULL, ''),
(62, NULL, 0, 1, 0, 0, 0, 0, 0, 0, 0, 0, 0, NULL, 0, 0, 0, 0, 0, 0, 0, 0, 1, NULL, ''),
(63, NULL, 0, 1, 0, 0, 0, 0, 0, 0, 0, 0, 0, NULL, 0, 0, 0, 0, 0, 0, 0, 0, 1, NULL, ''),
(64, NULL, 0, 1, 0, 0, 0, 0, 0, 0, 0, 0, 0, NULL, 0, 0, 0, 0, 0, 0, 0, 0, 1, NULL, ''),
(65, NULL, 1, 0, 0, 0, 0, 0, 0, 0, 0, 0, 0, NULL, 0, 0, 0, 0, 0, 0, 0, 0, 1, NULL, ''),
(66, NULL, 1, 0, 0, 0, 0, 0, 0, 0, 0, 0, 0, NULL, 0, 0, 0, 0, 0, 0, 0, 0, 1, NULL, ''),
(67, 'Magento\\Catalog\\Block\\Adminhtml\\Category\\Helper\\Sortby\\Available', 0, 1, 0, 0, 0, 0, 0, 0, 0, 0, 0, NULL, 0, 0, 0, 0, 0, 0, 0, 0, 1, NULL, ''),
(68, 'Magento\\Catalog\\Block\\Adminhtml\\Category\\Helper\\Sortby\\DefaultSortby', 0, 1, 0, 0, 0, 0, 0, 0, 0, 0, 0, NULL, 0, 0, 0, 0, 0, 0, 0, 0, 1, NULL, ''),
(69, NULL, 0, 1, 0, 0, 0, 0, 0, 0, 0, 0, 0, NULL, 0, 0, 0, 0, 0, 0, 0, 0, 1, NULL, ''),
(70, NULL, 0, 1, 0, 0, 0, 0, 0, 0, 0, 0, 0, NULL, 0, 0, 0, 0, 0, 0, 0, 0, 1, NULL, ''),
(71, NULL, 0, 1, 0, 0, 0, 0, 0, 0, 0, 0, 0, NULL, 0, 0, 0, 0, 0, 0, 0, 0, 1, NULL, ''),
(72, 'Magento\\Catalog\\Block\\Adminhtml\\Category\\Helper\\Pricestep', 0, 1, 0, 0, 0, 0, 0, 0, 0, 0, 0, NULL, 0, 0, 0, 0, 0, 0, 0, 0, 1, NULL, ''),
(73, NULL, 0, 1, 1, 0, 0, 0, 0, 0, 0, 1, 1, NULL, 1, 0, 0, 0, 0, 0, 0, 0, 5, NULL, ''),
(74, NULL, 1, 1, 1, 0, 1, 0, 0, 0, 0, 0, 0, NULL, 1, 0, 0, 0, 0, 0, 0, 0, 6, NULL, ''),
(75, NULL, 0, 1, 1, 0, 1, 0, 1, 0, 0, 0, 0, NULL, 1, 0, 1, 0, 0, 0, 0, 0, 1, NULL, ''),
(76, NULL, 0, 1, 1, 0, 1, 0, 1, 0, 0, 1, 0, NULL, 1, 0, 1, 0, 0, 1, 0, 0, 1, NULL, ''),
(77, NULL, 1, 1, 1, 1, 0, 0, 0, 0, 0, 1, 1, 'simple,virtual,configurable,downloadable,bundle', 1, 0, 0, 0, 0, 0, 0, 0, 1, NULL, ''),
(78, NULL, 1, 1, 0, 0, 0, 0, 0, 0, 0, 1, 0, 'simple,virtual,configurable,downloadable,bundle', 0, 0, 0, 0, 0, 1, 0, 1, 1, NULL, ''),
(79, NULL, 2, 1, 0, 0, 0, 0, 0, 0, 0, 1, 0, 'simple,virtual,configurable,downloadable,bundle', 0, 0, 0, 0, 0, 1, 0, 0, 1, NULL, ''),
(80, NULL, 2, 1, 0, 0, 0, 0, 0, 0, 0, 1, 0, 'simple,virtual,configurable,downloadable,bundle', 0, 0, 0, 0, 0, 1, 0, 0, 1, NULL, ''),
(81, NULL, 1, 1, 0, 0, 0, 0, 0, 0, 0, 0, 0, 'simple,virtual,downloadable', 0, 0, 0, 0, 0, 1, 0, 1, 1, NULL, ''),
(82, 'Magento\\Catalog\\Block\\Adminhtml\\Product\\Helper\\Form\\Weight', 1, 1, 0, 0, 0, 0, 0, 0, 0, 0, 0, 'simple,virtual,configurable,downloadable,bundle', 0, 0, 0, 0, 0, 1, 0, 1, 1, NULL, ''),
(84, NULL, 0, 1, 0, 0, 0, 0, 0, 0, 0, 0, 0, NULL, 0, 0, 0, 0, 0, 1, 0, 1, 1, NULL, ''),
(85, NULL, 0, 1, 0, 0, 0, 0, 0, 0, 0, 0, 0, NULL, 0, 0, 0, 0, 0, 1, 0, 1, 1, NULL, ''),
(86, NULL, 0, 1, 0, 0, 0, 0, 0, 0, 0, 0, 0, NULL, 0, 0, 0, 0, 0, 1, 0, 1, 1, NULL, ''),
(87, NULL, 0, 1, 0, 0, 0, 0, 0, 0, 0, 1, 0, NULL, 0, 0, 0, 0, 0, 0, 0, 0, 1, NULL, ''),
(88, NULL, 0, 1, 0, 0, 0, 0, 0, 0, 0, 1, 0, NULL, 0, 0, 0, 0, 0, 0, 0, 0, 1, NULL, ''),
(89, NULL, 0, 1, 0, 0, 0, 0, 0, 0, 0, 1, 0, NULL, 0, 0, 0, 0, 0, 0, 0, 0, 1, NULL, ''),
(90, NULL, 1, 1, 0, 0, 0, 0, 0, 0, 0, 0, 0, NULL, 0, 0, 0, 0, 0, 0, 0, 0, 1, NULL, ''),
(91, NULL, 1, 0, 0, 0, 0, 0, 0, 0, 0, 0, 0, NULL, 0, 0, 0, 0, 0, 0, 0, 0, 1, NULL, ''),
(92, NULL, 2, 1, 0, 0, 0, 0, 0, 0, 0, 0, 0, 'simple,virtual,downloadable,bundle', 0, 0, 0, 0, 0, 0, 0, 0, 1, NULL, ''),
(94, NULL, 2, 1, 0, 0, 0, 0, 0, 0, 0, 1, 0, NULL, 0, 0, 0, 0, 0, 1, 0, 0, 1, NULL, ''),
(95, NULL, 2, 1, 0, 0, 0, 0, 0, 0, 0, 1, 0, NULL, 0, 0, 0, 0, 0, 1, 0, 0, 1, NULL, ''),
(96, NULL, 1, 1, 0, 0, 0, 0, 0, 0, 0, 0, 0, NULL, 0, 0, 0, 0, 0, 0, 0, 0, 1, NULL, ''),
(97, 'Magento\\Framework\\Data\\Form\\Element\\Hidden', 2, 1, 1, 0, 0, 0, 0, 0, 0, 1, 0, NULL, 0, 0, 0, 0, 1, 0, 0, 0, 1, NULL, ''),
(98, NULL, 1, 0, 0, 0, 0, 0, 0, 0, 0, 0, 0, 'simple,virtual,configurable,downloadable,bundle', 0, 0, 0, 0, 0, 0, 0, 0, 1, NULL, ''),
(99, NULL, 0, 1, 0, 0, 0, 0, 0, 0, 0, 0, 0, NULL, 0, 0, 0, 0, 1, 0, 0, 0, 1, NULL, ''),
(100, NULL, 0, 1, 0, 0, 0, 0, 0, 0, 0, 0, 0, NULL, 0, 0, 0, 0, 0, 1, 0, 1, 1, NULL, ''),
(101, NULL, 0, 1, 0, 0, 0, 0, 0, 0, 0, 0, 0, NULL, 0, 0, 0, 0, 0, 1, 0, 0, 1, NULL, ''),
(102, NULL, 0, 1, 0, 0, 0, 0, 0, 0, 0, 0, 0, NULL, 0, 0, 0, 0, 0, 1, 0, 0, 1, NULL, ''),
(103, NULL, 0, 1, 0, 0, 0, 0, 0, 0, 0, 0, 0, NULL, 0, 0, 0, 0, 0, 0, 0, 0, 1, NULL, ''),
(104, NULL, 0, 1, 0, 0, 0, 0, 0, 0, 0, 0, 0, NULL, 0, 0, 0, 0, 0, 1, 0, 0, 1, NULL, ''),
(105, 'Magento\\Catalog\\Block\\Adminhtml\\Product\\Helper\\Form\\Category', 1, 1, 0, 0, 0, 0, 0, 0, 0, 0, 0, NULL, 0, 0, 0, 0, 0, 0, 0, 0, 1, NULL, ''),
(106, NULL, 0, 1, 0, 0, 0, 0, 0, 0, 0, 0, 0, NULL, 0, 0, 0, 0, 0, 0, 0, 0, 1, NULL, ''),
(107, NULL, 1, 0, 0, 0, 0, 0, 0, 0, 0, 1, 0, NULL, 0, 0, 0, 0, 0, 0, 0, 0, 1, NULL, ''),
(108, NULL, 1, 0, 0, 0, 0, 0, 0, 0, 0, 0, 0, NULL, 0, 0, 0, 0, 0, 0, 0, 0, 1, NULL, ''),
(109, NULL, 0, 0, 0, 0, 0, 0, 0, 0, 0, 1, 0, NULL, 0, 0, 0, 0, 0, 0, 0, 0, 1, NULL, ''),
(110, NULL, 0, 0, 0, 0, 0, 0, 0, 0, 0, 1, 0, NULL, 0, 0, 0, 0, 0, 0, 0, 0, 1, NULL, ''),
(111, NULL, 0, 0, 0, 0, 0, 0, 0, 0, 0, 1, 0, NULL, 0, 0, 0, 0, 0, 0, 0, 0, 1, NULL, ''),
(112, NULL, 1, 0, 0, 0, 0, 0, 0, 0, 0, 0, 0, NULL, 0, 0, 0, 0, 0, 0, 0, 0, 1, NULL, ''),
(113, NULL, 1, 0, 0, 0, 0, 0, 0, 0, 0, 0, 0, NULL, 0, 0, 0, 0, 0, 0, 0, 0, 1, NULL, ''),
(114, NULL, 2, 1, 0, 0, 0, 0, 0, 0, 0, 0, 0, 'simple,bundle,configurable,grouped', 0, 0, 0, 0, 0, 1, 0, 1, 1, NULL, ''),
(115, 'Magento\\CatalogInventory\\Block\\Adminhtml\\Form\\Field\\Stock', 1, 1, 0, 0, 0, 0, 0, 0, 0, 0, 0, NULL, 0, 0, 0, 0, 0, 0, 0, 0, 1, NULL, ''),
(116, NULL, 0, 1, 0, 0, 0, 0, 0, 0, 0, 0, 0, NULL, 0, 0, 0, 0, 0, 1, 0, 0, 1, NULL, ''),
(117, 'Magento\\Msrp\\Block\\Adminhtml\\Product\\Helper\\Form\\Type', 1, 1, 0, 0, 0, 0, 0, 0, 0, 1, 0, 'simple,virtual,downloadable,bundle,configurable', 0, 0, 0, 0, 0, 1, 0, 1, 1, NULL, ''),
(118, 'Magento\\Msrp\\Block\\Adminhtml\\Product\\Helper\\Form\\Type\\Price', 2, 1, 0, 0, 0, 0, 0, 0, 0, 1, 0, 'simple,virtual,downloadable,bundle,configurable', 0, 0, 0, 0, 0, 0, 0, 0, 1, NULL, ''),
(119, NULL, 0, 1, 0, 0, 0, 0, 0, 0, 0, 0, 0, NULL, 0, 0, 0, 0, 0, 0, 0, 0, 1, NULL, ''),
(120, NULL, 0, 0, 0, 0, 0, 0, 0, 0, 0, 0, 0, NULL, 0, 0, 0, 0, 0, 0, 0, 0, 1, NULL, ''),
(121, NULL, 0, 1, 0, 0, 0, 0, 0, 0, 0, 1, 0, NULL, 0, 0, 0, 0, 0, 1, 0, 1, 1, NULL, ''),
(122, NULL, 0, 0, 0, 0, 0, 0, 0, 0, 0, 0, 0, NULL, 0, 0, 0, 0, 0, 0, 0, 0, 1, NULL, ''),
(123, NULL, 1, 0, 0, 0, 0, 0, 0, 0, 0, 1, 0, 'downloadable', 0, 0, 0, 0, 0, 0, 0, 0, 1, NULL, ''),
(124, NULL, 0, 0, 0, 0, 0, 0, 0, 0, 0, 0, 0, 'downloadable', 0, 0, 0, 0, 0, 0, 0, 0, 1, NULL, ''),
(125, NULL, 0, 0, 0, 0, 0, 0, 0, 0, 0, 0, 0, 'downloadable', 0, 0, 0, 0, 0, 0, 0, 0, 1, NULL, ''),
(126, NULL, 1, 0, 0, 0, 0, 0, 0, 0, 0, 1, 0, 'downloadable', 0, 0, 0, 0, 0, 0, 0, 0, 1, NULL, ''),
(127, NULL, 1, 1, 0, 0, 0, 0, 0, 0, 0, 1, 0, 'bundle', 0, 0, 0, 0, 0, 0, 0, 0, 1, NULL, ''),
(128, NULL, 1, 1, 0, 0, 0, 0, 0, 0, 0, 0, 0, 'bundle', 0, 0, 0, 0, 0, 0, 0, 0, 1, NULL, ''),
(129, NULL, 1, 1, 0, 0, 0, 0, 0, 0, 0, 1, 0, 'bundle', 0, 0, 0, 0, 0, 0, 0, 0, 1, NULL, ''),
(130, NULL, 1, 1, 0, 0, 0, 0, 0, 0, 0, 1, 0, 'bundle', 0, 0, 0, 0, 0, 0, 0, 0, 1, NULL, ''),
(131, NULL, 1, 1, 0, 0, 0, 0, 0, 0, 0, 1, 0, 'bundle', 0, 0, 0, 0, 0, 0, 0, 0, 1, NULL, ''),
(132, 'Magento\\GiftMessage\\Block\\Adminhtml\\Product\\Helper\\Form\\Config', 1, 1, 0, 0, 0, 0, 0, 0, 0, 0, 0, NULL, 0, 0, 0, 0, 0, 1, 0, 0, 1, NULL, ''),
(133, NULL, 0, 1, 0, 0, 0, 0, 0, 0, 0, 1, 0, NULL, 0, 0, 0, 0, 0, 0, 0, 0, 1, NULL, ''),
(134, NULL, 2, 1, 1, 0, 0, 0, 0, 0, 0, 1, 0, 'simple,virtual,configurable,downloadable,bundle', 0, 0, 0, 0, 0, 1, 0, 1, 1, NULL, ''),
(135, NULL, 0, 1, 0, 0, 0, 0, 0, 0, 0, 0, 0, 'simple,bundle,configurable', 0, 0, 0, 0, 0, 0, 0, 0, 1, NULL, ''),
(136, NULL, 0, 1, 0, 0, 0, 0, 0, 0, 0, 0, 0, 'simple,bundle,configurable', 0, 0, 0, 0, 0, 0, 0, 0, 1, NULL, ''),
(137, NULL, 0, 1, 0, 0, 0, 0, 0, 0, 0, 0, 0, 'simple,bundle,configurable', 0, 0, 0, 0, 0, 0, 0, 0, 1, NULL, ''),
(138, NULL, 1, 1, 0, 0, 0, 1, 0, 0, 0, 1, 0, NULL, 0, 0, 0, 0, 0, 0, 0, 0, 1, NULL, ''),
(139, NULL, 1, 1, 0, 0, 0, 1, 0, 0, 0, 1, 0, NULL, 0, 0, 0, 0, 0, 0, 0, 0, 1, NULL, ''),
(179, NULL, 1, 1, 0, 0, 0, 0, 0, 0, 0, 1, 0, 'simple,configurable,virtual,bundle,downloadable', 0, 0, 0, 0, 0, 0, 0, 0, 1, NULL, ''),
(183, NULL, 1, 1, 0, 0, 0, 1, 0, 0, 0, 1, 0, NULL, 0, 0, 0, 0, 0, 0, 1, 0, 1, NULL, '13'),
(184, NULL, 0, 1, 0, 0, 0, 1, 0, 0, 0, 1, 0, NULL, 0, 0, 0, 0, 0, 0, 1, 0, 1, NULL, '13'),
(185, NULL, 1, 1, 0, 0, 0, 1, 0, 0, 0, 1, 0, NULL, 0, 0, 0, 0, 0, 0, 1, 0, 1, NULL, '13'),
(186, NULL, 0, 1, 0, 0, 0, 0, 1, 0, 0, 0, 0, NULL, 0, 0, 0, 0, 0, 0, 1, 0, 1, NULL, ''),
(187, NULL, 1, 1, 0, 0, 0, 0, 1, 0, 0, 0, 0, NULL, 0, 0, 1, 0, 0, 0, 1, 0, 1, NULL, ''),
(188, NULL, 1, 1, 0, 0, 0, 0, 1, 0, 0, 0, 0, NULL, 0, 0, 0, 0, 0, 0, 1, 1, 1, NULL, ''),
(189, NULL, 1, 1, 0, 0, 0, 1, 1, 0, 0, 1, 0, NULL, 0, 0, 0, 0, 0, 1, 1, 0, 1, NULL, ''),
(190, NULL, 1, 1, 0, 0, 0, 0, 1, 0, 0, 0, 0, NULL, 0, 0, 0, 0, 0, 0, 1, 0, 1, NULL, ''),
(191, NULL, 1, 1, 0, 0, 0, 1, 1, 0, 0, 1, 0, NULL, 0, 0, 0, 0, 0, 1, 1, 1, 1, NULL, ''),
(192, NULL, 1, 1, 0, 0, 0, 0, 1, 0, 0, 0, 0, NULL, 0, 0, 0, 0, 0, 1, 1, 1, 1, NULL, ''),
(193, NULL, 1, 0, 0, 0, 0, 0, 0, 0, 0, 0, 0, 'simple,downloadable,virtual,bundle,configurable', 0, 0, 0, 0, 0, 0, 0, 0, 1, NULL, ''),
(194, NULL, 1, 1, 0, 0, 0, 0, 0, 0, 0, 0, 0, 'simple,bundle,configurable', 0, 0, 0, 0, 0, 0, 0, 0, 1, NULL, ''),
(195, NULL, 1, 1, 0, 0, 0, 0, 0, 0, 0, 0, 0, 'simple,bundle,configurable', 0, 0, 0, 0, 0, 0, 0, 0, 1, NULL, ''),
(196, NULL, 1, 1, 0, 0, 0, 0, 0, 0, 0, 0, 0, 'simple,bundle,configurable', 0, 0, 0, 0, 0, 0, 0, 0, 1, NULL, ''),
(197, NULL, 1, 1, 0, 0, 0, 0, 0, 0, 0, 0, 0, 'simple,bundle,configurable', 0, 0, 0, 0, 0, 0, 0, 0, 1, NULL, '');

-- --------------------------------------------------------

--
-- Table structure for table `mg_catalog_product_bundle_option`
--

CREATE TABLE `mg_catalog_product_bundle_option` (
  `option_id` int(10) UNSIGNED NOT NULL COMMENT 'Option Id',
  `parent_id` int(10) UNSIGNED NOT NULL COMMENT 'Parent Id',
  `required` smallint(5) UNSIGNED NOT NULL DEFAULT '0' COMMENT 'Required',
  `position` int(10) UNSIGNED NOT NULL DEFAULT '0' COMMENT 'Position',
  `type` varchar(255) DEFAULT NULL COMMENT 'Type'
) ENGINE=InnoDB DEFAULT CHARSET=utf8 COMMENT='Catalog Product Bundle Option';

-- --------------------------------------------------------

--
-- Table structure for table `mg_catalog_product_bundle_option_value`
--

CREATE TABLE `mg_catalog_product_bundle_option_value` (
  `value_id` int(10) UNSIGNED NOT NULL COMMENT 'Value Id',
  `option_id` int(10) UNSIGNED NOT NULL COMMENT 'Option Id',
  `store_id` smallint(5) UNSIGNED NOT NULL COMMENT 'Store Id',
  `title` varchar(255) DEFAULT NULL COMMENT 'Title',
  `parent_product_id` int(10) UNSIGNED NOT NULL COMMENT 'Parent Product Id'
) ENGINE=InnoDB DEFAULT CHARSET=utf8 COMMENT='Catalog Product Bundle Option Value';

-- --------------------------------------------------------

--
-- Table structure for table `mg_catalog_product_bundle_price_index`
--

CREATE TABLE `mg_catalog_product_bundle_price_index` (
  `entity_id` int(10) UNSIGNED NOT NULL COMMENT 'Entity ID',
  `website_id` smallint(5) UNSIGNED NOT NULL COMMENT 'Website Id',
  `customer_group_id` int(10) UNSIGNED NOT NULL COMMENT 'Customer Group ID',
  `min_price` decimal(20,6) NOT NULL COMMENT 'Min Price',
  `max_price` decimal(20,6) NOT NULL COMMENT 'Max Price'
) ENGINE=InnoDB DEFAULT CHARSET=utf8 COMMENT='Catalog Product Bundle Price Index';

-- --------------------------------------------------------

--
-- Table structure for table `mg_catalog_product_bundle_selection`
--

CREATE TABLE `mg_catalog_product_bundle_selection` (
  `selection_id` int(10) UNSIGNED NOT NULL COMMENT 'Selection Id',
  `option_id` int(10) UNSIGNED NOT NULL COMMENT 'Option Id',
  `parent_product_id` int(10) UNSIGNED NOT NULL COMMENT 'Parent Product Id',
  `product_id` int(10) UNSIGNED NOT NULL COMMENT 'Product Id',
  `position` int(10) UNSIGNED NOT NULL DEFAULT '0' COMMENT 'Position',
  `is_default` smallint(5) UNSIGNED NOT NULL DEFAULT '0' COMMENT 'Is Default',
  `selection_price_type` smallint(5) UNSIGNED NOT NULL DEFAULT '0' COMMENT 'Selection Price Type',
  `selection_price_value` decimal(12,4) NOT NULL DEFAULT '0.0000' COMMENT 'Selection Price Value',
  `selection_qty` decimal(12,4) DEFAULT NULL COMMENT 'Selection Qty',
  `selection_can_change_qty` smallint(6) NOT NULL DEFAULT '0' COMMENT 'Selection Can Change Qty'
) ENGINE=InnoDB DEFAULT CHARSET=utf8 COMMENT='Catalog Product Bundle Selection';

-- --------------------------------------------------------

--
-- Table structure for table `mg_catalog_product_bundle_selection_price`
--

CREATE TABLE `mg_catalog_product_bundle_selection_price` (
  `selection_id` int(10) UNSIGNED NOT NULL COMMENT 'Selection Id',
  `website_id` smallint(5) UNSIGNED NOT NULL COMMENT 'Website Id',
  `selection_price_type` smallint(5) UNSIGNED NOT NULL DEFAULT '0' COMMENT 'Selection Price Type',
  `selection_price_value` decimal(20,6) NOT NULL DEFAULT '0.000000' COMMENT 'Selection Price Value',
  `parent_product_id` int(10) UNSIGNED NOT NULL COMMENT 'Parent Product Id'
) ENGINE=InnoDB DEFAULT CHARSET=utf8 COMMENT='Catalog Product Bundle Selection Price';

-- --------------------------------------------------------

--
-- Table structure for table `mg_catalog_product_bundle_stock_index`
--

CREATE TABLE `mg_catalog_product_bundle_stock_index` (
  `entity_id` int(10) UNSIGNED NOT NULL COMMENT 'Entity ID',
  `website_id` smallint(5) UNSIGNED NOT NULL COMMENT 'Website ID',
  `stock_id` smallint(5) UNSIGNED NOT NULL COMMENT 'Stock ID',
  `option_id` int(10) UNSIGNED NOT NULL DEFAULT '0' COMMENT 'Option Id',
  `stock_status` smallint(6) DEFAULT '0' COMMENT 'Stock Status'
) ENGINE=InnoDB DEFAULT CHARSET=utf8 COMMENT='Catalog Product Bundle Stock Index';

-- --------------------------------------------------------

--
-- Table structure for table `mg_catalog_product_entity`
--

CREATE TABLE `mg_catalog_product_entity` (
  `entity_id` int(10) UNSIGNED NOT NULL COMMENT 'Entity ID',
  `attribute_set_id` smallint(5) UNSIGNED NOT NULL DEFAULT '0' COMMENT 'Attribute Set ID',
  `type_id` varchar(32) NOT NULL DEFAULT 'simple' COMMENT 'Type ID',
  `sku` varchar(64) DEFAULT NULL COMMENT 'SKU',
  `has_options` smallint(6) NOT NULL DEFAULT '0' COMMENT 'Has Options',
  `required_options` smallint(5) UNSIGNED NOT NULL DEFAULT '0' COMMENT 'Required Options',
  `created_at` timestamp NOT NULL DEFAULT CURRENT_TIMESTAMP COMMENT 'Creation Time',
  `updated_at` timestamp NOT NULL DEFAULT CURRENT_TIMESTAMP ON UPDATE CURRENT_TIMESTAMP COMMENT 'Update Time'
) ENGINE=InnoDB DEFAULT CHARSET=utf8 COMMENT='Catalog Product Table';

--
-- Dumping data for table `mg_catalog_product_entity`
--

INSERT INTO `mg_catalog_product_entity` (`entity_id`, `attribute_set_id`, `type_id`, `sku`, `has_options`, `required_options`, `created_at`, `updated_at`) VALUES
(1, 4, 'simple', 'Philips HR1861 Whole Fruit Juicer', 0, 0, '2019-09-06 05:22:36', '2019-11-07 11:14:25'),
(2, 4, 'simple', 'Samsung Vacuum Cleaner Power', 0, 0, '2019-09-06 05:31:01', '2019-10-02 05:55:14'),
(3, 4, 'simple', 'Fuhlen Mouse for Gamer', 0, 0, '2019-09-06 05:39:45', '2019-10-01 13:02:59'),
(4, 4, 'simple', 'Acer Aspire S24 All In One PC', 0, 0, '2019-09-06 05:42:20', '2019-09-16 12:50:55'),
(5, 4, 'simple', 'Washing Machines Elextrolux', 0, 0, '2019-09-06 05:44:44', '2019-09-16 12:51:47'),
(6, 4, 'simple', 'Apple iMac 2017 21.5-inch Retina 4K', 0, 0, '2019-09-06 05:47:50', '2019-10-01 12:42:08'),
(7, 4, 'simple', 'Beat Crossfade 2 Wireless Headphone', 0, 0, '2019-09-06 05:49:25', '2019-10-01 12:36:45'),
(8, 4, 'simple', 'Navy Skinny Fit Suit With Wool', 0, 0, '2019-09-06 05:56:21', '2019-09-06 05:56:21'),
(9, 4, 'simple', 'Outdoor Crossbody Bag', 0, 0, '2019-09-06 05:59:40', '2019-09-06 05:59:40'),
(10, 4, 'simple', 'Zara Women Leather Bag', 0, 0, '2019-09-06 06:01:48', '2019-09-06 06:01:48'),
(11, 4, 'simple', 'Printed & Cold Shoulder T Shirts', 0, 0, '2019-09-06 06:04:05', '2019-09-06 06:05:19'),
(12, 4, 'simple', 'Getfastdeal', 0, 0, '2019-09-06 11:55:23', '2019-09-06 11:55:55'),
(13, 4, 'simple', 'simplee', 0, 0, '2019-09-09 11:53:09', '2019-09-10 08:01:17'),
(14, 4, 'simple', 'simplecsve', 0, 0, '2019-09-10 07:53:08', '2019-09-10 07:56:11'),
(17, 4, 'simple', '24-WG086', 0, 0, '2019-09-17 11:11:57', '2019-09-18 10:40:30'),
(24, 4, 'simple', '24-WG085', 0, 0, '2019-09-18 12:45:40', '2019-09-18 12:47:11'),
(25, 4, 'simple', '24-WG087', 0, 0, '2019-09-18 12:45:40', '2019-09-18 12:47:02'),
(26, 4, 'grouped', '24-WG085_Group', 0, 0, '2019-09-18 12:45:40', '2019-09-18 12:46:53'),
(27, 4, 'simple', 'qqq', 0, 0, '2019-09-25 10:15:31', '2019-09-25 10:17:07'),
(28, 4, 'simple', 'admin', 0, 0, '2019-09-25 10:42:28', '2019-10-04 09:46:03');

--
-- Triggers `mg_catalog_product_entity`
--
DELIMITER $$
CREATE TRIGGER `trg_mg_catalog_product_entity_after_delete` AFTER DELETE ON `mg_catalog_product_entity` FOR EACH ROW BEGIN
INSERT IGNORE INTO `mg_scconnector_google_feed_cl` (`entity_id`) VALUES (OLD.`entity_id`);
INSERT IGNORE INTO `mg_scconnector_google_remove_cl` (`entity_id`) VALUES (OLD.`entity_id`);
END
$$
DELIMITER ;
DELIMITER $$
CREATE TRIGGER `trg_mg_catalog_product_entity_after_insert` AFTER INSERT ON `mg_catalog_product_entity` FOR EACH ROW BEGIN
INSERT IGNORE INTO `mg_scconnector_google_feed_cl` (`entity_id`) VALUES (NEW.`entity_id`);
INSERT IGNORE INTO `mg_scconnector_google_remove_cl` (`entity_id`) VALUES (NEW.`entity_id`);
END
$$
DELIMITER ;
DELIMITER $$
CREATE TRIGGER `trg_mg_catalog_product_entity_after_update` AFTER UPDATE ON `mg_catalog_product_entity` FOR EACH ROW BEGIN
IF (NEW.`entity_id` <=> OLD.`entity_id` OR NEW.`attribute_set_id` <=> OLD.`attribute_set_id` OR NEW.`type_id` <=> OLD.`type_id` OR NEW.`sku` <=> OLD.`sku` OR NEW.`has_options` <=> OLD.`has_options` OR NEW.`required_options` <=> OLD.`required_options` OR NEW.`created_at` <=> OLD.`created_at`) THEN INSERT IGNORE INTO `mg_scconnector_google_feed_cl` (`entity_id`) VALUES (NEW.`entity_id`); END IF;
IF (NEW.`entity_id` <=> OLD.`entity_id` OR NEW.`attribute_set_id` <=> OLD.`attribute_set_id` OR NEW.`type_id` <=> OLD.`type_id` OR NEW.`sku` <=> OLD.`sku` OR NEW.`has_options` <=> OLD.`has_options` OR NEW.`required_options` <=> OLD.`required_options` OR NEW.`created_at` <=> OLD.`created_at`) THEN INSERT IGNORE INTO `mg_scconnector_google_remove_cl` (`entity_id`) VALUES (NEW.`entity_id`); END IF;
END
$$
DELIMITER ;

-- --------------------------------------------------------

--
-- Table structure for table `mg_catalog_product_entity_datetime`
--

CREATE TABLE `mg_catalog_product_entity_datetime` (
  `value_id` int(11) NOT NULL COMMENT 'Value ID',
  `attribute_id` smallint(5) UNSIGNED NOT NULL DEFAULT '0' COMMENT 'Attribute ID',
  `store_id` smallint(5) UNSIGNED NOT NULL DEFAULT '0' COMMENT 'Store ID',
  `entity_id` int(10) UNSIGNED NOT NULL DEFAULT '0' COMMENT 'Entity ID',
  `value` datetime DEFAULT NULL COMMENT 'Value'
) ENGINE=InnoDB DEFAULT CHARSET=utf8 COMMENT='Catalog Product Datetime Attribute Backend Table';

--
-- Dumping data for table `mg_catalog_product_entity_datetime`
--

INSERT INTO `mg_catalog_product_entity_datetime` (`value_id`, `attribute_id`, `store_id`, `entity_id`, `value`) VALUES
(1, 79, 0, 1, '2019-09-06 00:00:00'),
(2, 80, 0, 1, '2019-10-25 00:00:00'),
(3, 94, 0, 1, '2019-09-06 00:00:00'),
(4, 95, 0, 1, '2019-09-26 00:00:00'),
(5, 79, 0, 2, '2019-09-06 00:00:00'),
(6, 80, 0, 2, '2019-10-25 00:00:00'),
(7, 94, 0, 2, '2019-09-06 00:00:00'),
(8, 95, 0, 2, '2019-09-26 00:00:00'),
(9, 94, 0, 3, '2019-09-06 00:00:00'),
(10, 95, 0, 3, '2019-09-26 00:00:00'),
(11, 79, 0, 4, '2019-09-06 00:00:00'),
(12, 80, 0, 4, '2019-09-27 00:00:00'),
(13, 94, 0, 4, '2019-09-06 00:00:00'),
(14, 95, 0, 4, '2019-09-28 00:00:00'),
(15, 94, 0, 5, '2019-09-06 00:00:00'),
(16, 95, 0, 5, '2019-09-30 00:00:00'),
(17, 94, 0, 6, '2019-09-06 00:00:00'),
(18, 95, 0, 6, '2019-09-27 00:00:00'),
(19, 79, 0, 11, '2019-09-06 00:00:00'),
(20, 80, 0, 11, '2019-09-27 00:00:00'),
(21, 94, 0, 11, '2019-09-06 00:00:00'),
(22, 95, 0, 11, '2019-09-30 00:00:00');

--
-- Triggers `mg_catalog_product_entity_datetime`
--
DELIMITER $$
CREATE TRIGGER `trg_mg_catalog_product_entity_datetime_after_delete` AFTER DELETE ON `mg_catalog_product_entity_datetime` FOR EACH ROW BEGIN
INSERT IGNORE INTO `mg_scconnector_google_feed_cl` (`entity_id`) VALUES (OLD.`entity_id`);
END
$$
DELIMITER ;
DELIMITER $$
CREATE TRIGGER `trg_mg_catalog_product_entity_datetime_after_insert` AFTER INSERT ON `mg_catalog_product_entity_datetime` FOR EACH ROW BEGIN
INSERT IGNORE INTO `mg_scconnector_google_feed_cl` (`entity_id`) VALUES (NEW.`entity_id`);
END
$$
DELIMITER ;
DELIMITER $$
CREATE TRIGGER `trg_mg_catalog_product_entity_datetime_after_update` AFTER UPDATE ON `mg_catalog_product_entity_datetime` FOR EACH ROW BEGIN
IF (NEW.`value_id` <=> OLD.`value_id` OR NEW.`attribute_id` <=> OLD.`attribute_id` OR NEW.`store_id` <=> OLD.`store_id` OR NEW.`entity_id` <=> OLD.`entity_id` OR NEW.`value` <=> OLD.`value`) THEN INSERT IGNORE INTO `mg_scconnector_google_feed_cl` (`entity_id`) VALUES (NEW.`entity_id`); END IF;
END
$$
DELIMITER ;

-- --------------------------------------------------------

--
-- Table structure for table `mg_catalog_product_entity_decimal`
--

CREATE TABLE `mg_catalog_product_entity_decimal` (
  `value_id` int(11) NOT NULL COMMENT 'Value ID',
  `attribute_id` smallint(5) UNSIGNED NOT NULL DEFAULT '0' COMMENT 'Attribute ID',
  `store_id` smallint(5) UNSIGNED NOT NULL DEFAULT '0' COMMENT 'Store ID',
  `entity_id` int(10) UNSIGNED NOT NULL DEFAULT '0' COMMENT 'Entity ID',
  `value` decimal(20,6) DEFAULT NULL COMMENT 'Value'
) ENGINE=InnoDB DEFAULT CHARSET=utf8 COMMENT='Catalog Product Decimal Attribute Backend Table';

--
-- Dumping data for table `mg_catalog_product_entity_decimal`
--

INSERT INTO `mg_catalog_product_entity_decimal` (`value_id`, `attribute_id`, `store_id`, `entity_id`, `value`) VALUES
(1, 77, 0, 1, 5000.000000),
(2, 78, 0, 1, 4000.000000),
(3, 77, 0, 2, 5000.000000),
(4, 78, 0, 2, 4000.000000),
(5, 77, 0, 3, 1500.000000),
(6, 77, 0, 4, 25000.000000),
(7, 78, 0, 4, 20000.000000),
(8, 77, 0, 5, 15000.000000),
(9, 77, 0, 6, 54000.000000),
(10, 77, 0, 7, 1500.000000),
(11, 77, 0, 8, 1500.000000),
(12, 77, 0, 9, 5000.000000),
(13, 77, 0, 10, 5000.000000),
(14, 77, 0, 11, 1500.000000),
(15, 78, 0, 11, 999.000000),
(16, 77, 0, 12, 10.000000),
(17, 82, 0, 12, 10.000000),
(18, 77, 0, 13, 11.000000),
(19, 77, 0, 14, 11.000000),
(35, 77, 0, 17, 17.000000),
(36, 82, 0, 17, 1.000000),
(47, 77, 0, 24, 14.000000),
(48, 82, 0, 24, 1.000000),
(49, 77, 0, 25, 21.000000),
(50, 82, 0, 25, 1.000000),
(51, 77, 0, 27, 111.000000),
(52, 82, 0, 27, 11.000000),
(53, 135, 0, 27, 11.000000),
(54, 136, 0, 27, 11.000000),
(55, 137, 0, 27, 1.000000),
(56, 77, 0, 28, 200.000000),
(57, 82, 0, 28, 11.000000),
(58, 135, 0, 28, 11.000000),
(59, 136, 0, 28, 11.000000),
(60, 137, 0, 28, 11.000000),
(61, 82, 0, 7, 0.881800),
(62, 135, 0, 7, 4.000000),
(63, 136, 0, 7, 8.000000),
(64, 137, 0, 7, 8.000000),
(65, 82, 0, 6, 4.409300),
(66, 135, 0, 6, 21.000000),
(67, 136, 0, 6, 10.000000),
(68, 137, 0, 6, 10.000000),
(69, 82, 0, 3, 0.440900);

--
-- Triggers `mg_catalog_product_entity_decimal`
--
DELIMITER $$
CREATE TRIGGER `trg_mg_catalog_product_entity_decimal_after_delete` AFTER DELETE ON `mg_catalog_product_entity_decimal` FOR EACH ROW BEGIN
INSERT IGNORE INTO `mg_scconnector_google_feed_cl` (`entity_id`) VALUES (OLD.`entity_id`);
END
$$
DELIMITER ;
DELIMITER $$
CREATE TRIGGER `trg_mg_catalog_product_entity_decimal_after_insert` AFTER INSERT ON `mg_catalog_product_entity_decimal` FOR EACH ROW BEGIN
INSERT IGNORE INTO `mg_scconnector_google_feed_cl` (`entity_id`) VALUES (NEW.`entity_id`);
END
$$
DELIMITER ;
DELIMITER $$
CREATE TRIGGER `trg_mg_catalog_product_entity_decimal_after_update` AFTER UPDATE ON `mg_catalog_product_entity_decimal` FOR EACH ROW BEGIN
IF (NEW.`value_id` <=> OLD.`value_id` OR NEW.`attribute_id` <=> OLD.`attribute_id` OR NEW.`store_id` <=> OLD.`store_id` OR NEW.`entity_id` <=> OLD.`entity_id` OR NEW.`value` <=> OLD.`value`) THEN INSERT IGNORE INTO `mg_scconnector_google_feed_cl` (`entity_id`) VALUES (NEW.`entity_id`); END IF;
END
$$
DELIMITER ;

-- --------------------------------------------------------

--
-- Table structure for table `mg_catalog_product_entity_gallery`
--

CREATE TABLE `mg_catalog_product_entity_gallery` (
  `value_id` int(11) NOT NULL COMMENT 'Value ID',
  `attribute_id` smallint(5) UNSIGNED NOT NULL DEFAULT '0' COMMENT 'Attribute ID',
  `store_id` smallint(5) UNSIGNED NOT NULL DEFAULT '0' COMMENT 'Store ID',
  `entity_id` int(10) UNSIGNED NOT NULL DEFAULT '0' COMMENT 'Entity ID',
  `position` int(11) NOT NULL DEFAULT '0' COMMENT 'Position',
  `value` varchar(255) DEFAULT NULL COMMENT 'Value'
) ENGINE=InnoDB DEFAULT CHARSET=utf8 COMMENT='Catalog Product Gallery Attribute Backend Table';

--
-- Triggers `mg_catalog_product_entity_gallery`
--
DELIMITER $$
CREATE TRIGGER `trg_mg_catalog_product_entity_gallery_after_delete` AFTER DELETE ON `mg_catalog_product_entity_gallery` FOR EACH ROW BEGIN
INSERT IGNORE INTO `mg_scconnector_google_feed_cl` (`entity_id`) VALUES (OLD.`entity_id`);
END
$$
DELIMITER ;
DELIMITER $$
CREATE TRIGGER `trg_mg_catalog_product_entity_gallery_after_insert` AFTER INSERT ON `mg_catalog_product_entity_gallery` FOR EACH ROW BEGIN
INSERT IGNORE INTO `mg_scconnector_google_feed_cl` (`entity_id`) VALUES (NEW.`entity_id`);
END
$$
DELIMITER ;
DELIMITER $$
CREATE TRIGGER `trg_mg_catalog_product_entity_gallery_after_update` AFTER UPDATE ON `mg_catalog_product_entity_gallery` FOR EACH ROW BEGIN
IF (NEW.`value_id` <=> OLD.`value_id` OR NEW.`attribute_id` <=> OLD.`attribute_id` OR NEW.`store_id` <=> OLD.`store_id` OR NEW.`entity_id` <=> OLD.`entity_id` OR NEW.`position` <=> OLD.`position` OR NEW.`value` <=> OLD.`value`) THEN INSERT IGNORE INTO `mg_scconnector_google_feed_cl` (`entity_id`) VALUES (NEW.`entity_id`); END IF;
END
$$
DELIMITER ;

-- --------------------------------------------------------

--
-- Table structure for table `mg_catalog_product_entity_int`
--

CREATE TABLE `mg_catalog_product_entity_int` (
  `value_id` int(11) NOT NULL COMMENT 'Value ID',
  `attribute_id` smallint(5) UNSIGNED NOT NULL DEFAULT '0' COMMENT 'Attribute ID',
  `store_id` smallint(5) UNSIGNED NOT NULL DEFAULT '0' COMMENT 'Store ID',
  `entity_id` int(10) UNSIGNED NOT NULL DEFAULT '0' COMMENT 'Entity ID',
  `value` int(11) DEFAULT NULL COMMENT 'Value'
) ENGINE=InnoDB DEFAULT CHARSET=utf8 COMMENT='Catalog Product Integer Attribute Backend Table';

--
-- Dumping data for table `mg_catalog_product_entity_int`
--

INSERT INTO `mg_catalog_product_entity_int` (`value_id`, `attribute_id`, `store_id`, `entity_id`, `value`) VALUES
(1, 97, 0, 1, 1),
(2, 99, 0, 1, 4),
(3, 134, 0, 1, 0),
(4, 179, 0, 1, 1),
(5, 97, 0, 2, 1),
(6, 99, 0, 2, 4),
(7, 134, 0, 2, 0),
(8, 179, 0, 2, 0),
(9, 97, 0, 3, 1),
(10, 99, 0, 3, 4),
(11, 134, 0, 3, 0),
(12, 179, 0, 3, 1),
(13, 97, 0, 4, 1),
(14, 99, 0, 4, 4),
(15, 134, 0, 4, 0),
(16, 179, 0, 4, 1),
(17, 97, 0, 5, 1),
(18, 99, 0, 5, 4),
(19, 134, 0, 5, 0),
(20, 179, 0, 5, 1),
(21, 97, 0, 6, 1),
(22, 99, 0, 6, 4),
(23, 134, 0, 6, 0),
(24, 179, 0, 6, 1),
(25, 97, 0, 7, 1),
(26, 99, 0, 7, 4),
(27, 134, 0, 7, 0),
(28, 179, 0, 7, 1),
(29, 97, 0, 8, 1),
(30, 99, 0, 8, 4),
(31, 134, 0, 8, 0),
(32, 179, 0, 8, 0),
(33, 97, 0, 9, 1),
(34, 99, 0, 9, 4),
(35, 134, 0, 9, 0),
(36, 179, 0, 9, 0),
(37, 97, 0, 10, 1),
(38, 99, 0, 10, 4),
(39, 134, 0, 10, 0),
(40, 179, 0, 10, 0),
(41, 97, 0, 11, 1),
(42, 99, 0, 11, 4),
(43, 134, 0, 11, 0),
(44, 179, 0, 11, 0),
(45, 97, 0, 12, 2),
(46, 99, 0, 12, 4),
(47, 134, 0, 12, 2),
(48, 179, 0, 12, 0),
(50, 97, 0, 13, 2),
(51, 99, 0, 13, 4),
(52, 134, 0, 13, 0),
(53, 179, 0, 13, 0),
(55, 97, 0, 14, 2),
(56, 99, 0, 14, 4),
(57, 115, 0, 14, 1),
(58, 134, 0, 14, 2),
(59, 179, 0, 14, 0),
(105, 97, 0, 17, 2),
(106, 99, 0, 17, 4),
(107, 115, 0, 17, 1),
(108, 134, 0, 17, 2),
(141, 97, 0, 24, 1),
(142, 99, 0, 24, 4),
(143, 115, 0, 24, 1),
(144, 134, 0, 24, 2),
(145, 97, 0, 25, 1),
(146, 99, 0, 25, 4),
(147, 115, 0, 25, 1),
(148, 134, 0, 25, 2),
(149, 97, 0, 26, 1),
(150, 99, 0, 26, 4),
(151, 115, 0, 26, 1),
(152, 97, 0, 27, 1),
(153, 99, 0, 27, 4),
(154, 134, 0, 27, 2),
(155, 179, 0, 27, 0),
(157, 97, 0, 28, 1),
(158, 99, 0, 28, 4),
(159, 134, 0, 28, 2),
(160, 179, 0, 28, 0);

--
-- Triggers `mg_catalog_product_entity_int`
--
DELIMITER $$
CREATE TRIGGER `trg_mg_catalog_product_entity_int_after_delete` AFTER DELETE ON `mg_catalog_product_entity_int` FOR EACH ROW BEGIN
INSERT IGNORE INTO `mg_scconnector_google_feed_cl` (`entity_id`) VALUES (OLD.`entity_id`);
INSERT IGNORE INTO `mg_scconnector_google_remove_cl` (`entity_id`) VALUES (OLD.`entity_id`);
END
$$
DELIMITER ;
DELIMITER $$
CREATE TRIGGER `trg_mg_catalog_product_entity_int_after_insert` AFTER INSERT ON `mg_catalog_product_entity_int` FOR EACH ROW BEGIN
INSERT IGNORE INTO `mg_scconnector_google_feed_cl` (`entity_id`) VALUES (NEW.`entity_id`);
INSERT IGNORE INTO `mg_scconnector_google_remove_cl` (`entity_id`) VALUES (NEW.`entity_id`);
END
$$
DELIMITER ;
DELIMITER $$
CREATE TRIGGER `trg_mg_catalog_product_entity_int_after_update` AFTER UPDATE ON `mg_catalog_product_entity_int` FOR EACH ROW BEGIN
IF (NEW.`value_id` <=> OLD.`value_id` OR NEW.`attribute_id` <=> OLD.`attribute_id` OR NEW.`store_id` <=> OLD.`store_id` OR NEW.`entity_id` <=> OLD.`entity_id` OR NEW.`value` <=> OLD.`value`) THEN INSERT IGNORE INTO `mg_scconnector_google_feed_cl` (`entity_id`) VALUES (NEW.`entity_id`); END IF;
IF (NEW.`value_id` <=> OLD.`value_id` OR NEW.`attribute_id` <=> OLD.`attribute_id` OR NEW.`store_id` <=> OLD.`store_id` OR NEW.`entity_id` <=> OLD.`entity_id` OR NEW.`value` <=> OLD.`value`) THEN INSERT IGNORE INTO `mg_scconnector_google_remove_cl` (`entity_id`) VALUES (NEW.`entity_id`); END IF;
END
$$
DELIMITER ;

-- --------------------------------------------------------

--
-- Table structure for table `mg_catalog_product_entity_media_gallery`
--

CREATE TABLE `mg_catalog_product_entity_media_gallery` (
  `value_id` int(10) UNSIGNED NOT NULL COMMENT 'Value ID',
  `attribute_id` smallint(5) UNSIGNED NOT NULL DEFAULT '0' COMMENT 'Attribute ID',
  `value` varchar(255) DEFAULT NULL COMMENT 'Value',
  `media_type` varchar(32) NOT NULL DEFAULT 'image' COMMENT 'Media entry type',
  `disabled` smallint(5) UNSIGNED NOT NULL DEFAULT '0' COMMENT 'Visibility status'
) ENGINE=InnoDB DEFAULT CHARSET=utf8 COMMENT='Catalog Product Media Gallery Attribute Backend Table';

--
-- Dumping data for table `mg_catalog_product_entity_media_gallery`
--

INSERT INTO `mg_catalog_product_entity_media_gallery` (`value_id`, `attribute_id`, `value`, `media_type`, `disabled`) VALUES
(1, 90, '/p/h/philips_hr1861_whole_fruit_juicer_1_.jpg', 'image', 0),
(2, 90, '/s/a/samsung_vacuum_cleaner_power_2.jpg', 'image', 0),
(3, 90, '/h/e/heston_boiler_espresso_machine__2.jpg', 'image', 0),
(4, 90, '/s/a/samsung_vacuum_cleaner_power_2_1.jpg', 'image', 0),
(5, 90, '/h/e/heston_boiler_espresso_machine__2_1.jpg', 'image', 0),
(6, 90, '/p/h/philips_hr1861_whole_fruit_juicer_2.jpg', 'image', 0),
(7, 90, '/f/u/fuhlen_mouse_for_gamer_1.jpg', 'image', 0),
(8, 90, '/a/c/acer_aspire_s24_all-in-one_pc_2.jpg', 'image', 0),
(9, 90, '/a/p/apple_imac_2017_21.5-inch_retina_4k.jpg', 'image', 0),
(10, 90, '/a/c/acer_aspire_s24_all-in-one_pc_2_1.jpg', 'image', 0),
(11, 90, '/a/p/apple_imac_2017_21.5-inch_retina_4k_1.jpg', 'image', 0),
(12, 90, '/f/u/fuhlen_mouse_for_gamer_1_1.jpg', 'image', 0),
(13, 90, '/w/a/washing_machines_elextrolux.jpg', 'image', 0),
(14, 90, '/a/p/apple_imac_2017_21.5-inch_retina_4k_2.jpg', 'image', 0),
(15, 90, '/a/c/acer_aspire_s24_all-in-one_pc_2_2.jpg', 'image', 0),
(16, 90, '/a/p/apple_imac_2017_21.5-inch_retina_4k_3.jpg', 'image', 0),
(17, 90, '/a/c/acer_aspire_s24_all-in-one_pc_2_3.jpg', 'image', 0),
(18, 90, '/b/e/beat_crossfade_2_wireless_headphone_1.jpg', 'image', 0),
(19, 90, '/b/e/beat_crossfade_2_wireless_headphone_1_1.jpg', 'image', 0),
(20, 90, '/a/p/apple_imac_2017_21.5-inch_retina_4k_4.jpg', 'image', 0),
(21, 90, '/a/c/acer_aspire_s24_all-in-one_pc_2_4.jpg', 'image', 0),
(22, 90, '/n/a/navy_skinny_fit_suit_with_wool.jpg', 'image', 0),
(23, 90, '/p/r/printed_cold_shoulder_t_shirts_3.jpg', 'image', 0),
(24, 90, '/m/e/men_s_rugged_wear_denim_jacket_1.jpg', 'image', 0),
(25, 90, '/o/u/outdoor_crossbody_bag_1.jpg', 'image', 0),
(26, 90, '/p/r/printed_cold_shoulder_t_shirts_3_1.jpg', 'image', 0),
(27, 90, '/m/e/men_s_rugged_wear_denim_jacket_1_1.jpg', 'image', 0),
(28, 90, '/z/a/zara_women_leather_bag.jpg', 'image', 0),
(29, 90, '/o/u/outdoor_crossbody_bag_1_1.jpg', 'image', 0),
(30, 90, '/p/r/printed_cold_shoulder_t_shirts_3_1_1.jpg', 'image', 0),
(31, 90, '/m/e/men_s_rugged_wear_denim_jacket_1_2.jpg', 'image', 0),
(32, 90, '/n/a/navy_skinny_fit_suit_with_wool_1.jpg', 'image', 0),
(33, 90, '/a/p/apple_iphone_plus_silicon_case.jpg', 'image', 0),
(34, 90, '/a/p/apple_iphone_x_512gb_white.jpg', 'image', 0),
(35, 90, '/a/p/apple_iphone_plus_silicon_case_1.jpg', 'image', 0),
(36, 90, '/1/5/1568801919watch.jpg', 'image', 0),
(37, 90, '/1/5/1568801919watch.jpg', 'image', 0),
(38, 90, '/1/5/1568801919watch.jpg', 'image', 0),
(39, 90, '/1/5/1568801919watch.jpg', 'image', 0),
(40, 90, '/1/5/1568801919watch.jpg', 'image', 0),
(41, 90, '/1/5/1568801919watch.jpg', 'image', 0),
(42, 90, '/1/5/1568810560watch.jpg', 'image', 0),
(43, 90, '/1/5/1568810560watch.jpg', 'image', 0),
(44, 90, '/1/5/1568810560watch.jpg', 'image', 0);

-- --------------------------------------------------------

--
-- Table structure for table `mg_catalog_product_entity_media_gallery_value`
--

CREATE TABLE `mg_catalog_product_entity_media_gallery_value` (
  `value_id` int(10) UNSIGNED NOT NULL DEFAULT '0' COMMENT 'Value ID',
  `store_id` smallint(5) UNSIGNED NOT NULL DEFAULT '0' COMMENT 'Store ID',
  `entity_id` int(10) UNSIGNED NOT NULL DEFAULT '0' COMMENT 'Entity ID',
  `label` varchar(255) DEFAULT NULL COMMENT 'Label',
  `position` int(10) UNSIGNED DEFAULT NULL COMMENT 'Position',
  `disabled` smallint(5) UNSIGNED NOT NULL DEFAULT '0' COMMENT 'Is Disabled',
  `record_id` int(10) UNSIGNED NOT NULL COMMENT 'Record Id'
) ENGINE=InnoDB DEFAULT CHARSET=utf8 COMMENT='Catalog Product Media Gallery Attribute Value Table';

--
-- Dumping data for table `mg_catalog_product_entity_media_gallery_value`
--

INSERT INTO `mg_catalog_product_entity_media_gallery_value` (`value_id`, `store_id`, `entity_id`, `label`, `position`, `disabled`, `record_id`) VALUES
(22, 0, 8, NULL, 1, 0, 22),
(23, 0, 8, NULL, 2, 0, 23),
(24, 0, 8, NULL, 3, 0, 24),
(25, 0, 9, NULL, 1, 0, 25),
(26, 0, 9, NULL, 2, 0, 26),
(27, 0, 9, NULL, 3, 0, 27),
(28, 0, 10, NULL, 1, 0, 28),
(29, 0, 10, NULL, 2, 0, 29),
(30, 0, 11, NULL, 1, 0, 33),
(31, 0, 11, NULL, 2, 0, 34),
(32, 0, 11, NULL, 3, 0, 35),
(10, 0, 4, NULL, 1, 0, 66),
(11, 0, 4, NULL, 2, 0, 67),
(12, 0, 4, NULL, 3, 0, 68),
(13, 0, 5, NULL, 1, 0, 69),
(14, 0, 5, NULL, 2, 0, 70),
(15, 0, 5, NULL, 3, 0, 71),
(44, 0, 26, 'Image', 1, 0, 114),
(43, 0, 25, 'Image Label', 1, 0, 115),
(42, 0, 24, 'Image Label', 1, 0, 116),
(19, 0, 7, NULL, 1, 0, 123),
(20, 0, 7, NULL, 2, 0, 124),
(21, 0, 7, NULL, 3, 0, 125),
(16, 0, 6, NULL, 1, 0, 126),
(17, 0, 6, NULL, 2, 0, 127),
(18, 0, 6, NULL, 3, 0, 128),
(7, 0, 3, NULL, 1, 0, 129),
(8, 0, 3, NULL, 2, 0, 130),
(9, 0, 3, NULL, 3, 0, 131),
(4, 0, 2, NULL, 1, 0, 132),
(5, 0, 2, NULL, 2, 0, 133),
(6, 0, 2, NULL, 3, 0, 134),
(1, 0, 1, NULL, 1, 0, 138),
(2, 0, 1, NULL, 2, 0, 139),
(3, 0, 1, NULL, 3, 0, 140);

--
-- Triggers `mg_catalog_product_entity_media_gallery_value`
--
DELIMITER $$
CREATE TRIGGER `trg_mg_catalog_product_entity_media_gallery_value_after_delete` AFTER DELETE ON `mg_catalog_product_entity_media_gallery_value` FOR EACH ROW BEGIN
INSERT IGNORE INTO `mg_scconnector_google_feed_cl` (`entity_id`) VALUES (OLD.`entity_id`);
END
$$
DELIMITER ;
DELIMITER $$
CREATE TRIGGER `trg_mg_catalog_product_entity_media_gallery_value_after_insert` AFTER INSERT ON `mg_catalog_product_entity_media_gallery_value` FOR EACH ROW BEGIN
INSERT IGNORE INTO `mg_scconnector_google_feed_cl` (`entity_id`) VALUES (NEW.`entity_id`);
END
$$
DELIMITER ;
DELIMITER $$
CREATE TRIGGER `trg_mg_catalog_product_entity_media_gallery_value_after_update` AFTER UPDATE ON `mg_catalog_product_entity_media_gallery_value` FOR EACH ROW BEGIN
IF (NEW.`value_id` <=> OLD.`value_id` OR NEW.`store_id` <=> OLD.`store_id` OR NEW.`entity_id` <=> OLD.`entity_id` OR NEW.`label` <=> OLD.`label` OR NEW.`position` <=> OLD.`position` OR NEW.`disabled` <=> OLD.`disabled` OR NEW.`record_id` <=> OLD.`record_id`) THEN INSERT IGNORE INTO `mg_scconnector_google_feed_cl` (`entity_id`) VALUES (NEW.`entity_id`); END IF;
END
$$
DELIMITER ;

-- --------------------------------------------------------

--
-- Table structure for table `mg_catalog_product_entity_media_gallery_value_to_entity`
--

CREATE TABLE `mg_catalog_product_entity_media_gallery_value_to_entity` (
  `value_id` int(10) UNSIGNED NOT NULL COMMENT 'Value media Entry ID',
  `entity_id` int(10) UNSIGNED NOT NULL COMMENT 'Product Entity ID'
) ENGINE=InnoDB DEFAULT CHARSET=utf8 COMMENT='Link Media value to Product entity table';

--
-- Dumping data for table `mg_catalog_product_entity_media_gallery_value_to_entity`
--

INSERT INTO `mg_catalog_product_entity_media_gallery_value_to_entity` (`value_id`, `entity_id`) VALUES
(1, 1),
(2, 1),
(3, 1),
(4, 2),
(5, 2),
(6, 2),
(7, 3),
(8, 3),
(9, 3),
(10, 4),
(11, 4),
(12, 4),
(13, 5),
(14, 5),
(15, 5),
(16, 6),
(17, 6),
(18, 6),
(19, 7),
(20, 7),
(21, 7),
(22, 8),
(23, 8),
(24, 8),
(25, 9),
(26, 9),
(27, 9),
(28, 10),
(29, 10),
(30, 11),
(31, 11),
(32, 11),
(42, 24),
(43, 25),
(44, 26);

-- --------------------------------------------------------

--
-- Table structure for table `mg_catalog_product_entity_media_gallery_value_video`
--

CREATE TABLE `mg_catalog_product_entity_media_gallery_value_video` (
  `value_id` int(10) UNSIGNED NOT NULL COMMENT 'Media Entity ID',
  `store_id` smallint(5) UNSIGNED NOT NULL DEFAULT '0' COMMENT 'Store ID',
  `provider` varchar(32) DEFAULT NULL COMMENT 'Video provider ID',
  `url` text COMMENT 'Video URL',
  `title` varchar(255) DEFAULT NULL COMMENT 'Title',
  `description` text COMMENT 'Page Meta Description',
  `metadata` text COMMENT 'Video meta data'
) ENGINE=InnoDB DEFAULT CHARSET=utf8 COMMENT='Catalog Product Video Table';

-- --------------------------------------------------------

--
-- Table structure for table `mg_catalog_product_entity_text`
--

CREATE TABLE `mg_catalog_product_entity_text` (
  `value_id` int(11) NOT NULL COMMENT 'Value ID',
  `attribute_id` smallint(5) UNSIGNED NOT NULL DEFAULT '0' COMMENT 'Attribute ID',
  `store_id` smallint(5) UNSIGNED NOT NULL DEFAULT '0' COMMENT 'Store ID',
  `entity_id` int(10) UNSIGNED NOT NULL DEFAULT '0' COMMENT 'Entity ID',
  `value` text COMMENT 'Value'
) ENGINE=InnoDB DEFAULT CHARSET=utf8 COMMENT='Catalog Product Text Attribute Backend Table';

--
-- Dumping data for table `mg_catalog_product_entity_text`
--

INSERT INTO `mg_catalog_product_entity_text` (`value_id`, `attribute_id`, `store_id`, `entity_id`, `value`) VALUES
(1, 75, 0, 1, 'Lorem ipsum dolor sit amet, an munere tibique consequat mel, congue albucius no qui, at everti meliore erroribus sea. Vero graeco cotidieque ea duo, in eirmod insolens interpretaris nam. Pro at nostrud percipit definitiones, eu tale porro cum. Sea ne accusata voluptatibus. Ne cum falli dolor voluptua, duo ei sonet choro facilisis, labores officiis torquatos cum ei.\r\n\r\nCum altera mandamus in, mea verear disputationi et. Vel regione discere ut, legere expetenda ut eos. In nam nibh invenire similique. Atqui mollis ea his, ius graecis accommodare te. No eam tota nostrum cotidieque. Est cu nibh clita. Sed an nominavi maiestatis, et duo corrumpit constituto, duo id rebum lucilius. Te eam iisque deseruisse, ipsum euismod his at. Eu putent habemus voluptua sit, sit cu rationibus scripserit, modus voluptaria ex per. Aeque dicam consulatu eu his, probatus neglegentur disputationi sit et. Ei nec ludus epicuri petentium, vis appetere maluisset ad. Et hinc exerci utinam cum. Sonet saperet nominavi est at, vel eu sumo tritani. Cum ex minim legere.\r\n\r\nEos cu utroque inermis invenire, eu pri alterum antiopam. Nisl erroribus definitiones nec an, ne mutat scripserit est. Eros veri ad pri. An soleat maluisset per. Has eu idque similique, et blandit scriptorem necessitatibus mea. Vis quaeque ocurreret ea.'),
(2, 76, 0, 1, 'Dolore eu feugiat nulla facilisis at vero eros et accumsan et iusto odio dignissim qui blandit praesent luptatum zzril delenit augue duis dolore te feugait nulla facilisi. Nam liber tempor cum soluta nobis eleifend option into nihil imperdiet doming id quod mazim placerat facer possim assum est notare.'),
(3, 85, 0, 1, 'Philips HR1861 Whole Fruit Juicer'),
(4, 75, 0, 2, 'Lorem ipsum dolor sit amet, an munere tibique consequat mel, congue albucius no qui, at everti meliore erroribus sea. Vero graeco cotidieque ea duo, in eirmod insolens interpretaris nam. Pro at nostrud percipit definitiones, eu tale porro cum. Sea ne accusata voluptatibus. Ne cum falli dolor voluptua, duo ei sonet choro facilisis, labores officiis torquatos cum ei.\r\n\r\nCum altera mandamus in, mea verear disputationi et. Vel regione discere ut, legere expetenda ut eos. In nam nibh invenire similique. Atqui mollis ea his, ius graecis accommodare te. No eam tota nostrum cotidieque. Est cu nibh clita. Sed an nominavi maiestatis, et duo corrumpit constituto, duo id rebum lucilius. Te eam iisque deseruisse, ipsum euismod his at. Eu putent habemus voluptua sit, sit cu rationibus scripserit, modus voluptaria ex per. Aeque dicam consulatu eu his, probatus neglegentur disputationi sit et. Ei nec ludus epicuri petentium, vis appetere maluisset ad. Et hinc exerci utinam cum. Sonet saperet nominavi est at, vel eu sumo tritani. Cum ex minim legere.\r\n\r\nEos cu utroque inermis invenire, eu pri alterum antiopam. Nisl erroribus definitiones nec an, ne mutat scripserit est. Eros veri ad pri. An soleat maluisset per. Has eu idque similique, et blandit scriptorem necessitatibus mea. Vis quaeque ocurreret ea.'),
(5, 76, 0, 2, 'Dolore eu feugiat nulla facilisis at vero eros et accumsan et iusto odio dignissim qui blandit praesent luptatum zzril delenit augue duis dolore te feugait nulla facilisi. Nam liber tempor cum soluta nobis eleifend option into nihil imperdiet doming id quod mazim placerat facer possim assum est notare.'),
(6, 85, 0, 2, 'Samsung Vacuum Cleaner Power'),
(7, 75, 0, 3, 'Lorem ipsum dolor sit amet, an munere tibique consequat mel, congue albucius no qui, at everti meliore erroribus sea. Vero graeco cotidieque ea duo, in eirmod insolens interpretaris nam. Pro at nostrud percipit definitiones, eu tale porro cum. Sea ne accusata voluptatibus. Ne cum falli dolor voluptua, duo ei sonet choro facilisis, labores officiis torquatos cum ei.\r\n\r\nCum altera mandamus in, mea verear disputationi et. Vel regione discere ut, legere expetenda ut eos. In nam nibh invenire similique. Atqui mollis ea his, ius graecis accommodare te. No eam tota nostrum cotidieque. Est cu nibh clita. Sed an nominavi maiestatis, et duo corrumpit constituto, duo id rebum lucilius. Te eam iisque deseruisse, ipsum euismod his at. Eu putent habemus voluptua sit, sit cu rationibus scripserit, modus voluptaria ex per. Aeque dicam consulatu eu his, probatus neglegentur disputationi sit et. Ei nec ludus epicuri petentium, vis appetere maluisset ad. Et hinc exerci utinam cum. Sonet saperet nominavi est at, vel eu sumo tritani. Cum ex minim legere.\r\n\r\nEos cu utroque inermis invenire, eu pri alterum antiopam. Nisl erroribus definitiones nec an, ne mutat scripserit est. Eros veri ad pri. An soleat maluisset per. Has eu idque similique, et blandit scriptorem necessitatibus mea. Vis quaeque ocurreret ea.'),
(8, 76, 0, 3, 'Dolore eu feugiat nulla facilisis at vero eros et accumsan et iusto odio dignissim qui blandit praesent luptatum zzril delenit augue duis dolore te feugait nulla facilisi. Nam liber tempor cum soluta nobis eleifend option into nihil imperdiet doming id quod mazim placerat facer possim assum est notare.'),
(9, 85, 0, 3, 'Fuhlen Mouse for Gamer'),
(10, 75, 0, 4, 'Lorem ipsum dolor sit amet, an munere tibique consequat mel, congue albucius no qui, at everti meliore erroribus sea. Vero graeco cotidieque ea duo, in eirmod insolens interpretaris nam. Pro at nostrud percipit definitiones, eu tale porro cum. Sea ne accusata voluptatibus. Ne cum falli dolor voluptua, duo ei sonet choro facilisis, labores officiis torquatos cum ei.\r\n\r\nCum altera mandamus in, mea verear disputationi et. Vel regione discere ut, legere expetenda ut eos. In nam nibh invenire similique. Atqui mollis ea his, ius graecis accommodare te. No eam tota nostrum cotidieque. Est cu nibh clita. Sed an nominavi maiestatis, et duo corrumpit constituto, duo id rebum lucilius. Te eam iisque deseruisse, ipsum euismod his at. Eu putent habemus voluptua sit, sit cu rationibus scripserit, modus voluptaria ex per. Aeque dicam consulatu eu his, probatus neglegentur disputationi sit et. Ei nec ludus epicuri petentium, vis appetere maluisset ad. Et hinc exerci utinam cum. Sonet saperet nominavi est at, vel eu sumo tritani. Cum ex minim legere.\r\n\r\nEos cu utroque inermis invenire, eu pri alterum antiopam. Nisl erroribus definitiones nec an, ne mutat scripserit est. Eros veri ad pri. An soleat maluisset per. Has eu idque similique, et blandit scriptorem necessitatibus mea. Vis quaeque ocurreret ea.'),
(11, 76, 0, 4, 'Dolore eu feugiat nulla facilisis at vero eros et accumsan et iusto odio dignissim qui blandit praesent luptatum zzril delenit augue duis dolore te feugait nulla facilisi. Nam liber tempor cum soluta nobis eleifend option into nihil imperdiet doming id quod mazim placerat facer possim assum est notare.'),
(12, 85, 0, 4, 'Acer Aspire S24 All In One PC'),
(13, 75, 0, 5, 'Lorem ipsum dolor sit amet, an munere tibique consequat mel, congue albucius no qui, at everti meliore erroribus sea. Vero graeco cotidieque ea duo, in eirmod insolens interpretaris nam. Pro at nostrud percipit definitiones, eu tale porro cum. Sea ne accusata voluptatibus. Ne cum falli dolor voluptua, duo ei sonet choro facilisis, labores officiis torquatos cum ei.\r\n\r\nCum altera mandamus in, mea verear disputationi et. Vel regione discere ut, legere expetenda ut eos. In nam nibh invenire similique. Atqui mollis ea his, ius graecis accommodare te. No eam tota nostrum cotidieque. Est cu nibh clita. Sed an nominavi maiestatis, et duo corrumpit constituto, duo id rebum lucilius. Te eam iisque deseruisse, ipsum euismod his at. Eu putent habemus voluptua sit, sit cu rationibus scripserit, modus voluptaria ex per. Aeque dicam consulatu eu his, probatus neglegentur disputationi sit et. Ei nec ludus epicuri petentium, vis appetere maluisset ad. Et hinc exerci utinam cum. Sonet saperet nominavi est at, vel eu sumo tritani. Cum ex minim legere.\r\n\r\nEos cu utroque inermis invenire, eu pri alterum antiopam. Nisl erroribus definitiones nec an, ne mutat scripserit est. Eros veri ad pri. An soleat maluisset per. Has eu idque similique, et blandit scriptorem necessitatibus mea. Vis quaeque ocurreret ea.'),
(14, 76, 0, 5, 'Dolore eu feugiat nulla facilisis at vero eros et accumsan et iusto odio dignissim qui blandit praesent luptatum zzril delenit augue duis dolore te feugait nulla facilisi. Nam liber tempor cum soluta nobis eleifend option into nihil imperdiet doming id quod mazim placerat facer possim assum est notare.'),
(15, 85, 0, 5, 'Washing Machines Elextrolux'),
(16, 75, 0, 6, 'Lorem ipsum dolor sit amet, an munere tibique consequat mel, congue albucius no qui, at everti meliore erroribus sea. Vero graeco cotidieque ea duo, in eirmod insolens interpretaris nam. Pro at nostrud percipit definitiones, eu tale porro cum. Sea ne accusata voluptatibus. Ne cum falli dolor voluptua, duo ei sonet choro facilisis, labores officiis torquatos cum ei.\r\n\r\nCum altera mandamus in, mea verear disputationi et. Vel regione discere ut, legere expetenda ut eos. In nam nibh invenire similique. Atqui mollis ea his, ius graecis accommodare te. No eam tota nostrum cotidieque. Est cu nibh clita. Sed an nominavi maiestatis, et duo corrumpit constituto, duo id rebum lucilius. Te eam iisque deseruisse, ipsum euismod his at. Eu putent habemus voluptua sit, sit cu rationibus scripserit, modus voluptaria ex per. Aeque dicam consulatu eu his, probatus neglegentur disputationi sit et. Ei nec ludus epicuri petentium, vis appetere maluisset ad. Et hinc exerci utinam cum. Sonet saperet nominavi est at, vel eu sumo tritani. Cum ex minim legere.\r\n\r\nEos cu utroque inermis invenire, eu pri alterum antiopam. Nisl erroribus definitiones nec an, ne mutat scripserit est. Eros veri ad pri. An soleat maluisset per. Has eu idque similique, et blandit scriptorem necessitatibus mea. Vis quaeque ocurreret ea.'),
(17, 76, 0, 6, 'Dolore eu feugiat nulla facilisis at vero eros et accumsan et iusto odio dignissim qui blandit praesent luptatum zzril delenit augue duis dolore te feugait nulla facilisi. Nam liber tempor cum soluta nobis eleifend option into nihil imperdiet doming id quod mazim placerat facer possim assum est notare.'),
(18, 85, 0, 6, 'Apple iMac 2017 21.5-inch Retina 4K'),
(19, 75, 0, 7, 'Lorem ipsum dolor sit amet, an munere tibique consequat mel, congue albucius no qui, at everti meliore erroribus sea. Vero graeco cotidieque ea duo, in eirmod insolens interpretaris nam. Pro at nostrud percipit definitiones, eu tale porro cum. Sea ne accusata voluptatibus. Ne cum falli dolor voluptua, duo ei sonet choro facilisis, labores officiis torquatos cum ei.\r\n\r\nCum altera mandamus in, mea verear disputationi et. Vel regione discere ut, legere expetenda ut eos. In nam nibh invenire similique. Atqui mollis ea his, ius graecis accommodare te. No eam tota nostrum cotidieque. Est cu nibh clita. Sed an nominavi maiestatis, et duo corrumpit constituto, duo id rebum lucilius. Te eam iisque deseruisse, ipsum euismod his at. Eu putent habemus voluptua sit, sit cu rationibus scripserit, modus voluptaria ex per. Aeque dicam consulatu eu his, probatus neglegentur disputationi sit et. Ei nec ludus epicuri petentium, vis appetere maluisset ad. Et hinc exerci utinam cum. Sonet saperet nominavi est at, vel eu sumo tritani. Cum ex minim legere.\r\n\r\nEos cu utroque inermis invenire, eu pri alterum antiopam. Nisl erroribus definitiones nec an, ne mutat scripserit est. Eros veri ad pri. An soleat maluisset per. Has eu idque similique, et blandit scriptorem necessitatibus mea. Vis quaeque ocurreret ea.'),
(20, 76, 0, 7, 'Dolore eu feugiat nulla facilisis at vero eros et accumsan et iusto odio dignissim qui blandit praesent luptatum zzril delenit augue duis dolore te feugait nulla facilisi. Nam liber tempor cum soluta nobis eleifend option into nihil imperdiet doming id quod mazim placerat facer possim assum est notare.'),
(21, 85, 0, 7, 'Beat Crossfade 2 Wireless Headphone'),
(22, 75, 0, 8, 'Lorem ipsum dolor sit amet, an munere tibique consequat mel, congue albucius no qui, at everti meliore erroribus sea. Vero graeco cotidieque ea duo, in eirmod insolens interpretaris nam. Pro at nostrud percipit definitiones, eu tale porro cum. Sea ne accusata voluptatibus. Ne cum falli dolor voluptua, duo ei sonet choro facilisis, labores officiis torquatos cum ei.\r\n\r\nCum altera mandamus in, mea verear disputationi et. Vel regione discere ut, legere expetenda ut eos. In nam nibh invenire similique. Atqui mollis ea his, ius graecis accommodare te. No eam tota nostrum cotidieque. Est cu nibh clita. Sed an nominavi maiestatis, et duo corrumpit constituto, duo id rebum lucilius. Te eam iisque deseruisse, ipsum euismod his at. Eu putent habemus voluptua sit, sit cu rationibus scripserit, modus voluptaria ex per. Aeque dicam consulatu eu his, probatus neglegentur disputationi sit et. Ei nec ludus epicuri petentium, vis appetere maluisset ad. Et hinc exerci utinam cum. Sonet saperet nominavi est at, vel eu sumo tritani. Cum ex minim legere.\r\n\r\nEos cu utroque inermis invenire, eu pri alterum antiopam. Nisl erroribus definitiones nec an, ne mutat scripserit est. Eros veri ad pri. An soleat maluisset per. Has eu idque similique, et blandit scriptorem necessitatibus mea. Vis quaeque ocurreret ea.\r\n\r\n \r\n'),
(23, 76, 0, 8, 'Dolore eu feugiat nulla facilisis at vero eros et accumsan et iusto odio dignissim qui blandit praesent luptatum zzril delenit augue duis dolore te feugait nulla facilisi. Nam liber tempor cum soluta nobis eleifend option into nihil imperdiet doming id quod mazim placerat facer possim assum est notare.'),
(24, 85, 0, 8, 'Navy Skinny Fit Suit With Wool'),
(25, 75, 0, 9, 'Lorem ipsum dolor sit amet, an munere tibique consequat mel, congue albucius no qui, at everti meliore erroribus sea. Vero graeco cotidieque ea duo, in eirmod insolens interpretaris nam. Pro at nostrud percipit definitiones, eu tale porro cum. Sea ne accusata voluptatibus. Ne cum falli dolor voluptua, duo ei sonet choro facilisis, labores officiis torquatos cum ei.\r\n\r\nCum altera mandamus in, mea verear disputationi et. Vel regione discere ut, legere expetenda ut eos. In nam nibh invenire similique. Atqui mollis ea his, ius graecis accommodare te. No eam tota nostrum cotidieque. Est cu nibh clita. Sed an nominavi maiestatis, et duo corrumpit constituto, duo id rebum lucilius. Te eam iisque deseruisse, ipsum euismod his at. Eu putent habemus voluptua sit, sit cu rationibus scripserit, modus voluptaria ex per. Aeque dicam consulatu eu his, probatus neglegentur disputationi sit et. Ei nec ludus epicuri petentium, vis appetere maluisset ad. Et hinc exerci utinam cum. Sonet saperet nominavi est at, vel eu sumo tritani. Cum ex minim legere.\r\n\r\nEos cu utroque inermis invenire, eu pri alterum antiopam. Nisl erroribus definitiones nec an, ne mutat scripserit est. Eros veri ad pri. An soleat maluisset per. Has eu idque similique, et blandit scriptorem necessitatibus mea. Vis quaeque ocurreret ea.'),
(26, 76, 0, 9, 'Dolore eu feugiat nulla facilisis at vero eros et accumsan et iusto odio dignissim qui blandit praesent luptatum zzril delenit augue duis dolore te feugait nulla facilisi. Nam liber tempor cum soluta nobis eleifend option into nihil imperdiet doming id quod mazim placerat facer possim assum est notare.'),
(27, 85, 0, 9, 'Outdoor Crossbody Bag'),
(28, 75, 0, 10, 'Lorem ipsum dolor sit amet, an munere tibique consequat mel, congue albucius no qui, at everti meliore erroribus sea. Vero graeco cotidieque ea duo, in eirmod insolens interpretaris nam. Pro at nostrud percipit definitiones, eu tale porro cum. Sea ne accusata voluptatibus. Ne cum falli dolor voluptua, duo ei sonet choro facilisis, labores officiis torquatos cum ei.\r\n\r\nCum altera mandamus in, mea verear disputationi et. Vel regione discere ut, legere expetenda ut eos. In nam nibh invenire similique. Atqui mollis ea his, ius graecis accommodare te. No eam tota nostrum cotidieque. Est cu nibh clita. Sed an nominavi maiestatis, et duo corrumpit constituto, duo id rebum lucilius. Te eam iisque deseruisse, ipsum euismod his at. Eu putent habemus voluptua sit, sit cu rationibus scripserit, modus voluptaria ex per. Aeque dicam consulatu eu his, probatus neglegentur disputationi sit et. Ei nec ludus epicuri petentium, vis appetere maluisset ad. Et hinc exerci utinam cum. Sonet saperet nominavi est at, vel eu sumo tritani. Cum ex minim legere.\r\n\r\nEos cu utroque inermis invenire, eu pri alterum antiopam. Nisl erroribus definitiones nec an, ne mutat scripserit est. Eros veri ad pri. An soleat maluisset per. Has eu idque similique, et blandit scriptorem necessitatibus mea. Vis quaeque ocurreret ea.'),
(29, 76, 0, 10, 'Dolore eu feugiat nulla facilisis at vero eros et accumsan et iusto odio dignissim qui blandit praesent luptatum zzril delenit augue duis dolore te feugait nulla facilisi. Nam liber tempor cum soluta nobis eleifend option into nihil imperdiet doming id quod mazim placerat facer possim assum est notare.'),
(30, 85, 0, 10, 'Zara Women Leather Bag'),
(31, 75, 0, 11, 'Lorem ipsum dolor sit amet, an munere tibique consequat mel, congue albucius no qui, at everti meliore erroribus sea. Vero graeco cotidieque ea duo, in eirmod insolens interpretaris nam. Pro at nostrud percipit definitiones, eu tale porro cum. Sea ne accusata voluptatibus. Ne cum falli dolor voluptua, duo ei sonet choro facilisis, labores officiis torquatos cum ei.\r\n\r\nCum altera mandamus in, mea verear disputationi et. Vel regione discere ut, legere expetenda ut eos. In nam nibh invenire similique. Atqui mollis ea his, ius graecis accommodare te. No eam tota nostrum cotidieque. Est cu nibh clita. Sed an nominavi maiestatis, et duo corrumpit constituto, duo id rebum lucilius. Te eam iisque deseruisse, ipsum euismod his at. Eu putent habemus voluptua sit, sit cu rationibus scripserit, modus voluptaria ex per. Aeque dicam consulatu eu his, probatus neglegentur disputationi sit et. Ei nec ludus epicuri petentium, vis appetere maluisset ad. Et hinc exerci utinam cum. Sonet saperet nominavi est at, vel eu sumo tritani. Cum ex minim legere.\r\n\r\nEos cu utroque inermis invenire, eu pri alterum antiopam. Nisl erroribus definitiones nec an, ne mutat scripserit est. Eros veri ad pri. An soleat maluisset per. Has eu idque similique, et blandit scriptorem necessitatibus mea. Vis quaeque ocurreret ea.'),
(32, 76, 0, 11, 'Dolore eu feugiat nulla facilisis at vero eros et accumsan et iusto odio dignissim qui blandit praesent luptatum zzril delenit augue duis dolore te feugait nulla facilisi. Nam liber tempor cum soluta nobis eleifend option into nihil imperdiet doming id quod mazim placerat facer possim assum est notare.\r\n\r\n'),
(33, 85, 0, 11, 'Printed & Cold Shoulder T Shirts'),
(34, 85, 0, 12, 'Getfastdeal'),
(35, 85, 0, 13, 'simplee'),
(36, 85, 0, 14, 'simplee'),
(52, 75, 0, 17, '<p>The Sprite Yoga Strap is your untiring partner in demanding stretches, holds and alignment routines. The strap\'s 100% organic cotton fabric is woven tightly to form a soft, textured yet non-slip surface. The plastic clasp buckle is easily adjustable, lightweight and durable under strain.</p><ul><li>8\' long x 1.0\" wide.<li>100% soft and durable cotton.<li>Plastic cinch buckle is easy to use.<li>Three natural colors made from phthalate and heavy metal free dyes.</ul>'),
(53, 85, 0, 17, 'meta1, meta2, meta4'),
(68, 75, 0, 24, '<p>The Sprite Yoga Strap is your untiring partner in demanding stretches, holds and alignment routines. The strap\'s 100% organic cotton fabric is woven tightly to form a soft, textured yet non-slip surface. The plastic clasp buckle is easily adjustable, lightweight and urable under strain.</p><ul><li>100% soft and durable cotton.<li>Plastic cinch buckle is easy to use.<li>Three natural colors made from phthalate and heavy metal free dyes.</ul>'),
(69, 85, 0, 24, 'meta1, meta2, meta3'),
(70, 75, 0, 25, '<p>The Sprite Yoga Strap is your untiring partner in demanding stretches, holds and alignment routines. The strap\'s 100% organic cotton fabric is woven tightly to form a soft, textured yet non-slip surface. The plastic clasp buckle is easily adjustable, lightweight and durable under strain.</p><ul><li>10\' long x 1.0\" wide.<li>100% soft and durable cotton.<li>Plastic cinch buckle is easy to use.<li>Three natural colors made from phthalate and heavy metal free dyes.</ul>'),
(71, 85, 0, 25, 'meta1, meta2, meta5'),
(72, 75, 0, 26, '<p>Great set of Sprite Yoga Straps for every stretch and hold you need. There are three straps in this set: 6\', 8\' and 10\'.</p><ul><li>100% soft and durable cotton.</li><li>Plastic cinch buckle is easy to use.</li><li>Choice of three natural colors made from phthalate and heavy metal free dyes.</li></ul>'),
(73, 85, 0, 26, 'meta1, meta2, meta6'),
(74, 85, 0, 27, 'qqq'),
(75, 85, 0, 28, 'admin');

--
-- Triggers `mg_catalog_product_entity_text`
--
DELIMITER $$
CREATE TRIGGER `trg_mg_catalog_product_entity_text_after_delete` AFTER DELETE ON `mg_catalog_product_entity_text` FOR EACH ROW BEGIN
INSERT IGNORE INTO `mg_scconnector_google_feed_cl` (`entity_id`) VALUES (OLD.`entity_id`);
END
$$
DELIMITER ;
DELIMITER $$
CREATE TRIGGER `trg_mg_catalog_product_entity_text_after_insert` AFTER INSERT ON `mg_catalog_product_entity_text` FOR EACH ROW BEGIN
INSERT IGNORE INTO `mg_scconnector_google_feed_cl` (`entity_id`) VALUES (NEW.`entity_id`);
END
$$
DELIMITER ;
DELIMITER $$
CREATE TRIGGER `trg_mg_catalog_product_entity_text_after_update` AFTER UPDATE ON `mg_catalog_product_entity_text` FOR EACH ROW BEGIN
IF (NEW.`value_id` <=> OLD.`value_id` OR NEW.`attribute_id` <=> OLD.`attribute_id` OR NEW.`store_id` <=> OLD.`store_id` OR NEW.`entity_id` <=> OLD.`entity_id` OR NEW.`value` <=> OLD.`value`) THEN INSERT IGNORE INTO `mg_scconnector_google_feed_cl` (`entity_id`) VALUES (NEW.`entity_id`); END IF;
END
$$
DELIMITER ;

-- --------------------------------------------------------

--
-- Table structure for table `mg_catalog_product_entity_tier_price`
--

CREATE TABLE `mg_catalog_product_entity_tier_price` (
  `value_id` int(11) NOT NULL COMMENT 'Value ID',
  `entity_id` int(10) UNSIGNED NOT NULL DEFAULT '0' COMMENT 'Entity ID',
  `all_groups` smallint(5) UNSIGNED NOT NULL DEFAULT '1' COMMENT 'Is Applicable To All Customer Groups',
  `customer_group_id` int(10) UNSIGNED NOT NULL DEFAULT '0' COMMENT 'Customer Group ID',
  `qty` decimal(12,4) NOT NULL DEFAULT '1.0000' COMMENT 'QTY',
  `value` decimal(20,6) NOT NULL DEFAULT '0.000000' COMMENT 'Value',
  `website_id` smallint(5) UNSIGNED NOT NULL COMMENT 'Website ID',
  `percentage_value` decimal(5,2) DEFAULT NULL COMMENT 'Percentage value'
) ENGINE=InnoDB DEFAULT CHARSET=utf8 COMMENT='Catalog Product Tier Price Attribute Backend Table';

--
-- Triggers `mg_catalog_product_entity_tier_price`
--
DELIMITER $$
CREATE TRIGGER `trg_mg_catalog_product_entity_tier_price_after_delete` AFTER DELETE ON `mg_catalog_product_entity_tier_price` FOR EACH ROW BEGIN
INSERT IGNORE INTO `mg_scconnector_google_feed_cl` (`entity_id`) VALUES (OLD.`entity_id`);
END
$$
DELIMITER ;
DELIMITER $$
CREATE TRIGGER `trg_mg_catalog_product_entity_tier_price_after_insert` AFTER INSERT ON `mg_catalog_product_entity_tier_price` FOR EACH ROW BEGIN
INSERT IGNORE INTO `mg_scconnector_google_feed_cl` (`entity_id`) VALUES (NEW.`entity_id`);
END
$$
DELIMITER ;
DELIMITER $$
CREATE TRIGGER `trg_mg_catalog_product_entity_tier_price_after_update` AFTER UPDATE ON `mg_catalog_product_entity_tier_price` FOR EACH ROW BEGIN
IF (NEW.`value_id` <=> OLD.`value_id` OR NEW.`entity_id` <=> OLD.`entity_id` OR NEW.`all_groups` <=> OLD.`all_groups` OR NEW.`customer_group_id` <=> OLD.`customer_group_id` OR NEW.`qty` <=> OLD.`qty` OR NEW.`value` <=> OLD.`value` OR NEW.`website_id` <=> OLD.`website_id` OR NEW.`percentage_value` <=> OLD.`percentage_value`) THEN INSERT IGNORE INTO `mg_scconnector_google_feed_cl` (`entity_id`) VALUES (NEW.`entity_id`); END IF;
END
$$
DELIMITER ;

-- --------------------------------------------------------

--
-- Table structure for table `mg_catalog_product_entity_varchar`
--

CREATE TABLE `mg_catalog_product_entity_varchar` (
  `value_id` int(11) NOT NULL COMMENT 'Value ID',
  `attribute_id` smallint(5) UNSIGNED NOT NULL DEFAULT '0' COMMENT 'Attribute ID',
  `store_id` smallint(5) UNSIGNED NOT NULL DEFAULT '0' COMMENT 'Store ID',
  `entity_id` int(10) UNSIGNED NOT NULL DEFAULT '0' COMMENT 'Entity ID',
  `value` varchar(255) DEFAULT NULL COMMENT 'Value'
) ENGINE=InnoDB DEFAULT CHARSET=utf8 COMMENT='Catalog Product Varchar Attribute Backend Table';

--
-- Dumping data for table `mg_catalog_product_entity_varchar`
--

INSERT INTO `mg_catalog_product_entity_varchar` (`value_id`, `attribute_id`, `store_id`, `entity_id`, `value`) VALUES
(1, 73, 0, 1, 'Philips HR1861 Whole Fruit Juicer'),
(2, 84, 0, 1, 'Philips HR1861 Whole Fruit Juicer'),
(3, 86, 0, 1, 'Philips HR1861 Whole Fruit Juicer Lorem ipsum dolor sit amet, an munere tibique consequat mel, congue albucius no qui, at everti meliore erroribus sea. Vero graeco cotidieque ea duo, in eirmod insolens interpretaris nam. Pro at nostrud percipit definition'),
(4, 87, 0, 1, '/p/h/philips_hr1861_whole_fruit_juicer_1_.jpg'),
(5, 88, 0, 1, '/p/h/philips_hr1861_whole_fruit_juicer_1_.jpg'),
(6, 89, 0, 1, '/p/h/philips_hr1861_whole_fruit_juicer_1_.jpg'),
(7, 106, 0, 1, 'container2'),
(8, 114, 0, 1, 'IN'),
(9, 118, 0, 1, '0'),
(10, 121, 0, 1, 'philips-hr1861-whole-fruit-juicer'),
(11, 132, 0, 1, '2'),
(12, 133, 0, 1, '/p/h/philips_hr1861_whole_fruit_juicer_1_.jpg'),
(13, 139, 0, 1, '18'),
(18, 73, 0, 2, 'Samsung Vacuum Cleaner Power'),
(19, 84, 0, 2, 'Samsung Vacuum Cleaner Power'),
(20, 86, 0, 2, 'Samsung Vacuum Cleaner Power Lorem ipsum dolor sit amet, an munere tibique consequat mel, congue albucius no qui, at everti meliore erroribus sea. Vero graeco cotidieque ea duo, in eirmod insolens interpretaris nam. Pro at nostrud percipit definitiones, e'),
(21, 87, 0, 2, '/s/a/samsung_vacuum_cleaner_power_2_1.jpg'),
(22, 88, 0, 2, '/s/a/samsung_vacuum_cleaner_power_2_1.jpg'),
(23, 89, 0, 2, '/s/a/samsung_vacuum_cleaner_power_2_1.jpg'),
(24, 106, 0, 2, 'container2'),
(25, 118, 0, 2, '0'),
(26, 121, 0, 2, 'samsung-vacuum-cleaner-power'),
(27, 132, 0, 2, '2'),
(28, 133, 0, 2, '/s/a/samsung_vacuum_cleaner_power_2_1.jpg'),
(29, 139, 0, 2, '0'),
(34, 73, 0, 3, 'Fuhlen Mouse for Gamer'),
(35, 84, 0, 3, 'Fuhlen Mouse for Gamer'),
(36, 86, 0, 3, 'Fuhlen Mouse for Gamer Lorem ipsum dolor sit amet, an munere tibique consequat mel, congue albucius no qui, at everti meliore erroribus sea. Vero graeco cotidieque ea duo, in eirmod insolens interpretaris nam. Pro at nostrud percipit definitiones, eu tale'),
(37, 87, 0, 3, '/f/u/fuhlen_mouse_for_gamer_1.jpg'),
(38, 88, 0, 3, '/f/u/fuhlen_mouse_for_gamer_1.jpg'),
(39, 89, 0, 3, '/f/u/fuhlen_mouse_for_gamer_1.jpg'),
(40, 106, 0, 3, 'container2'),
(41, 118, 0, 3, '0'),
(42, 121, 0, 3, 'fuhlen-mouse-for-gamer'),
(43, 132, 0, 3, '2'),
(44, 133, 0, 3, '/f/u/fuhlen_mouse_for_gamer_1.jpg'),
(45, 139, 0, 3, '0'),
(50, 73, 0, 4, 'Acer Aspire S24 All In One PC'),
(51, 84, 0, 4, 'Acer Aspire S24 All In One PC'),
(52, 86, 0, 4, 'Acer Aspire S24 All In One PC Lorem ipsum dolor sit amet, an munere tibique consequat mel, congue albucius no qui, at everti meliore erroribus sea. Vero graeco cotidieque ea duo, in eirmod insolens interpretaris nam. Pro at nostrud percipit definitiones, '),
(53, 87, 0, 4, '/a/c/acer_aspire_s24_all-in-one_pc_2_1.jpg'),
(54, 88, 0, 4, '/a/c/acer_aspire_s24_all-in-one_pc_2_1.jpg'),
(55, 89, 0, 4, '/a/c/acer_aspire_s24_all-in-one_pc_2_1.jpg'),
(56, 106, 0, 4, 'container2'),
(57, 118, 0, 4, '0'),
(58, 121, 0, 4, 'acer-aspire-s24-all-in-one-pc'),
(59, 132, 0, 4, '2'),
(60, 133, 0, 4, '/a/c/acer_aspire_s24_all-in-one_pc_2_1.jpg'),
(61, 139, 0, 4, '0'),
(66, 73, 0, 5, 'Washing Machines Elextrolux'),
(67, 84, 0, 5, 'Washing Machines Elextrolux'),
(68, 86, 0, 5, 'Washing Machines Elextrolux Lorem ipsum dolor sit amet, an munere tibique consequat mel, congue albucius no qui, at everti meliore erroribus sea. Vero graeco cotidieque ea duo, in eirmod insolens interpretaris nam. Pro at nostrud percipit definitiones, eu'),
(69, 87, 0, 5, '/w/a/washing_machines_elextrolux.jpg'),
(70, 88, 0, 5, '/w/a/washing_machines_elextrolux.jpg'),
(71, 89, 0, 5, '/w/a/washing_machines_elextrolux.jpg'),
(72, 106, 0, 5, 'container2'),
(73, 118, 0, 5, '0'),
(74, 121, 0, 5, 'washing-machines-elextrolux'),
(75, 132, 0, 5, '2'),
(76, 133, 0, 5, '/w/a/washing_machines_elextrolux.jpg'),
(77, 139, 0, 5, '0'),
(82, 73, 0, 6, 'Apple iMac 2017 21.5-inch Retina 4K'),
(83, 84, 0, 6, 'Apple iMac 2017 21.5-inch Retina 4K'),
(84, 86, 0, 6, 'Apple iMac 2017 21.5-inch Retina 4K Lorem ipsum dolor sit amet, an munere tibique consequat mel, congue albucius no qui, at everti meliore erroribus sea. Vero graeco cotidieque ea duo, in eirmod insolens interpretaris nam. Pro at nostrud percipit definiti'),
(85, 87, 0, 6, '/a/p/apple_imac_2017_21.5-inch_retina_4k_3.jpg'),
(86, 88, 0, 6, '/a/p/apple_imac_2017_21.5-inch_retina_4k_3.jpg'),
(87, 89, 0, 6, '/a/p/apple_imac_2017_21.5-inch_retina_4k_3.jpg'),
(88, 106, 0, 6, 'container2'),
(89, 114, 0, 6, 'IN'),
(90, 118, 0, 6, '0'),
(91, 121, 0, 6, 'apple-imac-2017-21-5-inch-retina-4k'),
(92, 132, 0, 6, '2'),
(93, 133, 0, 6, '/a/p/apple_imac_2017_21.5-inch_retina_4k_3.jpg'),
(94, 139, 0, 6, '0'),
(99, 73, 0, 7, 'Beat Crossfade 2 Wireless Headphone'),
(100, 84, 0, 7, 'Beat Crossfade 2 Wireless Headphone'),
(101, 86, 0, 7, 'Beat Crossfade 2 Wireless Headphone Lorem ipsum dolor sit amet, an munere tibique consequat mel, congue albucius no qui, at everti meliore erroribus sea. Vero graeco cotidieque ea duo, in eirmod insolens interpretaris nam. Pro at nostrud percipit definiti'),
(102, 87, 0, 7, '/b/e/beat_crossfade_2_wireless_headphone_1_1.jpg'),
(103, 88, 0, 7, '/b/e/beat_crossfade_2_wireless_headphone_1_1.jpg'),
(104, 89, 0, 7, '/b/e/beat_crossfade_2_wireless_headphone_1_1.jpg'),
(105, 106, 0, 7, 'container2'),
(106, 118, 0, 7, '0'),
(107, 121, 0, 7, 'beat-crossfade-2-wireless-headphone'),
(108, 132, 0, 7, '2'),
(109, 133, 0, 7, '/b/e/beat_crossfade_2_wireless_headphone_1_1.jpg'),
(110, 139, 0, 7, '0'),
(115, 73, 0, 8, 'Navy Skinny Fit Suit With Wool'),
(116, 84, 0, 8, 'Navy Skinny Fit Suit With Wool'),
(117, 86, 0, 8, 'Navy Skinny Fit Suit With Wool Lorem ipsum dolor sit amet, an munere tibique consequat mel, congue albucius no qui, at everti meliore erroribus sea. Vero graeco cotidieque ea duo, in eirmod insolens interpretaris nam. Pro at nostrud percipit definitiones,'),
(118, 87, 0, 8, '/n/a/navy_skinny_fit_suit_with_wool.jpg'),
(119, 88, 0, 8, '/n/a/navy_skinny_fit_suit_with_wool.jpg'),
(120, 89, 0, 8, '/n/a/navy_skinny_fit_suit_with_wool.jpg'),
(121, 106, 0, 8, 'container2'),
(122, 118, 0, 8, '0'),
(123, 121, 0, 8, 'navy-skinny-fit-suit-with-wool'),
(124, 132, 0, 8, '2'),
(125, 133, 0, 8, '/n/a/navy_skinny_fit_suit_with_wool.jpg'),
(126, 139, 0, 8, '0'),
(131, 73, 0, 9, 'Outdoor Crossbody Bag'),
(132, 84, 0, 9, 'Outdoor Crossbody Bag'),
(133, 86, 0, 9, 'Outdoor Crossbody Bag Lorem ipsum dolor sit amet, an munere tibique consequat mel, congue albucius no qui, at everti meliore erroribus sea. Vero graeco cotidieque ea duo, in eirmod insolens interpretaris nam. Pro at nostrud percipit definitiones, eu tale '),
(134, 87, 0, 9, '/o/u/outdoor_crossbody_bag_1.jpg'),
(135, 88, 0, 9, '/o/u/outdoor_crossbody_bag_1.jpg'),
(136, 89, 0, 9, '/o/u/outdoor_crossbody_bag_1.jpg'),
(137, 106, 0, 9, 'container2'),
(138, 118, 0, 9, '0'),
(139, 121, 0, 9, 'outdoor-crossbody-bag'),
(140, 132, 0, 9, '2'),
(141, 133, 0, 9, '/o/u/outdoor_crossbody_bag_1.jpg'),
(142, 139, 0, 9, '0'),
(147, 73, 0, 10, 'Zara Women Leather Bag'),
(148, 84, 0, 10, 'Zara Women Leather Bag'),
(149, 86, 0, 10, 'Zara Women Leather Bag Lorem ipsum dolor sit amet, an munere tibique consequat mel, congue albucius no qui, at everti meliore erroribus sea. Vero graeco cotidieque ea duo, in eirmod insolens interpretaris nam. Pro at nostrud percipit definitiones, eu tale'),
(150, 87, 0, 10, '/z/a/zara_women_leather_bag.jpg'),
(151, 88, 0, 10, '/z/a/zara_women_leather_bag.jpg'),
(152, 89, 0, 10, '/z/a/zara_women_leather_bag.jpg'),
(153, 106, 0, 10, 'container2'),
(154, 118, 0, 10, '0'),
(155, 121, 0, 10, 'zara-women-leather-bag'),
(156, 132, 0, 10, '2'),
(157, 133, 0, 10, '/z/a/zara_women_leather_bag.jpg'),
(158, 139, 0, 10, '0'),
(163, 73, 0, 11, 'Printed & Cold Shoulder T Shirts'),
(164, 84, 0, 11, 'Printed & Cold Shoulder T Shirts'),
(165, 86, 0, 11, 'Printed & Cold Shoulder T Shirts Lorem ipsum dolor sit amet, an munere tibique consequat mel, congue albucius no qui, at everti meliore erroribus sea. Vero graeco cotidieque ea duo, in eirmod insolens interpretaris nam. Pro at nostrud percipit definitione'),
(166, 87, 0, 11, '/p/r/printed_cold_shoulder_t_shirts_3_1_1.jpg'),
(167, 88, 0, 11, '/p/r/printed_cold_shoulder_t_shirts_3_1_1.jpg'),
(168, 89, 0, 11, '/p/r/printed_cold_shoulder_t_shirts_3_1_1.jpg'),
(169, 106, 0, 11, 'container2'),
(170, 118, 0, 11, '0'),
(171, 121, 0, 11, 'printed-cold-shoulder-t-shirts'),
(172, 132, 0, 11, '2'),
(173, 133, 0, 11, '/p/r/printed_cold_shoulder_t_shirts_3_1_1.jpg'),
(174, 139, 0, 11, '0'),
(183, 73, 0, 12, 'Getfastdeal'),
(184, 84, 0, 12, 'Getfastdeal'),
(185, 86, 0, 12, 'Getfastdeal '),
(186, 106, 0, 12, 'container2'),
(187, 114, 0, 12, 'GB'),
(188, 118, 0, 12, '0'),
(189, 121, 0, 12, 'getfastdeal'),
(190, 132, 0, 12, '2'),
(191, 139, 0, 12, '0.25'),
(192, 73, 0, 13, 'simplee'),
(193, 84, 0, 13, 'simplee'),
(194, 86, 0, 13, 'simplee '),
(195, 106, 0, 13, 'container2'),
(196, 118, 0, 13, '0'),
(197, 121, 0, 13, 'simplee'),
(198, 132, 0, 13, '2'),
(199, 139, 0, 13, '5'),
(200, 73, 0, 14, 'simpcsvlee'),
(201, 84, 0, 14, 'simplee'),
(202, 86, 0, 14, 'simplee '),
(203, 106, 0, 14, 'container2'),
(204, 118, 0, 14, '0'),
(205, 121, 0, 14, 'simplecsve'),
(206, 132, 0, 14, '2'),
(207, 139, 0, 14, '0.25'),
(366, 109, 0, 17, 'Image Label'),
(367, 110, 0, 17, 'Image Label'),
(368, 111, 0, 17, 'Image Label'),
(369, 73, 0, 17, 'Sprite Yoga Strap 8 foot'),
(370, 84, 0, 17, 'Meta Title'),
(371, 86, 0, 17, 'meta description'),
(372, 87, 0, 17, '/l/u/luma-yoga-strap.jpg'),
(373, 88, 0, 17, '/l/u/luma-yoga-strap.jpg'),
(374, 89, 0, 17, '/l/u/luma-yoga-strap.jpg'),
(375, 106, 0, 17, 'container2'),
(376, 118, 0, 17, '0'),
(377, 121, 0, 17, 'sprite-yoga-strap-8-foot'),
(534, 109, 0, 24, 'Image Label'),
(535, 110, 0, 24, 'Image Label'),
(536, 111, 0, 24, 'Image Label'),
(537, 73, 0, 24, 'Sprite Yoga Strap 6 foot'),
(538, 84, 0, 24, 'Meta Title'),
(539, 86, 0, 24, 'meta description'),
(540, 87, 0, 24, '/1/5/1568810560watch.jpg'),
(541, 88, 0, 24, '/1/5/1568810560watch.jpg'),
(542, 89, 0, 24, '/1/5/1568810560watch.jpg'),
(543, 106, 0, 24, 'container2'),
(544, 118, 0, 24, '0'),
(545, 121, 0, 24, 'sprite-yoga-strap-6-foot'),
(546, 109, 0, 25, 'Image Label'),
(547, 110, 0, 25, 'Image Label'),
(548, 111, 0, 25, 'Image Label'),
(549, 73, 0, 25, 'Sprite Yoga Strap 10 foot'),
(550, 84, 0, 25, 'Meta Title'),
(551, 86, 0, 25, 'meta description'),
(552, 87, 0, 25, '/1/5/1568810560watch.jpg'),
(553, 88, 0, 25, '/1/5/1568810560watch.jpg'),
(554, 89, 0, 25, '/1/5/1568810560watch.jpg'),
(555, 106, 0, 25, 'container2'),
(556, 118, 0, 25, '0'),
(557, 121, 0, 25, 'sprite-yoga-strap-10-foot'),
(558, 73, 0, 26, 'Set of Sprite Yoga Straps'),
(559, 84, 0, 26, 'Meta Title'),
(560, 86, 0, 26, 'meta description'),
(561, 87, 0, 26, '/1/5/1568810560watch.jpg'),
(562, 88, 0, 26, '/1/5/1568810560watch.jpg'),
(563, 89, 0, 26, '/1/5/1568810560watch.jpg'),
(564, 106, 0, 26, 'container2'),
(565, 109, 0, 26, 'Image'),
(566, 110, 0, 26, 'Image'),
(567, 111, 0, 26, 'Image'),
(568, 121, 0, 26, 'set-of-sprite-yoga-straps'),
(569, 73, 0, 27, 'qqq'),
(570, 84, 0, 27, 'qqq'),
(571, 86, 0, 27, 'qqq '),
(572, 106, 0, 27, 'container2'),
(573, 118, 0, 27, '0'),
(574, 121, 0, 27, 'qqq'),
(575, 132, 0, 27, '2'),
(576, 139, 0, 27, '0'),
(577, 73, 0, 28, 'admin'),
(578, 84, 0, 28, 'admin'),
(579, 86, 0, 28, 'admin '),
(580, 106, 0, 28, 'container2'),
(581, 118, 0, 28, '0'),
(582, 121, 0, 28, 'admin'),
(583, 132, 0, 28, '2'),
(584, 139, 0, 28, '0'),
(585, 194, 0, 1, 'none'),
(586, 197, 0, 1, 'IN');

--
-- Triggers `mg_catalog_product_entity_varchar`
--
DELIMITER $$
CREATE TRIGGER `trg_mg_catalog_product_entity_varchar_after_delete` AFTER DELETE ON `mg_catalog_product_entity_varchar` FOR EACH ROW BEGIN
INSERT IGNORE INTO `mg_scconnector_google_feed_cl` (`entity_id`) VALUES (OLD.`entity_id`);
END
$$
DELIMITER ;
DELIMITER $$
CREATE TRIGGER `trg_mg_catalog_product_entity_varchar_after_insert` AFTER INSERT ON `mg_catalog_product_entity_varchar` FOR EACH ROW BEGIN
INSERT IGNORE INTO `mg_scconnector_google_feed_cl` (`entity_id`) VALUES (NEW.`entity_id`);
END
$$
DELIMITER ;
DELIMITER $$
CREATE TRIGGER `trg_mg_catalog_product_entity_varchar_after_update` AFTER UPDATE ON `mg_catalog_product_entity_varchar` FOR EACH ROW BEGIN
IF (NEW.`value_id` <=> OLD.`value_id` OR NEW.`attribute_id` <=> OLD.`attribute_id` OR NEW.`store_id` <=> OLD.`store_id` OR NEW.`entity_id` <=> OLD.`entity_id` OR NEW.`value` <=> OLD.`value`) THEN INSERT IGNORE INTO `mg_scconnector_google_feed_cl` (`entity_id`) VALUES (NEW.`entity_id`); END IF;
END
$$
DELIMITER ;

-- --------------------------------------------------------

--
-- Table structure for table `mg_catalog_product_frontend_action`
--

CREATE TABLE `mg_catalog_product_frontend_action` (
  `action_id` bigint(20) UNSIGNED NOT NULL COMMENT 'Product Action Id',
  `type_id` varchar(64) NOT NULL COMMENT 'Type of product action',
  `visitor_id` int(10) UNSIGNED DEFAULT NULL COMMENT 'Visitor Id',
  `customer_id` int(10) UNSIGNED DEFAULT NULL COMMENT 'Customer Id',
  `product_id` int(10) UNSIGNED NOT NULL COMMENT 'Product Id',
  `added_at` bigint(20) NOT NULL COMMENT 'Added At'
) ENGINE=InnoDB DEFAULT CHARSET=utf8 COMMENT='Catalog Product Frontend Action Table';

-- --------------------------------------------------------

--
-- Table structure for table `mg_catalog_product_index_eav`
--

CREATE TABLE `mg_catalog_product_index_eav` (
  `entity_id` int(10) UNSIGNED NOT NULL COMMENT 'Entity ID',
  `attribute_id` smallint(5) UNSIGNED NOT NULL COMMENT 'Attribute ID',
  `store_id` smallint(5) UNSIGNED NOT NULL COMMENT 'Store ID',
  `value` int(10) UNSIGNED NOT NULL COMMENT 'Value',
  `source_id` int(10) UNSIGNED NOT NULL DEFAULT '0' COMMENT 'Original entity Id for attribute value'
) ENGINE=InnoDB DEFAULT CHARSET=utf8 COMMENT='Catalog Product EAV Index Table';

--
-- Dumping data for table `mg_catalog_product_index_eav`
--

INSERT INTO `mg_catalog_product_index_eav` (`entity_id`, `attribute_id`, `store_id`, `value`, `source_id`) VALUES
(1, 99, 1, 4, 1),
(2, 99, 1, 4, 2),
(3, 99, 1, 4, 3),
(4, 99, 1, 4, 4),
(5, 99, 1, 4, 5),
(6, 99, 1, 4, 6),
(7, 99, 1, 4, 7),
(8, 99, 1, 4, 8),
(9, 99, 1, 4, 9),
(10, 99, 1, 4, 10),
(11, 99, 1, 4, 11),
(24, 99, 1, 4, 24),
(25, 99, 1, 4, 25),
(26, 99, 1, 4, 24),
(26, 99, 1, 4, 26),
(27, 99, 1, 4, 27),
(28, 99, 1, 4, 28);

-- --------------------------------------------------------

--
-- Table structure for table `mg_catalog_product_index_eav_decimal`
--

CREATE TABLE `mg_catalog_product_index_eav_decimal` (
  `entity_id` int(10) UNSIGNED NOT NULL COMMENT 'Entity ID',
  `attribute_id` smallint(5) UNSIGNED NOT NULL COMMENT 'Attribute ID',
  `store_id` smallint(5) UNSIGNED NOT NULL COMMENT 'Store ID',
  `value` decimal(12,4) NOT NULL COMMENT 'Value',
  `source_id` int(10) UNSIGNED NOT NULL DEFAULT '0' COMMENT 'Original entity Id for attribute value'
) ENGINE=InnoDB DEFAULT CHARSET=utf8 COMMENT='Catalog Product EAV Decimal Index Table';

-- --------------------------------------------------------

--
-- Table structure for table `mg_catalog_product_index_eav_decimal_idx`
--

CREATE TABLE `mg_catalog_product_index_eav_decimal_idx` (
  `entity_id` int(10) UNSIGNED NOT NULL COMMENT 'Entity ID',
  `attribute_id` smallint(5) UNSIGNED NOT NULL COMMENT 'Attribute ID',
  `store_id` smallint(5) UNSIGNED NOT NULL COMMENT 'Store ID',
  `value` decimal(12,4) NOT NULL COMMENT 'Value',
  `source_id` int(10) UNSIGNED NOT NULL DEFAULT '0' COMMENT 'Original entity Id for attribute value'
) ENGINE=InnoDB DEFAULT CHARSET=utf8 COMMENT='Catalog Product EAV Decimal Indexer Index Table';

-- --------------------------------------------------------

--
-- Table structure for table `mg_catalog_product_index_eav_decimal_replica`
--

CREATE TABLE `mg_catalog_product_index_eav_decimal_replica` (
  `entity_id` int(10) UNSIGNED NOT NULL COMMENT 'Entity ID',
  `attribute_id` smallint(5) UNSIGNED NOT NULL COMMENT 'Attribute ID',
  `store_id` smallint(5) UNSIGNED NOT NULL COMMENT 'Store ID',
  `value` decimal(12,4) NOT NULL COMMENT 'Value',
  `source_id` int(10) UNSIGNED NOT NULL DEFAULT '0' COMMENT 'Original entity Id for attribute value'
) ENGINE=InnoDB DEFAULT CHARSET=utf8 COMMENT='Catalog Product EAV Decimal Index Table';

-- --------------------------------------------------------

--
-- Table structure for table `mg_catalog_product_index_eav_decimal_tmp`
--

CREATE TABLE `mg_catalog_product_index_eav_decimal_tmp` (
  `entity_id` int(10) UNSIGNED NOT NULL COMMENT 'Entity ID',
  `attribute_id` smallint(5) UNSIGNED NOT NULL COMMENT 'Attribute ID',
  `store_id` smallint(5) UNSIGNED NOT NULL COMMENT 'Store ID',
  `value` decimal(12,4) NOT NULL COMMENT 'Value',
  `source_id` int(10) UNSIGNED NOT NULL DEFAULT '0' COMMENT 'Original entity Id for attribute value'
) ENGINE=InnoDB DEFAULT CHARSET=utf8 COMMENT='Catalog Product EAV Decimal Indexer Temp Table';

-- --------------------------------------------------------

--
-- Table structure for table `mg_catalog_product_index_eav_idx`
--

CREATE TABLE `mg_catalog_product_index_eav_idx` (
  `entity_id` int(10) UNSIGNED NOT NULL COMMENT 'Entity ID',
  `attribute_id` smallint(5) UNSIGNED NOT NULL COMMENT 'Attribute ID',
  `store_id` smallint(5) UNSIGNED NOT NULL COMMENT 'Store ID',
  `value` int(10) UNSIGNED NOT NULL COMMENT 'Value',
  `source_id` int(10) UNSIGNED NOT NULL DEFAULT '0' COMMENT 'Original entity Id for attribute value'
) ENGINE=InnoDB DEFAULT CHARSET=utf8 COMMENT='Catalog Product EAV Indexer Index Table';

-- --------------------------------------------------------

--
-- Table structure for table `mg_catalog_product_index_eav_replica`
--

CREATE TABLE `mg_catalog_product_index_eav_replica` (
  `entity_id` int(10) UNSIGNED NOT NULL COMMENT 'Entity ID',
  `attribute_id` smallint(5) UNSIGNED NOT NULL COMMENT 'Attribute ID',
  `store_id` smallint(5) UNSIGNED NOT NULL COMMENT 'Store ID',
  `value` int(10) UNSIGNED NOT NULL COMMENT 'Value',
  `source_id` int(10) UNSIGNED NOT NULL DEFAULT '0' COMMENT 'Original entity Id for attribute value'
) ENGINE=InnoDB DEFAULT CHARSET=utf8 COMMENT='Catalog Product EAV Index Table';

--
-- Dumping data for table `mg_catalog_product_index_eav_replica`
--

INSERT INTO `mg_catalog_product_index_eav_replica` (`entity_id`, `attribute_id`, `store_id`, `value`, `source_id`) VALUES
(1, 99, 1, 4, 1),
(2, 99, 1, 4, 2),
(3, 99, 1, 4, 3),
(4, 99, 1, 4, 4),
(5, 99, 1, 4, 5),
(6, 99, 1, 4, 6),
(7, 99, 1, 4, 7),
(8, 99, 1, 4, 8),
(9, 99, 1, 4, 9),
(10, 99, 1, 4, 10),
(11, 99, 1, 4, 11),
(24, 99, 1, 4, 24),
(25, 99, 1, 4, 25),
(26, 99, 1, 4, 24),
(26, 99, 1, 4, 26),
(27, 99, 1, 4, 27),
(28, 99, 1, 4, 28);

-- --------------------------------------------------------

--
-- Table structure for table `mg_catalog_product_index_eav_tmp`
--

CREATE TABLE `mg_catalog_product_index_eav_tmp` (
  `entity_id` int(10) UNSIGNED NOT NULL COMMENT 'Entity ID',
  `attribute_id` smallint(5) UNSIGNED NOT NULL COMMENT 'Attribute ID',
  `store_id` smallint(5) UNSIGNED NOT NULL COMMENT 'Store ID',
  `value` int(10) UNSIGNED NOT NULL COMMENT 'Value',
  `source_id` int(10) UNSIGNED NOT NULL DEFAULT '0' COMMENT 'Original entity Id for attribute value'
) ENGINE=InnoDB DEFAULT CHARSET=utf8 COMMENT='Catalog Product EAV Indexer Temp Table';

-- --------------------------------------------------------

--
-- Table structure for table `mg_catalog_product_index_price`
--

CREATE TABLE `mg_catalog_product_index_price` (
  `entity_id` int(10) UNSIGNED NOT NULL COMMENT 'Entity ID',
  `customer_group_id` int(10) UNSIGNED NOT NULL COMMENT 'Customer Group ID',
  `website_id` smallint(5) UNSIGNED NOT NULL COMMENT 'Website ID',
  `tax_class_id` smallint(5) UNSIGNED DEFAULT '0' COMMENT 'Tax Class ID',
  `price` decimal(20,6) DEFAULT NULL COMMENT 'Price',
  `final_price` decimal(20,6) DEFAULT NULL COMMENT 'Final Price',
  `min_price` decimal(20,6) DEFAULT NULL COMMENT 'Min Price',
  `max_price` decimal(20,6) DEFAULT NULL COMMENT 'Max Price',
  `tier_price` decimal(20,6) DEFAULT NULL COMMENT 'Tier Price'
) ENGINE=InnoDB DEFAULT CHARSET=utf8 COMMENT='Catalog Product Price Index Table';

--
-- Dumping data for table `mg_catalog_product_index_price`
--

INSERT INTO `mg_catalog_product_index_price` (`entity_id`, `customer_group_id`, `website_id`, `tax_class_id`, `price`, `final_price`, `min_price`, `max_price`, `tier_price`) VALUES
(1, 0, 1, 0, 5000.000000, 5000.000000, 5000.000000, 5000.000000, NULL),
(1, 1, 1, 0, 5000.000000, 5000.000000, 5000.000000, 5000.000000, NULL),
(1, 2, 1, 0, 5000.000000, 5000.000000, 5000.000000, 5000.000000, NULL),
(1, 3, 1, 0, 5000.000000, 5000.000000, 5000.000000, 5000.000000, NULL),
(2, 0, 1, 0, 5000.000000, 4000.000000, 4000.000000, 4000.000000, NULL),
(2, 1, 1, 0, 5000.000000, 4000.000000, 4000.000000, 4000.000000, NULL),
(2, 2, 1, 0, 5000.000000, 4000.000000, 4000.000000, 4000.000000, NULL),
(2, 3, 1, 0, 5000.000000, 4000.000000, 4000.000000, 4000.000000, NULL),
(3, 0, 1, 0, 1500.000000, 1500.000000, 1500.000000, 1500.000000, NULL),
(3, 1, 1, 0, 1500.000000, 1500.000000, 1500.000000, 1500.000000, NULL),
(3, 2, 1, 0, 1500.000000, 1500.000000, 1500.000000, 1500.000000, NULL),
(3, 3, 1, 0, 1500.000000, 1500.000000, 1500.000000, 1500.000000, NULL),
(4, 0, 1, 0, 25000.000000, 25000.000000, 25000.000000, 25000.000000, NULL),
(4, 1, 1, 0, 25000.000000, 25000.000000, 25000.000000, 25000.000000, NULL),
(4, 2, 1, 0, 25000.000000, 25000.000000, 25000.000000, 25000.000000, NULL),
(4, 3, 1, 0, 25000.000000, 25000.000000, 25000.000000, 25000.000000, NULL),
(5, 0, 1, 0, 15000.000000, 15000.000000, 15000.000000, 15000.000000, NULL),
(5, 1, 1, 0, 15000.000000, 15000.000000, 15000.000000, 15000.000000, NULL),
(5, 2, 1, 0, 15000.000000, 15000.000000, 15000.000000, 15000.000000, NULL),
(5, 3, 1, 0, 15000.000000, 15000.000000, 15000.000000, 15000.000000, NULL),
(6, 0, 1, 0, 54000.000000, 54000.000000, 54000.000000, 54000.000000, NULL),
(6, 1, 1, 0, 54000.000000, 54000.000000, 54000.000000, 54000.000000, NULL),
(6, 2, 1, 0, 54000.000000, 54000.000000, 54000.000000, 54000.000000, NULL),
(6, 3, 1, 0, 54000.000000, 54000.000000, 54000.000000, 54000.000000, NULL),
(7, 0, 1, 0, 1500.000000, 1500.000000, 1500.000000, 1500.000000, NULL),
(7, 1, 1, 0, 1500.000000, 1500.000000, 1500.000000, 1500.000000, NULL),
(7, 2, 1, 0, 1500.000000, 1500.000000, 1500.000000, 1500.000000, NULL),
(7, 3, 1, 0, 1500.000000, 1500.000000, 1500.000000, 1500.000000, NULL),
(8, 0, 1, 0, 1500.000000, 1500.000000, 1500.000000, 1500.000000, NULL),
(8, 1, 1, 0, 1500.000000, 1500.000000, 1500.000000, 1500.000000, NULL),
(8, 2, 1, 0, 1500.000000, 1500.000000, 1500.000000, 1500.000000, NULL),
(8, 3, 1, 0, 1500.000000, 1500.000000, 1500.000000, 1500.000000, NULL),
(9, 0, 1, 0, 5000.000000, 5000.000000, 5000.000000, 5000.000000, NULL),
(9, 1, 1, 0, 5000.000000, 5000.000000, 5000.000000, 5000.000000, NULL),
(9, 2, 1, 0, 5000.000000, 5000.000000, 5000.000000, 5000.000000, NULL),
(9, 3, 1, 0, 5000.000000, 5000.000000, 5000.000000, 5000.000000, NULL),
(10, 0, 1, 0, 5000.000000, 5000.000000, 5000.000000, 5000.000000, NULL),
(10, 1, 1, 0, 5000.000000, 5000.000000, 5000.000000, 5000.000000, NULL),
(10, 2, 1, 0, 5000.000000, 5000.000000, 5000.000000, 5000.000000, NULL),
(10, 3, 1, 0, 5000.000000, 5000.000000, 5000.000000, 5000.000000, NULL),
(11, 0, 1, 0, 1500.000000, 1500.000000, 1500.000000, 1500.000000, NULL),
(11, 1, 1, 0, 1500.000000, 1500.000000, 1500.000000, 1500.000000, NULL),
(11, 2, 1, 0, 1500.000000, 1500.000000, 1500.000000, 1500.000000, NULL),
(11, 3, 1, 0, 1500.000000, 1500.000000, 1500.000000, 1500.000000, NULL),
(24, 0, 1, 2, 14.000000, 14.000000, 14.000000, 24.000000, NULL),
(24, 1, 1, 2, 14.000000, 14.000000, 14.000000, 24.000000, NULL),
(24, 2, 1, 2, 14.000000, 14.000000, 14.000000, 24.000000, NULL),
(24, 3, 1, 2, 14.000000, 14.000000, 14.000000, 24.000000, NULL),
(25, 0, 1, 2, 21.000000, 21.000000, 21.000000, 21.000000, NULL),
(25, 1, 1, 2, 21.000000, 21.000000, 21.000000, 21.000000, NULL),
(25, 2, 1, 2, 21.000000, 21.000000, 21.000000, 21.000000, NULL),
(25, 3, 1, 2, 21.000000, 21.000000, 21.000000, 21.000000, NULL),
(26, 0, 1, 2, NULL, NULL, 14.000000, 24.000000, NULL),
(26, 1, 1, 2, NULL, NULL, 14.000000, 24.000000, NULL),
(26, 2, 1, 2, NULL, NULL, 14.000000, 24.000000, NULL),
(26, 3, 1, 2, NULL, NULL, 14.000000, 24.000000, NULL),
(27, 0, 1, 2, 111.000000, 111.000000, 111.000000, 111.000000, NULL),
(27, 1, 1, 2, 111.000000, 111.000000, 111.000000, 111.000000, NULL),
(27, 2, 1, 2, 111.000000, 111.000000, 111.000000, 111.000000, NULL),
(27, 3, 1, 2, 111.000000, 111.000000, 111.000000, 111.000000, NULL),
(28, 0, 1, 2, 200.000000, 200.000000, 200.000000, 200.000000, NULL),
(28, 1, 1, 2, 200.000000, 200.000000, 200.000000, 200.000000, NULL),
(28, 2, 1, 2, 200.000000, 200.000000, 200.000000, 200.000000, NULL),
(28, 3, 1, 2, 200.000000, 200.000000, 200.000000, 200.000000, NULL);

-- --------------------------------------------------------

--
-- Table structure for table `mg_catalog_product_index_price_bundle_idx`
--

CREATE TABLE `mg_catalog_product_index_price_bundle_idx` (
  `entity_id` int(10) UNSIGNED NOT NULL COMMENT 'Entity ID',
  `customer_group_id` int(11) NOT NULL,
  `website_id` smallint(5) UNSIGNED NOT NULL COMMENT 'Website ID',
  `tax_class_id` smallint(5) UNSIGNED DEFAULT '0' COMMENT 'Tax Class ID',
  `price_type` smallint(5) UNSIGNED NOT NULL COMMENT 'Price Type',
  `special_price` decimal(20,6) DEFAULT NULL COMMENT 'Special Price',
  `tier_percent` decimal(20,6) DEFAULT NULL COMMENT 'Tier Percent',
  `orig_price` decimal(20,6) DEFAULT NULL COMMENT 'Orig Price',
  `price` decimal(20,6) DEFAULT NULL COMMENT 'Price',
  `min_price` decimal(20,6) DEFAULT NULL COMMENT 'Min Price',
  `max_price` decimal(20,6) DEFAULT NULL COMMENT 'Max Price',
  `tier_price` decimal(20,6) DEFAULT NULL COMMENT 'Tier Price',
  `base_tier` decimal(20,6) DEFAULT NULL COMMENT 'Base Tier'
) ENGINE=InnoDB DEFAULT CHARSET=utf8 COMMENT='Catalog Product Index Price Bundle Idx';

-- --------------------------------------------------------

--
-- Table structure for table `mg_catalog_product_index_price_bundle_opt_idx`
--

CREATE TABLE `mg_catalog_product_index_price_bundle_opt_idx` (
  `entity_id` int(10) UNSIGNED NOT NULL COMMENT 'Entity ID',
  `customer_group_id` int(11) NOT NULL,
  `website_id` smallint(5) UNSIGNED NOT NULL COMMENT 'Website ID',
  `option_id` int(10) UNSIGNED NOT NULL DEFAULT '0' COMMENT 'Option Id',
  `min_price` decimal(20,6) DEFAULT NULL COMMENT 'Min Price',
  `alt_price` decimal(20,6) DEFAULT NULL COMMENT 'Alt Price',
  `max_price` decimal(20,6) DEFAULT NULL COMMENT 'Max Price',
  `tier_price` decimal(20,6) DEFAULT NULL COMMENT 'Tier Price',
  `alt_tier_price` decimal(20,6) DEFAULT NULL COMMENT 'Alt Tier Price'
) ENGINE=InnoDB DEFAULT CHARSET=utf8 COMMENT='Catalog Product Index Price Bundle Opt Idx';

-- --------------------------------------------------------

--
-- Table structure for table `mg_catalog_product_index_price_bundle_opt_tmp`
--

CREATE TABLE `mg_catalog_product_index_price_bundle_opt_tmp` (
  `entity_id` int(10) UNSIGNED NOT NULL COMMENT 'Entity ID',
  `customer_group_id` int(11) NOT NULL,
  `website_id` smallint(5) UNSIGNED NOT NULL COMMENT 'Website ID',
  `option_id` int(10) UNSIGNED NOT NULL DEFAULT '0' COMMENT 'Option Id',
  `min_price` decimal(20,6) DEFAULT NULL COMMENT 'Min Price',
  `alt_price` decimal(20,6) DEFAULT NULL COMMENT 'Alt Price',
  `max_price` decimal(20,6) DEFAULT NULL COMMENT 'Max Price',
  `tier_price` decimal(20,6) DEFAULT NULL COMMENT 'Tier Price',
  `alt_tier_price` decimal(20,6) DEFAULT NULL COMMENT 'Alt Tier Price'
) ENGINE=InnoDB DEFAULT CHARSET=utf8 COMMENT='Catalog Product Index Price Bundle Opt Tmp';

-- --------------------------------------------------------

--
-- Table structure for table `mg_catalog_product_index_price_bundle_sel_idx`
--

CREATE TABLE `mg_catalog_product_index_price_bundle_sel_idx` (
  `entity_id` int(10) UNSIGNED NOT NULL COMMENT 'Entity ID',
  `customer_group_id` int(11) NOT NULL,
  `website_id` smallint(5) UNSIGNED NOT NULL COMMENT 'Website ID',
  `option_id` int(10) UNSIGNED NOT NULL DEFAULT '0' COMMENT 'Option Id',
  `selection_id` int(10) UNSIGNED NOT NULL DEFAULT '0' COMMENT 'Selection Id',
  `group_type` smallint(5) UNSIGNED DEFAULT '0' COMMENT 'Group Type',
  `is_required` smallint(5) UNSIGNED DEFAULT '0' COMMENT 'Is Required',
  `price` decimal(20,6) DEFAULT NULL COMMENT 'Price',
  `tier_price` decimal(20,6) DEFAULT NULL COMMENT 'Tier Price'
) ENGINE=InnoDB DEFAULT CHARSET=utf8 COMMENT='Catalog Product Index Price Bundle Sel Idx';

-- --------------------------------------------------------

--
-- Table structure for table `mg_catalog_product_index_price_bundle_sel_tmp`
--

CREATE TABLE `mg_catalog_product_index_price_bundle_sel_tmp` (
  `entity_id` int(10) UNSIGNED NOT NULL COMMENT 'Entity ID',
  `customer_group_id` int(11) NOT NULL,
  `website_id` smallint(5) UNSIGNED NOT NULL COMMENT 'Website ID',
  `option_id` int(10) UNSIGNED NOT NULL DEFAULT '0' COMMENT 'Option Id',
  `selection_id` int(10) UNSIGNED NOT NULL DEFAULT '0' COMMENT 'Selection Id',
  `group_type` smallint(5) UNSIGNED DEFAULT '0' COMMENT 'Group Type',
  `is_required` smallint(5) UNSIGNED DEFAULT '0' COMMENT 'Is Required',
  `price` decimal(20,6) DEFAULT NULL COMMENT 'Price',
  `tier_price` decimal(20,6) DEFAULT NULL COMMENT 'Tier Price'
) ENGINE=InnoDB DEFAULT CHARSET=utf8 COMMENT='Catalog Product Index Price Bundle Sel Tmp';

-- --------------------------------------------------------

--
-- Table structure for table `mg_catalog_product_index_price_bundle_tmp`
--

CREATE TABLE `mg_catalog_product_index_price_bundle_tmp` (
  `entity_id` int(10) UNSIGNED NOT NULL COMMENT 'Entity ID',
  `customer_group_id` int(11) NOT NULL,
  `website_id` smallint(5) UNSIGNED NOT NULL COMMENT 'Website ID',
  `tax_class_id` smallint(5) UNSIGNED DEFAULT '0' COMMENT 'Tax Class ID',
  `price_type` smallint(5) UNSIGNED NOT NULL COMMENT 'Price Type',
  `special_price` decimal(20,6) DEFAULT NULL COMMENT 'Special Price',
  `tier_percent` decimal(20,6) DEFAULT NULL COMMENT 'Tier Percent',
  `orig_price` decimal(20,6) DEFAULT NULL COMMENT 'Orig Price',
  `price` decimal(20,6) DEFAULT NULL COMMENT 'Price',
  `min_price` decimal(20,6) DEFAULT NULL COMMENT 'Min Price',
  `max_price` decimal(20,6) DEFAULT NULL COMMENT 'Max Price',
  `tier_price` decimal(20,6) DEFAULT NULL COMMENT 'Tier Price',
  `base_tier` decimal(20,6) DEFAULT NULL COMMENT 'Base Tier'
) ENGINE=InnoDB DEFAULT CHARSET=utf8 COMMENT='Catalog Product Index Price Bundle Tmp';

-- --------------------------------------------------------

--
-- Table structure for table `mg_catalog_product_index_price_cfg_opt_agr_idx`
--

CREATE TABLE `mg_catalog_product_index_price_cfg_opt_agr_idx` (
  `parent_id` int(10) UNSIGNED NOT NULL COMMENT 'Parent ID',
  `child_id` int(10) UNSIGNED NOT NULL COMMENT 'Child ID',
  `customer_group_id` int(10) UNSIGNED NOT NULL DEFAULT '0' COMMENT 'Customer Group ID',
  `website_id` smallint(5) UNSIGNED NOT NULL COMMENT 'Website ID',
  `price` decimal(20,6) DEFAULT NULL COMMENT 'Price',
  `tier_price` decimal(20,6) DEFAULT NULL COMMENT 'Tier Price'
) ENGINE=InnoDB DEFAULT CHARSET=utf8 COMMENT='Catalog Product Price Indexer Config Option Aggregate Index Table';

-- --------------------------------------------------------

--
-- Table structure for table `mg_catalog_product_index_price_cfg_opt_agr_tmp`
--

CREATE TABLE `mg_catalog_product_index_price_cfg_opt_agr_tmp` (
  `parent_id` int(10) UNSIGNED NOT NULL COMMENT 'Parent ID',
  `child_id` int(10) UNSIGNED NOT NULL COMMENT 'Child ID',
  `customer_group_id` int(10) UNSIGNED NOT NULL DEFAULT '0' COMMENT 'Customer Group ID',
  `website_id` smallint(5) UNSIGNED NOT NULL COMMENT 'Website ID',
  `price` decimal(20,6) DEFAULT NULL COMMENT 'Price',
  `tier_price` decimal(20,6) DEFAULT NULL COMMENT 'Tier Price'
) ENGINE=InnoDB DEFAULT CHARSET=utf8 COMMENT='Catalog Product Price Indexer Config Option Aggregate Temp Table';

-- --------------------------------------------------------

--
-- Table structure for table `mg_catalog_product_index_price_cfg_opt_idx`
--

CREATE TABLE `mg_catalog_product_index_price_cfg_opt_idx` (
  `entity_id` int(10) UNSIGNED NOT NULL COMMENT 'Entity ID',
  `customer_group_id` int(10) UNSIGNED NOT NULL DEFAULT '0' COMMENT 'Customer Group ID',
  `website_id` smallint(5) UNSIGNED NOT NULL COMMENT 'Website ID',
  `min_price` decimal(20,6) DEFAULT NULL COMMENT 'Min Price',
  `max_price` decimal(20,6) DEFAULT NULL COMMENT 'Max Price',
  `tier_price` decimal(20,6) DEFAULT NULL COMMENT 'Tier Price'
) ENGINE=InnoDB DEFAULT CHARSET=utf8 COMMENT='Catalog Product Price Indexer Config Option Index Table';

-- --------------------------------------------------------

--
-- Table structure for table `mg_catalog_product_index_price_cfg_opt_tmp`
--

CREATE TABLE `mg_catalog_product_index_price_cfg_opt_tmp` (
  `entity_id` int(10) UNSIGNED NOT NULL COMMENT 'Entity ID',
  `customer_group_id` int(10) UNSIGNED NOT NULL DEFAULT '0' COMMENT 'Customer Group ID',
  `website_id` smallint(5) UNSIGNED NOT NULL COMMENT 'Website ID',
  `min_price` decimal(20,6) DEFAULT NULL COMMENT 'Min Price',
  `max_price` decimal(20,6) DEFAULT NULL COMMENT 'Max Price',
  `tier_price` decimal(20,6) DEFAULT NULL COMMENT 'Tier Price'
) ENGINE=InnoDB DEFAULT CHARSET=utf8 COMMENT='Catalog Product Price Indexer Config Option Temp Table';

-- --------------------------------------------------------

--
-- Table structure for table `mg_catalog_product_index_price_downlod_idx`
--

CREATE TABLE `mg_catalog_product_index_price_downlod_idx` (
  `entity_id` int(10) UNSIGNED NOT NULL COMMENT 'Entity ID',
  `customer_group_id` int(11) NOT NULL,
  `website_id` smallint(5) UNSIGNED NOT NULL COMMENT 'Website ID',
  `min_price` decimal(20,6) NOT NULL DEFAULT '0.000000' COMMENT 'Minimum price',
  `max_price` decimal(20,6) NOT NULL DEFAULT '0.000000' COMMENT 'Maximum price'
) ENGINE=InnoDB DEFAULT CHARSET=utf8 COMMENT='Indexer Table for price of downloadable products';

-- --------------------------------------------------------

--
-- Table structure for table `mg_catalog_product_index_price_downlod_tmp`
--

CREATE TABLE `mg_catalog_product_index_price_downlod_tmp` (
  `entity_id` int(10) UNSIGNED NOT NULL COMMENT 'Entity ID',
  `customer_group_id` int(11) NOT NULL,
  `website_id` smallint(5) UNSIGNED NOT NULL COMMENT 'Website ID',
  `min_price` decimal(20,6) NOT NULL DEFAULT '0.000000' COMMENT 'Minimum price',
  `max_price` decimal(20,6) NOT NULL DEFAULT '0.000000' COMMENT 'Maximum price'
) ENGINE=InnoDB DEFAULT CHARSET=utf8 COMMENT='Temporary Indexer Table for price of downloadable products';

-- --------------------------------------------------------

--
-- Table structure for table `mg_catalog_product_index_price_final_idx`
--

CREATE TABLE `mg_catalog_product_index_price_final_idx` (
  `entity_id` int(10) UNSIGNED NOT NULL COMMENT 'Entity ID',
  `customer_group_id` int(10) UNSIGNED NOT NULL DEFAULT '0' COMMENT 'Customer Group ID',
  `website_id` smallint(5) UNSIGNED NOT NULL COMMENT 'Website ID',
  `tax_class_id` smallint(5) UNSIGNED DEFAULT '0' COMMENT 'Tax Class ID',
  `orig_price` decimal(20,6) DEFAULT NULL COMMENT 'Original Price',
  `price` decimal(20,6) DEFAULT NULL COMMENT 'Price',
  `min_price` decimal(20,6) DEFAULT NULL COMMENT 'Min Price',
  `max_price` decimal(20,6) DEFAULT NULL COMMENT 'Max Price',
  `tier_price` decimal(20,6) DEFAULT NULL COMMENT 'Tier Price',
  `base_tier` decimal(20,6) DEFAULT NULL COMMENT 'Base Tier'
) ENGINE=InnoDB DEFAULT CHARSET=utf8 COMMENT='Catalog Product Price Indexer Final Index Table';

-- --------------------------------------------------------

--
-- Table structure for table `mg_catalog_product_index_price_final_tmp`
--

CREATE TABLE `mg_catalog_product_index_price_final_tmp` (
  `entity_id` int(10) UNSIGNED NOT NULL COMMENT 'Entity ID',
  `customer_group_id` int(10) UNSIGNED NOT NULL DEFAULT '0' COMMENT 'Customer Group ID',
  `website_id` smallint(5) UNSIGNED NOT NULL COMMENT 'Website ID',
  `tax_class_id` smallint(5) UNSIGNED DEFAULT '0' COMMENT 'Tax Class ID',
  `orig_price` decimal(20,6) DEFAULT NULL COMMENT 'Original Price',
  `price` decimal(20,6) DEFAULT NULL COMMENT 'Price',
  `min_price` decimal(20,6) DEFAULT NULL COMMENT 'Min Price',
  `max_price` decimal(20,6) DEFAULT NULL COMMENT 'Max Price',
  `tier_price` decimal(20,6) DEFAULT NULL COMMENT 'Tier Price',
  `base_tier` decimal(20,6) DEFAULT NULL COMMENT 'Base Tier'
) ENGINE=InnoDB DEFAULT CHARSET=utf8 COMMENT='Catalog Product Price Indexer Final Temp Table';

-- --------------------------------------------------------

--
-- Table structure for table `mg_catalog_product_index_price_idx`
--

CREATE TABLE `mg_catalog_product_index_price_idx` (
  `entity_id` int(10) UNSIGNED NOT NULL COMMENT 'Entity ID',
  `customer_group_id` int(10) UNSIGNED NOT NULL DEFAULT '0' COMMENT 'Customer Group ID',
  `website_id` smallint(5) UNSIGNED NOT NULL COMMENT 'Website ID',
  `tax_class_id` smallint(5) UNSIGNED DEFAULT '0' COMMENT 'Tax Class ID',
  `price` decimal(20,6) DEFAULT NULL COMMENT 'Price',
  `final_price` decimal(20,6) DEFAULT NULL COMMENT 'Final Price',
  `min_price` decimal(20,6) DEFAULT NULL COMMENT 'Min Price',
  `max_price` decimal(20,6) DEFAULT NULL COMMENT 'Max Price',
  `tier_price` decimal(20,6) DEFAULT NULL COMMENT 'Tier Price'
) ENGINE=InnoDB DEFAULT CHARSET=utf8 COMMENT='Catalog Product Price Indexer Index Table';

-- --------------------------------------------------------

--
-- Table structure for table `mg_catalog_product_index_price_opt_agr_idx`
--

CREATE TABLE `mg_catalog_product_index_price_opt_agr_idx` (
  `entity_id` int(10) UNSIGNED NOT NULL COMMENT 'Entity ID',
  `customer_group_id` int(10) UNSIGNED NOT NULL DEFAULT '0' COMMENT 'Customer Group ID',
  `website_id` smallint(5) UNSIGNED NOT NULL COMMENT 'Website ID',
  `option_id` int(10) UNSIGNED NOT NULL DEFAULT '0' COMMENT 'Option ID',
  `min_price` decimal(20,6) DEFAULT NULL COMMENT 'Min Price',
  `max_price` decimal(20,6) DEFAULT NULL COMMENT 'Max Price',
  `tier_price` decimal(20,6) DEFAULT NULL COMMENT 'Tier Price'
) ENGINE=InnoDB DEFAULT CHARSET=utf8 COMMENT='Catalog Product Price Indexer Option Aggregate Index Table';

-- --------------------------------------------------------

--
-- Table structure for table `mg_catalog_product_index_price_opt_agr_tmp`
--

CREATE TABLE `mg_catalog_product_index_price_opt_agr_tmp` (
  `entity_id` int(10) UNSIGNED NOT NULL COMMENT 'Entity ID',
  `customer_group_id` int(10) UNSIGNED NOT NULL DEFAULT '0' COMMENT 'Customer Group ID',
  `website_id` smallint(5) UNSIGNED NOT NULL COMMENT 'Website ID',
  `option_id` int(10) UNSIGNED NOT NULL DEFAULT '0' COMMENT 'Option ID',
  `min_price` decimal(20,6) DEFAULT NULL COMMENT 'Min Price',
  `max_price` decimal(20,6) DEFAULT NULL COMMENT 'Max Price',
  `tier_price` decimal(20,6) DEFAULT NULL COMMENT 'Tier Price'
) ENGINE=InnoDB DEFAULT CHARSET=utf8 COMMENT='Catalog Product Price Indexer Option Aggregate Temp Table';

-- --------------------------------------------------------

--
-- Table structure for table `mg_catalog_product_index_price_opt_idx`
--

CREATE TABLE `mg_catalog_product_index_price_opt_idx` (
  `entity_id` int(10) UNSIGNED NOT NULL COMMENT 'Entity ID',
  `customer_group_id` int(10) UNSIGNED NOT NULL DEFAULT '0' COMMENT 'Customer Group ID',
  `website_id` smallint(5) UNSIGNED NOT NULL COMMENT 'Website ID',
  `min_price` decimal(20,6) DEFAULT NULL COMMENT 'Min Price',
  `max_price` decimal(20,6) DEFAULT NULL COMMENT 'Max Price',
  `tier_price` decimal(20,6) DEFAULT NULL COMMENT 'Tier Price'
) ENGINE=InnoDB DEFAULT CHARSET=utf8 COMMENT='Catalog Product Price Indexer Option Index Table';

-- --------------------------------------------------------

--
-- Table structure for table `mg_catalog_product_index_price_opt_tmp`
--

CREATE TABLE `mg_catalog_product_index_price_opt_tmp` (
  `entity_id` int(10) UNSIGNED NOT NULL COMMENT 'Entity ID',
  `customer_group_id` int(10) UNSIGNED NOT NULL DEFAULT '0' COMMENT 'Customer Group ID',
  `website_id` smallint(5) UNSIGNED NOT NULL COMMENT 'Website ID',
  `min_price` decimal(20,6) DEFAULT NULL COMMENT 'Min Price',
  `max_price` decimal(20,6) DEFAULT NULL COMMENT 'Max Price',
  `tier_price` decimal(20,6) DEFAULT NULL COMMENT 'Tier Price'
) ENGINE=InnoDB DEFAULT CHARSET=utf8 COMMENT='Catalog Product Price Indexer Option Temp Table';

-- --------------------------------------------------------

--
-- Table structure for table `mg_catalog_product_index_price_replica`
--

CREATE TABLE `mg_catalog_product_index_price_replica` (
  `entity_id` int(10) UNSIGNED NOT NULL COMMENT 'Entity ID',
  `customer_group_id` int(10) UNSIGNED NOT NULL COMMENT 'Customer Group ID',
  `website_id` smallint(5) UNSIGNED NOT NULL COMMENT 'Website ID',
  `tax_class_id` smallint(5) UNSIGNED DEFAULT '0' COMMENT 'Tax Class ID',
  `price` decimal(20,6) DEFAULT NULL COMMENT 'Price',
  `final_price` decimal(20,6) DEFAULT NULL COMMENT 'Final Price',
  `min_price` decimal(20,6) DEFAULT NULL COMMENT 'Min Price',
  `max_price` decimal(20,6) DEFAULT NULL COMMENT 'Max Price',
  `tier_price` decimal(20,6) DEFAULT NULL COMMENT 'Tier Price'
) ENGINE=InnoDB DEFAULT CHARSET=utf8 COMMENT='Catalog Product Price Index Table';

--
-- Dumping data for table `mg_catalog_product_index_price_replica`
--

INSERT INTO `mg_catalog_product_index_price_replica` (`entity_id`, `customer_group_id`, `website_id`, `tax_class_id`, `price`, `final_price`, `min_price`, `max_price`, `tier_price`) VALUES
(1, 0, 1, 0, 5000.000000, 4000.000000, 4000.000000, 4000.000000, NULL),
(1, 1, 1, 0, 5000.000000, 4000.000000, 4000.000000, 4000.000000, NULL),
(1, 2, 1, 0, 5000.000000, 4000.000000, 4000.000000, 4000.000000, NULL),
(1, 3, 1, 0, 5000.000000, 4000.000000, 4000.000000, 4000.000000, NULL),
(2, 0, 1, 0, 5000.000000, 4000.000000, 4000.000000, 4000.000000, NULL),
(2, 1, 1, 0, 5000.000000, 4000.000000, 4000.000000, 4000.000000, NULL),
(2, 2, 1, 0, 5000.000000, 4000.000000, 4000.000000, 4000.000000, NULL),
(2, 3, 1, 0, 5000.000000, 4000.000000, 4000.000000, 4000.000000, NULL),
(3, 0, 1, 0, 1500.000000, 1500.000000, 1500.000000, 1500.000000, NULL),
(3, 1, 1, 0, 1500.000000, 1500.000000, 1500.000000, 1500.000000, NULL),
(3, 2, 1, 0, 1500.000000, 1500.000000, 1500.000000, 1500.000000, NULL),
(3, 3, 1, 0, 1500.000000, 1500.000000, 1500.000000, 1500.000000, NULL),
(4, 0, 1, 0, 25000.000000, 25000.000000, 25000.000000, 25000.000000, NULL),
(4, 1, 1, 0, 25000.000000, 25000.000000, 25000.000000, 25000.000000, NULL),
(4, 2, 1, 0, 25000.000000, 25000.000000, 25000.000000, 25000.000000, NULL),
(4, 3, 1, 0, 25000.000000, 25000.000000, 25000.000000, 25000.000000, NULL),
(5, 0, 1, 0, 15000.000000, 15000.000000, 15000.000000, 15000.000000, NULL),
(5, 1, 1, 0, 15000.000000, 15000.000000, 15000.000000, 15000.000000, NULL),
(5, 2, 1, 0, 15000.000000, 15000.000000, 15000.000000, 15000.000000, NULL),
(5, 3, 1, 0, 15000.000000, 15000.000000, 15000.000000, 15000.000000, NULL),
(6, 0, 1, 0, 54000.000000, 54000.000000, 54000.000000, 54000.000000, NULL),
(6, 1, 1, 0, 54000.000000, 54000.000000, 54000.000000, 54000.000000, NULL),
(6, 2, 1, 0, 54000.000000, 54000.000000, 54000.000000, 54000.000000, NULL),
(6, 3, 1, 0, 54000.000000, 54000.000000, 54000.000000, 54000.000000, NULL),
(7, 0, 1, 0, 1500.000000, 1500.000000, 1500.000000, 1500.000000, NULL),
(7, 1, 1, 0, 1500.000000, 1500.000000, 1500.000000, 1500.000000, NULL),
(7, 2, 1, 0, 1500.000000, 1500.000000, 1500.000000, 1500.000000, NULL),
(7, 3, 1, 0, 1500.000000, 1500.000000, 1500.000000, 1500.000000, NULL),
(8, 0, 1, 0, 1500.000000, 1500.000000, 1500.000000, 1500.000000, NULL),
(8, 1, 1, 0, 1500.000000, 1500.000000, 1500.000000, 1500.000000, NULL),
(8, 2, 1, 0, 1500.000000, 1500.000000, 1500.000000, 1500.000000, NULL),
(8, 3, 1, 0, 1500.000000, 1500.000000, 1500.000000, 1500.000000, NULL),
(9, 0, 1, 0, 5000.000000, 5000.000000, 5000.000000, 5000.000000, NULL),
(9, 1, 1, 0, 5000.000000, 5000.000000, 5000.000000, 5000.000000, NULL),
(9, 2, 1, 0, 5000.000000, 5000.000000, 5000.000000, 5000.000000, NULL),
(9, 3, 1, 0, 5000.000000, 5000.000000, 5000.000000, 5000.000000, NULL),
(10, 0, 1, 0, 5000.000000, 5000.000000, 5000.000000, 5000.000000, NULL),
(10, 1, 1, 0, 5000.000000, 5000.000000, 5000.000000, 5000.000000, NULL),
(10, 2, 1, 0, 5000.000000, 5000.000000, 5000.000000, 5000.000000, NULL),
(10, 3, 1, 0, 5000.000000, 5000.000000, 5000.000000, 5000.000000, NULL),
(11, 0, 1, 0, 1500.000000, 1500.000000, 1500.000000, 1500.000000, NULL),
(11, 1, 1, 0, 1500.000000, 1500.000000, 1500.000000, 1500.000000, NULL),
(11, 2, 1, 0, 1500.000000, 1500.000000, 1500.000000, 1500.000000, NULL),
(11, 3, 1, 0, 1500.000000, 1500.000000, 1500.000000, 1500.000000, NULL),
(24, 0, 1, 2, 14.000000, 14.000000, 14.000000, 24.000000, NULL),
(24, 1, 1, 2, 14.000000, 14.000000, 14.000000, 24.000000, NULL),
(24, 2, 1, 2, 14.000000, 14.000000, 14.000000, 24.000000, NULL),
(24, 3, 1, 2, 14.000000, 14.000000, 14.000000, 24.000000, NULL),
(25, 0, 1, 2, 21.000000, 21.000000, 21.000000, 21.000000, NULL),
(25, 1, 1, 2, 21.000000, 21.000000, 21.000000, 21.000000, NULL),
(25, 2, 1, 2, 21.000000, 21.000000, 21.000000, 21.000000, NULL),
(25, 3, 1, 2, 21.000000, 21.000000, 21.000000, 21.000000, NULL),
(26, 0, 1, 2, NULL, NULL, 14.000000, 24.000000, NULL),
(26, 1, 1, 2, NULL, NULL, 14.000000, 24.000000, NULL),
(26, 2, 1, 2, NULL, NULL, 14.000000, 24.000000, NULL),
(26, 3, 1, 2, NULL, NULL, 14.000000, 24.000000, NULL),
(27, 0, 1, 2, 111.000000, 111.000000, 111.000000, 111.000000, NULL),
(27, 1, 1, 2, 111.000000, 111.000000, 111.000000, 111.000000, NULL),
(27, 2, 1, 2, 111.000000, 111.000000, 111.000000, 111.000000, NULL),
(27, 3, 1, 2, 111.000000, 111.000000, 111.000000, 111.000000, NULL),
(28, 0, 1, 2, 200.000000, 200.000000, 200.000000, 200.000000, NULL),
(28, 1, 1, 2, 200.000000, 200.000000, 200.000000, 200.000000, NULL),
(28, 2, 1, 2, 200.000000, 200.000000, 200.000000, 200.000000, NULL),
(28, 3, 1, 2, 200.000000, 200.000000, 200.000000, 200.000000, NULL);

-- --------------------------------------------------------

--
-- Table structure for table `mg_catalog_product_index_price_tmp`
--

CREATE TABLE `mg_catalog_product_index_price_tmp` (
  `entity_id` int(10) UNSIGNED NOT NULL COMMENT 'Entity ID',
  `customer_group_id` int(10) UNSIGNED NOT NULL DEFAULT '0' COMMENT 'Customer Group ID',
  `website_id` smallint(5) UNSIGNED NOT NULL COMMENT 'Website ID',
  `tax_class_id` smallint(5) UNSIGNED DEFAULT '0' COMMENT 'Tax Class ID',
  `price` decimal(20,6) DEFAULT NULL COMMENT 'Price',
  `final_price` decimal(20,6) DEFAULT NULL COMMENT 'Final Price',
  `min_price` decimal(20,6) DEFAULT NULL COMMENT 'Min Price',
  `max_price` decimal(20,6) DEFAULT NULL COMMENT 'Max Price',
  `tier_price` decimal(20,6) DEFAULT NULL COMMENT 'Tier Price'
) ENGINE=InnoDB DEFAULT CHARSET=utf8 COMMENT='Catalog Product Price Indexer Temp Table';

-- --------------------------------------------------------

--
-- Table structure for table `mg_catalog_product_index_tier_price`
--

CREATE TABLE `mg_catalog_product_index_tier_price` (
  `entity_id` int(10) UNSIGNED NOT NULL COMMENT 'Entity ID',
  `customer_group_id` int(10) UNSIGNED NOT NULL COMMENT 'Customer Group ID',
  `website_id` smallint(5) UNSIGNED NOT NULL COMMENT 'Website ID',
  `min_price` decimal(20,6) DEFAULT NULL COMMENT 'Min Price'
) ENGINE=InnoDB DEFAULT CHARSET=utf8 COMMENT='Catalog Product Tier Price Index Table';

-- --------------------------------------------------------

--
-- Table structure for table `mg_catalog_product_index_website`
--

CREATE TABLE `mg_catalog_product_index_website` (
  `website_id` smallint(5) UNSIGNED NOT NULL COMMENT 'Website ID',
  `default_store_id` smallint(5) UNSIGNED NOT NULL COMMENT 'Default store id for website',
  `website_date` date DEFAULT NULL COMMENT 'Website Date',
  `rate` float DEFAULT '1' COMMENT 'Rate'
) ENGINE=InnoDB DEFAULT CHARSET=utf8 COMMENT='Catalog Product Website Index Table';

--
-- Dumping data for table `mg_catalog_product_index_website`
--

INSERT INTO `mg_catalog_product_index_website` (`website_id`, `default_store_id`, `website_date`, `rate`) VALUES
(1, 1, '2019-11-07', 1);

-- --------------------------------------------------------

--
-- Table structure for table `mg_catalog_product_link`
--

CREATE TABLE `mg_catalog_product_link` (
  `link_id` int(10) UNSIGNED NOT NULL COMMENT 'Link ID',
  `product_id` int(10) UNSIGNED NOT NULL DEFAULT '0' COMMENT 'Product ID',
  `linked_product_id` int(10) UNSIGNED NOT NULL DEFAULT '0' COMMENT 'Linked Product ID',
  `link_type_id` smallint(5) UNSIGNED NOT NULL DEFAULT '0' COMMENT 'Link Type ID'
) ENGINE=InnoDB DEFAULT CHARSET=utf8 COMMENT='Catalog Product To Product Linkage Table';

--
-- Dumping data for table `mg_catalog_product_link`
--

INSERT INTO `mg_catalog_product_link` (`link_id`, `product_id`, `linked_product_id`, `link_type_id`) VALUES
(133, 6, 1, 1),
(134, 6, 2, 1),
(135, 6, 3, 1),
(136, 6, 4, 1),
(137, 6, 5, 1),
(122, 24, 17, 1),
(123, 24, 25, 1),
(119, 25, 17, 1),
(111, 26, 17, 1),
(112, 26, 25, 1),
(118, 26, 17, 3),
(117, 26, 24, 3),
(126, 24, 17, 4),
(127, 24, 25, 4),
(121, 25, 17, 4),
(115, 26, 17, 4),
(116, 26, 25, 4),
(124, 24, 17, 5),
(125, 24, 25, 5),
(120, 25, 17, 5),
(113, 26, 17, 5),
(114, 26, 25, 5);

-- --------------------------------------------------------

--
-- Table structure for table `mg_catalog_product_link_attribute`
--

CREATE TABLE `mg_catalog_product_link_attribute` (
  `product_link_attribute_id` smallint(5) UNSIGNED NOT NULL COMMENT 'Product Link Attribute ID',
  `link_type_id` smallint(5) UNSIGNED NOT NULL DEFAULT '0' COMMENT 'Link Type ID',
  `product_link_attribute_code` varchar(32) DEFAULT NULL COMMENT 'Product Link Attribute Code',
  `data_type` varchar(32) DEFAULT NULL COMMENT 'Data Type'
) ENGINE=InnoDB DEFAULT CHARSET=utf8 COMMENT='Catalog Product Link Attribute Table';

--
-- Dumping data for table `mg_catalog_product_link_attribute`
--

INSERT INTO `mg_catalog_product_link_attribute` (`product_link_attribute_id`, `link_type_id`, `product_link_attribute_code`, `data_type`) VALUES
(1, 1, 'position', 'int'),
(2, 4, 'position', 'int'),
(3, 5, 'position', 'int'),
(4, 3, 'position', 'int'),
(5, 3, 'qty', 'decimal');

-- --------------------------------------------------------

--
-- Table structure for table `mg_catalog_product_link_attribute_decimal`
--

CREATE TABLE `mg_catalog_product_link_attribute_decimal` (
  `value_id` int(10) UNSIGNED NOT NULL COMMENT 'Value ID',
  `product_link_attribute_id` smallint(5) UNSIGNED DEFAULT NULL COMMENT 'Product Link Attribute ID',
  `link_id` int(10) UNSIGNED NOT NULL COMMENT 'Link ID',
  `value` decimal(20,6) NOT NULL DEFAULT '0.000000' COMMENT 'Value'
) ENGINE=InnoDB DEFAULT CHARSET=utf8 COMMENT='Catalog Product Link Decimal Attribute Table';

--
-- Dumping data for table `mg_catalog_product_link_attribute_decimal`
--

INSERT INTO `mg_catalog_product_link_attribute_decimal` (`value_id`, `product_link_attribute_id`, `link_id`, `value`) VALUES
(11, 5, 117, 5.000000),
(12, 5, 118, 5.000000);

-- --------------------------------------------------------

--
-- Table structure for table `mg_catalog_product_link_attribute_int`
--

CREATE TABLE `mg_catalog_product_link_attribute_int` (
  `value_id` int(10) UNSIGNED NOT NULL COMMENT 'Value ID',
  `product_link_attribute_id` smallint(5) UNSIGNED DEFAULT NULL COMMENT 'Product Link Attribute ID',
  `link_id` int(10) UNSIGNED NOT NULL COMMENT 'Link ID',
  `value` int(11) NOT NULL DEFAULT '0' COMMENT 'Value'
) ENGINE=InnoDB DEFAULT CHARSET=utf8 COMMENT='Catalog Product Link Integer Attribute Table';

--
-- Dumping data for table `mg_catalog_product_link_attribute_int`
--

INSERT INTO `mg_catalog_product_link_attribute_int` (`value_id`, `product_link_attribute_id`, `link_id`, `value`) VALUES
(60, 1, 111, 0),
(61, 1, 112, 0),
(62, 3, 113, 0),
(63, 3, 114, 0),
(64, 2, 115, 0),
(65, 2, 116, 0),
(66, 4, 117, 1),
(67, 4, 118, 2),
(68, 1, 119, 0),
(69, 3, 120, 0),
(70, 2, 121, 0),
(71, 1, 122, 0),
(72, 1, 123, 0),
(73, 3, 124, 0),
(74, 3, 125, 0),
(75, 2, 126, 0),
(76, 2, 127, 0),
(82, 1, 133, 1),
(83, 1, 134, 2),
(84, 1, 135, 3),
(85, 1, 136, 4),
(86, 1, 137, 5);

-- --------------------------------------------------------

--
-- Table structure for table `mg_catalog_product_link_attribute_varchar`
--

CREATE TABLE `mg_catalog_product_link_attribute_varchar` (
  `value_id` int(10) UNSIGNED NOT NULL COMMENT 'Value ID',
  `product_link_attribute_id` smallint(5) UNSIGNED NOT NULL DEFAULT '0' COMMENT 'Product Link Attribute ID',
  `link_id` int(10) UNSIGNED NOT NULL COMMENT 'Link ID',
  `value` varchar(255) DEFAULT NULL COMMENT 'Value'
) ENGINE=InnoDB DEFAULT CHARSET=utf8 COMMENT='Catalog Product Link Varchar Attribute Table';

-- --------------------------------------------------------

--
-- Table structure for table `mg_catalog_product_link_type`
--

CREATE TABLE `mg_catalog_product_link_type` (
  `link_type_id` smallint(5) UNSIGNED NOT NULL COMMENT 'Link Type ID',
  `code` varchar(32) DEFAULT NULL COMMENT 'Code'
) ENGINE=InnoDB DEFAULT CHARSET=utf8 COMMENT='Catalog Product Link Type Table';

--
-- Dumping data for table `mg_catalog_product_link_type`
--

INSERT INTO `mg_catalog_product_link_type` (`link_type_id`, `code`) VALUES
(1, 'relation'),
(3, 'super'),
(4, 'up_sell'),
(5, 'cross_sell');

-- --------------------------------------------------------

--
-- Table structure for table `mg_catalog_product_option`
--

CREATE TABLE `mg_catalog_product_option` (
  `option_id` int(10) UNSIGNED NOT NULL COMMENT 'Option ID',
  `product_id` int(10) UNSIGNED NOT NULL DEFAULT '0' COMMENT 'Product ID',
  `type` varchar(50) DEFAULT NULL COMMENT 'Type',
  `is_require` smallint(6) NOT NULL DEFAULT '1' COMMENT 'Is Required',
  `sku` varchar(64) DEFAULT NULL COMMENT 'SKU',
  `max_characters` int(10) UNSIGNED DEFAULT NULL COMMENT 'Max Characters',
  `file_extension` varchar(50) DEFAULT NULL COMMENT 'File Extension',
  `image_size_x` smallint(5) UNSIGNED DEFAULT NULL COMMENT 'Image Size X',
  `image_size_y` smallint(5) UNSIGNED DEFAULT NULL COMMENT 'Image Size Y',
  `sort_order` int(10) UNSIGNED NOT NULL DEFAULT '0' COMMENT 'Sort Order'
) ENGINE=InnoDB DEFAULT CHARSET=utf8 COMMENT='Catalog Product Option Table';

--
-- Dumping data for table `mg_catalog_product_option`
--

INSERT INTO `mg_catalog_product_option` (`option_id`, `product_id`, `type`, `is_require`, `sku`, `max_characters`, `file_extension`, `image_size_x`, `image_size_y`, `sort_order`) VALUES
(4, 24, 'drop_down', 0, NULL, 0, NULL, 0, 0, 1);

-- --------------------------------------------------------

--
-- Table structure for table `mg_catalog_product_option_price`
--

CREATE TABLE `mg_catalog_product_option_price` (
  `option_price_id` int(10) UNSIGNED NOT NULL COMMENT 'Option Price ID',
  `option_id` int(10) UNSIGNED NOT NULL DEFAULT '0' COMMENT 'Option ID',
  `store_id` smallint(5) UNSIGNED NOT NULL DEFAULT '0' COMMENT 'Store ID',
  `price` decimal(20,6) NOT NULL DEFAULT '0.000000' COMMENT 'Price',
  `price_type` varchar(7) NOT NULL DEFAULT 'fixed' COMMENT 'Price Type'
) ENGINE=InnoDB DEFAULT CHARSET=utf8 COMMENT='Catalog Product Option Price Table';

-- --------------------------------------------------------

--
-- Table structure for table `mg_catalog_product_option_title`
--

CREATE TABLE `mg_catalog_product_option_title` (
  `option_title_id` int(10) UNSIGNED NOT NULL COMMENT 'Option Title ID',
  `option_id` int(10) UNSIGNED NOT NULL DEFAULT '0' COMMENT 'Option ID',
  `store_id` smallint(5) UNSIGNED NOT NULL DEFAULT '0' COMMENT 'Store ID',
  `title` varchar(255) DEFAULT NULL COMMENT 'Title'
) ENGINE=InnoDB DEFAULT CHARSET=utf8 COMMENT='Catalog Product Option Title Table';

--
-- Dumping data for table `mg_catalog_product_option_title`
--

INSERT INTO `mg_catalog_product_option_title` (`option_title_id`, `option_id`, `store_id`, `title`) VALUES
(14, 4, 0, 'Custom Yoga Option'),
(15, 4, 1, 'Custom Yoga Option');

-- --------------------------------------------------------

--
-- Table structure for table `mg_catalog_product_option_type_price`
--

CREATE TABLE `mg_catalog_product_option_type_price` (
  `option_type_price_id` int(10) UNSIGNED NOT NULL COMMENT 'Option Type Price ID',
  `option_type_id` int(10) UNSIGNED NOT NULL DEFAULT '0' COMMENT 'Option Type ID',
  `store_id` smallint(5) UNSIGNED NOT NULL DEFAULT '0' COMMENT 'Store ID',
  `price` decimal(20,6) NOT NULL DEFAULT '0.000000' COMMENT 'Price',
  `price_type` varchar(7) NOT NULL DEFAULT 'fixed' COMMENT 'Price Type'
) ENGINE=InnoDB DEFAULT CHARSET=utf8 COMMENT='Catalog Product Option Type Price Table';

--
-- Dumping data for table `mg_catalog_product_option_type_price`
--

INSERT INTO `mg_catalog_product_option_type_price` (`option_type_price_id`, `option_type_id`, `store_id`, `price`, `price_type`) VALUES
(31, 10, 0, 10.000000, 'fixed'),
(32, 11, 0, 10.000000, 'fixed'),
(33, 12, 0, 10.000000, 'fixed');

-- --------------------------------------------------------

--
-- Table structure for table `mg_catalog_product_option_type_title`
--

CREATE TABLE `mg_catalog_product_option_type_title` (
  `option_type_title_id` int(10) UNSIGNED NOT NULL COMMENT 'Option Type Title ID',
  `option_type_id` int(10) UNSIGNED NOT NULL DEFAULT '0' COMMENT 'Option Type ID',
  `store_id` smallint(5) UNSIGNED NOT NULL DEFAULT '0' COMMENT 'Store ID',
  `title` varchar(255) DEFAULT NULL COMMENT 'Title'
) ENGINE=InnoDB DEFAULT CHARSET=utf8 COMMENT='Catalog Product Option Type Title Table';

--
-- Dumping data for table `mg_catalog_product_option_type_title`
--

INSERT INTO `mg_catalog_product_option_type_title` (`option_type_title_id`, `option_type_id`, `store_id`, `title`) VALUES
(40, 10, 0, 'Gold'),
(41, 11, 0, 'Silver'),
(42, 12, 0, 'Platinum'),
(43, 10, 1, 'Gold'),
(44, 11, 1, 'Silver'),
(45, 12, 1, 'Platinum');

-- --------------------------------------------------------

--
-- Table structure for table `mg_catalog_product_option_type_value`
--

CREATE TABLE `mg_catalog_product_option_type_value` (
  `option_type_id` int(10) UNSIGNED NOT NULL COMMENT 'Option Type ID',
  `option_id` int(10) UNSIGNED NOT NULL DEFAULT '0' COMMENT 'Option ID',
  `sku` varchar(64) DEFAULT NULL COMMENT 'SKU',
  `sort_order` int(10) UNSIGNED NOT NULL DEFAULT '0' COMMENT 'Sort Order'
) ENGINE=InnoDB DEFAULT CHARSET=utf8 COMMENT='Catalog Product Option Type Value Table';

--
-- Dumping data for table `mg_catalog_product_option_type_value`
--

INSERT INTO `mg_catalog_product_option_type_value` (`option_type_id`, `option_id`, `sku`, `sort_order`) VALUES
(10, 4, NULL, 0),
(11, 4, NULL, 1),
(12, 4, 'yoga3sku', 2);

-- --------------------------------------------------------

--
-- Table structure for table `mg_catalog_product_relation`
--

CREATE TABLE `mg_catalog_product_relation` (
  `parent_id` int(10) UNSIGNED NOT NULL COMMENT 'Parent ID',
  `child_id` int(10) UNSIGNED NOT NULL COMMENT 'Child ID'
) ENGINE=InnoDB DEFAULT CHARSET=utf8 COMMENT='Catalog Product Relation Table';

--
-- Dumping data for table `mg_catalog_product_relation`
--

INSERT INTO `mg_catalog_product_relation` (`parent_id`, `child_id`) VALUES
(26, 17),
(26, 24);

-- --------------------------------------------------------

--
-- Table structure for table `mg_catalog_product_super_attribute`
--

CREATE TABLE `mg_catalog_product_super_attribute` (
  `product_super_attribute_id` int(10) UNSIGNED NOT NULL COMMENT 'Product Super Attribute ID',
  `product_id` int(10) UNSIGNED NOT NULL DEFAULT '0' COMMENT 'Product ID',
  `attribute_id` smallint(5) UNSIGNED NOT NULL DEFAULT '0' COMMENT 'Attribute ID',
  `position` smallint(5) UNSIGNED NOT NULL DEFAULT '0' COMMENT 'Position'
) ENGINE=InnoDB DEFAULT CHARSET=utf8 COMMENT='Catalog Product Super Attribute Table';

-- --------------------------------------------------------

--
-- Table structure for table `mg_catalog_product_super_attribute_label`
--

CREATE TABLE `mg_catalog_product_super_attribute_label` (
  `value_id` int(10) UNSIGNED NOT NULL COMMENT 'Value ID',
  `product_super_attribute_id` int(10) UNSIGNED NOT NULL DEFAULT '0' COMMENT 'Product Super Attribute ID',
  `store_id` smallint(5) UNSIGNED NOT NULL DEFAULT '0' COMMENT 'Store ID',
  `use_default` smallint(5) UNSIGNED DEFAULT '0' COMMENT 'Use Default Value',
  `value` varchar(255) DEFAULT NULL COMMENT 'Value'
) ENGINE=InnoDB DEFAULT CHARSET=utf8 COMMENT='Catalog Product Super Attribute Label Table';

-- --------------------------------------------------------

--
-- Table structure for table `mg_catalog_product_super_link`
--

CREATE TABLE `mg_catalog_product_super_link` (
  `link_id` int(10) UNSIGNED NOT NULL COMMENT 'Link ID',
  `product_id` int(10) UNSIGNED NOT NULL DEFAULT '0' COMMENT 'Product ID',
  `parent_id` int(10) UNSIGNED NOT NULL DEFAULT '0' COMMENT 'Parent ID'
) ENGINE=InnoDB DEFAULT CHARSET=utf8 COMMENT='Catalog Product Super Link Table';

-- --------------------------------------------------------

--
-- Table structure for table `mg_catalog_product_website`
--

CREATE TABLE `mg_catalog_product_website` (
  `product_id` int(10) UNSIGNED NOT NULL COMMENT 'Product ID',
  `website_id` smallint(5) UNSIGNED NOT NULL COMMENT 'Website ID'
) ENGINE=InnoDB DEFAULT CHARSET=utf8 COMMENT='Catalog Product To Website Linkage Table';

--
-- Dumping data for table `mg_catalog_product_website`
--

INSERT INTO `mg_catalog_product_website` (`product_id`, `website_id`) VALUES
(1, 1),
(2, 1),
(3, 1),
(4, 1),
(5, 1),
(6, 1),
(7, 1),
(8, 1),
(9, 1),
(10, 1),
(11, 1),
(12, 1),
(13, 1),
(14, 1),
(17, 1),
(24, 1),
(25, 1),
(26, 1),
(27, 1),
(28, 1);

--
-- Triggers `mg_catalog_product_website`
--
DELIMITER $$
CREATE TRIGGER `trg_mg_catalog_product_website_after_delete` AFTER DELETE ON `mg_catalog_product_website` FOR EACH ROW BEGIN
INSERT IGNORE INTO `mg_scconnector_google_remove_cl` (`entity_id`) VALUES (OLD.`product_id`);
END
$$
DELIMITER ;
DELIMITER $$
CREATE TRIGGER `trg_mg_catalog_product_website_after_insert` AFTER INSERT ON `mg_catalog_product_website` FOR EACH ROW BEGIN
INSERT IGNORE INTO `mg_scconnector_google_remove_cl` (`entity_id`) VALUES (NEW.`product_id`);
END
$$
DELIMITER ;
DELIMITER $$
CREATE TRIGGER `trg_mg_catalog_product_website_after_update` AFTER UPDATE ON `mg_catalog_product_website` FOR EACH ROW BEGIN
IF (NEW.`product_id` <=> OLD.`product_id` OR NEW.`website_id` <=> OLD.`website_id`) THEN INSERT IGNORE INTO `mg_scconnector_google_remove_cl` (`entity_id`) VALUES (NEW.`product_id`); END IF;
END
$$
DELIMITER ;

-- --------------------------------------------------------

--
-- Table structure for table `mg_catalog_url_rewrite_product_category`
--

CREATE TABLE `mg_catalog_url_rewrite_product_category` (
  `url_rewrite_id` int(10) UNSIGNED NOT NULL COMMENT 'url_rewrite_id',
  `category_id` int(10) UNSIGNED NOT NULL COMMENT 'category_id',
  `product_id` int(10) UNSIGNED NOT NULL COMMENT 'product_id'
) ENGINE=InnoDB DEFAULT CHARSET=utf8 COMMENT='url_rewrite_relation';

--
-- Dumping data for table `mg_catalog_url_rewrite_product_category`
--

INSERT INTO `mg_catalog_url_rewrite_product_category` (`url_rewrite_id`, `category_id`, `product_id`) VALUES
(80, 3, 2),
(88, 3, 5),
(96, 33, 8),
(98, 33, 9),
(100, 33, 10),
(103, 33, 11),
(105, 3, 12),
(199, 3, 3),
(200, 4, 3),
(203, 3, 4),
(204, 4, 4),
(207, 3, 6),
(208, 4, 6),
(211, 3, 7),
(212, 4, 7),
(277, 3, 1),
(278, 4, 1),
(282, 41, 1),
(281, 40, 1),
(280, 6, 1),
(279, 5, 1),
(302, 3, 28);

-- --------------------------------------------------------

--
-- Table structure for table `mg_ced_csmarketplace_notification`
--

CREATE TABLE `mg_ced_csmarketplace_notification` (
  `id` int(10) UNSIGNED NOT NULL COMMENT 'ID',
  `action` varchar(255) NOT NULL COMMENT 'action',
  `title` varchar(255) NOT NULL COMMENT 'title',
  `itag` varchar(255) NOT NULL COMMENT 'itag',
  `vendor_id` int(10) UNSIGNED NOT NULL DEFAULT '0' COMMENT 'vendor_id',
  `created_at` timestamp NOT NULL DEFAULT CURRENT_TIMESTAMP COMMENT 'Created At',
  `updated_at` timestamp NOT NULL DEFAULT CURRENT_TIMESTAMP ON UPDATE CURRENT_TIMESTAMP COMMENT 'Updated At',
  `reference_id` int(10) UNSIGNED NOT NULL DEFAULT '0' COMMENT 'reference_id',
  `status` smallint(5) UNSIGNED DEFAULT '0' COMMENT 'status'
) ENGINE=InnoDB DEFAULT CHARSET=utf8 COMMENT='Vendor Notifications Table';

--
-- Dumping data for table `mg_ced_csmarketplace_notification`
--

INSERT INTO `mg_ced_csmarketplace_notification` (`id`, `action`, `title`, `itag`, `vendor_id`, `created_at`, `updated_at`, `reference_id`, `status`) VALUES
(1, 'https://www.getfastdeal.com/demo/csmarketplace/vorders/view/order_id/1/', 'New Order 000000001', '', 2, '2019-09-09 11:55:23', '2019-09-09 11:55:23', 1, 0),
(2, 'https://www.getfastdeal.com/demo/csmarketplace/vorders/view/order_id/2/', 'New Order 000000002', '', 2, '2019-09-10 06:49:12', '2019-09-10 06:49:12', 2, 1),
(3, 'https://www.getfastdeal.com/demo/csmarketplace/vorders/view/order_id/3/', 'New Order 000000005', '', 4, '2019-09-20 11:15:21', '2019-09-20 11:15:21', 3, 1);

-- --------------------------------------------------------

--
-- Table structure for table `mg_ced_csmarketplace_vendor`
--

CREATE TABLE `mg_ced_csmarketplace_vendor` (
  `entity_id` int(10) UNSIGNED NOT NULL COMMENT 'Entity ID',
  `entity_type_id` int(10) UNSIGNED NOT NULL DEFAULT '0' COMMENT 'Entity Type ID',
  `attribute_set_id` int(10) UNSIGNED NOT NULL DEFAULT '0' COMMENT 'Attribute Set ID',
  `increment_id` varchar(50) NOT NULL DEFAULT '' COMMENT 'Increment ID',
  `parent_id` int(10) UNSIGNED DEFAULT '0' COMMENT 'Parent ID',
  `created_at` timestamp NOT NULL DEFAULT CURRENT_TIMESTAMP COMMENT 'Created At',
  `updated_at` timestamp NOT NULL DEFAULT CURRENT_TIMESTAMP ON UPDATE CURRENT_TIMESTAMP COMMENT 'Updated At',
  `is_active` smallint(5) UNSIGNED NOT NULL DEFAULT '1' COMMENT 'Is Active',
  `website_id` smallint(5) UNSIGNED DEFAULT NULL COMMENT 'Website ID',
  `address` text,
  `city` text,
  `zip_code` text
) ENGINE=InnoDB DEFAULT CHARSET=utf8 COMMENT='CsMarketplace Vendor';

--
-- Dumping data for table `mg_ced_csmarketplace_vendor`
--

INSERT INTO `mg_ced_csmarketplace_vendor` (`entity_id`, `entity_type_id`, `attribute_set_id`, `increment_id`, `parent_id`, `created_at`, `updated_at`, `is_active`, `website_id`, `address`, `city`, `zip_code`) VALUES
(4, 9, 0, '000000004', 0, '2019-09-13 07:20:51', '2019-09-13 11:17:25', 1, 1, NULL, NULL, NULL),
(5, 9, 0, '000000005', 0, '2019-09-17 11:35:38', '2019-09-17 11:50:47', 1, 1, NULL, NULL, NULL),
(6, 9, 0, '000000006', 0, '2019-09-17 11:48:41', '2019-09-17 11:51:03', 1, 1, NULL, NULL, NULL),
(7, 9, 0, '000000007', 0, '2019-09-20 09:39:49', '2019-09-20 09:40:55', 1, 1, NULL, NULL, NULL),
(8, 9, 0, '000000008', 0, '2019-09-25 10:11:29', '2019-09-25 10:12:29', 1, 1, NULL, NULL, NULL);

-- --------------------------------------------------------

--
-- Table structure for table `mg_ced_csmarketplace_vendor_datetime`
--

CREATE TABLE `mg_ced_csmarketplace_vendor_datetime` (
  `value_id` int(11) NOT NULL COMMENT 'Value Id',
  `attribute_id` smallint(5) UNSIGNED NOT NULL DEFAULT '0' COMMENT 'Attribute Id',
  `entity_id` int(10) UNSIGNED NOT NULL DEFAULT '0' COMMENT 'Entity Id',
  `value` datetime DEFAULT NULL COMMENT 'Value'
) ENGINE=InnoDB DEFAULT CHARSET=utf8 COMMENT='CsMarketplace vendor Datetime';

--
-- Dumping data for table `mg_ced_csmarketplace_vendor_datetime`
--

INSERT INTO `mg_ced_csmarketplace_vendor_datetime` (`value_id`, `attribute_id`, `entity_id`, `value`) VALUES
(4, 142, 4, '2019-09-13 07:20:51'),
(5, 142, 5, '2019-09-17 11:35:37'),
(6, 142, 6, '2019-09-17 11:48:40'),
(7, 142, 7, '2019-09-20 09:39:47'),
(8, 142, 8, '2019-09-25 10:11:27');

-- --------------------------------------------------------

--
-- Table structure for table `mg_ced_csmarketplace_vendor_decimal`
--

CREATE TABLE `mg_ced_csmarketplace_vendor_decimal` (
  `value_id` int(11) NOT NULL COMMENT 'Value Id',
  `attribute_id` smallint(5) UNSIGNED NOT NULL DEFAULT '0' COMMENT 'Attribute Id',
  `entity_id` int(10) UNSIGNED NOT NULL DEFAULT '0' COMMENT 'Entity Id',
  `value` decimal(12,4) NOT NULL DEFAULT '0.0000' COMMENT 'Value'
) ENGINE=InnoDB DEFAULT CHARSET=utf8 COMMENT='CsMarketplace vendor Decimal';

-- --------------------------------------------------------

--
-- Table structure for table `mg_ced_csmarketplace_vendor_form_attribute`
--

CREATE TABLE `mg_ced_csmarketplace_vendor_form_attribute` (
  `id` int(10) UNSIGNED NOT NULL COMMENT 'ID',
  `attribute_id` int(10) UNSIGNED NOT NULL DEFAULT '0' COMMENT 'Attribute Id',
  `attribute_code` varchar(255) NOT NULL COMMENT 'Attribute Code',
  `is_visible` smallint(5) UNSIGNED NOT NULL DEFAULT '0' COMMENT 'Visible On Frontend',
  `sort_order` int(10) UNSIGNED NOT NULL DEFAULT '0' COMMENT 'Sort Order',
  `store_id` smallint(5) UNSIGNED DEFAULT '0' COMMENT 'Store Id',
  `use_in_registration` int(11) DEFAULT NULL,
  `position_in_registration` int(11) DEFAULT NULL,
  `use_in_left_profile` int(11) DEFAULT NULL,
  `position_in_left_profile` int(11) DEFAULT NULL,
  `fontawesome_class_for_left_profile` text
) ENGINE=InnoDB DEFAULT CHARSET=utf8 COMMENT='Vendor Form Table';

--
-- Dumping data for table `mg_ced_csmarketplace_vendor_form_attribute`
--

INSERT INTO `mg_ced_csmarketplace_vendor_form_attribute` (`id`, `attribute_id`, `attribute_code`, `is_visible`, `sort_order`, `store_id`, `use_in_registration`, `position_in_registration`, `use_in_left_profile`, `position_in_left_profile`, `fontawesome_class_for_left_profile`) VALUES
(1, 140, 'customer_id', 0, 0, 0, NULL, NULL, NULL, NULL, NULL),
(2, 141, 'vendor_gstin', 1, 6, 0, 0, NULL, 0, NULL, NULL),
(3, 142, 'created_at', 1, 1, 0, NULL, NULL, 1, 70, 'fa fa-calendar'),
(4, 143, 'shop_url', 1, 2, 0, 1, 20, NULL, NULL, NULL),
(5, 144, 'status', 1, 3, 0, NULL, NULL, NULL, NULL, NULL),
(6, 145, 'group', 1, 4, 0, NULL, NULL, NULL, NULL, NULL),
(7, 146, 'public_name', 1, 4, 0, 1, 10, 1, 10, 'fa fa-user'),
(8, 147, 'website_id', 0, 0, 0, NULL, NULL, NULL, NULL, NULL),
(9, 148, 'name', 1, 5, 0, NULL, NULL, 1, 50, 'fa fa-user'),
(10, 149, 'gender', 1, 6, 0, NULL, NULL, NULL, NULL, NULL),
(11, 150, 'profile_picture', 1, 7, 0, NULL, NULL, NULL, NULL, NULL),
(12, 151, 'email', 1, 8, 0, NULL, NULL, 1, 35, 'fa fa-envelope-o'),
(13, 152, 'contact_number', 1, 9, 0, NULL, NULL, NULL, NULL, NULL),
(14, 153, 'company_name', 1, 10, 0, NULL, NULL, 1, 40, 'fa fa-building'),
(15, 154, 'about', 1, 11, 0, NULL, NULL, NULL, NULL, NULL),
(16, 155, 'company_logo', 1, 12, 0, NULL, NULL, NULL, NULL, NULL),
(17, 156, 'company_banner', 1, 13, 0, NULL, NULL, NULL, NULL, NULL),
(18, 157, 'company_address', 1, 14, 0, NULL, NULL, 1, 60, 'fa fa-location-arrow'),
(19, 158, 'support_number', 1, 15, 0, NULL, NULL, 1, 20, 'fa fa-mobile'),
(20, 159, 'support_email', 1, 16, 0, NULL, NULL, 1, 30, 'fa fa-envelope-o'),
(21, 160, 'meta_keywords', 1, 19, 0, NULL, NULL, NULL, NULL, NULL),
(22, 161, 'meta_description', 1, 20, 0, NULL, NULL, NULL, NULL, NULL),
(23, 162, 'facebook_id', 1, 21, 0, NULL, NULL, 1, 80, 'fa fa-facebook-square'),
(24, 163, 'twitter_id', 1, 22, 0, NULL, NULL, 1, 90, 'fa fa-twitter'),
(25, 164, 'address', 1, 25, 0, NULL, NULL, NULL, NULL, NULL),
(26, 165, 'city', 1, 26, 0, NULL, NULL, NULL, NULL, NULL),
(27, 166, 'zip_code', 1, 27, 0, NULL, NULL, NULL, NULL, NULL),
(28, 167, 'region', 1, 29, 0, NULL, NULL, NULL, NULL, NULL),
(29, 168, 'region_id', 1, 28, 0, NULL, NULL, NULL, NULL, NULL),
(30, 169, 'country_id', 1, 30, 0, NULL, NULL, NULL, NULL, NULL),
(31, 170, 'reason', 0, 0, 0, 0, 0, 0, 0, 'fa fa-circle-thin');

-- --------------------------------------------------------

--
-- Table structure for table `mg_ced_csmarketplace_vendor_int`
--

CREATE TABLE `mg_ced_csmarketplace_vendor_int` (
  `value_id` int(11) NOT NULL COMMENT 'Value Id',
  `attribute_id` smallint(5) UNSIGNED NOT NULL DEFAULT '0' COMMENT 'Attribute Id',
  `entity_id` int(10) UNSIGNED NOT NULL DEFAULT '0' COMMENT 'Entity Id',
  `value` int(11) NOT NULL DEFAULT '0' COMMENT 'Value'
) ENGINE=InnoDB DEFAULT CHARSET=utf8 COMMENT='CsMarketplace vendor Int';

--
-- Dumping data for table `mg_ced_csmarketplace_vendor_int`
--

INSERT INTO `mg_ced_csmarketplace_vendor_int` (`value_id`, `attribute_id`, `entity_id`, `value`) VALUES
(6, 140, 4, 4),
(7, 149, 4, 2),
(9, 166, 4, 800002),
(8, 168, 4, 537),
(10, 140, 5, 5),
(11, 140, 6, 6),
(12, 140, 7, 7),
(13, 140, 8, 2);

-- --------------------------------------------------------

--
-- Table structure for table `mg_ced_csmarketplace_vendor_payments`
--

CREATE TABLE `mg_ced_csmarketplace_vendor_payments` (
  `entity_id` int(10) UNSIGNED NOT NULL COMMENT 'Entity Id',
  `vendor_id` int(10) UNSIGNED DEFAULT '0' COMMENT 'Vendor Id',
  `transaction_id` varchar(200) DEFAULT NULL COMMENT 'Transaction Id',
  `amount_desc` varchar(255) NOT NULL COMMENT 'Amount Description',
  `amount` decimal(12,4) DEFAULT NULL COMMENT 'Amount',
  `base_amount` decimal(12,4) NOT NULL COMMENT 'Base Amount',
  `currency` varchar(10) NOT NULL COMMENT 'Currency',
  `fee` decimal(12,4) DEFAULT '0.0000' COMMENT 'Fee',
  `base_fee` decimal(12,4) NOT NULL COMMENT 'Base Fee',
  `net_amount` decimal(12,4) DEFAULT '0.0000' COMMENT 'Net Amount',
  `base_net_amount` decimal(12,4) NOT NULL COMMENT 'Base Net Amount',
  `balance` decimal(12,4) NOT NULL COMMENT 'Balance',
  `base_balance` decimal(12,4) NOT NULL COMMENT 'Base Balance',
  `tax` decimal(12,4) DEFAULT '0.0000' COMMENT 'Tax',
  `base_tax` decimal(12,4) NOT NULL COMMENT 'Base Tax',
  `notes` text COMMENT 'Notes',
  `transaction_type` int(10) UNSIGNED NOT NULL COMMENT 'Transaction Type',
  `payment_method` text COMMENT 'Payment Method',
  `payment_code` varchar(200) DEFAULT NULL COMMENT 'Payment Code',
  `payment_detail` text NOT NULL COMMENT 'Payment Detail',
  `status` varchar(10) DEFAULT NULL COMMENT 'Status',
  `payment_date` datetime DEFAULT NULL COMMENT 'Payment Date',
  `created_at` timestamp NOT NULL DEFAULT CURRENT_TIMESTAMP ON UPDATE CURRENT_TIMESTAMP COMMENT 'Created At',
  `base_currency` varchar(10) DEFAULT NULL COMMENT 'Base Currency',
  `base_to_global_rate` decimal(12,4) DEFAULT NULL COMMENT 'Base To Global Rate'
) ENGINE=InnoDB DEFAULT CHARSET=utf8 COMMENT='CsMarketplace Vendor Payment Table';

-- --------------------------------------------------------

--
-- Table structure for table `mg_ced_csmarketplace_vendor_payments_requested`
--

CREATE TABLE `mg_ced_csmarketplace_vendor_payments_requested` (
  `entity_id` int(10) UNSIGNED NOT NULL COMMENT 'Entity ID',
  `vendor_id` int(10) UNSIGNED NOT NULL COMMENT 'Vendor Id',
  `order_id` varchar(30) NOT NULL COMMENT 'Order Id',
  `amount` decimal(10,4) UNSIGNED NOT NULL DEFAULT '0.0000' COMMENT 'Amount',
  `status` int(10) UNSIGNED NOT NULL COMMENT 'Status',
  `created_at` timestamp NOT NULL DEFAULT CURRENT_TIMESTAMP COMMENT 'Created At',
  `updated_at` timestamp NOT NULL DEFAULT CURRENT_TIMESTAMP ON UPDATE CURRENT_TIMESTAMP COMMENT 'Updated At'
) ENGINE=InnoDB DEFAULT CHARSET=utf8 COMMENT='mg_ced_csmarketplace_vendor_payments_requested';

-- --------------------------------------------------------

--
-- Table structure for table `mg_ced_csmarketplace_vendor_products`
--

CREATE TABLE `mg_ced_csmarketplace_vendor_products` (
  `id` int(10) UNSIGNED NOT NULL COMMENT 'Id',
  `vendor_id` int(10) UNSIGNED NOT NULL COMMENT 'Vendor Id',
  `product_id` int(10) UNSIGNED NOT NULL COMMENT 'Product Id',
  `type` varchar(255) DEFAULT NULL COMMENT 'Type',
  `price` decimal(12,4) DEFAULT '0.0000' COMMENT 'Price',
  `special_price` decimal(12,4) DEFAULT '0.0000' COMMENT 'Special Price',
  `name` text NOT NULL COMMENT 'Name',
  `description` text NOT NULL COMMENT 'Description',
  `short_description` text NOT NULL COMMENT 'Short Description',
  `sku` text NOT NULL COMMENT 'SKU',
  `weight` decimal(12,4) NOT NULL COMMENT 'Weight',
  `check_status` smallint(5) UNSIGNED DEFAULT '0' COMMENT 'Check Status',
  `qty` int(10) UNSIGNED DEFAULT '0' COMMENT 'Quantity',
  `is_in_stock` smallint(5) UNSIGNED DEFAULT '0' COMMENT 'Quantity',
  `website_id` int(10) UNSIGNED DEFAULT '0' COMMENT 'Website ID',
  `is_multiseller` int(10) UNSIGNED DEFAULT '0' COMMENT 'Is MultiSeller Product',
  `parent_id` int(10) UNSIGNED DEFAULT '0' COMMENT 'Parent Id',
  `reason` text
) ENGINE=InnoDB DEFAULT CHARSET=utf8 COMMENT='CsMarketplace Vendor Product';

--
-- Dumping data for table `mg_ced_csmarketplace_vendor_products`
--

INSERT INTO `mg_ced_csmarketplace_vendor_products` (`id`, `vendor_id`, `product_id`, `type`, `price`, `special_price`, `name`, `description`, `short_description`, `sku`, `weight`, `check_status`, `qty`, `is_in_stock`, `website_id`, `is_multiseller`, `parent_id`, `reason`) VALUES
(13, 4, 24, 'simple', 14.0000, NULL, 'Sprite Yoga Strap 6 foot', '<p>The Sprite Yoga Strap is your untiring partner in demanding stretches, holds and alignment routines. The strap\'s 100% organic cotton fabric is woven tightly to form a soft, textured yet non-slip surface. The plastic clasp buckle is easily adjustable, lightweight and urable under strain.</p><ul><li>100% soft and durable cotton.<li>Plastic cinch buckle is easy to use.<li>Three natural colors made from phthalate and heavy metal free dyes.</ul>', '', '24-WG085', 0.0000, 1, NULL, 1, 1, 0, 0, NULL),
(14, 4, 25, 'simple', 21.0000, NULL, 'Sprite Yoga Strap 10 foot', '<p>The Sprite Yoga Strap is your untiring partner in demanding stretches, holds and alignment routines. The strap\'s 100% organic cotton fabric is woven tightly to form a soft, textured yet non-slip surface. The plastic clasp buckle is easily adjustable, lightweight and durable under strain.</p><ul><li>10\' long x 1.0\" wide.<li>100% soft and durable cotton.<li>Plastic cinch buckle is easy to use.<li>Three natural colors made from phthalate and heavy metal free dyes.</ul>', '', '24-WG087', 0.0000, 1, NULL, 1, 1, 0, 0, NULL),
(15, 4, 26, 'grouped', NULL, NULL, 'Set of Sprite Yoga Straps', '<p>Great set of Sprite Yoga Straps for every stretch and hold you need. There are three straps in this set: 6\', 8\' and 10\'.</p><ul><li>100% soft and durable cotton.</li><li>Plastic cinch buckle is easy to use.</li><li>Choice of three natural colors made from phthalate and heavy metal free dyes.</li></ul>', '', '24-WG085_Group', 0.0000, 1, NULL, 1, 1, 0, 0, NULL),
(16, 8, 27, 'simple', 111.0000, NULL, 'qqq', '', '', 'qqq', 0.0000, 1, 111, 1, 1, 0, 0, NULL);

-- --------------------------------------------------------

--
-- Table structure for table `mg_ced_csmarketplace_vendor_products_status`
--

CREATE TABLE `mg_ced_csmarketplace_vendor_products_status` (
  `id` int(10) UNSIGNED NOT NULL COMMENT 'Id',
  `vendor_id` int(10) UNSIGNED NOT NULL COMMENT 'Vendor Id',
  `product_id` int(10) UNSIGNED NOT NULL COMMENT 'Product Id',
  `store_id` int(10) UNSIGNED NOT NULL COMMENT 'Store Id',
  `status` varchar(64) DEFAULT NULL COMMENT 'Status'
) ENGINE=InnoDB DEFAULT CHARSET=utf8 COMMENT='CsMarketplace Vendor Product Status';

--
-- Dumping data for table `mg_ced_csmarketplace_vendor_products_status`
--

INSERT INTO `mg_ced_csmarketplace_vendor_products_status` (`id`, `vendor_id`, `product_id`, `store_id`, `status`) VALUES
(15, 0, 24, 0, '1'),
(14, 0, 25, 0, '1'),
(13, 0, 26, 0, '1'),
(16, 0, 27, 0, '1');

-- --------------------------------------------------------

--
-- Table structure for table `mg_ced_csmarketplace_vendor_sales_order`
--

CREATE TABLE `mg_ced_csmarketplace_vendor_sales_order` (
  `id` int(10) UNSIGNED NOT NULL COMMENT 'Id',
  `vendor_id` int(10) UNSIGNED NOT NULL COMMENT 'Vendor Id',
  `order_id` varchar(30) NOT NULL COMMENT 'Order Id',
  `currency` varchar(10) NOT NULL COMMENT 'Currency',
  `base_order_total` decimal(12,4) NOT NULL COMMENT 'Base Order Total',
  `order_total` decimal(12,4) DEFAULT NULL COMMENT 'Order Total',
  `shop_commission_type_id` text NOT NULL COMMENT 'Shop Commission Type',
  `shop_commission_rate` decimal(12,4) NOT NULL COMMENT 'shop_commission_rate',
  `shop_commission_base_fee` decimal(12,4) NOT NULL COMMENT 'Shop Commission Base Fee',
  `shop_commission_fee` decimal(12,4) NOT NULL COMMENT 'Shop Commission Fee',
  `product_qty` int(11) NOT NULL COMMENT 'Product Qty',
  `order_payment_state` text NOT NULL COMMENT 'Order Payment State',
  `payment_state` varchar(11) NOT NULL COMMENT 'Payment State',
  `billing_country_code` varchar(100) NOT NULL COMMENT 'Billing Country Code',
  `shipping_country_code` varchar(100) NOT NULL COMMENT 'Shipping Country Code',
  `base_currency` varchar(10) DEFAULT NULL COMMENT 'Base Currency',
  `base_to_global_rate` decimal(12,4) DEFAULT NULL COMMENT 'Base To Global Rate',
  `items_commission` text COMMENT 'Items Commission',
  `shipping_amount` decimal(12,4) DEFAULT '0.0000' COMMENT 'Shipping Amount',
  `base_shipping_amount` decimal(12,4) DEFAULT '0.0000' COMMENT 'Base Shipping Amount',
  `shipping_paid` decimal(12,4) DEFAULT '0.0000' COMMENT 'Shipping Paid',
  `shipping_refunded` decimal(12,4) DEFAULT '0.0000' COMMENT 'Shipping Refunded',
  `method` varchar(255) NOT NULL DEFAULT '' COMMENT 'Shipping Method',
  `method_title` text COMMENT 'Shipping Method Title',
  `carrier` varchar(255) DEFAULT NULL COMMENT 'Shipping Carrier',
  `carrier_title` varchar(255) DEFAULT NULL COMMENT 'Shipping Carier Title',
  `code` varchar(255) DEFAULT NULL COMMENT 'Shipping Code',
  `shipping_description` varchar(255) DEFAULT NULL COMMENT 'Shipping Description',
  `vorders_mode` varchar(255) DEFAULT NULL COMMENT 'Vorder Mode',
  `billing_name` text NOT NULL COMMENT 'Billing Name',
  `created_at` timestamp NOT NULL DEFAULT CURRENT_TIMESTAMP COMMENT 'Created At'
) ENGINE=InnoDB DEFAULT CHARSET=utf8 COMMENT='CsMarketplace Vendor Order';

--
-- Dumping data for table `mg_ced_csmarketplace_vendor_sales_order`
--

INSERT INTO `mg_ced_csmarketplace_vendor_sales_order` (`id`, `vendor_id`, `order_id`, `currency`, `base_order_total`, `order_total`, `shop_commission_type_id`, `shop_commission_rate`, `shop_commission_base_fee`, `shop_commission_fee`, `product_qty`, `order_payment_state`, `payment_state`, `billing_country_code`, `shipping_country_code`, `base_currency`, `base_to_global_rate`, `items_commission`, `shipping_amount`, `base_shipping_amount`, `shipping_paid`, `shipping_refunded`, `method`, `method_title`, `carrier`, `carrier_title`, `code`, `shipping_description`, `vorders_mode`, `billing_name`, `created_at`) VALUES
(1, 2, '000000001', 'INR', 11.0000, 11.0000, 'percentage', 10.0000, 1.1000, 1.1000, 1, '1', '1', 'US', 'US', 'INR', 1.0000, '{\"1\":{\"base_fee\":1.1,\"fee\":0}}', 0.0000, 0.0000, 0.0000, 0.0000, '', NULL, NULL, NULL, NULL, NULL, NULL, 'testced testced', '2019-09-09 11:55:23'),
(2, 2, '000000002', 'INR', 11.0000, 11.0000, 'percentage', 10.0000, 1.1000, 1.1000, 1, '2', '1', 'US', 'US', 'INR', 1.0000, '{\"2\":{\"base_fee\":1.1,\"fee\":0}}', 0.0000, 0.0000, 0.0000, 0.0000, '', NULL, NULL, NULL, NULL, NULL, NULL, 'testced testced', '2019-09-10 06:49:12'),
(3, 4, '000000005', 'INR', 28.0000, 28.0000, 'percentage', 10.0000, 2.8000, 2.8000, 2, '1', '1', 'IN', 'IN', 'INR', 1.0000, '{\"7\":{\"base_fee\":2.8,\"fee\":0}}', 0.0000, 0.0000, 0.0000, 0.0000, '', NULL, NULL, NULL, NULL, NULL, NULL, 'santoshi kumari', '2019-09-20 11:15:21');

-- --------------------------------------------------------

--
-- Table structure for table `mg_ced_csmarketplace_vendor_shop`
--

CREATE TABLE `mg_ced_csmarketplace_vendor_shop` (
  `id` int(10) UNSIGNED NOT NULL COMMENT 'Id',
  `vendor_id` int(10) UNSIGNED NOT NULL COMMENT 'Vendor Id',
  `shop_disable` int(11) NOT NULL COMMENT 'Shop Disable'
) ENGINE=InnoDB DEFAULT CHARSET=utf8 COMMENT='CsMarketplace Vendor Shop';

--
-- Dumping data for table `mg_ced_csmarketplace_vendor_shop`
--

INSERT INTO `mg_ced_csmarketplace_vendor_shop` (`id`, `vendor_id`, `shop_disable`) VALUES
(1, 1, 1),
(2, 2, 1),
(3, 4, 1),
(4, 5, 1),
(5, 6, 1),
(6, 7, 1),
(7, 8, 1);

-- --------------------------------------------------------

--
-- Table structure for table `mg_ced_csmarketplace_vendor_text`
--

CREATE TABLE `mg_ced_csmarketplace_vendor_text` (
  `value_id` int(11) NOT NULL COMMENT 'Value Id',
  `attribute_id` smallint(5) UNSIGNED NOT NULL DEFAULT '0' COMMENT 'Attribute Id',
  `entity_id` int(10) UNSIGNED NOT NULL DEFAULT '0' COMMENT 'Entity Id',
  `value` text NOT NULL COMMENT 'Value'
) ENGINE=InnoDB DEFAULT CHARSET=utf8 COMMENT='CsMarketplace vendor Text';

--
-- Dumping data for table `mg_ced_csmarketplace_vendor_text`
--

INSERT INTO `mg_ced_csmarketplace_vendor_text` (`value_id`, `attribute_id`, `entity_id`, `value`) VALUES
(1, 157, 4, 'boring road,patna,bihar(india).');

-- --------------------------------------------------------

--
-- Table structure for table `mg_ced_csmarketplace_vendor_varchar`
--

CREATE TABLE `mg_ced_csmarketplace_vendor_varchar` (
  `value_id` int(11) NOT NULL COMMENT 'Value Id',
  `attribute_id` smallint(5) UNSIGNED NOT NULL DEFAULT '0' COMMENT 'Attribute Id',
  `entity_id` int(10) UNSIGNED NOT NULL DEFAULT '0' COMMENT 'Entity Id',
  `value` varchar(255) DEFAULT NULL COMMENT 'Value'
) ENGINE=InnoDB DEFAULT CHARSET=utf8 COMMENT='CsMarketplace vendor Varchar';

--
-- Dumping data for table `mg_ced_csmarketplace_vendor_varchar`
--

INSERT INTO `mg_ced_csmarketplace_vendor_varchar` (`value_id`, `attribute_id`, `entity_id`, `value`) VALUES
(32, 141, 4, '123456'),
(26, 143, 4, 'my-shop-apple'),
(27, 144, 4, 'approved'),
(28, 145, 4, 'general'),
(25, 146, 4, 'santoshi kumari'),
(29, 148, 4, 'santoshi kumari'),
(39, 150, 4, 'ced/csmaketplace/vendor/profile_picture1568372651.jpg'),
(30, 151, 4, 'santoshi2019eweb@gmail.com'),
(33, 152, 4, '9568452369'),
(34, 153, 4, 'Aditya Vission'),
(38, 155, 4, 'ced/csmaketplace/vendor/company_logo1568372651.jpg'),
(35, 158, 4, '9564581445'),
(36, 159, 4, 'info@adityavission.com'),
(40, 164, 4, 'patna,bihar,(india)'),
(41, 165, 4, 'patna'),
(37, 169, 4, 'IN'),
(46, 143, 5, 'kunal'),
(47, 144, 5, 'approved'),
(48, 145, 5, 'general'),
(45, 146, 5, 'kunal kumar'),
(49, 148, 5, 'Abhinash baranwal'),
(50, 151, 5, 'baranwal1987@gmail.com'),
(52, 143, 6, 'vicky'),
(53, 144, 6, 'approved'),
(54, 145, 6, 'general'),
(51, 146, 6, 'vicky'),
(55, 148, 6, 'vicky kumar'),
(56, 151, 6, 'avinash.x.kumar@gmail.com'),
(60, 143, 7, 'my-cyber-shop'),
(61, 144, 7, 'approved'),
(62, 145, 7, 'general'),
(59, 146, 7, 'CyberShop'),
(63, 148, 7, 'M R Sinha'),
(64, 151, 7, 'mrsinha240860@gmail.com'),
(66, 143, 8, 'dfdfg'),
(67, 144, 8, 'approved'),
(68, 145, 8, 'General'),
(65, 146, 8, 'gdfgd'),
(69, 148, 8, 'testced testced'),
(70, 151, 8, 'testcedcommerce@gmail.com');

-- --------------------------------------------------------

--
-- Table structure for table `mg_ced_csorder_creditmemo`
--

CREATE TABLE `mg_ced_csorder_creditmemo` (
  `id` int(10) UNSIGNED NOT NULL COMMENT 'Id',
  `creditmemo_id` int(10) UNSIGNED NOT NULL COMMENT 'CreditMemo Id',
  `vendor_id` int(10) UNSIGNED NOT NULL COMMENT 'Vendor Id'
) ENGINE=InnoDB DEFAULT CHARSET=utf8 COMMENT='CsOrder Credit Memo';

-- --------------------------------------------------------

--
-- Table structure for table `mg_ced_csorder_invoice`
--

CREATE TABLE `mg_ced_csorder_invoice` (
  `id` int(10) UNSIGNED NOT NULL COMMENT 'Id',
  `invoice_id` int(10) UNSIGNED NOT NULL COMMENT 'Invoice Id',
  `vendor_id` int(10) UNSIGNED NOT NULL COMMENT 'Vendor Id',
  `invoice_order_id` int(10) UNSIGNED NOT NULL COMMENT 'Invoice Order Id',
  `base_shipping_amount` decimal(12,4) UNSIGNED NOT NULL COMMENT 'Base Shipping Amount',
  `shipping_amount` decimal(12,4) UNSIGNED NOT NULL COMMENT 'Shipping Amount',
  `shipping_code` varchar(255) DEFAULT NULL COMMENT 'Shipping Code',
  `shipping_description` varchar(255) DEFAULT NULL COMMENT 'Shipping Description'
) ENGINE=InnoDB DEFAULT CHARSET=utf8 COMMENT='CsOrder Invoice';

--
-- Dumping data for table `mg_ced_csorder_invoice`
--

INSERT INTO `mg_ced_csorder_invoice` (`id`, `invoice_id`, `vendor_id`, `invoice_order_id`, `base_shipping_amount`, `shipping_amount`, `shipping_code`, `shipping_description`) VALUES
(1, 1, 2, 2, 0.0000, 0.0000, NULL, NULL);

-- --------------------------------------------------------

--
-- Table structure for table `mg_ced_csorder_shipment`
--

CREATE TABLE `mg_ced_csorder_shipment` (
  `id` int(10) UNSIGNED NOT NULL COMMENT 'Id',
  `shipment_id` int(10) UNSIGNED NOT NULL COMMENT 'Shipment Id',
  `vendor_id` int(10) UNSIGNED NOT NULL COMMENT 'Vendor Id'
) ENGINE=InnoDB DEFAULT CHARSET=utf8 COMMENT='CsOrder Shipment';

-- --------------------------------------------------------

--
-- Table structure for table `mg_ced_csrma_chat`
--

CREATE TABLE `mg_ced_csrma_chat` (
  `rma_chat_id` int(10) UNSIGNED NOT NULL COMMENT 'Rma Chat Id',
  `rma_request_id` int(10) UNSIGNED NOT NULL COMMENT 'Rma Request Id',
  `created_at` timestamp NOT NULL DEFAULT CURRENT_TIMESTAMP COMMENT 'Created At',
  `chat_flow` int(10) UNSIGNED DEFAULT NULL COMMENT 'Chat Flow',
  `vendor_id` varchar(12) NOT NULL DEFAULT '' COMMENT 'Vendor Id',
  `chat` varchar(255) NOT NULL COMMENT 'Chat',
  `seen` smallint(5) UNSIGNED DEFAULT NULL COMMENT 'Seen',
  `file` text COMMENT 'Rma File'
) ENGINE=InnoDB DEFAULT CHARSET=utf8 COMMENT='Cs RMA Chat';

-- --------------------------------------------------------

--
-- Table structure for table `mg_ced_csrma_items`
--

CREATE TABLE `mg_ced_csrma_items` (
  `rma_items_id` int(10) UNSIGNED NOT NULL COMMENT 'Rma Item Id',
  `rma_request_id` int(10) UNSIGNED NOT NULL COMMENT 'Rma Request Id',
  `product_id` int(10) UNSIGNED NOT NULL COMMENT 'Product Id',
  `sku` varchar(64) NOT NULL COMMENT 'SKU',
  `item_name` varchar(255) NOT NULL COMMENT 'Item Name',
  `vendor_id` varchar(12) NOT NULL DEFAULT '' COMMENT 'Vendor Id',
  `price` float(10,0) DEFAULT NULL COMMENT 'Price',
  `rma_qty` int(11) NOT NULL COMMENT 'Rma Qty',
  `qty` int(11) NOT NULL COMMENT 'Qty',
  `sales_item_id` int(11) NOT NULL DEFAULT '0' COMMENT 'Sales Item Id',
  `row_total` float(10,0) DEFAULT NULL COMMENT 'Row Total'
) ENGINE=InnoDB DEFAULT CHARSET=utf8 COMMENT='Cs RMA Item';

--
-- Dumping data for table `mg_ced_csrma_items`
--

INSERT INTO `mg_ced_csrma_items` (`rma_items_id`, `rma_request_id`, `product_id`, `sku`, `item_name`, `vendor_id`, `price`, `rma_qty`, `qty`, `sales_item_id`, `row_total`) VALUES
(1, 1, 13, 'simplee', 'simplee', '2', 11, 1, 0, 2, 11);

-- --------------------------------------------------------

--
-- Table structure for table `mg_ced_csrma_notification`
--

CREATE TABLE `mg_ced_csrma_notification` (
  `rma_notification_id` int(10) UNSIGNED NOT NULL COMMENT 'Rma Notification Id',
  `rma_request_id` int(10) UNSIGNED NOT NULL COMMENT 'Rma Request Id',
  `notification_message` varchar(255) NOT NULL COMMENT 'Notification Message',
  `vendor_id` varchar(12) NOT NULL DEFAULT '' COMMENT 'Vendor Id',
  `created_at` timestamp NOT NULL DEFAULT CURRENT_TIMESTAMP COMMENT 'Created At',
  `owner` smallint(6) NOT NULL DEFAULT '0' COMMENT 'Owner of Notification'
) ENGINE=InnoDB DEFAULT CHARSET=utf8 COMMENT='Cs RMA Notification';

--
-- Dumping data for table `mg_ced_csrma_notification`
--

INSERT INTO `mg_ced_csrma_notification` (`rma_notification_id`, `rma_request_id`, `notification_message`, `vendor_id`, `created_at`, `owner`) VALUES
(1, 1, 'Pending', '', '2019-09-10 07:42:06', 2),
(2, 1, 'Approved', '', '2019-09-10 07:44:40', 2);

-- --------------------------------------------------------

--
-- Table structure for table `mg_ced_csrma_request`
--

CREATE TABLE `mg_ced_csrma_request` (
  `rma_request_id` int(10) UNSIGNED NOT NULL COMMENT 'Rma Request Id',
  `store_id` smallint(5) UNSIGNED DEFAULT '0' COMMENT 'Store Id',
  `website_id` smallint(5) UNSIGNED DEFAULT NULL COMMENT 'Website Id',
  `created_at` timestamp NOT NULL DEFAULT CURRENT_TIMESTAMP COMMENT 'Created At',
  `updated_at` timestamp NOT NULL DEFAULT CURRENT_TIMESTAMP ON UPDATE CURRENT_TIMESTAMP COMMENT 'Updated At',
  `rma_id` varchar(64) DEFAULT NULL COMMENT 'Rma Id',
  `order_id` varchar(64) DEFAULT NULL COMMENT 'Order Id',
  `customer_id` int(10) UNSIGNED DEFAULT NULL COMMENT 'Customer Id',
  `customer_name` varchar(255) DEFAULT NULL COMMENT 'Customer Name',
  `customer_email` varchar(255) DEFAULT NULL COMMENT 'Email',
  `status` varchar(64) DEFAULT NULL COMMENT 'Status',
  `approval_code` varchar(255) DEFAULT NULL COMMENT 'Approval Code',
  `external_link` varchar(255) DEFAULT NULL COMMENT 'External Link',
  `package_condition` varchar(255) DEFAULT NULL COMMENT 'Package Condition',
  `reason` varchar(255) DEFAULT NULL COMMENT 'Reason',
  `resolution_requested` varchar(255) DEFAULT NULL COMMENT 'Resolution Requested',
  `vendor_id` varchar(12) NOT NULL DEFAULT '' COMMENT 'Vendor Id',
  `print_lable` varchar(255) DEFAULT NULL COMMENT 'Print Lable',
  `is_transfered` int(11) NOT NULL DEFAULT '0' COMMENT 'Is Transfered',
  `reduce_amount` float(10,0) DEFAULT NULL COMMENT 'Reduce Amount',
  `additional_refund` float(10,0) DEFAULT NULL COMMENT 'Additional Refund Amount',
  `vendor_adjustment_amount` float(10,0) DEFAULT NULL COMMENT 'Vendor Adjustment Amount'
) ENGINE=InnoDB DEFAULT CHARSET=utf8 COMMENT='Cs Rma Request';

--
-- Dumping data for table `mg_ced_csrma_request`
--

INSERT INTO `mg_ced_csrma_request` (`rma_request_id`, `store_id`, `website_id`, `created_at`, `updated_at`, `rma_id`, `order_id`, `customer_id`, `customer_name`, `customer_email`, `status`, `approval_code`, `external_link`, `package_condition`, `reason`, `resolution_requested`, `vendor_id`, `print_lable`, `is_transfered`, `reduce_amount`, `additional_refund`, `vendor_adjustment_amount`) VALUES
(1, 1, 1, '2019-09-10 07:42:06', '2019-09-10 07:44:40', '1tt000132622', '000000002', 2, 'testced testced', 'testcedcommerce@gmail.com', 'Approved', 'af7da95e0ba5ff3c49b5c11d3645db85', '78E7E5385D7753CE73850', 'Closed', 'Defcetive Piece', 'Replace', '2', NULL, 0, NULL, NULL, NULL);

-- --------------------------------------------------------

--
-- Table structure for table `mg_ced_csrma_shipping`
--

CREATE TABLE `mg_ced_csrma_shipping` (
  `rma_shippping_id` int(10) UNSIGNED NOT NULL COMMENT 'Rma Shippping Id',
  `rma_request_id` int(10) UNSIGNED NOT NULL COMMENT 'Rma Request Id',
  `customer_firstname` varchar(255) NOT NULL COMMENT 'Customer FirstName',
  `customer_lastname` varchar(255) NOT NULL COMMENT 'Customer LastName',
  `customer_middlename` varchar(255) DEFAULT NULL COMMENT 'Customer MiddleName',
  `address` text NOT NULL COMMENT 'Address',
  `dest_country_id` varchar(10) NOT NULL DEFAULT '0' COMMENT 'Address',
  `dest_region` varchar(64) NOT NULL DEFAULT '0' COMMENT 'Destination Region',
  `dest_zip` varchar(10) NOT NULL DEFAULT '0' COMMENT 'Destination Zip',
  `vendor_id` varchar(12) NOT NULL DEFAULT '' COMMENT 'Vendor Id',
  `updated_at` timestamp NOT NULL DEFAULT CURRENT_TIMESTAMP ON UPDATE CURRENT_TIMESTAMP COMMENT 'Updated At'
) ENGINE=InnoDB DEFAULT CHARSET=utf8 COMMENT='Cs RMA Shipping';

--
-- Dumping data for table `mg_ced_csrma_shipping`
--

INSERT INTO `mg_ced_csrma_shipping` (`rma_shippping_id`, `rma_request_id`, `customer_firstname`, `customer_lastname`, `customer_middlename`, `address`, `dest_country_id`, `dest_region`, `dest_zip`, `vendor_id`, `updated_at`) VALUES
(1, 1, 'testced', 'testced', NULL, 'testced', 'US', 'Armed Forces Middle East', '10001', '', '2019-09-10 07:42:06');

-- --------------------------------------------------------

--
-- Table structure for table `mg_ced_csrma_status`
--

CREATE TABLE `mg_ced_csrma_status` (
  `status_id` int(10) UNSIGNED NOT NULL COMMENT 'Password Id',
  `status` varchar(64) DEFAULT NULL COMMENT 'Status Name',
  `sortOrder` int(10) UNSIGNED NOT NULL DEFAULT '0' COMMENT 'Sort Order',
  `active` varchar(32) DEFAULT NULL COMMENT 'Active',
  `notification` varchar(255) DEFAULT NULL COMMENT 'Notification',
  `notify_email` varchar(255) DEFAULT NULL COMMENT 'Notify Email',
  `frontend_visible` varchar(255) DEFAULT NULL COMMENT 'Frontend Visible',
  `vendor_id` varchar(12) NOT NULL DEFAULT '' COMMENT 'Vendor Id'
) ENGINE=InnoDB DEFAULT CHARSET=utf8 COMMENT='mg_ced_csrma_status';

--
-- Dumping data for table `mg_ced_csrma_status`
--

INSERT INTO `mg_ced_csrma_status` (`status_id`, `status`, `sortOrder`, `active`, `notification`, `notify_email`, `frontend_visible`, `vendor_id`) VALUES
(1, 'Pending', 1, '1', 'Pending', NULL, NULL, ''),
(2, 'Approved', 2, '1', 'Approved', NULL, NULL, ''),
(3, 'Completed', 3, '1', 'Completed', NULL, NULL, ''),
(4, 'Cancelled', 4, '1', 'Cancelled', NULL, NULL, '');

-- --------------------------------------------------------

--
-- Table structure for table `mg_ced_cstransaction_vorder_items`
--

CREATE TABLE `mg_ced_cstransaction_vorder_items` (
  `id` int(10) UNSIGNED NOT NULL COMMENT 'Entity ID',
  `parent_id` int(10) UNSIGNED NOT NULL DEFAULT '0' COMMENT 'Parent ID',
  `order_item_id` int(10) UNSIGNED NOT NULL DEFAULT '0' COMMENT 'Order Item Id',
  `order_id` varchar(30) NOT NULL COMMENT 'Order Id',
  `order_increment_id` varchar(30) NOT NULL COMMENT 'Order Increment Id',
  `vendor_id` int(10) UNSIGNED NOT NULL COMMENT 'Vendor Id',
  `qty_ready_to_pay` int(10) UNSIGNED DEFAULT '0' COMMENT 'Quantity Ready To Pay',
  `qty_paid` int(10) UNSIGNED NOT NULL DEFAULT '0' COMMENT 'Quantity Paid',
  `total_invoiced_amount` decimal(10,4) UNSIGNED NOT NULL DEFAULT '0.0000' COMMENT 'Total Invoiced Amount',
  `total_creditmemo_amount` decimal(10,4) UNSIGNED NOT NULL DEFAULT '0.0000' COMMENT 'Total CreditMemo Amount',
  `amount_paid` decimal(10,4) UNSIGNED NOT NULL DEFAULT '0.0000' COMMENT 'Amount Paid',
  `qty_ready_to_refund` int(10) UNSIGNED NOT NULL DEFAULT '0' COMMENT 'Quantity Ready To Refund',
  `qty_pending_to_refund` int(10) UNSIGNED NOT NULL DEFAULT '0' COMMENT 'Quantity Pending To Refund',
  `qty_refunded` int(10) UNSIGNED NOT NULL DEFAULT '0' COMMENT 'Quantity Refunded',
  `amount_refunded` decimal(10,4) UNSIGNED NOT NULL DEFAULT '0.0000' COMMENT 'Amount Refunded',
  `currency` varchar(10) NOT NULL COMMENT 'Currency',
  `sku` text NOT NULL COMMENT 'SKU',
  `base_row_total` decimal(10,4) NOT NULL COMMENT 'Base Row Total',
  `row_total` decimal(10,4) NOT NULL COMMENT 'Row Total',
  `item_fee` decimal(10,4) NOT NULL COMMENT 'Item Fee',
  `item_commission` decimal(10,4) NOT NULL COMMENT 'Item Commission',
  `shop_commission_type_id` text NOT NULL COMMENT 'Shop Commission Type',
  `shop_commission_rate` decimal(10,4) NOT NULL COMMENT 'Shop Commission Rate ',
  `shop_commission_base_fee` decimal(10,4) NOT NULL COMMENT 'Shop Commission Base Fee',
  `shop_commission_fee` decimal(10,4) NOT NULL COMMENT 'Shop Commission Fee',
  `product_qty` int(11) NOT NULL COMMENT 'Product Qty',
  `item_payment_state` varchar(11) NOT NULL COMMENT 'Item Payment State',
  `billing_country_code` varchar(100) NOT NULL COMMENT 'Billing Country Code',
  `shipping_country_code` varchar(100) NOT NULL COMMENT 'Shipping Country Code',
  `is_requested` int(11) NOT NULL COMMENT 'is requested',
  `amount_ready_to_refund` varchar(255) NOT NULL COMMENT 'Amount Ready To Refund',
  `qty_ordered` int(11) NOT NULL COMMENT 'Qty Ordered',
  `qty_for_pay_now` int(11) NOT NULL COMMENT 'Qty For Pay Now'
) ENGINE=InnoDB DEFAULT CHARSET=utf8 COMMENT='mg_ced_cstransaction_vorder_items';

--
-- Dumping data for table `mg_ced_cstransaction_vorder_items`
--

INSERT INTO `mg_ced_cstransaction_vorder_items` (`id`, `parent_id`, `order_item_id`, `order_id`, `order_increment_id`, `vendor_id`, `qty_ready_to_pay`, `qty_paid`, `total_invoiced_amount`, `total_creditmemo_amount`, `amount_paid`, `qty_ready_to_refund`, `qty_pending_to_refund`, `qty_refunded`, `amount_refunded`, `currency`, `sku`, `base_row_total`, `row_total`, `item_fee`, `item_commission`, `shop_commission_type_id`, `shop_commission_rate`, `shop_commission_base_fee`, `shop_commission_fee`, `product_qty`, `item_payment_state`, `billing_country_code`, `shipping_country_code`, `is_requested`, `amount_ready_to_refund`, `qty_ordered`, `qty_for_pay_now`) VALUES
(1, 2, 2, '2', '000000002', 2, 1, 0, 11.0000, 0.0000, 0.0000, 0, 0, 0, 0.0000, 'INR', 'simplee', 11.0000, 11.0000, 9.9000, 1.1000, 'percentage', 10.0000, 1.1000, 1.1000, 0, '1', '', '', 0, '', 1, 1);

-- --------------------------------------------------------

--
-- Table structure for table `mg_ced_vendorproduct_review`
--

CREATE TABLE `mg_ced_vendorproduct_review` (
  `id` int(10) UNSIGNED NOT NULL COMMENT 'Id',
  `vendor_id` int(11) DEFAULT NULL COMMENT 'Vendor Id',
  `rating_id` int(11) DEFAULT NULL COMMENT 'Rating Id',
  `store_id` int(11) DEFAULT NULL COMMENT 'Store Id'
) ENGINE=InnoDB DEFAULT CHARSET=utf8 COMMENT='Vendor Product Review Table';

-- --------------------------------------------------------

--
-- Table structure for table `mg_ced_vendor_attributes_set`
--

CREATE TABLE `mg_ced_vendor_attributes_set` (
  `id` int(10) UNSIGNED NOT NULL COMMENT 'ID',
  `vendor_id` int(10) UNSIGNED NOT NULL COMMENT 'Vendor Id',
  `attribute_set_id` int(10) UNSIGNED NOT NULL DEFAULT '0' COMMENT 'Attribute Set Id',
  `attribute_set_code` varchar(255) NOT NULL COMMENT 'Attribute Set Code'
) ENGINE=InnoDB DEFAULT CHARSET=utf8 COMMENT='Vendor Attribute Set Table';

--
-- Dumping data for table `mg_ced_vendor_attributes_set`
--

INSERT INTO `mg_ced_vendor_attributes_set` (`id`, `vendor_id`, `attribute_set_id`, `attribute_set_code`) VALUES
(5, 0, 14, 'Security');

-- --------------------------------------------------------

--
-- Table structure for table `mg_ced_vendor_product_attributes`
--

CREATE TABLE `mg_ced_vendor_product_attributes` (
  `id` int(10) UNSIGNED NOT NULL COMMENT 'ID',
  `vendor_id` int(10) UNSIGNED NOT NULL COMMENT 'Vendor Id',
  `attribute_id` int(10) UNSIGNED NOT NULL DEFAULT '0' COMMENT 'Attribute Id',
  `attribute_code` varchar(255) NOT NULL COMMENT 'Attribute Code',
  `sort_order` varchar(255) NOT NULL COMMENT 'Sort Order'
) ENGINE=InnoDB DEFAULT CHARSET=utf8 COMMENT='Vendor Product Attributes Table';

--
-- Dumping data for table `mg_ced_vendor_product_attributes`
--

INSERT INTO `mg_ced_vendor_product_attributes` (`id`, `vendor_id`, `attribute_id`, `attribute_code`, `sort_order`) VALUES
(2, 4, 183, 'type', ''),
(3, 4, 184, 'network', ''),
(4, 4, 185, 'size', ''),
(5, 4, 186, 'screen_size', '');

-- --------------------------------------------------------

--
-- Table structure for table `mg_checkout_agreement`
--

CREATE TABLE `mg_checkout_agreement` (
  `agreement_id` int(10) UNSIGNED NOT NULL COMMENT 'Agreement Id',
  `name` varchar(255) DEFAULT NULL COMMENT 'Name',
  `content` text COMMENT 'Content',
  `content_height` varchar(25) DEFAULT NULL COMMENT 'Content Height',
  `checkbox_text` text COMMENT 'Checkbox Text',
  `is_active` smallint(6) NOT NULL DEFAULT '0' COMMENT 'Is Active',
  `is_html` smallint(6) NOT NULL DEFAULT '0' COMMENT 'Is Html',
  `mode` smallint(6) NOT NULL DEFAULT '0' COMMENT 'Applied mode'
) ENGINE=InnoDB DEFAULT CHARSET=utf8 COMMENT='Checkout Agreement';

-- --------------------------------------------------------

--
-- Table structure for table `mg_checkout_agreement_store`
--

CREATE TABLE `mg_checkout_agreement_store` (
  `agreement_id` int(10) UNSIGNED NOT NULL COMMENT 'Agreement Id',
  `store_id` smallint(5) UNSIGNED NOT NULL COMMENT 'Store Id'
) ENGINE=InnoDB DEFAULT CHARSET=utf8 COMMENT='Checkout Agreement Store';

-- --------------------------------------------------------

--
-- Table structure for table `mg_cms_block`
--

CREATE TABLE `mg_cms_block` (
  `block_id` smallint(6) NOT NULL COMMENT 'Entity ID',
  `title` varchar(255) NOT NULL COMMENT 'Block Title',
  `identifier` varchar(255) NOT NULL COMMENT 'Block String Identifier',
  `content` mediumtext COMMENT 'Block Content',
  `creation_time` timestamp NOT NULL DEFAULT CURRENT_TIMESTAMP COMMENT 'Block Creation Time',
  `update_time` timestamp NOT NULL DEFAULT CURRENT_TIMESTAMP ON UPDATE CURRENT_TIMESTAMP COMMENT 'Block Modification Time',
  `is_active` smallint(6) NOT NULL DEFAULT '1' COMMENT 'Is Block Active'
) ENGINE=InnoDB DEFAULT CHARSET=utf8 COMMENT='CMS Block Table';

--
-- Dumping data for table `mg_cms_block`
--

INSERT INTO `mg_cms_block` (`block_id`, `title`, `identifier`, `content`, `creation_time`, `update_time`, `is_active`) VALUES
(119, 'Market - Payment Footer', 'payment-footer', '<div class=\"lazyload-container\"><img class=\"mark-lazy\"  src=\"{{media url=\"wysiwyg/payment/payment.png\"}}\" alt=\"Payment\" /></div>', '2019-09-05 11:13:47', '2019-09-05 11:13:47', 1),
(120, 'Market - About Us Page', 'about-us-page', '<div class=\"aboutus-page\">\n<div class=\"row box-1-about\">\n<div class=\"col-md-9 welcome-about-us\">\n<div class=\"title-about-us\">\n<h2>Welcome To Shop</h2>\n</div>\n<div class=\"content-about-us\">\n<div class=\"image-about-us\"><img class=\"mark-lazy\"  src=\"{{media url=\"wysiwyg/about-us.png\"}}\" alt=\"About Us\" /></div>\n<div class=\"des-about-us\">Nulla auctor mauris ut dui luctus semper. In hac habitasse platea dictumst. Duis pellentesque ligula a risus suscipit dignissim. Nunc non nisl lacus. Integer pharetra lacinia dapibus. Donec eu dolor dui, vel posuere mauris.<br /><br /> Pellentesque semper congue sodales. In consequat, metus eget con sequat ornare, augue dolor blandit purus, vitae lacinia nisi tellus in erat. Nulla ac justo eget massa aliquet sodales. Maecenas mattis male suada sem, in fringilla massa dapibus quis. Suspendisse aliquam leo id neque auctor molestie. Etiam at nulla tellus.<br /><br /> Nulla auctor mauris ut dui luctus semper. In hac habitasse platea dictumst. Duis pellentesque ligula a risus suscipit dignissim.</div>\n</div>\n</div>\n<div class=\"col-md-3 why-choose-us\">\n<div class=\"title-about-us\">\n<h2>Why Choose Us</h2>\n</div>\n<div class=\"content-why\">\n<ul class=\"why-list\">\n<li><a title=\"Shipping &amp; Returns\" href=\"#\">Shipping &amp; Returns</a></li>\n<li><a title=\"Secure Shopping\" href=\"#\">Secure Shopping</a></li>\n<li><a title=\"International Shipping\" href=\"#\">International Shipping</a></li>\n<li><a title=\"Affiliates\" href=\"#\">Affiliates</a></li>\n<li><a title=\"Group Sales\" href=\"#\">Group Sales</a></li>\n</ul>\n</div>\n</div>\n<div class=\"col-md-12 our-member\">\n<div class=\"title-about-us\">\n<h2>Our Member</h2>\n</div>\n<div class=\"short-des\">Consectetur adipiscing elit. Donec pellentesque venenatis elit, quis aliquet mauris malesuada vel. Donec vitae libero dolor, eget dapibus justo.<br />Aenean facilisis aliquet feugiat. Suspendisse lacinia congue est ac semper. Nulla ut elit magna, vitae volutpat magna.</div>\n<div class=\"sm_imageslider slider-ourmember\">\n<div class=\"item respl-item\">\n<div class=\"item-inner\">\n<div class=\"w-image-box\">\n<div class=\"item-image\"><a title=\"Jennifer lawrence\" href=\"#\"><img class=\"mark-lazy\"  src=\"{{media url=\"wysiwyg/cl-image-1.png\"}}\" alt=\"Jennifer lawrence\" /></a></div>\n<a class=\"cl-nw cl-facebook\" title=\"Facebook\" href=\"#\">Facebook</a> <a class=\"cl-nw cl-flickr\" title=\"Flickr\" href=\"#\">Flickr</a> <a class=\"cl-nw cl-twitter\" title=\"Twitter\" href=\"#\">Twitter</a></div>\n<div class=\"info-member\">\n<h2 class=\"cl-name\"><a title=\"Jennifer lawrence\" href=\"#\">Jennifer lawrence</a></h2>\n<p class=\"cl-job\">Tech Leader</p>\n<p class=\"cl-des\">Pellentesque dictumst nibh nulla dui at urna leo wisi dui</p>\n</div>\n</div>\n</div>\n<div class=\"item respl-item\">\n<div class=\"item-inner\">\n<div class=\"w-image-box\">\n<div class=\"item-image\"><a title=\"Jennifer lawrence\" href=\"#\"><img class=\"mark-lazy\"  src=\"{{media url=\"wysiwyg/cl-image-2.png\"}}\" alt=\"Jennifer lawrence\" /></a></div>\n<a class=\"cl-nw cl-facebook\" title=\"Facebook\" href=\"#\">Facebook</a> <a class=\"cl-nw cl-flickr\" title=\"Flickr\" href=\"#\">Flickr</a> <a class=\"cl-nw cl-twitter\" title=\"Twitter\" href=\"#\">Twitter</a></div>\n<div class=\"info-member\">\n<h2 class=\"cl-name\"><a title=\"Jennifer lawrence\" href=\"#\">Jennifer lawrence</a></h2>\n<p class=\"cl-job\">Manager</p>\n<p class=\"cl-des\">Pellentesque dictumst nibh nulla dui at urna leo wisi dui</p>\n</div>\n</div>\n</div>\n<div class=\"item respl-item\">\n<div class=\"item-inner\">\n<div class=\"w-image-box\">\n<div class=\"item-image\"><a title=\"Jennifer lawrence\" href=\"#\"><img class=\"mark-lazy\"  src=\"{{media url=\"wysiwyg/cl-image-3.png\"}}\" alt=\"Jennifer lawrence\" /></a></div>\n<a class=\"cl-nw cl-facebook\" title=\"Facebook\" href=\"#\">Facebook</a> <a class=\"cl-nw cl-flickr\" title=\"Flickr\" href=\"#\">Flickr</a> <a class=\"cl-nw cl-twitter\" title=\"Twitter\" href=\"#\">Twitter</a></div>\n<div class=\"info-member\">\n<h2 class=\"cl-name\"><a title=\"Jennifer lawrence\" href=\"#\">Jennifer lawrence</a></h2>\n<p class=\"cl-job\">Art Director</p>\n<p class=\"cl-des\">Pellentesque dictumst nibh nulla dui at urna leo wisi dui</p>\n</div>\n</div>\n</div>\n<div class=\"item respl-item\">\n<div class=\"item-inner\">\n<div class=\"w-image-box\">\n<div class=\"item-image\"><a title=\"Jennifer lawrence\" href=\"#\"><img class=\"mark-lazy\"  src=\"{{media url=\"wysiwyg/cl-image-4.png\"}}\" alt=\"Jennifer lawrence\" /></a></div>\n<a class=\"cl-nw cl-facebook\" title=\"Facebook\" href=\"#\">Facebook</a> <a class=\"cl-nw cl-flickr\" title=\"Flickr\" href=\"#\">Flickr</a> <a class=\"cl-nw cl-twitter\" title=\"Twitter\" href=\"#\">Twitter</a></div>\n<div class=\"info-member\">\n<h2 class=\"cl-name\"><a title=\"Jennifer lawrence\" href=\"#\">Jennifer lawrence</a></h2>\n<p class=\"cl-job\">Design Leader</p>\n<p class=\"cl-des\">Pellentesque dictumst nibh nulla dui at urna leo wisi dui</p>\n</div>\n</div>\n</div>\n<div class=\"item respl-item\">\n<div class=\"item-inner\">\n<div class=\"w-image-box\">\n<div class=\"item-image\"><a title=\"Jennifer lawrence\" href=\"#\"><img class=\"mark-lazy\"  src=\"{{media url=\"wysiwyg/cl-image-1.png\"}}\" alt=\"Jennifer lawrence\" /></a></div>\n<a class=\"cl-nw cl-facebook\" title=\"Facebook\" href=\"#\">Facebook</a> <a class=\"cl-nw cl-flickr\" title=\"Flickr\" href=\"#\">Flickr</a> <a class=\"cl-nw cl-twitter\" title=\"Twitter\" href=\"#\">Twitter</a></div>\n<div class=\"info-member\">\n<h2 class=\"cl-name\"><a title=\"Jennifer lawrence\" href=\"#\">Jennifer lawrence</a></h2>\n<p class=\"cl-job\">Tech Leader</p>\n<p class=\"cl-des\">Pellentesque dictumst nibh nulla dui at urna leo wisi dui</p>\n</div>\n</div>\n</div>\n<div class=\"item respl-item\">\n<div class=\"item-inner\">\n<div class=\"w-image-box\">\n<div class=\"item-image\"><a title=\"Jennifer lawrence\" href=\"#\"><img class=\"mark-lazy\"  src=\"{{media url=\"wysiwyg/cl-image-2.png\"}}\" alt=\"Jennifer lawrence\" /></a></div>\n<a class=\"cl-nw cl-facebook\" title=\"Facebook\" href=\"#\">Facebook</a> <a class=\"cl-nw cl-flickr\" title=\"Flickr\" href=\"#\">Flickr</a> <a class=\"cl-nw cl-twitter\" title=\"Twitter\" href=\"#\">Twitter</a></div>\n<div class=\"info-member\">\n<h2 class=\"cl-name\"><a title=\"Jennifer lawrence\" href=\"#\">Jennifer lawrence</a></h2>\n<p class=\"cl-job\">Manager</p>\n<p class=\"cl-des\">Pellentesque dictumst nibh nulla dui at urna leo wisi dui</p>\n</div>\n</div>\n</div>\n<div class=\"item respl-item\">\n<div class=\"item-inner\">\n<div class=\"w-image-box\">\n<div class=\"item-image\"><a title=\"Jennifer lawrence\" href=\"#\"><img class=\"mark-lazy\"  src=\"{{media url=\"wysiwyg/cl-image-3.png\"}}\" alt=\"Jennifer lawrence\" /></a></div>\n<a class=\"cl-nw cl-facebook\" title=\"Facebook\" href=\"#\">Facebook</a> <a class=\"cl-nw cl-flickr\" title=\"Flickr\" href=\"#\">Flickr</a> <a class=\"cl-nw cl-twitter\" title=\"Twitter\" href=\"#\">Twitter</a></div>\n<div class=\"info-member\">\n<h2 class=\"cl-name\"><a title=\"Jennifer lawrence\" href=\"#\">Jennifer lawrence</a></h2>\n<p class=\"cl-job\">Art Director</p>\n<p class=\"cl-des\">Pellentesque dictumst nibh nulla dui at urna leo wisi dui</p>\n</div>\n</div>\n</div>\n<div class=\"item respl-item\">\n<div class=\"item-inner\">\n<div class=\"w-image-box\">\n<div class=\"item-image\"><a title=\"Jennifer lawrence\" href=\"#\"><img class=\"mark-lazy\"  src=\"{{media url=\"wysiwyg/cl-image-4.png\"}}\" alt=\"Jennifer lawrence\" /></a></div>\n<a class=\"cl-nw cl-facebook\" title=\"Facebook\" href=\"#\">Facebook</a> <a class=\"cl-nw cl-flickr\" title=\"Flickr\" href=\"#\">Flickr</a> <a class=\"cl-nw cl-twitter\" title=\"Twitter\" href=\"#\">Twitter</a></div>\n<div class=\"info-member\">\n<h2 class=\"cl-name\"><a title=\"Jennifer lawrence\" href=\"#\">Jennifer lawrence</a></h2>\n<p class=\"cl-job\">Design Leader</p>\n<p class=\"cl-des\">Pellentesque dictumst nibh nulla dui at urna leo wisi dui</p>\n</div>\n</div>\n</div>\n<div class=\"item respl-item\">\n<div class=\"item-inner\">\n<div class=\"w-image-box\">\n<div class=\"item-image\"><a title=\"Jennifer lawrence\" href=\"#\"><img class=\"mark-lazy\"  src=\"{{media url=\"wysiwyg/cl-image-1.png\"}}\" alt=\"Jennifer lawrence\" /></a></div>\n<a class=\"cl-nw cl-facebook\" title=\"Facebook\" href=\"#\">Facebook</a> <a class=\"cl-nw cl-flickr\" title=\"Flickr\" href=\"#\">Flickr</a> <a class=\"cl-nw cl-twitter\" title=\"Twitter\" href=\"#\">Twitter</a></div>\n<div class=\"info-member\">\n<h2 class=\"cl-name\"><a title=\"Jennifer lawrence\" href=\"#\">Jennifer lawrence</a></h2>\n<p class=\"cl-job\">Tech Leader</p>\n<p class=\"cl-des\">Pellentesque dictumst nibh nulla dui at urna leo wisi dui</p>\n</div>\n</div>\n</div>\n<div class=\"item respl-item\">\n<div class=\"item-inner\">\n<div class=\"w-image-box\">\n<div class=\"item-image\"><a title=\"Jennifer lawrence\" href=\"#\"><img class=\"mark-lazy\"  src=\"{{media url=\"wysiwyg/cl-image-4.png\"}}\" alt=\"Jennifer lawrence\" /></a></div>\n<a class=\"cl-nw cl-facebook\" title=\"Facebook\" href=\"#\">Facebook</a> <a class=\"cl-nw cl-flickr\" title=\"Flickr\" href=\"#\">Flickr</a> <a class=\"cl-nw cl-twitter\" title=\"Twitter\" href=\"#\">Twitter</a></div>\n<div class=\"info-member\">\n<h2 class=\"cl-name\"><a title=\"Jennifer lawrence\" href=\"#\">Jennifer lawrence</a></h2>\n<p class=\"cl-job\">Design Leader</p>\n<p class=\"cl-des\">Pellentesque dictumst nibh nulla dui at urna leo wisi dui</p>\n</div>\n</div>\n</div>\n<div class=\"item respl-item\">\n<div class=\"item-inner\">\n<div class=\"w-image-box\">\n<div class=\"item-image\"><a title=\"Jennifer lawrence\" href=\"#\"><img class=\"mark-lazy\"  src=\"{{media url=\"wysiwyg/cl-image-4.png\"}}\" alt=\"Jennifer lawrence\" /></a></div>\n<a class=\"cl-nw cl-facebook\" title=\"Facebook\" href=\"#\">Facebook</a> <a class=\"cl-nw cl-flickr\" title=\"Flickr\" href=\"#\">Flickr</a> <a class=\"cl-nw cl-twitter\" title=\"Twitter\" href=\"#\">Twitter</a></div>\n<div class=\"info-member\">\n<h2 class=\"cl-name\"><a title=\"Jennifer lawrence\" href=\"#\">Jennifer lawrence</a></h2>\n<p class=\"cl-job\">Design Leader</p>\n<p class=\"cl-des\">Pellentesque dictumst nibh nulla dui at urna leo wisi dui</p>\n</div>\n</div>\n</div>\n<div class=\"item respl-item\">\n<div class=\"item-inner\">\n<div class=\"w-image-box\">\n<div class=\"item-image\"><a title=\"Jennifer lawrence\" href=\"#\"><img class=\"mark-lazy\"  src=\"{{media url=\"wysiwyg/cl-image-3.png\"}}\" alt=\"Jennifer lawrence\" /></a></div>\n<a class=\"cl-nw cl-facebook\" title=\"Facebook\" href=\"#\">Facebook</a> <a class=\"cl-nw cl-flickr\" title=\"Flickr\" href=\"#\">Flickr</a> <a class=\"cl-nw cl-twitter\" title=\"Twitter\" href=\"#\">Twitter</a></div>\n<div class=\"info-member\">\n<h2 class=\"cl-name\"><a title=\"Jennifer lawrence\" href=\"#\">Jennifer lawrence</a></h2>\n<p class=\"cl-job\">Design Leader</p>\n<p class=\"cl-des\">Pellentesque dictumst nibh nulla dui at urna leo wisi dui</p>\n</div>\n</div>\n</div>\n</div>\n<script type=\"text/javascript\">\n	require([\n		\'jquery\',\n		\'owlcarousel\'\n	], function ($) {\n				$(\'.slider-ourmember\').owlCarousel({\n					pagination: false,\n					center: false,\n					nav: true,\n					loop: false,\n					margin: 30,\n					navText: [ \'prev\', \'next\' ],\n					slideBy: 1,\n					autoplay: false,\n					autoplayTimeout: 2500,\n					autoplayHoverPause: true,\n					autoplaySpeed: 800,\n					startPosition: 0, \n					responsive:{\n						0:{\n							items:1\n						},\n						480:{\n							items:2\n						},\n						768:{\n							items:3\n						},\n						1200:{\n							items:4\n						}\n					}\n				});	  \n			});\n</script>\n</div>\n<div class=\"col-md-12 happy-about-us\">\n<div id=\"slider-happy-about-us\" class=\"happy-ab carousel slide\" data-ride=\"carousel\">\n<div class=\"title-happy-about\">\n<h2>Happy customer says</h2>\n</div>\n<div class=\"sm_imageslider slider-happy-client\">\n<div class=\"item active\">\n<div class=\"ct-why\">\n<div class=\"client-say\">Lorem ipsum dolor sit amet, consectetur adipiscing elit. In congue, justo non cursus adipiscing, dui nibh scelerisque justo, quis pretium turpis neque eget nulla. Curabitur dictum consectetur metus nec dignissim. Lorem ipsum dolor sit amet, consectetur adipiscing elit. Lorem ipsum dolor sit amet, consectetur adipiscing elit. In congue, justo non cursus adipiscing, dui nibh scelerisque justo non cursus adipiscing, dui nibh scelerisque justo, quis pretium turpis.</div>\n<p class=\"client-info-about\"><span class=\"name\">- Mama Duo - </span>Social Media Strategist</p>\n</div>\n</div>\n<div class=\"item\">\n<div class=\"ct-why\">\n<div class=\"client-say\">In congue, justo non cursus adipiscing, dui nibh scelerisque justo, lorem ipsum dolor sit amet, consectetur adipiscing elit. quis pretium turpis neque eget nulla. Curabitur dictum consectetur metus nec dignissim. Lorem ipsum dolor sit amet, consectetur adipiscing elit. Lorem ipsum dolor sit amet, consectetur adipiscing elit. In congue, justo non cursus adipiscing, dui nibh scelerisque justo non cursus adipiscing, dui nibh scelerisque justo, quis pretium turpis.</div>\n<p class=\"client-info-about\"><span class=\"name\">- Jonh Doe - </span>Supporter</p>\n</div>\n</div>\n</div>\n<script type=\"text/javascript\">\n	require([\n		\'jquery\',\n		\'owlcarousel\'\n	], function ($) {\n					$(\'.slider-happy-client\').owlCarousel({\n						pagination: false,\n						center: false,\n						nav: true,\n						loop: false,\n						margin: 30,\n						navText: [ \'prev\', \'next\' ],\n						slideBy: 1,\n						autoplay: false,\n						autoplayTimeout: 2500,\n						autoplayHoverPause: true,\n						autoplaySpeed: 800,\n						startPosition: 0, \n						responsive:{\n							0:{\n								items:1\n							},\n							480:{\n								items:1\n							},\n							768:{\n								items:1\n							},\n							1200:{\n								items:1\n							}\n						}\n					});	  \n				});\n</script>\n</div>\n</div>\n</div>\n</div>', '2019-09-05 11:13:47', '2019-09-05 11:13:47', 1),
(121, 'Market - Contact Us Google Map', 'google-map', '<div class=\"google-map\"><iframe style=\"border: 0;\" src=\"https://www.google.com/maps/embed?pb=!1m18!1m12!1m3!1d3151.8402891185415!2d144.95373631585633!3d-37.817209742014676!2m3!1f0!2f0!3f0!3m2!1i1024!2i768!4f13.1!3m3!1m2!1s0x6ad65d4c2b349649%3A0xb6899234e561db11!2sEnvato!5e0!3m2!1svi!2s!4v1527494727294\" width=\"600\" height=\"450\" frameborder=\"0\" allowfullscreen=\"\"></iframe></div>', '2019-09-05 11:13:47', '2019-09-05 11:13:47', 1),
(122, 'Market - Product Megamenu', 'product-megamenu', '<div class=\"product-megamenu\">{{block class=\"Sm\\FilterProducts\\Block\\FilterProducts\" template=\"Sm_FilterProducts::default-menu.phtml\" title_module=\"Featured Product\" display_countdown=\"0\" product_source=\"lastest_products\" select_category=\"4\" product_limitation=\"1\"}}</div>', '2019-09-05 11:13:47', '2019-09-17 06:25:35', 1),
(123, 'Market - Megamenu Horizontal', 'megamenu-horizontal', '{{block class=\"Sm\\MegaMenu\\Block\\MegaMenu\\View\" template=\"Sm_MegaMenu::megamenu-horizontal.phtml\" theme=\"1\" group_id=\"2\"}}', '2019-09-05 11:13:47', '2019-09-05 11:13:47', 1),
(124, 'Market - Top Search', 'top-search', '{{block class=\"Sm\\SearchBox\\Block\\SearchBox\" template=\"Sm_SearchBox::popular-search.phtml\"}}', '2019-09-05 11:13:47', '2019-09-05 11:13:47', 1),
(125, 'Market - Newsletter Info', 'newsletter-info', '<h2 class=\"newsletter-title\">Newsletter</h2>\n<p class=\"description-newsletter\">Please sign up to the Market mailing list to receive updates on special offers and other discount information</p>', '2019-09-05 11:13:47', '2019-09-05 11:13:47', 1),
(126, 'Market - Call Us Now', 'call-us-header', '<div class=\"call-us\">\n	<div class=\"call-us-content\">\n		<h3>Call us now</h3>\n		<p>Toll free: 123 456 7890</p>\n	</div>\n</div>', '2019-09-05 11:13:47', '2019-09-05 11:13:47', 1),
(127, 'Market - Image Popup Newsletter', 'image-popup-newsletter', '<div class=\"static-image\"><a title=\"Image Newsletter\" href=\"#\"><img class=\"mark-lazy\"  src=\"{{media url=\"wysiwyg/popup-newsletter/image-popup-newsletter.jpg\"}}\" alt=\"Newsletter\" /></a></div>', '2019-09-05 11:13:47', '2019-09-05 11:13:47', 1),
(128, 'Market - Phone Header V5', 'phone-header-v5', '<div class=\"phone-header\">\n<h3>Call Us Now</h3>\n<p>TOLL FREE: 0123-456-789</p>\n</div>', '2019-09-05 11:13:47', '2019-09-05 11:13:47', 1),
(129, 'Market - Image Sidebar Detail', 'image-sidebar-detail', '<div class=\"sidebar-image static-image\"><a title=\"Static Image\" href=\"#\"><img class=\"mark-lazy\"  src=\"{{media url=\"wysiwyg/banner/image-sidebar-detail.jpg\"}}\" alt=\"Static Image\" /></a></div>', '2019-09-05 11:13:47', '2019-09-05 11:13:47', 1),
(130, 'Market - Social Newsletter Popup', 'social-newsletter-popup', '<ul class=\"social-list\">\n									<li><a href=\"#\" title=\"title\"><i class=\"fa fa-facebook\"></i><span class=\"hidden\">Facebook</span></a></li>\n									<li><a href=\"#\" title=\"title\"><i class=\"fa fa-twitter\"></i><span class=\"hidden\">Twitter</span></a></li>\n									<li><a href=\"#\" title=\"title\"><i class=\"fa fa-google-plus\"></i><span class=\"hidden\">Google</span></a></li>\n									<li><a href=\"#\" title=\"title\"><i class=\"fa fa-tumblr\"></i><span class=\"hidden\">Tumblr</span></a></li>\n									<li><a href=\"#\" title=\"title\"><i class=\"fa fa-pinterest\"></i><span class=\"hidden\">Pinterest</span></a></li>\n									<li><a href=\"#\" title=\"title\"><i class=\"fa fa-linkedin\"></i><span class=\"hidden\">Linkedin</span></a></li>\n								</ul>', '2019-09-05 11:13:47', '2019-09-05 11:13:47', 1),
(131, 'Market - Short Description Newsletter Popup', 'short-description-newsletter-popup', 'Subscribe to the Market mailing list to receive updates on new arrivals, special offers and other discount information.', '2019-09-05 11:13:47', '2019-09-05 11:13:47', 1),
(132, 'Market - Header Top Services', 'top-sv-header', '<ul class=\"services-header\">\n<li class=\"sv-return\">\n<div class=\"sv-container\">\n<h4>30 Days Return</h4>\n<p>moneyback guarantee</p>\n</div>\n</li>\n<li class=\"free-shipping\">\n<div class=\"sv-container\">\n<h4>Free Shipping</h4>\n<p>On all orders over $99</p>\n</div>\n</li>\n<li class=\"safe-shopping\">\n<div class=\"sv-container\">\n<h4>Safe Shopping</h4>\n<p>Save up to 50% now</p>\n</div>\n</li>\n</ul>', '2019-09-05 11:13:47', '2019-09-05 11:13:47', 1),
(133, 'Market - Payment Footer', 'payment-footer-2', '<img class=\"mark-lazy\"  src=\"{{media url=\"wysiwyg/payment/payment-2.png\"}}\" alt=\"Payment\" />', '2019-09-05 11:13:47', '2019-09-05 11:13:47', 1),
(134, 'Market - Header Link Right', 'link-right-header', '<ul>\n						<li><a href=\"#\" title=\"Buy This Theme!\">Buy This Theme!</a><span class=\"icon\">Hot</span></li>\n						<li><a href=\"#\" title=\"Special Offer!\">Special Offer!</a></li>\n					</ul>', '2019-09-05 11:13:47', '2019-09-05 11:13:47', 1),
(135, 'Market - Footer Payment - FT7', 'ft7-payment', '<img class=\"mark-lazy\"  src=\"{{media url=\"wysiwyg/payment/payment-4.png\"}}\" alt=\"Payment\" />', '2019-09-05 11:13:47', '2019-09-05 11:13:47', 1),
(136, 'Market - Header Categories Slider', 'header-categories-slider', '<div class=\"hot-cat-slider owl-carousel\">\n<div class=\"item\"><a class=\"category-item\" title=\"Bathroom\" href=\"#\"> <span class=\"image-cat\"> <img src=\"{{media url=\"wysiwyg/icon-categories/icon-cat-1.png\"}}\" alt=\"Category\" /> </span> <span class=\"cat-link\">Bathroom</span> </a></div>\n<div class=\"item\"><a class=\"category-item\" title=\"Mirror\" href=\"#\"> <span class=\"image-cat\"> <img src=\"{{media url=\"wysiwyg/icon-categories/icon-cat-2.png\"}}\" alt=\"Category\" /> </span> <span class=\"cat-link\">Mirror</span> </a></div>\n<div class=\"item\"><a class=\"category-item\" title=\"Sofa\" href=\"#\"> <span class=\"image-cat\"> <img src=\"{{media url=\"wysiwyg/icon-categories/icon-cat-3.png\"}}\" alt=\"Category\" /> </span> <span class=\"cat-link\">Sofa</span> </a></div>\n<div class=\"item\"><a class=\"category-item\" title=\"SHelves\" href=\"#\"> <span class=\"image-cat\"> <img src=\"{{media url=\"wysiwyg/icon-categories/icon-cat-4.png\"}}\" alt=\"Category\" /> </span> <span class=\"cat-link\">SHelves</span> </a></div>\n<div class=\"item\"><a class=\"category-item\" title=\"Chest\" href=\"#\"> <span class=\"image-cat\"> <img src=\"{{media url=\"wysiwyg/icon-categories/icon-cat-5.png\"}}\" alt=\"Category\" /> </span> <span class=\"cat-link\">Chest</span> </a></div>\n<div class=\"item\"><a class=\"category-item\" title=\"Chair\" href=\"#\"> <span class=\"image-cat\"> <img src=\"{{media url=\"wysiwyg/icon-categories/icon-cat-6.png\"}}\" alt=\"Category\" /> </span> <span class=\"cat-link\">Chair</span> </a></div>\n<div class=\"item\"><a class=\"category-item\" title=\"Bedroom\" href=\"#\"> <span class=\"image-cat\"> <img src=\"{{media url=\"wysiwyg/icon-categories/icon-cat-7.png\"}}\" alt=\"Category\" /> </span> <span class=\"cat-link\">Bedroom</span> </a></div>\n<div class=\"item\"><a class=\"category-item\" title=\"wardrobe\" href=\"#\"> <span class=\"image-cat\"> <img src=\"{{media url=\"wysiwyg/icon-categories/icon-cat-8.png\"}}\" alt=\"Category\" /> </span> <span class=\"cat-link\">wardrobe</span> </a></div>\n<div class=\"item\"><a class=\"category-item\" title=\"Bathroom\" href=\"#\"> <span class=\"image-cat\"> <img src=\"{{media url=\"wysiwyg/icon-categories/icon-cat-1.png\"}}\" alt=\"Category\" /> </span> <span class=\"cat-link\">Bathroom</span> </a></div>\n<div class=\"item\"><a class=\"category-item\" title=\"Mirror\" href=\"#\"> <span class=\"image-cat\"> <img src=\"{{media url=\"wysiwyg/icon-categories/icon-cat-2.png\"}}\" alt=\"Category\" /> </span> <span class=\"cat-link\">Mirror</span> </a></div>\n<div class=\"item\"><a class=\"category-item\" title=\"Sofa\" href=\"#\"> <span class=\"image-cat\"> <img src=\"{{media url=\"wysiwyg/icon-categories/icon-cat-3.png\"}}\" alt=\"Category\" /> </span> <span class=\"cat-link\">Sofa</span> </a></div>\n</div>\n<script type=\"text/javascript\">\n	require([\n		\'jquery\',\n		\'owlcarousel\'\n	], function ($) {\n		$(\".hot-cat-slider\").owlCarousel({\n			responsive:{\n				0:{\n					items:1\n				},\n				480:{\n					items:2\n				},\n				768:{\n					items:3\n				},\n				992:{\n					items:4\n				},\n				1200:{\n					items:8\n				}\n			},\n			\n			loop: false,\n			autoplay:false,\n			nav : true, \n			dots: false,\n			autoplaySpeed : 500,\n			navSpeed : 500,\n			dotsSpeed : 500,\n			autoplayHoverPause: true,\n			margin:0,\n		});	  \n	});								\n</script>', '2019-09-05 11:13:47', '2019-09-05 11:13:47', 1),
(137, 'Market - Payment ID16', 'payment-footer-id16', '<img class=\"mark-lazy\"  src=\"{{media url=\"wysiwyg/payment/payment-id16.png\"}}\" alt=\"Payment\" />', '2019-09-05 11:13:47', '2019-09-05 11:13:47', 1),
(138, 'Market - Footer Links', 'footer-links-id18', '<div class=\"links-footer\">\n<ul>\n<li><a title=\"Contact Us\" href=\"#\">Contact Us</a></li>\n<li><a title=\"Information\" href=\"#\">Information</a></li>\n<li><a title=\"Extras\" href=\"#\">Extras</a></li>\n<li><a title=\"Privacy Policies\" href=\"#\">Privacy Policies</a></li>\n<li><a title=\"Site Map\" href=\"#\">Site Map</a></li>\n</ul>\n</div>', '2019-09-05 11:13:47', '2019-09-05 11:13:47', 1),
(139, 'Market - Index 1 - Block Slidershow - Banner - Services', 'id-1-block-1', '<div class=\"image-slider-home\">\n<div class=\"sm-imageslider\">\n<div class=\"sm-imageslider-inner\">\n<div class=\"sm-imageslider-content owl-carousel owl-theme\">\n<div class=\"item\"><a title=\"title\" href=\"#\"><img src=\"{{media url=\"wysiwyg/imageslider/image-banner-1.jpg\"}}\" alt=\"Slider Image\" /></a></div>\n<div class=\"item\"><a title=\"title\" href=\"#\"><img src=\"{{media url=\"wysiwyg/imageslider/image-banner-2.jpg\"}}\" alt=\"Slider Image\" /></a></div>\n<div class=\"item\"><a title=\"title\" href=\"#\"><img src=\"{{media url=\"wysiwyg/imageslider/image-banner-3.jpg\"}}\" alt=\"Slider Image\" /></a></div>\n</div>\n</div>\n</div>\n<script type=\"text/javascript\">\n	require([\n		\'jquery\',\n		\'owlcarousel\'\n	], function ($) {\n		$(\".sm-imageslider-content\").owlCarousel({\n			items:1,\n			autoplay:true,\n			loop:true,\n			nav : true, \n			dots: false,\n			autoplaySpeed : 500,\n			navSpeed : 500,\n			dotsSpeed : 500,\n			autoplayHoverPause: true,\n			margin:1,\n		});	  \n	});	\n									\n				\n</script>\n</div>\n<div class=\"static-image-1\">\n<ul class=\"static-image\">\n<li><a title=\"Static Image\" href=\"#\"> <img src=\"{{media url=\"wysiwyg/banner/banner1-1.jpg\"}}\" alt=\"Static Image\" /> </a></li>\n<li><a title=\"Static Image\" href=\"#\"> <img src=\"{{media url=\"wysiwyg/banner/banner1-2.jpg\"}}\" alt=\"Static Image\" /> </a></li>\n<li><a title=\"Static Image\" href=\"#\"> <img src=\"{{media url=\"wysiwyg/banner/banner1-3.jpg\"}}\" alt=\"Static Image\" /> </a></li>\n</ul>\n</div>\n<div class=\"services-home\">\n<div class=\"banner-policy\">\n<div class=\"inner\">\n<div class=\"policy\"><a title=\"90 days money back\" href=\"#\"><em class=\"fa fa-truck\"></em><span>FREE SHIPPING<br />ON ALL ORDER</span></a></div>\n<div class=\"policy\"><a title=\"free shipping on all orders\" href=\"#\"><em class=\"fa fa-recycle\"></em><span>Money Back<br />Guarantee</span></a></div>\n<div class=\"policy\"><a title=\"lowest price guarantee\" href=\"#\"><em class=\"fa fa-umbrella\"></em><span>SAFE SHOPPING<br />GUARANTEE</span></a></div>\n</div>\n</div>\n</div>', '2019-09-05 11:13:47', '2019-09-05 11:13:47', 1),
(140, 'Market - Index 1 - Block Listingtabs - Banner - Listingtabs - Collection', 'id-1-block-2', '<div class=\"list-product-home\">{{block class=\"Sm\\ListingTabs\\Block\\ListingTabs\" template=\"Sm_ListingTabs::default.phtml\" title=\"Best Sellers\" type_show=\"slider\" type_listing=\"all\" display_countdown=\"0\" under_price=\"5\" type_filter=\"categories\" field_tabs=\"\" category_select=\"\" category_tabs=\"223,98,103\" order_by=\"ordered_qty\" order_dir=\"ASC\" limitation=\"6\"}}</div>\n<div class=\"static-image-2\">\n<div class=\"row lazyload-container\">\n<div class=\"col-xl-4 col-lg-4 col-md-4 col-sm-4 static-image\"><a title=\"Static Image\" href=\"#\"><img class=\"mark-lazy\" src=\"{{media url=\"wysiwyg/banner/banner-4.jpg\"}}\" alt=\"Static Image\" /></a></div>\n<div class=\"col-xl-4 col-lg-4 col-md-4 col-sm-4 static-image\"><a class=\"image-top\" title=\"Static Image\" href=\"#\"><img class=\"mark-lazy\" src=\"{{media url=\"wysiwyg/banner/banner-5.jpg\"}}\" alt=\"Static Image\" /></a> <a title=\"Static Image\" href=\"#\"><img class=\"mark-lazy\" src=\"{{media url=\"wysiwyg/banner/banner-6.jpg\"}}\" alt=\"Static Image\" /></a></div>\n<div class=\"col-xl-4 col-lg-4 col-md-4 col-sm-4 static-image\"><a title=\"Static Image\" href=\"#\"><img class=\"mark-lazy\" src=\"{{media url=\"wysiwyg/banner/banner-7.jpg\"}}\" alt=\"Static Image\" /></a></div>\n</div>\n</div>\n<div class=\"list-product-home list-product-home-custom\">{{block class=\"Sm\\ListingTabs\\Block\\ListingTabs\" template=\"Sm_ListingTabs::default.phtml\" title=\"New Arrivals\" type_show=\"slider\" type_listing=\"all\" display_countdown=\"0\" under_price=\"5\" type_filter=\"categories\" field_tabs=\"\" category_select=\"\" category_tabs=\"97,98,103\" order_by=\"created_at\" order_dir=\"ASC\" limitation=\"6\"}}</div>\n<div class=\"home-collection\">\n<div class=\"collections-wrap\">\n<div class=\"title-home-page\"><span>Collections</span></div>\n<div class=\"collections\">\n<div class=\"owl-carousel\">\n<div class=\"item\"><a title=\"FURNITURE\" href=\"#\"> <img class=\"mark-lazy\" src=\"{{media url=\"wysiwyg/collection/item-1.png\"}}\" alt=\"Collection Image\" /> <span>FURNITURE</span> </a></div>\n<div class=\"item\"><a title=\"GIFT IDEA\" href=\"#\"> <img class=\"mark-lazy\" src=\"{{media url=\"wysiwyg/collection/item-2.png\"}}\" alt=\"Collection Image\" /> <span>GIFT IDEA</span> </a></div>\n<div class=\"item\"><a title=\"COOL GADGETS\" href=\"#\"> <img class=\"mark-lazy\" src=\"{{media url=\"wysiwyg/collection/item-3.png\"}}\" alt=\"Collection Image\" /> <span>COOL GADGETS</span> </a></div>\n<div class=\"item\"><a title=\"OUTDOOR\" href=\"#\"> <img class=\"mark-lazy\" src=\"{{media url=\"wysiwyg/collection/item-4.png\"}}\" alt=\"Collection Image\" /> <span>OUTDOOR</span> </a></div>\n<div class=\"item\"><a title=\"Jewelry\" href=\"#\"> <img class=\"mark-lazy\" src=\"{{media url=\"wysiwyg/collection/item-5.png\"}}\" alt=\"Collection Image\" /> <span>Jewelry</span> </a></div>\n<div class=\"item\"><a title=\"Men\'s Fashion\" href=\"#\"> <img class=\"mark-lazy\" src=\"{{media url=\"wysiwyg/collection/item-6.png\"}}\" alt=\"Collection Image\" /> <span>Men\'s Fashion</span> </a></div>\n<div class=\"item\"><a title=\"FURNITURE\" href=\"#\"> <img class=\"mark-lazy\" src=\"{{media url=\"wysiwyg/collection/item-1.png\"}}\" alt=\"Collection Image\" /> <span>FURNITURE</span> </a></div>\n</div>\n</div>\n<script type=\"text/javascript\">\n			require([\n				\'jquery\',\n				\'owlcarousel\'\n			], function ($) {\n				jQuery(\".home-collection .owl-carousel\").owlCarousel({\n					responsive:{\n						0:{\n							items:2\n						},\n						480:{\n							items:3\n						},\n						768:{\n							items:4\n						},\n						992:{\n							items:5\n						},\n						1200:{\n							items:6\n						}\n					},\n\n					autoplay:false,\n					loop:false,\n					nav : true,\n					dots: false,\n					autoplaySpeed : 500,\n					navSpeed : 500,\n					dotsSpeed : 500,\n					autoplayHoverPause: true,\n					margin:0,\n				});	  \n			});	\n		\n</script>\n</div>\n</div>\n<div class=\"full-categories\">\n<div class=\"hot-categories-home\">{{block class=\"Sm\\Categories\\Block\\Categories\" template=\"Sm_Categories::default.phtml\" title_module=\"Hot categories\" select_category=\"105,97,99,109,103,98,106,100\" limitation=\"4\"}}</div>\n</div>', '2019-09-05 11:13:47', '2019-09-05 11:13:47', 1),
(141, 'Market - Index 2 - Block Slidershow - Banner - Newsletter', 'id-2-block-1', '<div class=\"row\">\n<div class=\"col-xl-9 col-lg-12 offset-xl-3\">\n<div class=\"image-slider-home\">\n<div class=\"sm-imageslider\">\n<div class=\"sm-imageslider-inner\">\n<div class=\"sm-imageslider-content owl-carousel owl-theme\">\n<div class=\"item\"><a title=\"title\" href=\"#\"><img src=\"{{media url=\"wysiwyg/imageslider/image-banner-4.jpg\"}}\" alt=\"Slider Image\" /></a></div>\n<div class=\"item\"><a title=\"title\" href=\"#\"><img src=\"{{media url=\"wysiwyg/imageslider/image-banner-5.jpg\"}}\" alt=\"Slider Image\" /></a></div>\n<div class=\"item\"><a title=\"title\" href=\"#\"><img src=\"{{media url=\"wysiwyg/imageslider/image-banner-6.jpg\"}}\" alt=\"Slider Image\" /></a></div>\n</div>\n</div>\n</div>\n<script type=\"text/javascript\">\n					require([\n						\'jquery\',\n						\'owlcarousel\'\n					], function ($) {\n						$(\".sm-imageslider-content\").owlCarousel({\n							items:1,\n							autoplay:true,\n							loop:true,\n							nav : true, \n							dots: false,\n							autoplaySpeed : 500,\n							navSpeed : 500,\n							dotsSpeed : 500,\n							autoplayHoverPause: true,\n							margin:1,\n						});	  \n					});	\n									\n				\n</script>\n</div>\n</div>\n</div>\n<div class=\"row\">\n<div class=\"col-lg-3 newsletter-home\">{{block class=\"Magento\\Newsletter\\Block\\Subscribe\" template=\"subscribe-home.phtml\"}}</div>\n<div class=\"col-lg-9 static-image-block-1\">\n<div class=\"static-image\">\n<div class=\"col-1-image\"><a class=\"image-1\" title=\"Static Image\" href=\"#\"> <img src=\"{{media url=\"wysiwyg/banner/banner2-1.jpg\"}}\" alt=\"Static Image\" /> </a> <a class=\"image-2\" title=\"Static Image\" href=\"#\"> <img src=\"{{media url=\"wysiwyg/banner/banner2-2.jpg\"}}\" alt=\"Static Image\" /> </a> <a class=\"image-3\" title=\"Static Image\" href=\"#\"> <img src=\"{{media url=\"wysiwyg/banner/banner2-3.jpg\"}}\" alt=\"Static Image\" /> </a></div>\n<div class=\"col-2-image\"><a title=\"Static Image\" href=\"#\"> <img src=\"{{media url=\"wysiwyg/banner/banner2-4.jpg\"}}\" alt=\"Static Image\" /> </a></div>\n</div>\n</div>\n</div>', '2019-09-05 11:13:47', '2019-09-05 11:13:47', 1),
(142, 'Market - Index 2 - Block Listingtabs - Banner - Listingtabs - Collection', 'id-2-block-2', '<div class=\"list-product-home\">{{block class=\"Sm\\ListingTabs\\Block\\ListingTabs\" template=\"Sm_ListingTabs::default.phtml\" title=\"Best Sellers\" type_show=\"slider\" type_listing=\"all\" display_countdown=\"0\" under_price=\"5\" type_filter=\"categories\" field_tabs=\"\" category_select=\"\" category_tabs=\"223,98,103\" order_by=\"ordered_qty\" order_dir=\"ASC\" limitation=\"6\"}}</div>\n<div class=\"static-image-block-2 lazyload-container\">\n<div class=\"static-image\"><a title=\"Static Image\" href=\"#\"> <img class=\"mark-lazy\" src=\"{{media url=\"wysiwyg/banner/banner2-5.jpg\"}}\" alt=\"Static Image\" /> </a></div>\n</div>\n<div class=\"list-product-home list-product-home-custom\">{{block class=\"Sm\\ListingTabs\\Block\\ListingTabs\" template=\"Sm_ListingTabs::default.phtml\" title=\"New Arrivals\" type_show=\"slider\" type_listing=\"all\" display_countdown=\"0\" under_price=\"5\" type_filter=\"categories\" field_tabs=\"\" category_select=\"\" category_tabs=\"97,98,103\" order_by=\"created_at\" order_dir=\"ASC\" limitation=\"6\"}}</div>\n<div class=\"home-collection\">\n<div class=\"collections-wrap\">\n<div class=\"title-home-page\"><span>Collections</span></div>\n<div class=\"collections\">\n<div class=\"owl-carousel\">\n<div class=\"item\"><a title=\"FURNITURE\" href=\"#\"> <img class=\"mark-lazy\" src=\"{{media url=\"wysiwyg/collection/item-1.png\"}}\" alt=\"Collection Image\" /> <span>FURNITURE</span> </a></div>\n<div class=\"item\"><a title=\"GIFT IDEA\" href=\"#\"> <img class=\"mark-lazy\" src=\"{{media url=\"wysiwyg/collection/item-2.png\"}}\" alt=\"Collection Image\" /> <span>GIFT IDEA</span> </a></div>\n<div class=\"item\"><a title=\"COOL GADGETS\" href=\"#\"> <img class=\"mark-lazy\" src=\"{{media url=\"wysiwyg/collection/item-3.png\"}}\" alt=\"Collection Image\" /> <span>COOL GADGETS</span> </a></div>\n<div class=\"item\"><a title=\"OUTDOOR\" href=\"#\"> <img class=\"mark-lazy\" src=\"{{media url=\"wysiwyg/collection/item-4.png\"}}\" alt=\"Collection Image\" /> <span>OUTDOOR</span> </a></div>\n<div class=\"item\"><a title=\"Jewelry\" href=\"#\"> <img class=\"mark-lazy\" src=\"{{media url=\"wysiwyg/collection/item-5.png\"}}\" alt=\"Collection Image\" /> <span>Jewelry</span> </a></div>\n<div class=\"item\"><a title=\"Men\'s Fashion\" href=\"#\"> <img class=\"mark-lazy\" src=\"{{media url=\"wysiwyg/collection/item-6.png\"}}\" alt=\"Collection Image\" /> <span>Men\'s Fashion</span> </a></div>\n<div class=\"item\"><a title=\"FURNITURE\" href=\"#\"> <img class=\"mark-lazy\" src=\"{{media url=\"wysiwyg/collection/item-1.png\"}}\" alt=\"Collection Image\" /> <span>FURNITURE</span> </a></div>\n</div>\n</div>\n<script type=\"text/javascript\">\n	require([\n		\'jquery\',\n		\'owlcarousel\'\n	], function ($) {\n		jQuery(\".home-collection .owl-carousel\").owlCarousel({\n			responsive:{\n				0:{\n					items:2\n				},\n				480:{\n					items:3\n				},\n				768:{\n					items:4\n				},\n				992:{\n					items:4\n				},\n				1200:{\n					items:5\n				}\n			},\n\n			autoplay:false,\n			loop:false,\n			nav : true,\n			dots: false,\n			autoplaySpeed : 500,\n			navSpeed : 500,\n			dotsSpeed : 500,\n			autoplayHoverPause: true,\n			margin:0,\n		});	  \n	});	\n</script>\n</div>\n</div>', '2019-09-05 11:13:47', '2019-09-05 11:13:47', 1),
(143, 'Market - Index 2 - Sidebar', 'id-2-block-3', '{{block class=\"Sm\\FilterProducts\\Block\\FilterProducts\" template=\"Sm_FilterProducts::default-sidebar.phtml\" title_module=\"Featured Product\" display_countdown=\"0\" product_source=\"featured_products\" select_category=\"97,98,102\" product_limitation=\"4\"}}\n<div class=\"block clients-say lazyload-container\">\n<div class=\"block-title filter-title\"><strong>Clients say</strong></div>\n<div class=\"block-content block-content-clients-say\">\n<div class=\"owl-carousel clients-say-slider\">\n<div class=\"item\">\n<div class=\"client-description\">Aliquam ut tellus dignissim, cursus erat ultricies tellus. Nulla tempus sollicitudin mauris cursus dictum. Etiam id diam diam.</div>\n<div class=\"client-info\"><img class=\"mark-lazy\"  src=\"{{media url=\"wysiwyg/clientsay/client-img1.jpg\"}}\" alt=\"Static Image\" />\n<div class=\"info-detail\">\n<h3>Aliquam Tellus</h3>\n<p>Vitae Ornare Mauris</p>\n</div>\n</div>\n</div>\n<div class=\"item\">\n<div class=\"client-description\">Aliquam ut tellus dignissim, cursus erat ultricies tellus. Nulla tempus sollicitudin mauris cursus dictum. Etiam id diam diam.</div>\n<div class=\"client-info\"><img class=\"mark-lazy\"  src=\"{{media url=\"wysiwyg/clientsay/client-img2.jpg\"}}\" alt=\"Static Image\" />\n<div class=\"info-detail\">\n<h3>Aliquam Tellus</h3>\n<p>Vitae Ornare Mauris</p>\n</div>\n</div>\n</div>\n<div class=\"item\">\n<div class=\"client-description\">Aliquam ut tellus dignissim, cursus erat ultricies tellus. Nulla tempus sollicitudin mauris cursus dictum. Etiam id diam diam.</div>\n<div class=\"client-info\"><img class=\"mark-lazy\"  src=\"{{media url=\"wysiwyg/clientsay/client-img1.jpg\"}}\" alt=\"Static Image\" />\n<div class=\"info-detail\">\n<h3>Aliquam Tellus</h3>\n<p>Vitae Ornare Mauris</p>\n</div>\n</div>\n</div>\n</div>\n<script type=\"text/javascript\">\n	require([\n		\'jquery\',\n		\'owlcarousel\'\n	], function ($) {\n		var owl_clientsay = $(\".clients-say-slider\");\n		owl_clientsay.owlCarousel({\n			\n			responsive:{\n				0:{\n					items:1\n				},\n				480:{\n					items:1\n				},\n				768:{\n					items:1\n				},\n				992:{\n					items:1\n				},\n				1200:{\n					items:1\n				}\n			},\n\n			autoplay:false,\n			loop:true,\n			nav : true,\n			dots: false,\n			autoplaySpeed : 500,\n			navSpeed : 500,\n			dotsSpeed : 500,\n			autoplayHoverPause: true,\n			margin:20,\n\n		});	  \n	});\n</script>\n</div>\n</div>\n<div class=\"static-image-sidebar static-image lazyload-container\"><a title=\"Static Image\" href=\"#\"> <img class=\"mark-lazy\"  src=\"{{media url=\"wysiwyg/banner/banner2-6.jpg\"}}\" alt=\"Static Image\" /> </a></div>', '2019-09-05 11:13:47', '2019-09-05 11:13:47', 1),
(144, 'Market - Index 3 - Block Slidershow - Banner - Services', 'id-3-block-1', '<div class=\"row\">\n<div class=\"col-lg-9 col-md-9 image-slideshow\">\n<div class=\"image-slider-home\">\n<div class=\"sm-imageslider\">\n<div class=\"sm-imageslider-inner\">\n<div class=\"sm-imageslider-content owl-carousel owl-theme\">\n<div class=\"item\"><a title=\"title\" href=\"#\"><img src=\"{{media url=\"wysiwyg/imageslider/id3-slide-1.jpg\"}}\" alt=\"Slider Image\" /></a></div>\n<div class=\"item\"><a title=\"title\" href=\"#\"><img src=\"{{media url=\"wysiwyg/imageslider/id3-slide-2.jpg\"}}\" alt=\"Slider Image\" /></a></div>\n<div class=\"item\"><a title=\"title\" href=\"#\"><img src=\"{{media url=\"wysiwyg/imageslider/id3-slide-3.jpg\"}}\" alt=\"Slider Image\" /></a></div>\n</div>\n</div>\n</div>\n<script type=\"text/javascript\">\n	require([\n		\'jquery\',\n		\'owlcarousel\'\n	], function ($) {\n		$(\".sm-imageslider-content\").owlCarousel({\n			items:1,\n			autoplay:true,\n			loop:true,\n			nav : true, \n			dots: false,\n			autoplaySpeed : 500,\n			navSpeed : 500,\n			dotsSpeed : 500,\n			autoplayHoverPause: true,\n			margin:1,\n		});	  \n	});	\n									\n				\n</script>\n</div>\n</div>\n<div class=\"col-lg-3 col-md-3 static-image-5\">\n<div class=\"static-image\"><a title=\"Static Image\" href=\"#\"><img src=\"{{media url=\"wysiwyg/banner/banner3-1.jpg\"}}\" alt=\"Static Image\" /></a></div>\n</div>\n</div>\n<div class=\"services-home\">\n<div class=\"banner-policy\">\n<div class=\"inner\">\n<div class=\"policy\"><a title=\"90 days money back\" href=\"#\"><em class=\"fa fa-truck\"></em><span>FREE SHIPPING<br />ON ALL ORDER</span></a></div>\n<div class=\"policy\"><a title=\"free shipping on all orders\" href=\"#\"><em class=\"fa fa-recycle\"></em><span>Money Back<br />Guarantee</span></a></div>\n<div class=\"policy\"><a title=\"lowest price guarantee\" href=\"#\"><em class=\"fa fa-umbrella\"></em><span>SAFE SHOPPING<br />GUARANTEE</span></a></div>\n<div class=\"policy\"><a title=\"Online Support 24h on day\" href=\"#\"><em class=\"fa fa-medkit\"></em><span>Online Support<br />24h on day</span></a></div>\n</div>\n</div>\n</div>', '2019-09-05 11:13:47', '2019-09-05 11:13:47', 1),
(145, 'Market - Index 3 - Block Listingtabs - Banner - Listingtabs - Collection', 'id-3-block-2', '<div class=\"list-product-home\">{{block class=\"Sm\\ListingTabs\\Block\\ListingTabs\" template=\"Sm_ListingTabs::default.phtml\" title=\"Best Sellers\" type_show=\"slider\" type_listing=\"all\" display_countdown=\"0\" under_price=\"5\" type_filter=\"categories\" field_tabs=\"\" category_select=\"\" category_tabs=\"223,98,103\" order_by=\"ordered_qty\" order_dir=\"ASC\" limitation=\"6\"}}</div>\n<div class=\"static-image-6 lazyload-container\">\n<div class=\"static-image-content\">\n<div class=\"static-image\"><a title=\"Static Image\" href=\"#\"><img class=\"mark-lazy\"  src=\"{{media url=\"wysiwyg/banner/banner3-2.jpg\"}}\" alt=\"Static Image\" /></a></div>\n<div class=\"static-image\"><a class=\"first-image\" title=\"Static Image\" href=\"#\"><img class=\"mark-lazy\"  src=\"{{media url=\"wysiwyg/banner/banner3-3.jpg\"}}\" alt=\"Static Image\" /></a> <a title=\"Static Image\" href=\"#\"><img class=\"mark-lazy\"  src=\"{{media url=\"wysiwyg/banner/banner3-4.jpg\"}}\" alt=\"Static Image\" /></a></div>\n<div class=\"static-image\"><a title=\"Static Image\" href=\"#\"><img class=\"mark-lazy\"  src=\"{{media url=\"wysiwyg/banner/banner3-5.jpg\"}}\" alt=\"Static Image\" /></a></div>\n</div>\n</div>\n<div class=\"list-product-home list-product-home-custom\">{{block class=\"Sm\\ListingTabs\\Block\\ListingTabs\" template=\"Sm_ListingTabs::default.phtml\" title=\"New Arrivals\" type_show=\"slider\" type_listing=\"all\" display_countdown=\"0\" under_price=\"5\" type_filter=\"categories\" field_tabs=\"\" category_select=\"\" category_tabs=\"97,98,103\" order_by=\"created_at\" order_dir=\"ASC\" limitation=\"6\"}}</div>\n<div class=\"home-collection\">\n<div class=\"collections-wrap\">\n<div class=\"title-home-page\"><span>Collections</span></div>\n<div class=\"collections\">\n<div class=\"owl-carousel\">\n<div class=\"item\"><a title=\"FURNITURE\" href=\"#\"> <img class=\"mark-lazy\"  src=\"{{media url=\"wysiwyg/collection/item-1.png\"}}\" alt=\"Collection Image\" /> <span>FURNITURE</span> </a></div>\n<div class=\"item\"><a title=\"GIFT IDEA\" href=\"#\"> <img class=\"mark-lazy\"  src=\"{{media url=\"wysiwyg/collection/item-2.png\"}}\" alt=\"Collection Image\" /> <span>GIFT IDEA</span> </a></div>\n<div class=\"item\"><a title=\"COOL GADGETS\" href=\"#\"> <img class=\"mark-lazy\"  src=\"{{media url=\"wysiwyg/collection/item-3.png\"}}\" alt=\"Collection Image\" /> <span>COOL GADGETS</span> </a></div>\n<div class=\"item\"><a title=\"OUTDOOR\" href=\"#\"> <img class=\"mark-lazy\"  src=\"{{media url=\"wysiwyg/collection/item-4.png\"}}\" alt=\"Collection Image\" /> <span>OUTDOOR</span> </a></div>\n<div class=\"item\"><a title=\"Jewelry\" href=\"#\"> <img class=\"mark-lazy\"  src=\"{{media url=\"wysiwyg/collection/item-5.png\"}}\" alt=\"Collection Image\" /> <span>Jewelry</span> </a></div>\n<div class=\"item\"><a title=\"Men\'s Fashion\" href=\"#\"> <img class=\"mark-lazy\"  src=\"{{media url=\"wysiwyg/collection/item-6.png\"}}\" alt=\"Collection Image\" /> <span>Men\'s Fashion</span> </a></div>\n<div class=\"item\"><a title=\"FURNITURE\" href=\"#\"> <img class=\"mark-lazy\"  src=\"{{media url=\"wysiwyg/collection/item-1.png\"}}\" alt=\"Collection Image\" /> <span>FURNITURE</span> </a></div>\n</div>\n</div>\n<script type=\"text/javascript\">\n	require([\n		\'jquery\',\n		\'owlcarousel\'\n	], function ($) {\n		jQuery(\".home-collection .owl-carousel\").owlCarousel({\n			responsive:{\n				0:{\n					items:2\n				},\n				480:{\n					items:3\n				},\n				768:{\n					items:4\n				},\n				992:{\n					items:4\n				},\n				1200:{\n					items:5\n				}\n			},\n\n			autoplay:false,\n			loop:false,\n			nav : true,\n			dots: false,\n			autoplaySpeed : 500,\n			navSpeed : 500,\n			dotsSpeed : 500,\n			autoplayHoverPause: true,\n			margin:0,\n		});	  \n	});	\n		\n</script>\n</div>\n</div>', '2019-09-05 11:13:47', '2019-09-05 11:13:47', 1),
(146, 'Market - Index 3 - Sidebar', 'id-3-block-3', '{{block class=\"Magento\\Framework\\View\\Element\\Template\" template=\"Magento_Theme::html/custom-nav.phtml\"}} {{block class=\"Sm\\FilterProducts\\Block\\FilterProducts\" template=\"Sm_FilterProducts::default-sidebar.phtml\" title_module=\"Featured Product\" display_countdown=\"0\" product_source=\"featured_products\" select_category=\"97,98,102\" product_limitation=\"3\"}}\n<div class=\"block clients-say lazyload-container\">\n<div class=\"block-title filter-title\"><strong>Clients say</strong></div>\n<div class=\"block-content block-content-clients-say\">\n<div class=\"clients-say-slider\">\n<div class=\"item\">\n<div class=\"client-description\">Aliquam ut tellus dignissim, cursus erat ultricies tellus. Nulla tempus sollicitudin mauris cursus dictum. Etiam id diam diam.</div>\n<div class=\"client-info\"><img class=\"mark-lazy\"  src=\"{{media url=\"wysiwyg/clientsay/client-img1.jpg\"}}\" alt=\"Static Image\" />\n<div class=\"info-detail\">\n<h3>Aliquam Tellus</h3>\n<p>Vitae Ornare Mauris</p>\n</div>\n</div>\n</div>\n<div class=\"item\">\n<div class=\"client-description\">Aliquam ut tellus dignissim, cursus erat ultricies tellus. Nulla tempus sollicitudin mauris cursus dictum. Etiam id diam diam.</div>\n<div class=\"client-info\"><img class=\"mark-lazy\"  src=\"{{media url=\"wysiwyg/clientsay/client-img2.jpg\"}}\" alt=\"Static Image\" />\n<div class=\"info-detail\">\n<h3>Aliquam Tellus</h3>\n<p>Vitae Ornare Mauris</p>\n</div>\n</div>\n</div>\n<div class=\"item\">\n<div class=\"client-description\">Aliquam ut tellus dignissim, cursus erat ultricies tellus. Nulla tempus sollicitudin mauris cursus dictum. Etiam id diam diam.</div>\n<div class=\"client-info\"><img class=\"mark-lazy\"  src=\"{{media url=\"wysiwyg/clientsay/client-img1.jpg\"}}\" alt=\"Static Image\" />\n<div class=\"info-detail\">\n<h3>Aliquam Tellus</h3>\n<p>Vitae Ornare Mauris</p>\n</div>\n</div>\n</div>\n</div>\n<script type=\"text/javascript\">\n	require([\n		\'jquery\',\n		\'owlcarousel\'\n	], function ($) {\n		var owl_clientsay = $(\".clients-say-slider\");\n		owl_clientsay.owlCarousel({\n			\n			responsive:{\n				0:{\n					items:1\n				},\n				480:{\n					items:1\n				},\n				768:{\n					items:1\n				},\n				992:{\n					items:1\n				},\n				1200:{\n					items:1\n				}\n			},\n\n			autoplay:false,\n			loop:true,\n			nav : true,\n			dots: false,\n			autoplaySpeed : 500,\n			navSpeed : 500,\n			dotsSpeed : 500,\n			autoplayHoverPause: true,\n			margin:20,\n\n		});	  \n	});\n			\n</script>\n</div>\n</div>\n<div class=\"static-image-7 lazyload-container\">\n<div class=\"static-image\"><a title=\"Static Image\" href=\"#\"><img class=\"mark-lazy\"  src=\"{{media url=\"wysiwyg/banner/banner3-6.jpg\"}}\" alt=\"Static Image\" /></a></div>\n</div>', '2019-09-05 11:13:47', '2019-09-05 11:13:47', 1);
INSERT INTO `mg_cms_block` (`block_id`, `title`, `identifier`, `content`, `creation_time`, `update_time`, `is_active`) VALUES
(147, 'Market - Index 4 - Block Slidershow - Deal - Services', 'id-4-block-1', '<div class=\"row\">\n<div class=\"col-lg-9 image-slideshow\">\n<div class=\"image-slider-home\">\n<div class=\"sm-imageslider\">\n<div class=\"sm-imageslider-inner\">\n<div class=\"sm-imageslider-content owl-carousel owl-theme\">\n<div class=\"item\"><a title=\"title\" href=\"#\"><img src=\"{{media url=\"wysiwyg/imageslider/id4-slide-1.jpg\"}}\" alt=\"Slider Image\" /></a></div>\n<div class=\"item\"><a title=\"title\" href=\"#\"><img src=\"{{media url=\"wysiwyg/imageslider/id4-slide-2.jpg\"}}\" alt=\"Slider Image\" /></a></div>\n<div class=\"item\"><a title=\"title\" href=\"#\"><img src=\"{{media url=\"wysiwyg/imageslider/id4-slide-3.jpg\"}}\" alt=\"Slider Image\" /></a></div>\n</div>\n</div>\n</div>\n	<script type=\"text/javascript\">\n		require([\n			\'jquery\',\n			\'owlcarousel\'\n		], function ($) {\n			$(\".sm-imageslider-content\").owlCarousel({\n				items:1,\n				autoplay:true,\n				loop:true,\n				nav : true, \n				dots: false,\n				autoplaySpeed : 500,\n				navSpeed : 500,\n				dotsSpeed : 500,\n				autoplayHoverPause: true,\n				margin:1,\n			});	  \n		});	\n										\n					\n	</script>\n</div>\n</div>\n<div class=\"col-lg-3 slider-deal\">{{block class=\"Sm\\FilterProducts\\Block\\FilterProducts\" template=\"Sm_FilterProducts::default-deal-index4.phtml\" title_module=\"\" display_countdown=\"1\" product_source=\"special_products\" select_category=\"97\" product_limitation=\"1\"}}</div>\n</div>\n\n<div class=\"services-home\">\n<div class=\"banner-policy\">\n<div class=\"inner\">\n<div class=\"policy\"><a title=\"90 days money back\" href=\"#\"><em class=\"fa fa-truck\"></em><span>FREE SHIPPING<br />ON ALL ORDER</span></a></div>\n<div class=\"policy\"><a title=\"free shipping on all orders\" href=\"#\"><em class=\"fa fa-recycle\"></em><span>Money Back<br />Guarantee</span></a></div>\n<div class=\"policy\"><a title=\"lowest price guarantee\" href=\"#\"><em class=\"fa fa-umbrella\"></em><span>SAFE SHOPPING<br />GUARANTEE</span></a></div>\n<div class=\"policy\"><a title=\"Online Support 24h on day\" href=\"#\"><em class=\"fa fa-medkit\"></em><span>Online Support<br />24h on day</span></a></div>\n</div>\n</div>\n</div>', '2019-09-05 11:13:47', '2019-09-05 11:13:47', 1),
(148, 'Market - Index 4 - Block Listingtabs - Banner - Listingtabs - Collection', 'id-4-block-2', '<div class=\"list-product-home\">{{block class=\"Sm\\ListingTabs\\Block\\ListingTabs\" template=\"Sm_ListingTabs::default.phtml\" title=\"Best Sellers\" type_show=\"slider\" type_listing=\"all\" display_countdown=\"0\" under_price=\"5\" type_filter=\"categories\" field_tabs=\"\" category_select=\"\" category_tabs=\"223,98,103\" order_by=\"ordered_qty\" order_dir=\"ASC\" limitation=\"6\"}}</div>\n<div class=\"static-image-2 lazyload-container\">\n<div class=\"row\">\n<div class=\"col-xl-4 col-lg-4 col-md-4 col-sm-4 static-image\"><a title=\"Static Image\" href=\"#\"><img class=\"mark-lazy\" src=\"{{media url=\"wysiwyg/banner/banner-4.jpg\"}}\" alt=\"Static Image\" /></a></div>\n<div class=\"col-xl-4 col-lg-4 col-md-4 col-sm-4 static-image\"><a class=\"image-top\" title=\"Static Image\" href=\"#\"><img class=\"mark-lazy\" src=\"{{media url=\"wysiwyg/banner/banner-5.jpg\"}}\" alt=\"Static Image\" /></a> <a title=\"Static Image\" href=\"#\"><img class=\"mark-lazy\" src=\"{{media url=\"wysiwyg/banner/banner-6.jpg\"}}\" alt=\"Static Image\" /></a></div>\n<div class=\"col-xl-4 col-lg-4 col-md-4 col-sm-4 static-image\"><a title=\"Static Image\" href=\"#\"><img class=\"mark-lazy\" src=\"{{media url=\"wysiwyg/banner/banner-7.jpg\"}}\" alt=\"Static Image\" /></a></div>\n</div>\n</div>\n<div class=\"list-product-home list-product-home-custom\">{{block class=\"Sm\\ListingTabs\\Block\\ListingTabs\" template=\"Sm_ListingTabs::default.phtml\" title=\"New Arrivals\" type_show=\"slider\" type_listing=\"all\" display_countdown=\"0\" under_price=\"5\" type_filter=\"categories\" field_tabs=\"\" category_select=\"\" category_tabs=\"97,98,103\" order_by=\"created_at\" order_dir=\"ASC\" limitation=\"6\"}}</div>\n<div class=\"home-collection\">\n<div class=\"collections-wrap\">\n<div class=\"title-home-page\"><span>Collections</span></div>\n<div class=\"collections\">\n<div class=\"owl-carousel\">\n<div class=\"item\"><a title=\"FURNITURE\" href=\"#\"> <img class=\"mark-lazy\" src=\"{{media url=\"wysiwyg/collection/item-1.png\"}}\" alt=\"Collection Image\" /> <span>FURNITURE</span> </a></div>\n<div class=\"item\"><a title=\"GIFT IDEA\" href=\"#\"> <img class=\"mark-lazy\" src=\"{{media url=\"wysiwyg/collection/item-2.png\"}}\" alt=\"Collection Image\" /> <span>GIFT IDEA</span> </a></div>\n<div class=\"item\"><a title=\"COOL GADGETS\" href=\"#\"> <img class=\"mark-lazy\" src=\"{{media url=\"wysiwyg/collection/item-3.png\"}}\" alt=\"Collection Image\" /> <span>COOL GADGETS</span> </a></div>\n<div class=\"item\"><a title=\"OUTDOOR\" href=\"#\"> <img class=\"mark-lazy\" src=\"{{media url=\"wysiwyg/collection/item-4.png\"}}\" alt=\"Collection Image\" /> <span>OUTDOOR</span> </a></div>\n<div class=\"item\"><a title=\"Jewelry\" href=\"#\"> <img class=\"mark-lazy\" src=\"{{media url=\"wysiwyg/collection/item-5.png\"}}\" alt=\"Collection Image\" /> <span>Jewelry</span> </a></div>\n<div class=\"item\"><a title=\"Men\'s Fashion\" href=\"#\"> <img class=\"mark-lazy\" src=\"{{media url=\"wysiwyg/collection/item-6.png\"}}\" alt=\"Collection Image\" /> <span>Men\'s Fashion</span> </a></div>\n<div class=\"item\"><a title=\"FURNITURE\" href=\"#\"> <img class=\"mark-lazy\" src=\"{{media url=\"wysiwyg/collection/item-1.png\"}}\" alt=\"Collection Image\" /> <span>FURNITURE</span> </a></div>\n</div>\n</div>\n<script type=\"text/javascript\">\n			require([\n				\'jquery\',\n				\'owlcarousel\'\n			], function ($) {\n				jQuery(\".home-collection .owl-carousel\").owlCarousel({\n					responsive:{\n						0:{\n							items:2\n						},\n						480:{\n							items:3\n						},\n						768:{\n							items:4\n						},\n						992:{\n							items:5\n						},\n						1200:{\n							items:6\n						}\n					},\n\n					autoplay:false,\n					loop:false,\n					nav : true,\n					dots: false,\n					autoplaySpeed : 500,\n					navSpeed : 500,\n					dotsSpeed : 500,\n					autoplayHoverPause: true,\n					margin:0,\n				});	  \n			});	\n		\n</script>\n</div>\n</div>', '2019-09-05 11:13:47', '2019-09-05 11:13:47', 1),
(149, 'Market - Index 5 - Slidershow', 'id-5-slidershow', '<div class=\"sm-imageslider\">\n	<div class=\"sm-imageslider-inner\">\n		<div class=\"sm-imageslider-content owl-carousel owl-theme\">\n			<div class=\"item\">\n				<a href=\"#\" title=\"title\"><img src=\"{{media url=\"wysiwyg/imageslider/slide-1-index5.jpg\"}}\" alt=\"Slider Image\" /></a>\n			</div>\n			\n			<div class=\"item\">\n				<a href=\"#\" title=\"title\"><img src=\"{{media url=\"wysiwyg/imageslider/slide-2-index5.jpg\"}}\" alt=\"Slider Image\" /></a>\n			</div>\n\n<div class=\"item\">\n				<a href=\"#\" title=\"title\"><img src=\"{{media url=\"wysiwyg/imageslider/slide-3-index5.jpg\"}}\" alt=\"Slider Image\" /></a>\n			</div>\n		</div>\n		\n	</div>\n</div>\n\n<script type=\"text/javascript\">\n\n	require([\n		\'jquery\',\n		\'owlcarousel\'\n	], function ($) {\n		$(\".sm-imageslider-content\").owlCarousel({\n			items:1,\n			autoplay:true,\n			loop:true,\n			nav : true, \n			dots: false,\n			autoplaySpeed : 500,\n			navSpeed : 500,\n			dotsSpeed : 500,\n			autoplayHoverPause: true,\n			margin:1,\n		});	  \n	});	\n					\n</script>', '2019-09-05 11:13:47', '2019-09-05 11:13:47', 1),
(150, 'Market - Index 5 - Sidebar', 'id-5-block-1', '{{block class=\"Magento\\Framework\\View\\Element\\Template\" template=\"Magento_Theme::html/custom-nav.phtml\"}}\n\n<div class=\"block clients-say lazyload-container\">\n\n<div class=\"title-home\">\n<h2>\n<span>Clients say</span>\n</h2>\n</div>\n\n<div class=\"block-content block-content-clients-say\">\n<div class=\"clients-say-slider\">\n<div class=\"item\">\n<div class=\"client-description\">Aliquam ut tellus dignissim, cursus erat ultricies tellus. Nulla tempus sollicitudin mauris cursus dictum. Etiam id diam diam.</div>\n<div class=\"client-info\"><img class=\"mark-lazy\"  src=\"{{media url=\"wysiwyg/clientsay/client-img1.jpg\"}}\" alt=\"Static Image\" />\n<div class=\"info-detail\">\n<h3>Aliquam Tellus</h3>\n<p>Vitae Ornare Mauris</p>\n</div>\n</div>\n</div>\n<div class=\"item\">\n<div class=\"client-description\">Aliquam ut tellus dignissim, cursus erat ultricies tellus. Nulla tempus sollicitudin mauris cursus dictum. Etiam id diam diam.</div>\n<div class=\"client-info\"><img class=\"mark-lazy\"  src=\"{{media url=\"wysiwyg/clientsay/client-img2.jpg\"}}\" alt=\"Static Image\" />\n<div class=\"info-detail\">\n<h3>Aliquam Tellus</h3>\n<p>Vitae Ornare Mauris</p>\n</div>\n</div>\n</div>\n<div class=\"item\">\n<div class=\"client-description\">Aliquam ut tellus dignissim, cursus erat ultricies tellus. Nulla tempus sollicitudin mauris cursus dictum. Etiam id diam diam.</div>\n<div class=\"client-info\"><img class=\"mark-lazy\"  src=\"{{media url=\"wysiwyg/clientsay/client-img1.jpg\"}}\" alt=\"Static Image\" />\n<div class=\"info-detail\">\n<h3>Aliquam Tellus</h3>\n<p>Vitae Ornare Mauris</p>\n</div>\n</div>\n</div>\n</div>\n<script type=\"text/javascript\">\n	require([\n		\'jquery\',\n		\'owlcarousel\'\n	], function ($) {\n		var owl_clientsay = $(\".clients-say-slider\");\n		owl_clientsay.owlCarousel({\n			\n			responsive:{\n				0:{\n					items:1\n				},\n				480:{\n					items:1\n				},\n				768:{\n					items:1\n				},\n				992:{\n					items:1\n				},\n				1200:{\n					items:1\n				}\n			},\n\n			autoplay:false,\n			loop:true,\n			nav : true,\n			dots: false,\n			autoplaySpeed : 500,\n			navSpeed : 500,\n			dotsSpeed : 500,\n			autoplayHoverPause: true,\n			margin:20,\n\n		});	  \n	});\n			\n</script>\n</div>\n</div>\n\n<div class=\"collection-sidebar lazyload-container\">\n<div class=\"title-home\">\n<h2><span>Collection</span></h2>\n</div>\n<div class=\"collection-content\">\n<ul class=\"collection-list\">\n<li><a title=\"Furniture\" href=\"#\"> <span class=\"icon-collection\"> <img class=\"mark-lazy\"  src=\"{{media url=\"wysiwyg/collection/icon-1.png\"}}\" alt=\"Collection\" /> </span> <span class=\"name-collection\">Furniture</span> </a></li>\n<li><a title=\"Gift Idea\" href=\"#\"> <span class=\"icon-collection\"> <img class=\"mark-lazy\"  src=\"{{media url=\"wysiwyg/collection/icon-2.png\"}}\" alt=\"Gift Idea\" /> </span> <span class=\"name-collection\">Gift Idea</span> </a></li>\n<li><a title=\"Cool Gadgets\" href=\"#\"> <span class=\"icon-collection\"> <img class=\"mark-lazy\"  src=\"{{media url=\"wysiwyg/collection/icon-3.png\"}}\" alt=\"Cool Gadgets\" /> </span> <span class=\"name-collection\">Cool Gadgets</span> </a></li>\n<li><a title=\"Outdoor Activities\" href=\"#\"> <span class=\"icon-collection\"> <img class=\"mark-lazy\"  src=\"{{media url=\"wysiwyg/collection/icon-4.png\"}}\" alt=\"Outdoor Activities\" /> </span> <span class=\"name-collection\">Outdoor Activities</span> </a></li>\n<li><a title=\"Smartphones\" href=\"#\"> <span class=\"icon-collection\"> <img class=\"mark-lazy\"  src=\"{{media url=\"wysiwyg/collection/icon-5.png\"}}\" alt=\"Smartphones\" /> </span> <span class=\"name-collection\">Smartphones</span> </a></li>\n<li><a title=\"Womens World\" href=\"#\"> <span class=\"icon-collection\"> <img class=\"mark-lazy\"  src=\"{{media url=\"wysiwyg/collection/icon-6.png\"}}\" alt=\"Womens World\" /> </span> <span class=\"name-collection\">Womens World</span> </a></li>\n</ul>\n</div>\n</div>\n<div class=\"fb-fanbox\">\n<div class=\"fb-page\" data-href=\"https://www.facebook.com/MagenTech\" data-tabs=\"timeline\" data-width=\"270\" data-height=\"214\" data-small-header=\"false\" data-adapt-container-width=\"false\" data-hide-cover=\"false\" data-show-facepile=\"true\">\n<div class=\"fb-xfbml-parse-ignore\">\n<blockquote cite=\"https://www.facebook.com/MagenTech\"><a href=\"https://www.facebook.com/MagenTech\">MagenTech</a></blockquote>\n</div>\n</div>\n<div id=\"fb-root\"></div>\n<script type=\"text/javascript\">\n	(function(d, s, id) {\n	  var js, fjs = d.getElementsByTagName(s)[0];\n	  if (d.getElementById(id)) return;\n	  js = d.createElement(s); js.id = id;\n	  js.src = \"//connect.facebook.net/en_US/sdk.js#xfbml=1&version=v2.6&appId=615561541809250\";\n	  fjs.parentNode.insertBefore(js, fjs);\n	}(document, \'script\', \'facebook-jssdk\'));\n				\n</script>\n</div>\n{{block class=\"Magento\\Newsletter\\Block\\Subscribe\" template=\"subscribe-home.phtml\"}}', '2019-09-05 11:13:47', '2019-09-05 11:13:47', 1),
(151, 'Market - Index 5 - Block Deal - Banner', 'id-5-block-2', '<div class=\"slider-deal-type2\">{{block class=\"Sm\\FilterProducts\\Block\\FilterProducts\" template=\"Sm_FilterProducts::default-grid-column.phtml\" title_module=\"\" display_countdown=\"1\" product_source=\"special_products\" select_category=\"97\" product_limitation=\"2\"}}\n<script type=\"text/javascript\">\n	require([\n		\'jquery\',\n		\'owlcarousel\'\n	], function ($) {\n		$(\".slider-deal-type2 .block-content-products\").owlCarousel({\n			items: 1,\n			autoplay:false,\n			nav : true, \n			dots: false,\n			autoplaySpeed : 500,\n			navSpeed : 500,\n			dotsSpeed : 500,\n			autoplayHoverPause: true,\n			margin:20,\n		});	  \n	});		\n				\n</script>\n</div>\n<div class=\"banner-v51 lazyload-container\">\n<div class=\"left-banner static-image\"><a title=\"Static Image\" href=\"#\"> <img class=\"mark-lazy\"  src=\"{{media url=\"wysiwyg/banner/banner-v51.jpg\"}}\" alt=\"Banner\" /> </a></div>\n<div class=\"right-banner static-image\"><a title=\"Static Image\" href=\"#\"> <img class=\"mark-lazy\"  src=\"{{media url=\"wysiwyg/banner/banner-v52.jpg\"}}\" alt=\"Banner\" /> </a> <a title=\"Static Image\" href=\"#\"> <img class=\"mark-lazy\"  src=\"{{media url=\"wysiwyg/banner/banner-v53.jpg\"}}\" alt=\"Banner\" /> </a></div>\n</div>', '2019-09-05 11:13:47', '2019-09-05 11:13:47', 1),
(152, 'Market - Index 5 - Block Listingtabs - Banner', 'id-5-block-3', '<div class=\"list-product-home\">{{block class=\"Sm\\ListingTabs\\Block\\ListingTabs\" template=\"Sm_ListingTabs::default-id5.phtml\" title=\"Best Sellers\" type_show=\"slider\" type_listing=\"all\" display_countdown=\"0\" under_price=\"5\" type_filter=\"categories\" field_tabs=\"\" category_select=\"\" category_tabs=\"223,98,103\" order_by=\"ordered_qty\" order_dir=\"ASC\" limitation=\"6\"}}</div>\n<div class=\"banner-v52 static-image lazyload-container\"><a title=\"Static Image\" href=\"#\"> <img class=\"mark-lazy\"  src=\"{{media url=\"wysiwyg/banner/banner-v54.jpg\"}}\" alt=\"Banner\" /> </a></div>', '2019-09-05 11:13:48', '2019-09-05 11:13:48', 1),
(153, 'Market - Index 5 - Block Product Slider - Brand - Blog', 'id-5-block-4', '<div class=\"row product-brand\">\n<div class=\"col-lg-6 col-md-6 product-featured\">\n<div class=\"list-slider-1\">{{block class=\"Sm\\FilterProducts\\Block\\FilterProducts\" template=\"Sm_FilterProducts::default-list-slider.phtml\" title_module=\"Featured Product\" display_countdown=\"0\" product_source=\"featured_products\" select_category=\"97,98,102\" product_limitation=\"8\"}}</div>\n<script type=\"text/javascript\">\n			require([\n				\'jquery\',\n				\'owlcarousel\'\n			], function ($) {\n				jQuery(\".list-slider-1 .owl-carousel\").owlCarousel({\n					responsive:{\n						0:{\n							items:1\n						},\n						480:{\n							items:1\n						},\n						768:{\n							items:1\n						},\n						992:{\n							items:1\n						},\n						1200:{\n							items:1\n						},\n					},\n					\n					autoplay:false,\n					loop:false,\n					nav : true, \n					dots: false,\n					autoplayHoverPause: true,\n					margin:30\n				});	  \n			});	\n		\n		\n</script>\n</div>\n<div class=\"col-lg-6 col-md-6 product-featured\">\n<div class=\"list-slider-2\">{{block class=\"Sm\\FilterProducts\\Block\\FilterProducts\" template=\"Sm_FilterProducts::default-list-slider.phtml\" title_module=\"Latest Product\" display_countdown=\"0\" product_source=\"lastest_products\" select_category=\"97,98,102\" product_limitation=\"8\"}}</div>\n<script type=\"text/javascript\">\n			require([\n				\'jquery\',\n				\'owlcarousel\'\n			], function ($) {\n				jQuery(\".list-slider-2 .owl-carousel\").owlCarousel({\n					responsive:{\n						0:{\n							items:1\n						},\n						480:{\n							items:1\n						},\n						768:{\n							items:1\n						},\n						992:{\n							items:1\n						},\n						1200:{\n							items:1\n						},\n					},\n					\n					autoplay:false,\n					loop:false,\n					nav : true, \n					dots: false,\n					autoplayHoverPause: true,\n					margin:30\n				});	  \n			});	\n		\n		\n</script>\n</div>\n</div>\n<div class=\"brand-container\">\n<div class=\"title-home\">\n<h2><span>Featured Brands</span></h2>\n</div>\n<div class=\"brand-slider\">\n<div class=\"owl-carousel slider-content\">\n<div class=\"item\"><a title=\"Brand\" href=\"#\"><img class=\"mark-lazy\" src=\"{{media url=\"wysiwyg/brand/brand5-1.jpg\"}}\" alt=\"Brand Image\" /></a></div>\n<div class=\"item\"><a title=\"Brand\" href=\"#\"><img class=\"mark-lazy\" src=\"{{media url=\"wysiwyg/brand/brand5-2.jpg\"}}\" alt=\"Brand Image\" /></a></div>\n<div class=\"item\"><a title=\"Brand\" href=\"#\"><img class=\"mark-lazy\" src=\"{{media url=\"wysiwyg/brand/brand5-3.jpg\"}}\" alt=\"Brand Image\" /></a></div>\n<div class=\"item\"><a title=\"Brand\" href=\"#\"><img class=\"mark-lazy\" src=\"{{media url=\"wysiwyg/brand/brand5-4.jpg\"}}\" alt=\"Brand Image\" /></a></div>\n<div class=\"item\"><a title=\"Brand\" href=\"#\"><img class=\"mark-lazy\" src=\"{{media url=\"wysiwyg/brand/brand5-5.jpg\"}}\" alt=\"Brand Image\" /></a></div>\n<div class=\"item\"><a title=\"Brand\" href=\"#\"><img class=\"mark-lazy\" src=\"{{media url=\"wysiwyg/brand/brand5-1.jpg\"}}\" alt=\"Brand Image\" /></a></div>\n<div class=\"item\"><a title=\"Brand\" href=\"#\"><img class=\"mark-lazy\" src=\"{{media url=\"wysiwyg/brand/brand5-2.jpg\"}}\" alt=\"Brand Image\" /></a></div>\n</div>\n<script type=\"text/javascript\">\n			require([\n				\'jquery\',\n				\'owlcarousel\'\n			], function ($) {\n				jQuery(\".brand-slider .owl-carousel\").owlCarousel({\n					responsive:{\n						0:{\n							items:2\n						},\n						480:{\n							items:3\n						},\n						768:{\n							items:4\n						},\n						992:{\n							items:4\n						},\n						1200:{\n							items:5\n						},\n					},\n					\n					autoplay:false,\n					loop:false,\n					nav : true, \n					dots: false,\n					autoplayHoverPause: true,\n					margin:18\n				});	  \n			});	\n			\n</script>\n</div>\n</div>\n{{widget type=\"Magefan\\Blog\\Block\\Widget\\Recent\" title=\"Latest Blog\" custom_template=\"Magefan_Blog::widget/recent-id5.phtml\" number_of_posts=\"5\"}}', '2019-09-05 11:13:48', '2019-09-05 11:13:48', 1),
(154, 'Market - Index 5 - Block Services - Hot Categories', 'id-5-block-5', '<div class=\"services-home\">\n<div class=\"banner-policy\">\n<div class=\"inner\">\n<div class=\"policy\"><a title=\"90 days money back\" href=\"#\"><em class=\"fa fa-truck\"></em><span>FREE SHIPPING<br />ON ALL ORDER</span></a></div>\n<div class=\"policy\"><a title=\"free shipping on all orders\" href=\"#\"><em class=\"fa fa-recycle\"></em><span>Money Back<br />Guarantee</span></a></div>\n<div class=\"policy\"><a title=\"lowest price guarantee\" href=\"#\"><em class=\"fa fa-umbrella\"></em><span>SAFE SHOPPING<br />GUARANTEE</span></a></div>\n<div class=\"policy\"><a title=\"Online Support 24h on day\" href=\"#\"><em class=\"fa fa-medkit\"></em><span>Online Support<br />24h on day</span></a></div>\n</div>\n</div>\n</div>\n\n<div class=\"full-categories\">\n<div class=\"hot-categories-home\">{{block class=\"Sm\\Categories\\Block\\Categories\" template=\"Sm_Categories::default-v5.phtml\" title_module=\"Hot categories\" select_category=\"105,97,99,109,103,98,106,100\" limitation=\"4\"}}</div>\n</div>', '2019-09-05 11:13:48', '2019-09-05 11:13:48', 1),
(155, 'Market - Index 6 - Block Slidershow - Collection - Deal - Banner', 'id-6-block-1', '<div class=\"slideshow-index\">\n<div class=\"sm-imageslider\">\n<div class=\"sm-imageslider-inner\">\n<div class=\"sm-imageslider-content owl-carousel owl-theme\">\n<div class=\"item\"><a title=\"title\" href=\"#\"><img src=\"{{media url=\"wysiwyg/imageslider/slide-1-index6.jpg\"}}\" alt=\"Slider Image\" /></a></div>\n<div class=\"item\"><a title=\"title\" href=\"#\"><img src=\"{{media url=\"wysiwyg/imageslider/slide-2-index6.jpg\"}}\" alt=\"Slider Image\" /></a></div>\n<div class=\"item\"><a title=\"title\" href=\"#\"><img src=\"{{media url=\"wysiwyg/imageslider/slide-3-index6.jpg\"}}\" alt=\"Slider Image\" /></a></div>\n</div>\n</div>\n</div>\n<script type=\"text/javascript\">\n	require([\n		\'jquery\',\n		\'owlcarousel\'\n	], function ($) {\n		$(\".sm-imageslider-content\").owlCarousel({\n			items:1,\n			autoplay:true,\n			loop:true,\n			nav : true, \n			dots: false,\n			autoplaySpeed : 500,\n			navSpeed : 500,\n			dotsSpeed : 500,\n			autoplayHoverPause: true,\n			margin:1,\n		});	  \n	});	\n							\n		\n</script>\n</div>\n<div class=\"row\">\n<div class=\"col-lg-3 collection-index\">\n<div class=\"collection-sidebar lazyload-container\">\n<div class=\"title-home-page\"><span>Collection</span></div>\n<div class=\"collection-content\">\n<ul class=\"collection-list\">\n<li><a title=\"Furniture\" href=\"#\"> <span class=\"icon-collection\"> <img class=\"mark-lazy\" src=\"{{media url=\"wysiwyg/collection/icon-1.png\"}}\" alt=\"Collection\" /> </span> <span class=\"name-collection\">Furniture</span> </a></li>\n<li><a title=\"Gift Idea\" href=\"#\"> <span class=\"icon-collection\"> <img class=\"mark-lazy\" src=\"{{media url=\"wysiwyg/collection/icon-2.png\"}}\" alt=\"Gift Idea\" /> </span> <span class=\"name-collection\">Gift Idea</span> </a></li>\n<li><a title=\"Cool Gadgets\" href=\"#\"> <span class=\"icon-collection\"> <img class=\"mark-lazy\" src=\"{{media url=\"wysiwyg/collection/icon-3.png\"}}\" alt=\"Cool Gadgets\" /> </span> <span class=\"name-collection\">Cool Gadgets</span> </a></li>\n<li><a title=\"Outdoor Activities\" href=\"#\"> <span class=\"icon-collection\"> <img class=\"mark-lazy\" src=\"{{media url=\"wysiwyg/collection/icon-4.png\"}}\" alt=\"Outdoor Activities\" /> </span> <span class=\"name-collection\">Outdoor Activities</span> </a></li>\n<li><a title=\"Smartphones\" href=\"#\"> <span class=\"icon-collection\"> <img class=\"mark-lazy\" src=\"{{media url=\"wysiwyg/collection/icon-5.png\"}}\" alt=\"Smartphones\" /> </span> <span class=\"name-collection\">Smartphones</span> </a></li>\n<li><a title=\"Womens World\" href=\"#\"> <span class=\"icon-collection\"> <img class=\"mark-lazy\" src=\"{{media url=\"wysiwyg/collection/icon-6.png\"}}\" alt=\"Womens World\" /> </span> <span class=\"name-collection\">Womens World</span> </a></li>\n</ul>\n</div>\n</div>\n</div>\n<div class=\"col-lg-9 slider-deal-index\">\n<div class=\"slider-deal-type2\">{{block class=\"Sm\\FilterProducts\\Block\\FilterProducts\" template=\"Sm_FilterProducts::default-grid-column.phtml\" title_module=\"\" display_countdown=\"1\" product_source=\"special_products\" select_category=\"97\" product_limitation=\"2\"}}</div>\n<script type=\"text/javascript\">\n	require([\n		\'jquery\',\n		\'owlcarousel\'\n	], function ($) {\n		$(\".slider-deal-type2 .block-content-products\").owlCarousel({\n			items: 1,\n			autoplay:false,\n			nav : true, \n			dots: false,\n			autoplaySpeed : 500,\n			navSpeed : 500,\n			dotsSpeed : 500,\n			autoplayHoverPause: true,\n			margin:20,\n		});	  \n	});		\n	\n			\n</script>\n</div>\n</div>\n<div class=\"banner-v61 lazyload-container\">\n<div class=\"left-banner static-image\"><a title=\"Banner\" href=\"#\"> <img class=\"mark-lazy\" src=\"{{media url=\"wysiwyg/banner/banner61.jpg\"}}\" alt=\"Banner\" /> </a></div>\n<div class=\"right-banner static-image\"><a title=\"Banner\" href=\"#\"> <img class=\"mark-lazy\" src=\"{{media url=\"wysiwyg/banner/banner62.jpg\"}}\" alt=\"Banner\" /> </a> <a title=\"Banner\" href=\"#\"> <img class=\"mark-lazy\" src=\"{{media url=\"wysiwyg/banner/banner63.jpg\"}}\" alt=\"Banner\" /> </a></div>\n</div>', '2019-09-05 11:13:48', '2019-09-05 11:13:48', 1),
(156, 'Market - Index 6 - Block 2 Listingtabs + Services', 'id-6-block-2', '<div class=\"listingtab-custom tab-custom-1\">{{block class=\"Sm\\ListingTabs\\Block\\ListingTabs\" template=\"Sm_ListingTabs::default.phtml\" title=\"Electronic\" cmsblock=\"tab-image-1\" type_show=\"slider\" type_listing=\"all\" display_countdown=\"0\" under_price=\"5\" type_filter=\"fieldproducts\" field_tabs=\"lastest_products,num_view_counts,ordered_qty\" category_select=\"97\" category_tabs=\"\" order_by=\"\" order_dir=\"ASC\" limitation=\"6\"}}</div>\n<div class=\"listingtab-custom tab-custom-2\">{{block class=\"Sm\\ListingTabs\\Block\\ListingTabs\" template=\"Sm_ListingTabs::default.phtml\" title=\"Furniture\" cmsblock=\"tab-image-2\" type_show=\"slider\" type_listing=\"all\" display_countdown=\"0\" under_price=\"5\" type_filter=\"fieldproducts\" field_tabs=\"lastest_products,num_view_counts,ordered_qty\" category_select=\"222\" category_tabs=\"\" order_by=\"\" order_dir=\"ASC\" limitation=\"6\"}}</div>\n<div class=\"full-wrapper full-wrapper-sv\">\n<div class=\"container\">\n\n<div class=\"services-home\">\n<div class=\"banner-policy\">\n<div class=\"inner\">\n<div class=\"policy\"><a title=\"90 days money back\" href=\"#\"><em class=\"fa fa-truck\"></em><span>FREE SHIPPING<br />ON ALL ORDER</span></a></div>\n<div class=\"policy\"><a title=\"free shipping on all orders\" href=\"#\"><em class=\"fa fa-recycle\"></em><span>Money Back<br />Guarantee</span></a></div>\n<div class=\"policy\"><a title=\"lowest price guarantee\" href=\"#\"><em class=\"fa fa-umbrella\"></em><span>SAFE SHOPPING<br />GUARANTEE</span></a></div>\n<div class=\"policy\"><a title=\"Online Support 24h on day\" href=\"#\"><em class=\"fa fa-medkit\"></em><span>Online Support<br />24h on day</span></a></div>\n</div>\n</div>\n</div>\n\n</div>\n</div>', '2019-09-05 11:13:48', '2019-09-05 11:13:48', 1),
(157, 'Market - Index 6 - Block Listingtabs - Featured Products - Blog - Brand', 'id-6-block-3', '<div class=\"tab-custom-3\">{{block class=\"Sm\\ListingTabs\\Block\\ListingTabs\" template=\"Sm_ListingTabs::default_v2.phtml\" title=\"Best Sellers\" type_show=\"slider\" type_listing=\"all\" display_countdown=\"0\" under_price=\"5\" type_filter=\"categories\" field_tabs=\"\" category_select=\"\" category_tabs=\"223,98,103\" order_by=\"ordered_qty\" order_dir=\"ASC\" limitation=\"6\"}}</div>\n<div class=\"product-featured clearfix\">{{block class=\"Sm\\FilterProducts\\Block\\FilterProducts\" template=\"Sm_FilterProducts::default-list-index6.phtml\" title_module=\"Featured Product\" display_countdown=\"0\" product_source=\"featured_products\" select_category=\"97,98,102\" product_limitation=\"6\"}}</div>\n<div class=\"latest-post-wrapper\">{{widget type=\"Magefan\\Blog\\Block\\Widget\\Recent\" title=\"Latest Blog\" number_of_posts=\"5\" custom_template=\"Magefan_Blog::widget/recent-id6.phtml\"}}</div>\n<div class=\"brand-wrapper\">\n<div class=\"slider-brand-container\">\n<div class=\"title-home-page\">Featured Brands</div>\n<div class=\"slider-content\">\n<div class=\"owl-carousel slider-brand\">\n<div class=\"item\"><a title=\"Brand\" href=\"#\"><img class=\"mark-lazy\"  src=\"{{media url=\"wysiwyg/brand-v6/brand-1.jpg\"}}\" alt=\"Brand\" /></a></div>\n<div class=\"item\"><a title=\"Brand\" href=\"#\"><img class=\"mark-lazy\"  src=\"{{media url=\"wysiwyg/brand-v6/brand-2.jpg\"}}\" alt=\"Brand\" /></a></div>\n<div class=\"item\"><a title=\"Brand\" href=\"#\"><img class=\"mark-lazy\"  src=\"{{media url=\"wysiwyg/brand-v6/brand-3.jpg\"}}\" alt=\"Brand\" /></a></div>\n<div class=\"item\"><a title=\"Brand\" href=\"#\"><img class=\"mark-lazy\"  src=\"{{media url=\"wysiwyg/brand-v6/brand-3.jpg\"}}\" alt=\"Brand\" /></a></div>\n<div class=\"item\"><a title=\"Brand\" href=\"#\"><img class=\"mark-lazy\"  src=\"{{media url=\"wysiwyg/brand-v6/brand-5.jpg\"}}\" alt=\"Brand\" /></a></div>\n<div class=\"item\"><a title=\"Brand\" href=\"#\"><img class=\"mark-lazy\"  src=\"{{media url=\"wysiwyg/brand-v6/brand-1.jpg\"}}\" alt=\"Brand\" /></a></div>\n<div class=\"item\"><a title=\"Brand\" href=\"#\"><img class=\"mark-lazy\"  src=\"{{media url=\"wysiwyg/brand-v6/brand-2.jpg\"}}\" alt=\"Brand\" /></a></div>\n<div class=\"item\"><a title=\"Brand\" href=\"#\"><img class=\"mark-lazy\"  src=\"{{media url=\"wysiwyg/brand-v6/brand-3.jpg\"}}\" alt=\"Brand\" /></a></div>\n</div>\n</div>\n<script type=\"text/javascript\">\n			require([\n				\'jquery\',\n				\'owlcarousel\'\n			], function ($) {\n				var brands_slider = $(\".slider-brand\");\n				brands_slider.owlCarousel({\n							nav: true,\n							dots:false,\n							margin: 30,\n							\n							responsive: {\n								0: {\n									items:2\n								},\n								480: {\n									items:3\n								},\n								768: {\n									items:4\n								},\n								991: {\n									items:5\n								},						\n								1200: {\n									items:6\n								}\n							}\n				});	  \n			});	\n					\n		\n</script>\n</div>\n</div>', '2019-09-05 11:13:48', '2019-09-05 11:13:48', 1),
(158, 'Market - Index 7 - Block Slidershow - Services - Banner', 'id-7-block-1', '<div class=\"full-wrapper full-slidershow-container\">\n<div class=\"full-content\">\n<div class=\"container\">\n<div class=\"sm-imageslider\">\n<div class=\"sm-imageslider-inner\">\n<div class=\"sm-imageslider-content owl-carousel owl-theme\">\n<div class=\"item\"><a title=\"title\" href=\"#\"><img src=\"{{media url=\"wysiwyg/imageslider/slide-1-index7.jpg\"}}\" alt=\"Slider Image\" /></a></div>\n<div class=\"item\"><a title=\"title\" href=\"#\"><img src=\"{{media url=\"wysiwyg/imageslider/slide-2-index7.jpg\"}}\" alt=\"Slider Image\" /></a></div>\n<div class=\"item\"><a title=\"title\" href=\"#\"><img src=\"{{media url=\"wysiwyg/imageslider/slide-3-index7.jpg\"}}\" alt=\"Slider Image\" /></a></div>\n</div>\n</div>\n</div>\n<script type=\"text/javascript\">\n					require([\n						\'jquery\',\n						\'owlcarousel\'\n					], function ($) {\n						$(\".sm-imageslider-content\").owlCarousel({\n							items:1,\n							autoplay:true,\n							loop:true,\n							nav : true, \n							dots: false,\n							autoplaySpeed : 500,\n							navSpeed : 500,\n							dotsSpeed : 500,\n							autoplayHoverPause: true,\n							margin:1,\n						});	  \n					});	\n									\n				\n</script>\n</div>\n</div>\n</div>\n<div class=\"services-home\">\n<div class=\"banner-policy\">\n<div class=\"inner\">\n<div class=\"policy\"><a title=\"90 days money back\" href=\"#\"><em class=\"fa fa-truck\"></em><span>FREE SHIPPING<br />ON ALL ORDER</span></a></div>\n<div class=\"policy\"><a title=\"free shipping on all orders\" href=\"#\"><em class=\"fa fa-recycle\"></em><span>Money Back<br />Guarantee</span></a></div>\n<div class=\"policy\"><a title=\"lowest price guarantee\" href=\"#\"><em class=\"fa fa-umbrella\"></em><span>SAFE SHOPPING<br />GUARANTEE</span></a></div>\n<div class=\"policy\"><a title=\"Online Support 24h on day\" href=\"#\"><em class=\"fa fa-medkit\"></em><span>Online Support<br />24h on day</span></a></div>\n</div>\n</div>\n</div>\n<div class=\"banner-top\">\n<div class=\"static-image-2 lazyload-container\">\n<div class=\"row\">\n<div class=\"col-xl-4 col-lg-4 col-md-4 col-sm-4 static-image\"><a title=\"Static Image\" href=\"#\"><img class=\"mark-lazy\" src=\"{{media url=\"wysiwyg/banner/banner-4.jpg\"}}\" alt=\"Static Image\" /></a></div>\n<div class=\"col-xl-4 col-lg-4 col-md-4 col-sm-4 static-image\"><a class=\"image-top\" title=\"Static Image\" href=\"#\"><img class=\"mark-lazy\" src=\"{{media url=\"wysiwyg/banner/banner-5.jpg\"}}\" alt=\"Static Image\" /></a> <a title=\"Static Image\" href=\"#\"><img class=\"mark-lazy\" src=\"{{media url=\"wysiwyg/banner/banner-6.jpg\"}}\" alt=\"Static Image\" /></a></div>\n<div class=\"col-xl-4 col-lg-4 col-md-4 col-sm-4 static-image\"><a title=\"Static Image\" href=\"#\"><img class=\"mark-lazy\" src=\"{{media url=\"wysiwyg/banner/banner-7.jpg\"}}\" alt=\"Static Image\" /></a></div>\n</div>\n</div>\n</div>', '2019-09-05 11:13:48', '2019-09-05 11:13:48', 1),
(159, 'Market - Index 7 - Block Listingtabs - Banner - Deal - Block Listingtabsss', 'id-7-block-2', '<div class=\"listingtab-custom tab-custom-1\">{{block class=\"Sm\\ListingTabs\\Block\\ListingTabs\" template=\"Sm_ListingTabs::default_v3.phtml\" cmsblock=\"tab-image-3\" title=\"Electronic\" type_show=\"slider\" type_listing=\"all\" display_countdown=\"0\" under_price=\"5\" type_filter=\"fieldproducts\" field_tabs=\"lastest_products,num_view_counts,ordered_qty\" category_select=\"97,98,103\" category_tabs=\"\" order_by=\"\" order_dir=\"ASC\" limitation=\"8\"}}</div>\n<div class=\"row\">\n<div class=\"col-lg-9 deal-content-wrapper\">\n<div class=\"slider-deal-type2\">{{block class=\"Sm\\FilterProducts\\Block\\FilterProducts\" template=\"Sm_FilterProducts::default-grid-column.phtml\" title_module=\"\" display_countdown=\"1\" product_source=\"special_products\" select_category=\"97\" product_limitation=\"2\"}}</div>\n<script type=\"text/javascript\">\n	require([\n		\'jquery\',\n		\'owlcarousel\'\n	], function ($) {\n		$(\".slider-deal-type2 .block-content-products\").owlCarousel({\n			items: 1,\n			autoplay:false,\n			nav : true, \n			dots: false,\n			autoplaySpeed : 500,\n			navSpeed : 500,\n			dotsSpeed : 500,\n			autoplayHoverPause: true,\n			margin:20,\n		});	  \n	});		\n				\n			\n</script>\n</div>\n<div class=\"col-lg-3 left-banner-wrapper lazyload-container\">\n<div class=\"banner-v71 static-image\"><a title=\"Banner\" href=\"#\"> <img class=\"mark-lazy\" src=\"{{media url=\"wysiwyg/banner/banner71.jpg\"}}\" alt=\"Banner\" /> </a> <a title=\"Banner\" href=\"#\"> <img class=\"mark-lazy\" src=\"{{media url=\"wysiwyg/banner/banner72.jpg\"}}\" alt=\"Banner\" /> </a></div>\n</div>\n</div>\n<div class=\"listingtab-custom tab-custom-1\">{{block class=\"Sm\\ListingTabs\\Block\\ListingTabs\" template=\"Sm_ListingTabs::default_v3.phtml\" cmsblock=\"tab-image-4\" title=\"Furniture\" type_show=\"slider\" type_listing=\"all\" display_countdown=\"0\" under_price=\"5\" type_filter=\"fieldproducts\" field_tabs=\"lastest_products,num_view_counts,ordered_qty\" category_select=\"222\" category_tabs=\"\" order_by=\"\" order_dir=\"ASC\" limitation=\"8\"}}</div>', '2019-09-05 11:13:48', '2019-09-05 11:13:48', 1),
(160, 'Market - Index 7 - Block Listingtabs - Banner - Newsletter', 'id-7-block-3', '<div class=\"listingtab-custom tab-custom-1\">{{block class=\"Sm\\ListingTabs\\Block\\ListingTabs\" template=\"Sm_ListingTabs::default_v3.phtml\" cmsblock=\"tab-image-4\" title=\"Furniture\" type_show=\"slider\" type_listing=\"all\" display_countdown=\"0\" under_price=\"5\" type_filter=\"fieldproducts\" field_tabs=\"lastest_products,num_view_counts,ordered_qty\" category_select=\"222\" category_tabs=\"\" order_by=\"\" order_dir=\"ASC\" limitation=\"8\"}}</div>\n<div class=\"row\">\n<div class=\"col-lg-4 col-md-4 banner-left lazyload-container\">\n<div class=\"banner-content static-image\"><a title=\"Banner\" href=\"#\"> <img class=\"mark-lazy\"  src=\"{{media url=\"wysiwyg/banner/banner73.jpg\"}}\" alt=\"Banner\" /> </a> <a title=\"Banner\" href=\"#\"> <img class=\"mark-lazy\"  src=\"{{media url=\"wysiwyg/banner/banner74.jpg\"}}\" alt=\"Banner\" /> </a></div>\n</div>\n<div class=\"col-lg-4 col-md-4 newsletter-index\">{{block class=\"Magento\\Newsletter\\Block\\Subscribe\" template=\"subscribe-home-v7.phtml\"}}</div>\n<div class=\"col-lg-4 col-md-4 banner-right lazyload-container\">\n<div class=\"banner-content static-image\"><a title=\"Banner\" href=\"#\"> <img class=\"mark-lazy\"  src=\"{{media url=\"wysiwyg/banner/banner75.jpg\"}}\" alt=\"Banner\" /> </a></div>\n</div>\n</div>', '2019-09-05 11:13:48', '2019-09-05 11:13:48', 0),
(161, 'Market - Index 7 - Block Blog - Collection', 'id-7-block-4', '<div class=\"latest-post-wrapper\">{{widget type=\"Magefan\\Blog\\Block\\Widget\\Recent\" title=\"Latest Blog\" number_of_posts=\"5\" custom_template=\"Magefan_Blog::widget/recent-id6.phtml\"}}</div>\n\n<div class=\"home-collection\">\n<div class=\"collections-wrap\">\n<div class=\"title-home-page\"><span>Collections</span></div>\n<div class=\"collections\">\n<div class=\"owl-carousel\">\n<div class=\"item\"><a title=\"FURNITURE\" href=\"#\"> <img class=\"mark-lazy\"  src=\"{{media url=\"wysiwyg/collection/item-1.png\"}}\" alt=\"Collection Image\" /> <span>FURNITURE</span> </a></div>\n<div class=\"item\"><a title=\"GIFT IDEA\" href=\"#\"> <img class=\"mark-lazy\"  src=\"{{media url=\"wysiwyg/collection/item-2.png\"}}\" alt=\"Collection Image\" /> <span>GIFT IDEA</span> </a></div>\n<div class=\"item\"><a title=\"COOL GADGETS\" href=\"#\"> <img class=\"mark-lazy\"  src=\"{{media url=\"wysiwyg/collection/item-3.png\"}}\" alt=\"Collection Image\" /> <span>COOL GADGETS</span> </a></div>\n<div class=\"item\"><a title=\"OUTDOOR\" href=\"#\"> <img class=\"mark-lazy\"  src=\"{{media url=\"wysiwyg/collection/item-4.png\"}}\" alt=\"Collection Image\" /> <span>OUTDOOR</span> </a></div>\n<div class=\"item\"><a title=\"Jewelry\" href=\"#\"> <img class=\"mark-lazy\"  src=\"{{media url=\"wysiwyg/collection/item-5.png\"}}\" alt=\"Collection Image\" /> <span>Jewelry</span> </a></div>\n<div class=\"item\"><a title=\"Men\'s Fashion\" href=\"#\"> <img class=\"mark-lazy\"  src=\"{{media url=\"wysiwyg/collection/item-6.png\"}}\" alt=\"Collection Image\" /> <span>Men\'s Fashion</span> </a></div>\n<div class=\"item\"><a title=\"FURNITURE\" href=\"#\"> <img class=\"mark-lazy\"  src=\"{{media url=\"wysiwyg/collection/item-1.png\"}}\" alt=\"Collection Image\" /> <span>FURNITURE</span> </a></div>\n</div>\n</div>\n<script type=\"text/javascript\">\n			require([\n				\'jquery\',\n				\'owlcarousel\'\n			], function ($) {\n				jQuery(\".home-collection .owl-carousel\").owlCarousel({\n					responsive:{\n						0:{\n							items:2\n						},\n						480:{\n							items:3\n						},\n						768:{\n							items:4\n						},\n						992:{\n							items:5\n						},\n						1200:{\n							items:6\n						}\n					},\n\n					autoplay:false,\n					loop:false,\n					nav : true,\n					dots: false,\n					autoplaySpeed : 500,\n					navSpeed : 500,\n					dotsSpeed : 500,\n					autoplayHoverPause: true,\n					margin:0,\n				});	  \n			});	\n		\n</script>\n</div>\n</div>', '2019-09-05 11:13:48', '2019-09-05 11:13:48', 1),
(162, 'Market - Index 8 - Block Slidershow - Banner - Slider Product', 'id-8-block-1', '<div class=\"row\">\n<div class=\"offset-xl-3 col-xl-9 right-content-index\">\n<div class=\"slideshow-banner\">\n<div class=\"slidershow-content\">\n<div class=\"sm-imageslider\">\n<div class=\"sm-imageslider-inner\">\n<div class=\"sm-imageslider-content owl-carousel owl-theme\">\n<div class=\"item\"><a title=\"Slider Image\" href=\"#\"><img src=\"{{media url=\"wysiwyg/imageslider/slider-1-index8.jpg\"}}\" alt=\"Slider Image\" /></a></div>\n<div class=\"item\"><a title=\"Slider Image\" href=\"#\"><img src=\"{{media url=\"wysiwyg/imageslider/slider-2-index8.jpg\"}}\" alt=\"Slider Image\" /></a></div>\n<div class=\"item\"><a title=\"Slider Image\" href=\"#\"><img src=\"{{media url=\"wysiwyg/imageslider/slider-3-index8.jpg\"}}\" alt=\"Slider Image\" /></a></div>\n</div>\n</div>\n</div>\n<script type=\"text/javascript\">\n						require([\n							\'jquery\',\n							\'owlcarousel\'\n						], function ($) {\n							$(\".sm-imageslider-content\").owlCarousel({\n								items:1,\n								autoplay:true,\n								loop:true,\n								nav : true, \n								dots: false,\n								autoplaySpeed : 500,\n								navSpeed : 500,\n								dotsSpeed : 500,\n								autoplayHoverPause: true,\n								margin:1,\n							});	  \n						});	\n										\n					\n</script>\n</div>\n<div class=\"banner-right-index\">\n<div class=\"banner-v81 static-image\"><a title=\"Banner\" href=\"#\"> <img src=\"{{media url=\"wysiwyg/banner/banner86.jpg\"}}\" alt=\"Banner\" /></a></div>\n<div class=\"banner-v81 static-image\"><a title=\"Banner\" href=\"#\"> <img src=\"{{media url=\"wysiwyg/banner/banner87.jpg\"}}\" alt=\"Banner\" /></a></div>\n</div>\n<div class=\"product-featured\">{{block class=\"Sm\\FilterProducts\\Block\\FilterProducts\" template=\"Sm_FilterProducts::default-list-index8.phtml\" title_module=\"\" display_countdown=\"0\" product_source=\"featured_products\" select_category=\"97,98,102\" product_limitation=\"6\"}}\n<script type=\"text/javascript\">\n				require([\n					\'jquery\',\n					\'owlcarousel\',\n					\'domReady!\'\n				], function ($) {\n					var product_slider = $(\".list-slider\");\n					product_slider.owlCarousel({				\n						nav: true,\n						dots:false,\n						margin: 10,\n						\n						responsive: {\n							0: {\n								items:1\n							},\n							480: {\n								items:2\n							},\n							768: {\n								items:2\n							},\n							991: {\n								items:3\n							},						\n							1200: {\n								items:3\n							}\n						}\n					});	  \n				});\n			\n			\n</script>\n</div>\n</div>\n</div>\n</div>', '2019-09-05 11:13:48', '2019-09-05 11:13:48', 1),
(163, 'Market - Index 8 - Block Services - Listingtabs - Hot Categories', 'id-8-block-2', '<div class=\"services-home\">\n<div class=\"banner-policy\">\n<div class=\"inner\">\n<div class=\"policy\"><a title=\"90 days money back\" href=\"#\"><em class=\"fa fa-truck\"></em><span>FREE SHIPPING<br />ON ALL ORDER</span></a></div>\n<div class=\"policy\"><a title=\"free shipping on all orders\" href=\"#\"><em class=\"fa fa-recycle\"></em><span>Money Back<br />Guarantee</span></a></div>\n<div class=\"policy\"><a title=\"lowest price guarantee\" href=\"#\"><em class=\"fa fa-umbrella\"></em><span>SAFE SHOPPING<br />GUARANTEE</span></a></div>\n<div class=\"policy\"><a title=\"Online Support 24h on day\" href=\"#\"><em class=\"fa fa-medkit\"></em><span>Online Support<br />24h on day</span></a></div>\n</div>\n</div>\n</div>\n<div class=\"listingtab-custom list-product-home\">{{block class=\"Sm\\ListingTabs\\Block\\ListingTabs\" template=\"Sm_ListingTabs::default_v3.phtml\" title=\"Electronic\" type_show=\"slider\" type_listing=\"all\" display_countdown=\"0\" under_price=\"5\" type_filter=\"fieldproducts\" field_tabs=\"lastest_products,num_view_counts,ordered_qty\" category_select=\"97,98,103\" category_tabs=\"\" order_by=\"\" order_dir=\"ASC\" limitation=\"10\"}}</div>\n<div class=\"full-wrapper full-categories\">\n<div class=\"container\">\n<div class=\"hot-categories-home\">{{block class=\"Sm\\Categories\\Block\\Categories\" template=\"Sm_Categories::default-slider.phtml\" title_module=\"Hot categories\" select_category=\"105,97,99,109,103,98,106,100\" limitation=\"4\"}}\n<script type=\"text/javascript\">\n	require([\n		\'jquery\',\n		\'owlcarousel\',\n		\'domReady!\'\n	], function ($) {\n		var slider_categories = $(\".slider-categories\");\n		slider_categories.owlCarousel({\n			nav: true,\n			dots:false,\n			margin: 30,\n\n			responsive: {\n				0: {\n					items:1\n				},\n				480: {\n					items:2\n				},\n				768: {\n					items:2\n				},\n				991: {\n					items:3\n				},\n				1200: {\n					items:4\n				}\n			}\n		});\n	});\n</script>\n</div>\n</div>\n</div>', '2019-09-05 11:13:48', '2019-09-05 11:13:48', 1),
(164, 'Market - Index 8 - Block Collection - Listingtabs - Banner', 'id-8-block-3', '<div class=\"home-collection\">\n<div class=\"collections-wrap\">\n<div class=\"title-home-page\"><span>Collections</span></div>\n<div class=\"collections\">\n<div class=\"owl-carousel\">\n<div class=\"item\"><a title=\"FURNITURE\" href=\"#\"> <img class=\"mark-lazy\" src=\"{{media url=\"wysiwyg/collection/item-1.png\"}}\" alt=\"Collection Image\" /> <span>FURNITURE</span> </a></div>\n<div class=\"item\"><a title=\"GIFT IDEA\" href=\"#\"> <img class=\"mark-lazy\" src=\"{{media url=\"wysiwyg/collection/item-2.png\"}}\" alt=\"Collection Image\" /> <span>GIFT IDEA</span> </a></div>\n<div class=\"item\"><a title=\"COOL GADGETS\" href=\"#\"> <img class=\"mark-lazy\" src=\"{{media url=\"wysiwyg/collection/item-3.png\"}}\" alt=\"Collection Image\" /> <span>COOL GADGETS</span> </a></div>\n<div class=\"item\"><a title=\"OUTDOOR\" href=\"#\"> <img class=\"mark-lazy\" src=\"{{media url=\"wysiwyg/collection/item-4.png\"}}\" alt=\"Collection Image\" /> <span>OUTDOOR</span> </a></div>\n<div class=\"item\"><a title=\"Jewelry\" href=\"#\"> <img class=\"mark-lazy\" src=\"{{media url=\"wysiwyg/collection/item-5.png\"}}\" alt=\"Collection Image\" /> <span>Jewelry</span> </a></div>\n<div class=\"item\"><a title=\"Men\'s Fashion\" href=\"#\"> <img class=\"mark-lazy\" src=\"{{media url=\"wysiwyg/collection/item-6.png\"}}\" alt=\"Collection Image\" /> <span>Men\'s Fashion</span> </a></div>\n<div class=\"item\"><a title=\"FURNITURE\" href=\"#\"> <img class=\"mark-lazy\" src=\"{{media url=\"wysiwyg/collection/item-1.png\"}}\" alt=\"Collection Image\" /> <span>FURNITURE</span> </a></div>\n</div>\n</div>\n<script type=\"text/javascript\">\n	require([\n		\'jquery\',\n		\'owlcarousel\'\n	], function ($) {\n		jQuery(\".home-collection .owl-carousel\").owlCarousel({\n			responsive:{\n				0:{\n					items:2\n				},\n				480:{\n					items:3\n				},\n				768:{\n					items:4\n				},\n				992:{\n					items:5\n				},\n				1200:{\n					items:6\n				}\n			},\n\n			autoplay:false,\n			loop:false,\n			nav : true,\n			dots: false,\n			autoplaySpeed : 500,\n			navSpeed : 500,\n			dotsSpeed : 500,\n			autoplayHoverPause: true,\n			margin:0,\n		});	  \n	});	\n		\n</script>\n</div>\n</div>\n<div class=\"listingtab-default list-product-home\">{{block class=\"Sm\\ListingTabs\\Block\\ListingTabs\" template=\"Sm_ListingTabs::default.phtml\" title=\"Best Sellers\" type_show=\"slider\" type_listing=\"all\" display_countdown=\"0\" under_price=\"5\" type_filter=\"categories\" field_tabs=\"\" category_select=\"\" category_tabs=\"223,98,103\" order_by=\"ordered_qty\" order_dir=\"ASC\" limitation=\"6\"}}</div>\n<div class=\"banner82 static-image lazyload-container\">\n<div class=\"static-image-2 lazyload-container\">\n<div class=\"row\">\n<div class=\"col-lg-4 col-md-4 col-sm-4 static-image\"><a title=\"Static Image\" href=\"#\"><img class=\"mark-lazy\" src=\"{{media url=\"wysiwyg/banner/banner-4.jpg\"}}\" alt=\"Static Image\" /></a></div>\n<div class=\"col-lg-4 col-md-4 col-sm-4 static-image\"><a class=\"image-top\" title=\"Static Image\" href=\"#\"><img class=\"mark-lazy\" src=\"{{media url=\"wysiwyg/banner/banner-5.jpg\"}}\" alt=\"Static Image\" /></a> <a title=\"Static Image\" href=\"#\"><img class=\"mark-lazy\" src=\"{{media url=\"wysiwyg/banner/banner-6.jpg\"}}\" alt=\"Static Image\" /></a></div>\n<div class=\"col-lg-4 col-md-4 col-sm-4 static-image\"><a title=\"Static Image\" href=\"#\"><img class=\"mark-lazy\" src=\"{{media url=\"wysiwyg/banner/banner-7.jpg\"}}\" alt=\"Static Image\" /></a></div>\n</div>\n</div>\n</div>', '2019-09-05 11:13:48', '2019-09-05 11:13:48', 1);
INSERT INTO `mg_cms_block` (`block_id`, `title`, `identifier`, `content`, `creation_time`, `update_time`, `is_active`) VALUES
(165, 'Market - Index 8 - Block Deals - Client Say - Blog - Brand', 'id-8-block-4', '<div class=\"row\">\n<div class=\"col-lg-9 col-md-12 deal-container\">\n<div class=\"slider-deal-type2\">{{block class=\"Sm\\FilterProducts\\Block\\FilterProducts\" template=\"Sm_FilterProducts::default-grid-column.phtml\" title_module=\"\" display_countdown=\"1\" product_source=\"special_products\" select_category=\"97\" product_limitation=\"2\"}}</div>\n<script type=\"text/javascript\">\n	require([\n		\'jquery\',\n		\'owlcarousel\'\n	], function ($) {\n		$(\".slider-deal-type2 .block-content-products\").owlCarousel({\n			items: 1,\n			autoplay:false,\n			nav : true, \n			dots: false,\n			autoplaySpeed : 500,\n			navSpeed : 500,\n			dotsSpeed : 500,\n			autoplayHoverPause: true,\n			margin:20,\n		});	  \n	});		\n</script>\n</div>\n\n<div class=\"col-lg-3 col-md-12 collection-container\">\n<div class=\"clients-say-container lazyload-container\">\n<div class=\"title-home\">\n<h2><span>Clients Say</span></h2>\n</div>\n<div class=\"clientsay-wrap\">\n<div class=\"clients-say-content\">\n<div class=\"owl-carousel clients-say-slider\">\n	<div class=\"item\">\n		<div class=\"client-des\">\n			We love the approachable format and the facWe love the approachable format and the fact that they chose to feature customers that users can really relate to.\n		</div>\n		\n		<div class=\"client-info\">\n			<div class=\"client-image\">\n				<img class=\"mark-lazy\"  src=\"{{media url=\"wysiwyg/clients/client-1-v5.jpg\"}}\" alt=\"Client\" />\n			</div>\n			\n			<p class=\"client-name\">Michael Jackson</p>\n			<p class=\"client-job\">Hokkaido, Japan</p>\n		</div>\n	</div>\n	\n	<div class=\"item\">\n		<div class=\"client-des\">\n			We love the approachable format and the facWe love the approachable format and the fact that they chose to feature customers that users can really relate to.\n		</div>\n		\n		<div class=\"client-info\">\n			<div class=\"client-image\">\n				<img class=\"mark-lazy\"  src=\"{{media url=\"wysiwyg/clients/client-1-v5.jpg\"}}\" alt=\"Client\" />\n			</div>\n			\n			<p class=\"client-name\">Michael Jackson</p>\n			<p class=\"client-job\">Hokkaido, Japan</p>\n		</div>\n	</div>\n	\n	<div class=\"item\">\n		<div class=\"client-des\">\n			We love the approachable format and the facWe love the approachable format and the fact that they chose to feature customers that users can really relate to.\n		</div>\n		\n		<div class=\"client-info\">\n			<div class=\"client-image\">\n				<img class=\"mark-lazy\"  src=\"{{media url=\"wysiwyg/clients/client-1-v5.jpg\"}}\" alt=\"Client\" />\n			</div>\n			\n			<p class=\"client-name\">Michael Jackson</p>\n			<p class=\"client-job\">Hokkaido, Japan</p>\n		</div>\n	</div>\n</div>\n<script type=\"text/javascript\">\n	require([\n		\'jquery\',\n		\'owlcarousel\'\n	], function ($) {\n		var clients_slider = $(\".clients-say-slider\");\n		clients_slider.owlCarousel({\n			nav: false,\n			dots:true,\n			margin: 30,\n			\n			responsive: {\n				0: {\n					items:1\n				},\n				480: {\n					items:1\n				},\n				768: {\n					items:1\n				},\n				991: {\n					items:1\n				},						\n				1200: {\n					items:1\n				}\n			}\n		});	  \n	});	\n</script>\n</div>\n</div>\n</div>\n</div>\n\n\n\n</div>\n<div class=\"latest-post-wrapper\">{{widget type=\"Magefan\\Blog\\Block\\Widget\\Recent\" title=\"Latest Blog\" number_of_posts=\"5\" custom_template=\"Magefan_Blog::widget/recent-id6.phtml\"}}</div>\n<div class=\"brand-wrapper\">\n<div class=\"slider-brand-container\">\n<div class=\"title-home-page\">Featured Brands</div>\n<div class=\"slider-content\">\n<div class=\"owl-carousel slider-brand\">\n<div class=\"item\"><a title=\"Brand\" href=\"#\"><img class=\"mark-lazy\"  src=\"{{media url=\"wysiwyg/brand-v6/brand-1.jpg\"}}\" alt=\"Brand\" /></a></div>\n<div class=\"item\"><a title=\"Brand\" href=\"#\"><img class=\"mark-lazy\"  src=\"{{media url=\"wysiwyg/brand-v6/brand-2.jpg\"}}\" alt=\"Brand\" /></a></div>\n<div class=\"item\"><a title=\"Brand\" href=\"#\"><img class=\"mark-lazy\"  src=\"{{media url=\"wysiwyg/brand-v6/brand-3.jpg\"}}\" alt=\"Brand\" /></a></div>\n<div class=\"item\"><a title=\"Brand\" href=\"#\"><img class=\"mark-lazy\"  src=\"{{media url=\"wysiwyg/brand-v6/brand-3.jpg\"}}\" alt=\"Brand\" /></a></div>\n<div class=\"item\"><a title=\"Brand\" href=\"#\"><img class=\"mark-lazy\"  src=\"{{media url=\"wysiwyg/brand-v6/brand-5.jpg\"}}\" alt=\"Brand\" /></a></div>\n<div class=\"item\"><a title=\"Brand\" href=\"#\"><img class=\"mark-lazy\"  src=\"{{media url=\"wysiwyg/brand-v6/brand-1.jpg\"}}\" alt=\"Brand\" /></a></div>\n<div class=\"item\"><a title=\"Brand\" href=\"#\"><img class=\"mark-lazy\"  src=\"{{media url=\"wysiwyg/brand-v6/brand-2.jpg\"}}\" alt=\"Brand\" /></a></div>\n<div class=\"item\"><a title=\"Brand\" href=\"#\"><img class=\"mark-lazy\"  src=\"{{media url=\"wysiwyg/brand-v6/brand-3.jpg\"}}\" alt=\"Brand\" /></a></div>\n</div>\n</div>\n<script type=\"text/javascript\">\n	require([\n		\'jquery\',\n		\'owlcarousel\'\n	], function ($) {\n		var brands_slider = $(\".slider-brand\");\n		brands_slider.owlCarousel({\n					nav: true,\n					dots:false,\n					margin: 30,\n					\n					responsive: {\n						0: {\n							items:2\n						},\n						480: {\n							items:3\n						},\n						768: {\n							items:4\n						},\n						991: {\n							items:5\n						},						\n						1200: {\n							items:6\n						}\n					}\n		});	  \n	});	\n			\n</script>\n</div>\n</div>', '2019-09-05 11:13:48', '2019-09-05 11:13:48', 1),
(166, 'Market - Index 9 - Block Slidershow - Banner', 'id-9-block-1', '<div class=\"sm-imageslider\">\n<div class=\"sm-imageslider-inner\">\n<div class=\"sm-imageslider-content owl-carousel owl-theme\">\n<div class=\"item\"><a title=\"title\" href=\"#\"><img src=\"{{media url=\"wysiwyg/imageslider/slider-1-index9.jpg\"}}\" alt=\"Slider Image\" /></a></div>\n<div class=\"item\"><a title=\"title\" href=\"#\"><img src=\"{{media url=\"wysiwyg/imageslider/slider-2-index9.jpg\"}}\" alt=\"Slider Image\" /></a></div>\n<div class=\"item\"><a title=\"title\" href=\"#\"><img src=\"{{media url=\"wysiwyg/imageslider/slider-3-index9.jpg\"}}\" alt=\"Slider Image\" /></a></div>\n</div>\n</div>\n</div>\n<script type=\"text/javascript\">\n					require([\n						\'jquery\',\n						\'owlcarousel\'\n					], function ($) {\n						$(\".sm-imageslider-content\").owlCarousel({\n							items:1,\n							autoplay:true,\n							loop:true,\n							nav : true, \n							dots: false,\n							autoplaySpeed : 500,\n							navSpeed : 500,\n							dotsSpeed : 500,\n							autoplayHoverPause: true,\n							margin:1,\n						});	  \n					});	\n									\n				\n</script>\n<div class=\"banner1-id9 static-image\">\n<ul>\n<li><a title=\"Static Image\" href=\"#\"><img src=\"{{media url=\"wysiwyg/banner/image-1-index9.jpg\"}}\" alt=\"Static Image\" /></a></li>\n<li><a title=\"Static Image\" href=\"#\"><img src=\"{{media url=\"wysiwyg/banner/image-2-index9.jpg\"}}\" alt=\"Static Image\" /></a></li>\n<li><a title=\"Static Image\" href=\"#\"><img src=\"{{media url=\"wysiwyg/banner/image-3-index9.jpg\"}}\" alt=\"Static Image\" /></a></li>\n</ul>\n</div>', '2019-09-05 11:13:48', '2019-09-05 11:13:48', 1),
(167, 'Market - Index 9 - Block Services - Listingtabs - Brand - Clients', 'id-9-block-2', '<div class=\"top-services\">\n<div class=\"services-v6\">\n<div class=\"row\">\n<div class=\"col-lg-3 col-md-3 col-sm-6 item item-1\">\n<div class=\"item-inner\"><a class=\"item-inline\" title=\"30 DAYS RETURN\" href=\"#\"> <span class=\"title-sv\">30 DAYS RETURN</span> <span>money back guarantee</span> </a></div>\n</div>\n<div class=\"col-lg-3 col-md-3 col-sm-6 item item-2\">\n<div class=\"item-inner\"><a class=\"item-inline\" title=\"FREE SHIPPING\" href=\"#\"> <span class=\"title-sv\">FREE SHIPPING</span> <span>On all orders over $99</span> </a></div>\n</div>\n<div class=\"col-lg-3 col-md-3 col-sm-6 item item-3\">\n<div class=\"item-inner\"><a class=\"item-inline\" title=\"LOWEST PRICE\" href=\"#\"> <span class=\"title-sv\">LOWEST PRICE</span> <span>guarantee</span> </a></div>\n</div>\n<div class=\"col-lg-3 col-md-3 col-sm-6 item item-4\">\n<div class=\"item-inner\"><a class=\"item-inline\" title=\"SAFE SHOPPING\" href=\"#\"> <span class=\"title-sv\">SAFE SHOPPING</span> <span>guarantee</span> </a></div>\n</div>\n</div>\n</div>\n</div>\n<div class=\"listingtab-custom\">{{block class=\"Sm\\ListingTabs\\Block\\ListingTabs\" template=\"Sm_ListingTabs::default_v4.phtml\" title=\"\" type_show=\"slider\" type_listing=\"all\" display_countdown=\"0\" under_price=\"5\" type_filter=\"fieldproducts\" field_tabs=\"lastest_products,num_view_counts,ordered_qty\" category_select=\"97,98,103\" category_tabs=\"\" order_by=\"\" order_dir=\"ASC\" limitation=\"14\"}}</div>\n<div class=\"brand-wrapper\">\n<div class=\"slider-brand-container lazyload-container\">\n<div class=\"slider-content\">\n<div class=\"owl-carousel slider-brands\">\n<div class=\"item\"><a title=\"Brand\" href=\"#\"><img class=\"mark-lazy\"  src=\"{{media url=\"wysiwyg/brand-v6/brand-1.jpg\"}}\" alt=\"Brand\" /></a></div>\n<div class=\"item\"><a title=\"Brand\" href=\"#\"><img class=\"mark-lazy\"  src=\"{{media url=\"wysiwyg/brand-v6/brand-2.jpg\"}}\" alt=\"Brand\" /></a></div>\n<div class=\"item\"><a title=\"Brand\" href=\"#\"><img class=\"mark-lazy\"  src=\"{{media url=\"wysiwyg/brand-v6/brand-3.jpg\"}}\" alt=\"Brand\" /></a></div>\n<div class=\"item\"><a title=\"Brand\" href=\"#\"><img class=\"mark-lazy\"  src=\"{{media url=\"wysiwyg/brand-v6/brand-3.jpg\"}}\" alt=\"Brand\" /></a></div>\n<div class=\"item\"><a title=\"Brand\" href=\"#\"><img class=\"mark-lazy\"  src=\"{{media url=\"wysiwyg/brand-v6/brand-5.jpg\"}}\" alt=\"Brand\" /></a></div>\n<div class=\"item\"><a title=\"Brand\" href=\"#\"><img class=\"mark-lazy\"  src=\"{{media url=\"wysiwyg/brand-v6/brand-1.jpg\"}}\" alt=\"Brand\" /></a></div>\n<div class=\"item\"><a title=\"Brand\" href=\"#\"><img class=\"mark-lazy\"  src=\"{{media url=\"wysiwyg/brand-v6/brand-2.jpg\"}}\" alt=\"Brand\" /></a></div>\n<div class=\"item\"><a title=\"Brand\" href=\"#\"><img class=\"mark-lazy\"  src=\"{{media url=\"wysiwyg/brand-v6/brand-3.jpg\"}}\" alt=\"Brand\" /></a></div>\n</div>\n</div>\n<script type=\"text/javascript\">\n	require([\n		\'jquery\',\n		\'owlcarousel\'\n	], function ($) {\n		var brands_slider = $(\".slider-brands\");\n		brands_slider.owlCarousel({\n					nav: true,\n					dots:false,\n					margin: 30,\n					\n					responsive: {\n						0: {\n							items:2\n						},\n						480: {\n							items:3\n						},\n						768: {\n							items:4\n						},\n						991: {\n							items:5\n						},						\n						1200: {\n							items:6\n						}\n					}\n		});	  \n	});	\n			\n		\n</script>\n</div>\n</div>\n<div class=\"full-wrapper full-clientsay-group\">\n<div class=\"container\">\n<div class=\"clientsay-group lazyload-container\">\n<ul class=\"client-group\">\n<li><a href=\"#content1\" data-toggle=\"tab\"><img class=\"mark-lazy\"  src=\"{{media url=\"wysiwyg/clientsay/client-s1.jpg\"}}\" alt=\"Client\" /></a></li>\n<li class=\"active\"><a href=\"#content2\" data-toggle=\"tab\"><img class=\"mark-lazy\"  src=\"{{media url=\"wysiwyg/clientsay/client-s2.jpg\"}}\" alt=\"Client\" /></a></li>\n<li><a href=\"#content3\" data-toggle=\"tab\"><img class=\"mark-lazy\"  src=\"{{media url=\"wysiwyg/clientsay/client-s3.jpg\"}}\" alt=\"Client\" /></a></li>\n</ul>\n<div class=\"tab-content\">\n<div id=\"content1\" class=\"tab-pane\">\n<div class=\"des-clientsay\">\n<div class=\"qte-clients\">First time shopping here. I love the shop!<br /> Its really bright and welcoming. The staff are friendly which is always nice. <br /> The clothes are stylish and affordable. <br /> Definitely will be shopping here again. My new favorite shop</div>\n<div class=\"client-info\">\n<h4>Micheal Doe</h4>\n<p>BIRMINGHAM, UNITED KINGDOM</p>\n</div>\n</div>\n</div>\n<div id=\"content2\" class=\"tab-pane active\">\n<div class=\"des-clientsay\">\n<div class=\"qte-clients\">First time shopping here. I love the shop!<br /> Its really bright and welcoming. The staff are friendly which is always nice. <br /> The clothes are stylish and affordable. <br /> Definitely will be shopping here again. My new favorite shop</div>\n<div class=\"client-info\">\n<h4>John Doe</h4>\n<p>BIRMINGHAM, UNITED KINGDOM</p>\n</div>\n</div>\n</div>\n<div id=\"content3\" class=\"tab-pane\">\n<div class=\"des-clientsay\">\n<div class=\"qte-clients\">First time shopping here. I love the shop!<br /> Its really bright and welcoming. The staff are friendly which is always nice. <br /> The clothes are stylish and affordable. <br /> Definitely will be shopping here again. My new favorite shop</div>\n<div class=\"client-info\">\n<h4>Jadis Ngan</h4>\n<p>BIRMINGHAM, UNITED KINGDOM</p>\n</div>\n</div>\n</div>\n</div>\n</div>\n</div>\n</div>', '2019-09-05 11:13:48', '2019-09-05 11:13:48', 1),
(168, 'Market - Index 9 - Block Listingtabs - Banner Collection - Product', 'id-9-block-3', '<div class=\"list-product-home\">{{block class=\"Sm\\ListingTabs\\Block\\ListingTabs\" template=\"Sm_ListingTabs::default.phtml\" title=\"New Arrivals\" type_show=\"slider\" type_listing=\"all\" display_countdown=\"0\" under_price=\"5\" type_filter=\"categories\" field_tabs=\"\" category_select=\"\" category_tabs=\"99,106,100\" order_by=\"created_at\" order_dir=\"ASC\" limitation=\"6\"}}</div>\n<div class=\"banner2-id9 static-image lazyload-container\"><a title=\"Static Image\" href=\"#\"><img class=\"mark-lazy\"  src=\"{{media url=\"wysiwyg/banner/image-4-index9.jpg\"}}\" alt=\"Static Image\" /></a></div>\n<div class=\"collection-wrapper\">\n<div class=\"collections-wrap-container\">\n<div class=\"title-home-page\">Collections</div>\n<div class=\"owl-carousel collections\">\n<div class=\"item collect collect1\"><a href=\"#\">Furniture</a></div>\n<div class=\"item collect collect2\"><a href=\"#\">Gift idea</a></div>\n<div class=\"item collect collect3\"><a href=\"#\">Cool gadgets</a></div>\n<div class=\"item collect collect4\"><a href=\"#\">Ourdoor<br /><span>activities</span></a></div>\n<div class=\"item collect collect5\"><a href=\"#\">Accessories for<br /><span>smartphone</span></a></div>\n<div class=\"item collect collect6\"><a href=\"#\">Women world</a></div>\n<div class=\"item collect collect1\"><a href=\"#\">Furniture</a></div>\n<div class=\"item collect collect2\"><a href=\"#\">Gift idea</a></div>\n<div class=\"item collect collect3\"><a href=\"#\">Cool gadgets</a></div>\n<div class=\"item collect collect4\"><a href=\"#\">Ourdoor<br /><span>activities</span></a></div>\n<div class=\"item collect collect5\"><a href=\"#\">Accessories for<br /><span>smartphone</span></a></div>\n<div class=\"item collect collect6\"><a href=\"#\">Women world</a></div>\n</div>\n<script type=\"text/javascript\">\n	require([\n		\'jquery\',\n		\'owlcarousel\'\n	], function ($) {\n		var collections_slider = $(\".collections\");\n		collections_slider.owlCarousel({				\n			nav: true,\n			dots:false,\n			margin: 10,\n			\n			responsive: {\n				0: {\n					items:1\n				},\n				480: {\n					items:3\n				},\n				768: {\n					items:4\n				},\n				991: {\n					items:4\n				},						\n				1200: {\n					items:6\n				}\n			}\n		});	  \n	});\n		\n</script>\n</div>\n</div>\n<div class=\"product-featured clearfix\">{{block class=\"Sm\\FilterProducts\\Block\\FilterProducts\" template=\"Sm_FilterProducts::default-list-index6.phtml\" title_module=\"Featured Product\" display_countdown=\"0\" product_source=\"featured_products\" select_category=\"97,98,102\" product_limitation=\"6\"}}</div>', '2019-09-05 11:13:48', '2019-09-05 11:13:48', 1),
(169, 'Market - Index 10 - Block Slidershow  - Banner - Brand - Banner Categories', 'id-10-block-1', '<div class=\"row\">\n<div class=\"col-lg-9 home-slidershow\">\n<div class=\"sm-imageslider\">\n<div class=\"sm-imageslider-inner\">\n<div class=\"sm-imageslider-content owl-carousel owl-theme\">\n<div class=\"item\"><a title=\"title\" href=\"#\"><img src=\"{{media url=\"wysiwyg/imageslider/sl1-id10.jpg\"}}\" alt=\"Slider Image\" /></a></div>\n<div class=\"item\"><a title=\"title\" href=\"#\"><img src=\"{{media url=\"wysiwyg/imageslider/sl2-id10.jpg\"}}\" alt=\"Slider Image\" /></a></div>\n<div class=\"item\"><a title=\"title\" href=\"#\"><img src=\"{{media url=\"wysiwyg/imageslider/sl3-id10.jpg\"}}\" alt=\"Slider Image\" /></a></div>\n</div>\n</div>\n</div>\n<script type=\"text/javascript\">\n	require([\n		\'jquery\',\n		\'owlcarousel\'\n	], function ($) {\n		$(\".sm-imageslider-content\").owlCarousel({\n			items:1,\n			autoplay:true,\n			loop:true,\n			nav : true, \n			dots: false,\n			autoplaySpeed : 500,\n			navSpeed : 500,\n			dotsSpeed : 500,\n			autoplayHoverPause: true,\n			margin:1,\n		});	  \n	});	\n								\n			\n</script>\n</div>\n<div class=\"col-lg-3 banner1-id10\">\n<ul class=\"static-image\">\n<li><a title=\"Static Image\" href=\"#\"><img src=\"{{media url=\"wysiwyg/banner/img1-id10.jpg\"}}\" alt=\"Image\" /></a></li>\n<li><a title=\"Static Image\" href=\"#\"><img src=\"{{media url=\"wysiwyg/banner/img2-id10.jpg\"}}\" alt=\"Image\" /></a></li>\n</ul>\n</div>\n</div>\n<div class=\"slider-brand-wrapper lazyload-container\">\n<div class=\"owl-carousel slider-brand\">\n<div class=\"item\"><a title=\"Brand\" href=\"#\"><img class=\"mark-lazy\" src=\"{{media url=\"wysiwyg/brand/logo-1.png\"}}\" alt=\"Brand\" /></a></div>\n<div class=\"item\"><a title=\"Brand\" href=\"#\"><img class=\"mark-lazy\" src=\"{{media url=\"wysiwyg/brand/logo-2.png\"}}\" alt=\"Brand\" /></a></div>\n<div class=\"item\"><a title=\"Brand\" href=\"#\"><img class=\"mark-lazy\" src=\"{{media url=\"wysiwyg/brand/logo-3.png\"}}\" alt=\"Brand\" /></a></div>\n<div class=\"item\"><a title=\"Brand\" href=\"#\"><img class=\"mark-lazy\" src=\"{{media url=\"wysiwyg/brand/logo-2.png\"}}\" alt=\"Brand\" /></a></div>\n<div class=\"item\"><a title=\"Brand\" href=\"#\"><img class=\"mark-lazy\" src=\"{{media url=\"wysiwyg/brand/logo-1.png\"}}\" alt=\"Brand\" /></a></div>\n<div class=\"item\"><a title=\"Brand\" href=\"#\"><img class=\"mark-lazy\" src=\"{{media url=\"wysiwyg/brand/logo-3.png\"}}\" alt=\"Brand\" /></a></div>\n<div class=\"item\"><a title=\"Brand\" href=\"#\"><img class=\"mark-lazy\" src=\"{{media url=\"wysiwyg/brand/logo-1.png\"}}\" alt=\"Brand\" /></a></div>\n<div class=\"item\"><a title=\"Brand\" href=\"#\"><img class=\"mark-lazy\" src=\"{{media url=\"wysiwyg/brand/logo-2.png\"}}\" alt=\"Brand\" /></a></div>\n</div>\n<script type=\"text/javascript\">\n	require([\n		\'jquery\',\n		\'owlcarousel\'\n	], function ($) {\n		$(\'.slider-brand\').owlCarousel({\n			margin:35,\n			nav:true,\n			dots: false,\n			loop:false,\n			responsive: {\n				0: {\n					items:2\n				},\n				480: {\n					items:3\n				},\n				768: {\n					items:4\n				},\n				991: {\n					items:4\n				},						\n				1200: {\n					items:5\n				}\n			}\n		})\n	});\n	\n</script>\n</div>\n<div class=\"banner2-id10 lazyload-container\">\n<div class=\"static-image\">\n<ul class=\"row\">\n<li class=\"col-lg-4 col-md-4 col-sm-4\"><a title=\"Static Image\" href=\"#\"><img class=\"mark-lazy\" src=\"{{media url=\"wysiwyg/banner/img3-id10.jpg\"}}\" alt=\"Image\" /></a></li>\n<li class=\"col-lg-4 col-md-4 col-sm-4\"><a title=\"Static Image\" href=\"#\"><img class=\"mark-lazy\" src=\"{{media url=\"wysiwyg/banner/img4-id10.jpg\"}}\" alt=\"Image\" /></a></li>\n<li class=\"col-lg-4 col-md-4 col-sm-4\"><a title=\"Static Image\" href=\"#\"><img class=\"mark-lazy\" src=\"{{media url=\"wysiwyg/banner/img5-id10.jpg\"}}\" alt=\"Image\" /></a></li>\n</ul>\n</div>\n</div>', '2019-09-05 11:13:48', '2019-09-05 11:13:48', 1),
(170, 'Market - Index 10 - Block - Slider Product - Banner - Listingtabs', 'id-10-block-2', '<div class=\"products-slider\">{{block class=\"Sm\\FilterProducts\\Block\\FilterProducts\" template=\"Sm_FilterProducts::default-slider-id10.phtml\" title_module=\"NEW ARRIVALS\" display_countdown=\"0\" product_source=\"lastest_products\" select_category=\"223\" product_limitation=\"6\"}}\n<script type=\"text/javascript\">\n	require([\n		\'jquery\',\n		\'owlcarousel\'\n	], function ($) {\n		var post_slider = $(\".block-content-slider\");\n		post_slider.owlCarousel({				\n			nav: true,\n			dots:false,\n			margin: 30,\n			\n			responsive: {\n				0: {\n					items:1\n				},\n				480: {\n					items:2\n				},\n				768: {\n					items:3\n				},\n				991: {\n					items:4\n				},						\n				1200: {\n					items:4\n				}\n			}\n		});	  \n	});\n	\n</script>\n</div>\n<div class=\"banner3-id10 lazyload-container\">\n<ul class=\"static-image\">\n<li><a title=\"Static Image\" href=\"#\"><img class=\"mark-lazy\"  src=\"{{media url=\"wysiwyg/banner/img6-id10.jpg\"}}\" alt=\"Image\" /></a></li>\n<li><a title=\"Static Image\" href=\"#\"><img class=\"mark-lazy\"  src=\"{{media url=\"wysiwyg/banner/img7-id10.jpg\"}}\" alt=\"Image\" /></a></li>\n<li><a title=\"Static Image\" href=\"#\"><img class=\"mark-lazy\"  src=\"{{media url=\"wysiwyg/banner/img8-id10.jpg\"}}\" alt=\"Image\" /></a></li>\n</ul>\n</div>\n<div class=\"listingtab-custom\">{{block class=\"Sm\\ListingTabs\\Block\\ListingTabs\" template=\"Sm_ListingTabs::default.phtml\" title=\"Electronic\" type_show=\"slider\" type_listing=\"all\" display_countdown=\"0\" under_price=\"5\" type_filter=\"fieldproducts\" field_tabs=\"lastest_products,num_view_counts,ordered_qty\" category_select=\"223\" category_tabs=\"\" order_by=\"\" order_dir=\"ASC\" limitation=\"8\"}}</div>', '2019-09-05 11:13:48', '2019-09-05 11:13:48', 1),
(171, 'Market - Index 10 - Block  This Week - Keep In Touch', 'id-10-block-3', '<div class=\"bottom-container\">\n	<div class=\"container\">\n		<div class=\"row\">\n			<div class=\"col-lg-6 col-md-6 left-content\">\n				<div class=\"bottom-content\">\n					<div class=\"bottom-title\">\n						<h3>THIS WEEK</h3>\n					</div>\n					\n					<ul class=\"list-info-bottom\">\n						<li>\n							Introducing James Jagger for AW16 Men’s<br>\n							<a href=\"#\" title=\"View More\">View More</a>\n						</li>\n						\n						<li>\n							Autumn Winter 2016<br>\n							<a href=\"#\" title=\"View More\">View More</a>\n						</li>\n						\n						<li>\n							Introducing James Jagger for AW16 Men’s<br>\n							<a href=\"#\" title=\"View More\">View More</a>\n						</li>\n					</ul>\n				</div>\n			</div>\n			\n			<div class=\"col-lg-6 col-md-6 right-content\">\n				<div class=\"bottom-content\">\n					<div class=\"bottom-title\">\n						<h3>KEEP IN TOUCH…</h3>\n						<p class=\"des-newsletter\">Get style updates straight to your inbox. Simply enter your details below to keep up-to-date with the latest news on collections and exclusive events.</p>\n						{{block class=\"Magento\\Newsletter\\Block\\Subscribe\" template=\"subscribe-home-id10.phtml\"}}\n					</div>\n				</div>\n			</div>\n		</div>\n	</div>\n</div>', '2019-09-05 11:13:48', '2019-09-05 11:13:48', 1),
(172, 'Market - Index 11 - Slidershow', 'id-11-block-1', '<div class=\"sm-imageslider\">\n	<div class=\"sm-imageslider-inner\">\n		<div class=\"sm-imageslider-content owl-carousel owl-theme\">\n			<div class=\"item\">\n				<a href=\"#\" title=\"title\"><img src=\"{{media url=\"wysiwyg/imageslider/slide1-index11.jpg\"}}\" alt=\"Slider Image\" /></a>\n			</div>\n			\n			<div class=\"item\">\n				<a href=\"#\" title=\"title\"><img src=\"{{media url=\"wysiwyg/imageslider/slide2-index11.jpg\"}}\" alt=\"Slider Image\" /></a>\n			</div>\n			\n			<div class=\"item\">\n				<a href=\"#\" title=\"title\"><img src=\"{{media url=\"wysiwyg/imageslider/slide3-index11.jpg\"}}\" alt=\"Slider Image\" /></a>\n			</div>\n		</div>\n		\n	</div>\n</div>\n\n<script type=\"text/javascript\">\n	require([\n		\'jquery\',\n		\'owlcarousel\'\n	], function ($) {\n		$(\".sm-imageslider-content\").owlCarousel({\n			items:1,\n			autoplay:true,\n			loop:true,\n			nav : true, \n			dots: false,\n			autoplaySpeed : 500,\n			navSpeed : 500,\n			dotsSpeed : 500,\n			autoplayHoverPause: true,\n			margin:1,\n		});	  \n	});					\n</script>', '2019-09-05 11:13:48', '2019-09-05 11:13:48', 1),
(173, 'Market - Index 11 - Block Banner - Services - Listingtabs - banner', 'id-11-block-2', '<div class=\"banner1-id11\">\n<div class=\"banner-content\">\n<div class=\"row\">\n<div class=\"col-lg-6 col-md-6 col-sm-6 static-image\"><a title=\"Static Image\" href=\"#\"><img src=\"{{media url=\"wysiwyg/banner/image1-id11.jpg\"}}\" alt=\"Static Image\" /></a></div>\n<div class=\"col-lg-6 col-md-6 col-sm-6 static-image\"><a title=\"Static Image\" href=\"#\"><img src=\"{{media url=\"wysiwyg/banner/image2-id11.jpg\"}}\" alt=\"Static Image\" /></a></div>\n</div>\n</div>\n</div>\n<div class=\"top-services\">\n<div class=\"services-v6\">\n<div class=\"row\">\n<div class=\"col-lg-3 col-md-6 item item-1\">\n<div class=\"item-inner\"><a class=\"item-inline\" title=\"30 DAYS RETURN\" href=\"#\"> <span class=\"title-sv\">30 DAYS RETURN</span> <span>money back guarantee</span> </a></div>\n</div>\n<div class=\"col-lg-3 col-md-6 item item-2\">\n<div class=\"item-inner\"><a class=\"item-inline\" title=\"FREE SHIPPING\" href=\"#\"> <span class=\"title-sv\">FREE SHIPPING</span> <span>On all orders over $99</span> </a></div>\n</div>\n<div class=\"col-lg-3 col-md-6 item item-3\">\n<div class=\"item-inner\"><a class=\"item-inline\" title=\"LOWEST PRICE\" href=\"#\"> <span class=\"title-sv\">LOWEST PRICE</span> <span>guarantee</span> </a></div>\n</div>\n<div class=\"col-lg-3 col-md-6 item item-4\">\n<div class=\"item-inner\"><a class=\"item-inline\" title=\"SAFE SHOPPING\" href=\"#\"> <span class=\"title-sv\">SAFE SHOPPING</span> <span>guarantee</span> </a></div>\n</div>\n</div>\n</div>\n</div>\n<div class=\"list-product-home\">{{block class=\"Sm\\ListingTabs\\Block\\ListingTabs\" template=\"Sm_ListingTabs::default.phtml\" title=\"\" type_show=\"slider\" type_listing=\"all\" display_countdown=\"0\" under_price=\"5\" type_filter=\"fieldproducts\" field_tabs=\"lastest_products,num_view_counts,ordered_qty\" category_select=\"97,98,103\" category_tabs=\"\" order_by=\"\" order_dir=\"ASC\" limitation=\"7\"}}</div>\n<div class=\"banner2-id11 lazyload-container\">\n<div class=\"static-image\"><a title=\"Static Image\" href=\"#\"><img class=\"mark-lazy\" src=\"{{media url=\"wysiwyg/banner/image3-id11.jpg\"}}\" alt=\"Static Image\" /></a></div>\n</div>', '2019-09-05 11:13:48', '2019-09-05 11:13:48', 1),
(174, 'Market - Index 11 - Block Listingtabs - Product Slider - Brand', 'id-11-block-3', '<div class=\"full-wrapper listingtabs-full\">\n<div class=\"container\">\n<div class=\"listingtab-custom\">{{block class=\"Sm\\ListingTabs\\Block\\ListingTabs\" template=\"Sm_ListingTabs::default_v6.phtml\" title=\"New Arrivals\" type_show=\"slider\" type_listing=\"all\" display_countdown=\"0\" under_price=\"5\" type_filter=\"categories\" field_tabs=\"\" category_select=\"\" category_tabs=\"99,106,100\" order_by=\"created_at\" order_dir=\"ASC\" limitation=\"10\"}}</div>\n</div>\n</div>\n<div class=\"products-slider\">{{block class=\"Sm\\FilterProducts\\Block\\FilterProducts\" template=\"Sm_FilterProducts::default-slider-id11.phtml\" title_module=\"Featured Products\" display_countdown=\"0\" product_source=\"lastest_products\" select_category=\"99,106\" product_limitation=\"6\"}}\n<script type=\"text/javascript\">\n	require([\n		\'jquery\',\n		\'owlcarousel\'\n	], function ($) {\n		var post_slider = $(\".products-slider .block-content-slider\");\n		post_slider.owlCarousel({				\n			nav: true,\n			dots:false,\n			margin: 30,\n			\n			responsive: {\n				0: {\n					items:1\n				},\n				480: {\n					items:2\n				},\n				768: {\n					items:3\n				},\n				991: {\n					items:4\n				},						\n				1200: {\n					items:5\n				}\n			}\n		});	  \n	});\n	\n</script>\n</div>\n<div class=\"brand-wrapper lazyload-container\">\n<div class=\"slider-brand-container\">\n<div class=\"slider-content\">\n<div class=\"owl-carousel slider-brands\">\n<div class=\"item\"><a title=\"Brand\" href=\"#\"><img class=\"mark-lazy\"  src=\"{{media url=\"wysiwyg/brand-v6/brand-1.jpg\"}}\" alt=\"Brand\" /></a></div>\n<div class=\"item\"><a title=\"Brand\" href=\"#\"><img class=\"mark-lazy\"  src=\"{{media url=\"wysiwyg/brand-v6/brand-2.jpg\"}}\" alt=\"Brand\" /></a></div>\n<div class=\"item\"><a title=\"Brand\" href=\"#\"><img class=\"mark-lazy\"  src=\"{{media url=\"wysiwyg/brand-v6/brand-3.jpg\"}}\" alt=\"Brand\" /></a></div>\n<div class=\"item\"><a title=\"Brand\" href=\"#\"><img class=\"mark-lazy\"  src=\"{{media url=\"wysiwyg/brand-v6/brand-3.jpg\"}}\" alt=\"Brand\" /></a></div>\n<div class=\"item\"><a title=\"Brand\" href=\"#\"><img class=\"mark-lazy\"  src=\"{{media url=\"wysiwyg/brand-v6/brand-5.jpg\"}}\" alt=\"Brand\" /></a></div>\n<div class=\"item\"><a title=\"Brand\" href=\"#\"><img class=\"mark-lazy\"  src=\"{{media url=\"wysiwyg/brand-v6/brand-1.jpg\"}}\" alt=\"Brand\" /></a></div>\n<div class=\"item\"><a title=\"Brand\" href=\"#\"><img class=\"mark-lazy\"  src=\"{{media url=\"wysiwyg/brand-v6/brand-2.jpg\"}}\" alt=\"Brand\" /></a></div>\n<div class=\"item\"><a title=\"Brand\" href=\"#\"><img class=\"mark-lazy\"  src=\"{{media url=\"wysiwyg/brand-v6/brand-3.jpg\"}}\" alt=\"Brand\" /></a></div>\n</div>\n</div>\n<script type=\"text/javascript\">\n	require([\n		\'jquery\',\n		\'owlcarousel\'\n	], function ($) {\n		var brands_slider = $(\".slider-brands\");\n		brands_slider.owlCarousel({\n			nav: true,\n			dots:false,\n			margin: 30,\n			\n			responsive: {\n				0: {\n					items:2\n				},\n				480: {\n					items:3\n				},\n				768: {\n					items:4\n				},\n				991: {\n					items:5\n				},						\n				1200: {\n					items:6\n				}\n			}\n		});	  \n	});	\n			\n		\n</script>\n</div>\n</div>', '2019-09-05 11:13:48', '2019-09-05 11:13:48', 1),
(175, 'Market - Index 11 - Block Clientsays', 'id-11-block-4', '<div class=\"full-wrapper full-clientsay-group\">\n<div class=\"container\">\n<div class=\"clientsay-group lazyload-container\">\n<ul class=\"client-group\">\n<li><a href=\"#content1\" data-toggle=\"tab\"><img class=\"mark-lazy\"  src=\"{{media url=\"wysiwyg/clientsay/client-s1.jpg\"}}\" alt=\"Client\" /></a></li>\n<li class=\"active\"><a href=\"#content2\" data-toggle=\"tab\"><img class=\"mark-lazy\"  src=\"{{media url=\"wysiwyg/clientsay/client-s2.jpg\"}}\" alt=\"Client\" /></a></li>\n<li><a href=\"#content3\" data-toggle=\"tab\"><img class=\"mark-lazy\"  src=\"{{media url=\"wysiwyg/clientsay/client-s3.jpg\"}}\" alt=\"Client\" /></a></li>\n</ul>\n<div class=\"tab-content\">\n<div id=\"content1\" class=\"tab-pane\">\n<div class=\"des-clientsay\">\n<div class=\"qte-clients\">First time shopping here. I love the shop!<br /> Its really bright and welcoming. The staff are friendly which is always nice. <br /> The clothes are stylish and affordable. <br /> Definitely will be shopping here again. My new favorite shop</div>\n<div class=\"client-info\">\n<h4>Micheal Doe</h4>\n<p>BIRMINGHAM, UNITED KINGDOM</p>\n</div>\n</div>\n</div>\n<div id=\"content2\" class=\"tab-pane active\">\n<div class=\"des-clientsay\">\n<div class=\"qte-clients\">First time shopping here. I love the shop!<br /> Its really bright and welcoming. The staff are friendly which is always nice. <br /> The clothes are stylish and affordable. <br /> Definitely will be shopping here again. My new favorite shop</div>\n<div class=\"client-info\">\n<h4>John Doe</h4>\n<p>BIRMINGHAM, UNITED KINGDOM</p>\n</div>\n</div>\n</div>\n<div id=\"content3\" class=\"tab-pane\">\n<div class=\"des-clientsay\">\n<div class=\"qte-clients\">First time shopping here. I love the shop!<br /> Its really bright and welcoming. The staff are friendly which is always nice. <br /> The clothes are stylish and affordable. <br /> Definitely will be shopping here again. My new favorite shop</div>\n<div class=\"client-info\">\n<h4>Jadis Ngan</h4>\n<p>BIRMINGHAM, UNITED KINGDOM</p>\n</div>\n</div>\n</div>\n</div>\n</div>\n</div>\n</div>', '2019-09-05 11:13:48', '2019-09-05 11:13:48', 1),
(176, 'Market - Index 12 - Block Slidershow', 'id-12-block-1', '<div class=\"sm-imageslider\">\n	<div class=\"sm-imageslider-inner\">\n		<div class=\"sm-imageslider-content owl-carousel owl-theme\">\n			<div class=\"item\">\n				<a href=\"#\" title=\"title\"><img src=\"{{media url=\"wysiwyg/imageslider/slide1-id12.jpg\"}}\" alt=\"Slider Image\" /></a>\n			</div>\n			\n			<div class=\"item\">\n				<a href=\"#\" title=\"title\"><img src=\"{{media url=\"wysiwyg/imageslider/slide2-id12.jpg\"}}\" alt=\"Slider Image\" /></a>\n			</div>\n			\n			<div class=\"item\">\n				<a href=\"#\" title=\"title\"><img src=\"{{media url=\"wysiwyg/imageslider/slide3-id12.jpg\"}}\" alt=\"Slider Image\" /></a>\n			</div>\n		</div>\n		\n	</div>\n</div>\n\n<script type=\"text/javascript\">\n	require([\n		\'jquery\',\n		\'owlcarousel\'\n	], function ($) {\n		$(\".sm-imageslider-content\").owlCarousel({\n			center: false,\n					startPosition: 0,\n					margin: 0,\n					responsive: {\n						0: {\n							items:1\n						},\n						768: {\n							items:1\n						}\n					},\n\n					nav: true,\n					loop: true,\n					dots: false,\n					dotsSpeed: 1000,\n\n					slideBy: 1,\n					autoplay: true,\n					autoplayTimeout: 5000,\n					autoplayHoverPause: true,\n					autoplaySpeed: 800,\n					navSpeed: 1000,\n					mouseDrag: true,\n					responsiveRefreshRate: 100,\n		});	  \n	});					\n</script>', '2019-09-05 11:13:48', '2019-09-05 11:13:48', 1),
(177, 'Market - Index 12 - Categories - Product Slider - Banner', 'id-12-block-2', '<div class=\"full-wrapper full-banner lazyload-container\">\n<div class=\"container\">\n<div class=\"row\">\n<div class=\"col-lg-4 banner-item\">\n<div class=\"banner-content\">\n<div class=\"image-banner static-image\"><a title=\"Category\" href=\"#\"><img src=\"{{media url=\"wysiwyg/banner/cat1-id12.jpg\"}}\" alt=\"Static Image\" /></a></div>\n<div class=\"banner-info\">\n<h2>Men\'s Shoes</h2>\n<p>ON YOUR MARK, GET SET, GO</p>\n<a title=\"Shop Now\" href=\"#\">Shop Now &gt;&gt;</a></div>\n</div>\n</div>\n<div class=\"col-lg-4 banner-item\">\n<div class=\"banner-content\">\n<div class=\"image-banner static-image\"><a title=\"Category\" href=\"#\"><img src=\"{{media url=\"wysiwyg/banner/cat2-id12.jpg\"}}\" alt=\"Static Image\" /></a></div>\n<div class=\"banner-info\">\n<h2>Women\'s Shoes</h2>\n<p>ON YOUR MARK, GET SET, GO</p>\n<a title=\"Shop Now\" href=\"#\">Shop Now &gt;&gt;</a></div>\n</div>\n</div>\n<div class=\"col-lg-4 banner-item\">\n<div class=\"banner-content\">\n<div class=\"image-banner static-image\"><a title=\"Category\" href=\"#\"><img src=\"{{media url=\"wysiwyg/banner/cat3-id12.jpg\"}}\" alt=\"Static Image\" /></a></div>\n<div class=\"banner-info\">\n<h2>Kid\'s Shoes</h2>\n<p>ON YOUR MARK, GET SET, GO</p>\n<a title=\"Shop Now\" href=\"#\">Shop Now &gt;&gt;</a></div>\n</div>\n</div>\n</div>\n</div>\n</div>\n<div class=\"products-slider-top slider-1\">{{block class=\"Sm\\FilterProducts\\Block\\FilterProducts\" template=\"Sm_FilterProducts::default-slider-id12.phtml\" title_module=\"NEW ARRIVALS\" display_countdown=\"0\" product_source=\"lastest_products\" select_category=\"107,201,211\" product_limitation=\"6\"}}\n<script type=\"text/javascript\">\n	require([\n		\'jquery\',\n		\'owlcarousel\'\n	], function ($) {\n		var post_slider = $(\".slider-1 .block-content-slider\");\n		post_slider.owlCarousel({				\n			nav: true,\n			dots:false,\n			margin: 30,\n			\n			responsive: {\n				0: {\n					items:1\n				},\n				480: {\n					items:2\n				},\n				768: {\n					items:3\n				},\n				991: {\n					items:4\n				},						\n				1200: {\n					items:5\n				}\n			}\n		});	  \n	});\n		\n</script>\n</div>\n<div class=\"full-wrapper full-banner-center lazyload-container\">\n<div class=\"container\"><a title=\"Static Image\" href=\"#\"><img class=\"mark-lazy\" src=\"{{media url=\"wysiwyg/banner/image2-id12.png\"}}\" alt=\"Static Image\" /></a></div>\n</div>', '2019-09-05 11:13:48', '2019-09-05 11:13:48', 1),
(178, 'Market - Index 12 - Block Banner Slider - 2 Slider Products', 'id-12-block-3', '<div class=\"full-wrapper full-banner-slider lazyload-container\">\n<div class=\"full-content\">\n<div class=\"owl-carousel banner-slider\">\n<div class=\"item\">\n<div class=\"banner-image static-image\"><a title=\"Static Image\" href=\"#\"><img class=\"mark-lazy\" src=\"{{media url=\"wysiwyg/banner/image3-id12.jpg\"}}\" alt=\"Static Image\" /></a></div>\n<div class=\"banner-des\">\n<p>PUSH THE LIMITS OF SPEED</p>\n<h3>WARM WEATHER STYLE</h3>\n<a title=\"Shop Now\" href=\"#\">Shop Now &gt;&gt;</a></div>\n</div>\n<div class=\"item\">\n<div class=\"banner-image static-image\"><a title=\"Static Image\" href=\"#\"><img class=\"mark-lazy\" src=\"{{media url=\"wysiwyg/banner/image4-id12.jpg\"}}\" alt=\"Static Image\" /></a></div>\n<div class=\"banner-des\">\n<p>PUSH THE LIMITS OF SPEED</p>\n<h3>A LITTLE BIT OF LUXURY</h3>\n<a title=\"Shop Now\" href=\"#\">Shop Now &gt;&gt;</a></div>\n</div>\n<div class=\"item\">\n<div class=\"banner-image static-image\"><a title=\"Static Image\" href=\"#\"><img class=\"mark-lazy\" src=\"{{media url=\"wysiwyg/banner/image5-id12.jpg\"}}\" alt=\"Static Image\" /></a></div>\n<div class=\"banner-des\">\n<p>PUSH THE LIMITS OF SPEED</p>\n<h3>A MODERN CLASSIC</h3>\n<a title=\"Shop Now\" href=\"#\">Shop Now &gt;&gt;</a></div>\n</div>\n<div class=\"item\">\n<div class=\"banner-image static-image\"><a title=\"Static Image\" href=\"#\"><img class=\"mark-lazy\" src=\"{{media url=\"wysiwyg/banner/image3-id12.jpg\"}}\" alt=\"Static Image\" /></a></div>\n<div class=\"banner-des\">\n<p>PUSH THE LIMITS OF SPEED</p>\n<h3>WARM WEATHER STYLE</h3>\n<a title=\"Shop Now\" href=\"#\">Shop Now &gt;&gt;</a></div>\n</div>\n<div class=\"item\">\n<div class=\"banner-image static-image\"><a title=\"Static Image\" href=\"#\"><img class=\"mark-lazy\" src=\"{{media url=\"wysiwyg/banner/image4-id12.jpg\"}}\" alt=\"Static Image\" /></a></div>\n<div class=\"banner-des\">\n<p>PUSH THE LIMITS OF SPEED</p>\n<h3>A LITTLE BIT OF LUXURY</h3>\n<a title=\"Shop Now\" href=\"#\">Shop Now &gt;&gt;</a></div>\n</div>\n<div class=\"item\">\n<div class=\"banner-image static-image\"><a title=\"Static Image\" href=\"#\"><img class=\"mark-lazy\" src=\"{{media url=\"wysiwyg/banner/image5-id12.jpg\"}}\" alt=\"Static Image\" /></a></div>\n<div class=\"banner-des\">\n<p>PUSH THE LIMITS OF SPEED</p>\n<h3>A MODERN CLASSIC</h3>\n<a title=\"Shop Now\" href=\"#\">Shop Now &gt;&gt;</a></div>\n</div>\n<div class=\"item\">\n<div class=\"banner-image static-image\"><a title=\"Static Image\" href=\"#\"><img class=\"mark-lazy\" src=\"{{media url=\"wysiwyg/banner/image3-id12.jpg\"}}\" alt=\"Static Image\" /></a></div>\n<div class=\"banner-des\">\n<p>PUSH THE LIMITS OF SPEED</p>\n<h3>WARM WEATHER STYLE</h3>\n<a title=\"Shop Now\" href=\"#\">Shop Now &gt;&gt;</a></div>\n</div>\n<div class=\"item\">\n<div class=\"banner-image static-image\"><a title=\"Static Image\" href=\"#\"><img class=\"mark-lazy\" src=\"{{media url=\"wysiwyg/banner/image4-id12.jpg\"}}\" alt=\"Static Image\" /></a></div>\n<div class=\"banner-des\">\n<p>PUSH THE LIMITS OF SPEED</p>\n<h3>A LITTLE BIT OF LUXURY</h3>\n<a title=\"Shop Now\" href=\"#\">Shop Now &gt;&gt;</a></div>\n</div>\n<div class=\"item\">\n<div class=\"banner-image static-image\"><a title=\"Static Image\" href=\"#\"><img class=\"mark-lazy\" src=\"{{media url=\"wysiwyg/banner/image5-id12.jpg\"}}\" alt=\"Static Image\" /></a></div>\n<div class=\"banner-des\">\n<p>PUSH THE LIMITS OF SPEED</p>\n<h3>A MODERN CLASSIC</h3>\n<a title=\"Shop Now\" href=\"#\">Shop Now &gt;&gt;</a></div>\n</div>\n</div>\n<script type=\"text/javascript\">\n	require([\n		\'jquery\',\n		\'owlcarousel\',\n		\'domReady!\'\n	], function ($) {\n		setTimeout(function () {\n			var post_slider = $(\".banner-slider\");\n			post_slider.owlCarousel({		\n				nav: false,\n				dots:true,\n				margin: 0,\n				\n				responsive: {\n					0: {\n						items:1\n					},\n					480: {\n						items:2\n					},\n					768: {\n						items:3\n					},\n					991: {\n						items:3\n					},						\n					1200: {\n						items:3\n					}\n				}\n			});	 \n		}, 1000);\n		 \n	});\n\n						\n			\n</script>\n</div>\n</div>\n<div class=\"products-slider-bottom\">\n<div class=\"row\">\n<div class=\"col-lg-6 slider-product slider-2\">{{block class=\"Sm\\FilterProducts\\Block\\FilterProducts\" template=\"Sm_FilterProducts::default-slider-id12.phtml\" title_module=\"Featured\" display_countdown=\"0\" product_source=\"featured_products\" select_category=\"107,210,211\" product_limitation=\"5\"}}\n<script type=\"text/javascript\">\n	require([\n		\'jquery\',\n		\'owlcarousel\'\n	], function ($) {\n		var post_slider = $(\".slider-2 .block-content-slider\");\n		post_slider.owlCarousel({				\n			nav: true,\n			dots:false,\n			margin: 30,\n			\n			responsive: {\n				0: {\n					items:1\n				},\n				480: {\n					items:2\n				},\n				768: {\n					items:3\n				},\n				991: {\n					items:2\n				},						\n				1200: {\n					items:3\n				}\n			}\n		});	  \n	});\n				\n</script>\n</div>\n<div class=\"col-lg-6 slider-product slider-3\">{{block class=\"Sm\\FilterProducts\\Block\\FilterProducts\" template=\"Sm_FilterProducts::default-slider-id12.phtml\" title_module=\"Most Viewed\" display_countdown=\"0\" product_source=\"lastest_products\" select_category=\"107,210,211\" product_limitation=\"5\"}}\n<script type=\"text/javascript\">\n	require([\n		\'jquery\',\n		\'owlcarousel\'\n	], function ($) {\n		var post_slider = $(\".slider-3 .block-content-slider\");\n		post_slider.owlCarousel({				\n			nav: true,\n			dots:false,\n			margin: 30,\n			\n			responsive: {\n				0: {\n					items:1\n				},\n				480: {\n					items:2\n				},\n				768: {\n					items:3\n				},\n				991: {\n					items:2\n				},						\n				1200: {\n					items:3\n				}\n			}\n		});	  \n	});\n				\n</script>\n</div>\n</div>\n</div>', '2019-09-05 11:13:48', '2019-09-05 11:13:48', 1),
(179, 'Market - Index 12 - Block Blog - Brand Slider', 'id-12-block-4', '<p>{{widget type=\"Magefan\\Blog\\Block\\Widget\\Recent\" title=\"Latest Blog\" number_of_posts=\"5\" custom_template=\"Magefan_Blog::widget/recent-id12.phtml\"}}</p>\n<div class=\"brand-slider-container lazyload-container\">\n<div class=\"slider-brand-wrapper\">\n<div class=\"owl-carousel slider-brand\">\n<div class=\"item\"><a title=\"Brand\" href=\"#\"><img class=\"mark-lazy\"  src=\"{{media url=\"wysiwyg/brand/logo-1.png\"}}\" alt=\"Brand\" /></a></div>\n<div class=\"item\"><a title=\"Brand\" href=\"#\"><img class=\"mark-lazy\"  src=\"{{media url=\"wysiwyg/brand/logo-2.png\"}}\" alt=\"Brand\" /></a></div>\n<div class=\"item\"><a title=\"Brand\" href=\"#\"><img class=\"mark-lazy\"  src=\"{{media url=\"wysiwyg/brand/logo-3.png\"}}\" alt=\"Brand\" /></a></div>\n<div class=\"item\"><a title=\"Brand\" href=\"#\"><img class=\"mark-lazy\"  src=\"{{media url=\"wysiwyg/brand/logo-2.png\"}}\" alt=\"Brand\" /></a></div>\n<div class=\"item\"><a title=\"Brand\" href=\"#\"><img class=\"mark-lazy\"  src=\"{{media url=\"wysiwyg/brand/logo-1.png\"}}\" alt=\"Brand\" /></a></div>\n<div class=\"item\"><a title=\"Brand\" href=\"#\"><img class=\"mark-lazy\"  src=\"{{media url=\"wysiwyg/brand/logo-3.png\"}}\" alt=\"Brand\" /></a></div>\n<div class=\"item\"><a title=\"Brand\" href=\"#\"><img class=\"mark-lazy\"  src=\"{{media url=\"wysiwyg/brand/logo-1.png\"}}\" alt=\"Brand\" /></a></div>\n<div class=\"item\"><a title=\"Brand\" href=\"#\"><img class=\"mark-lazy\"  src=\"{{media url=\"wysiwyg/brand/logo-2.png\"}}\" alt=\"Brand\" /></a></div>\n</div>\n<script type=\"text/javascript\">\n	require([\n		\'jquery\',\n		\'owlcarousel\'\n	], function ($) {\n		$(\'.slider-brand\').owlCarousel({\n			margin:35,\n			nav:true,\n			dots: false,\n			loop:true,\n			responsive: {\n				0: {\n					items:2\n				},\n				480: {\n					items:3\n				},\n				768: {\n					items:4\n				},\n				991: {\n					items:4\n				},						\n				1200: {\n					items:5\n				}\n			}\n		})\n	});\n		\n</script>\n</div>\n</div>', '2019-09-05 11:13:48', '2019-09-05 11:13:48', 1),
(180, 'Market - Index 13 - Block Slidershow  - Services', 'id-13-block-1', '<div class=\"full-wrapper full-top-home\">\n		<div class=\"container\">\n			<div class=\"image-slider-home\">\n				<div class=\"sm-imageslider\">\n					<div class=\"sm-imageslider-inner\">\n						<div class=\"sm-imageslider-content owl-carousel owl-theme\">\n							<div class=\"item\">\n								<a href=\"#\" title=\"title\"><img src=\"{{media url=\"wysiwyg/imageslider/slide-1-id13.jpg\"}}\" alt=\"Slider Image\" /></a>\n							</div>\n							\n							<div class=\"item\">\n								<a href=\"#\" title=\"title\"><img src=\"{{media url=\"wysiwyg/imageslider/slide-2-id13.jpg\"}}\" alt=\"Slider Image\" /></a>\n							</div>\n							\n							<div class=\"item\">\n								<a href=\"#\" title=\"title\"><img src=\"{{media url=\"wysiwyg/imageslider/slide-3-id13.jpg\"}}\" alt=\"Slider Image\" /></a>\n							</div>\n						</div>\n						\n					</div>\n				</div>\n\n				<script type=\"text/javascript\">\n\n					require([\n						\'jquery\',\n						\'owlcarousel\'\n					], function ($) {\n						$(\".sm-imageslider-content\").owlCarousel({\n							items:1,\n							autoplay:true,\n							loop:true,\n							nav : true, \n							dots: false,\n							autoplaySpeed : 500,\n							navSpeed : 500,\n							dotsSpeed : 500,\n							autoplayHoverPause: true,\n							margin:1,\n						});	  \n					});	\n									\n				</script>\n			</div>\n			\n			<div class=\"banner-policy\">\n				<div class=\"inner\">\n					<div class=\"policy policy1\"><a title=\"free shipping on all orders\" href=\"#\"><span class=\"ico-policy\">ico policy</span>Free Shipping worldwide</a></div>\n					<div class=\"policy policy2\"><a title=\"90 days money back\" href=\"#\"><span class=\"ico-policy\">ico policy</span>money back guarantee</a></div>\n					<div class=\"policy policy3\"><a title=\"safe shopping guarantee\" href=\"#\"><span class=\"ico-policy\">ico policy</span>online support 24/24</a></div>\n				</div>\n			</div>\n		</div>\n	</div>', '2019-09-05 11:13:48', '2019-09-05 11:13:48', 1);
